92.204.54.123 - - [14/Nov/2025:10:59:17 -0500] "GET /product/silky-feel-good-conditioner/?_wpnonce=a5b392c33b&add-to-cart=1068 HTTP/1.1" 200 544 "-" "Mozilla/5.0 (Windows NT 10.0; Win64; x64) AppleWebKit/537.36 (KHTML, like Gecko) Chrome/128.0.0.0 Safari/537.36 OPR/114.0.0."
92.204.54.123 - - [14/Nov/2025:10:59:19 -0500] "GET /product/silky-feel-good-shampoo/?add-to-cart=1075&action=yith-woocompare-add-product&id=1103&_wpnonce=9ed3e76a5a HTTP/1.1" 200 544 "-" "Mozilla/5.0 (Windows NT 10.0; Win64; x64) AppleWebKit/537.36 (KHTML, like Gecko) Chrome/128.0.0.0 Safari/537.36 OPR/114.0.0."
45.8.25.21 - - [14/Nov/2025:10:59:21 -0500] "GET /test HTTP/1.1" 200 544 "https://yandex.com/" "Mozilla/5.0 (Macintosh; Intel Mac OS X 10.15; rv:131.0) Gecko/20100101 Firefox/131.0"
92.204.54.123 - - [14/Nov/2025:10:59:21 -0500] "GET /product/silky-feel-good-shampoo/?add-to-cart=1075&action=yith-woocompare-add-product&id=1068&_wpnonce=9ed3e76a5a HTTP/1.1" 200 544 "-" "Mozilla/5.0 (Windows NT 10.0; Win64; x64) AppleWebKit/537.36 (KHTML, like Gecko) Chrome/128.0.0.0 Safari/537.36 OPR/114.0.0."
92.204.54.123 - - [14/Nov/2025:10:59:23 -0500] "GET /product/silky-feel-good-conditioner/?_wpnonce=da84b49310&action=yith-woocompare-add-product&id=989 HTTP/1.1" 200 544 "-" "Mozilla/5.0 (Windows NT 10.0; Win64; x64) AppleWebKit/537.36 (KHTML, like Gecko) Chrome/128.0.0.0 Safari/537.36 OPR/114.0.0."
92.204.54.123 - - [14/Nov/2025:10:59:26 -0500] "GET /product/silky-feel-good-conditioner/?_wpnonce=a5b392c33b&add-to-cart=989 HTTP/1.1" 200 544 "-" "Mozilla/5.0 (Windows NT 10.0; Win64; x64) AppleWebKit/537.36 (KHTML, like Gecko) Chrome/128.0.0.0 Safari/537.36 OPR/114.0.0."
92.204.54.123 - - [14/Nov/2025:10:59:28 -0500] "GET /product/silky-feel-good-shampoo/?add-to-cart=1075&action=yith-woocompare-add-product&id=1080&_wpnonce=9ed3e76a5a HTTP/1.1" 200 544 "-" "Mozilla/5.0 (Windows NT 10.0; Win64; x64) AppleWebKit/537.36 (KHTML, like Gecko) Chrome/128.0.0.0 Safari/537.36 OPR/114.0.0."
92.204.54.123 - - [14/Nov/2025:10:59:30 -0500] "GET /product/silky-feel-good-shampoo/?add-to-cart=1075&action=yith-woocompare-add-product&id=1002&_wpnonce=9ed3e76a5a HTTP/1.1" 200 544 "-" "Mozilla/5.0 (Windows NT 10.0; Win64; x64) AppleWebKit/537.36 (KHTML, like Gecko) Chrome/128.0.0.0 Safari/537.36 OPR/114.0.0."
92.204.54.123 - - [14/Nov/2025:10:59:32 -0500] "GET /product/silky-feel-good-conditioner/?_wpnonce=da84b49310&action=yith-woocompare-add-product&id=1077 HTTP/1.1" 200 544 "-" "Mozilla/5.0 (Windows NT 10.0; Win64; x64) AppleWebKit/537.36 (KHTML, like Gecko) Chrome/128.0.0.0 Safari/537.36 OPR/114.0.0."
92.204.54.123 - - [14/Nov/2025:10:59:34 -0500] "GET /product/silky-feel-good-shampoo/?add-to-cart=1075&action=yith-woocompare-add-product&id=1091&_wpnonce=9ed3e76a5a HTTP/1.1" 200 544 "-" "Mozilla/5.0 (Windows NT 10.0; Win64; x64) AppleWebKit/537.36 (KHTML, like Gecko) Chrome/128.0.0.0 Safari/537.36 OPR/114.0.0."
45.8.25.21 - - [14/Nov/2025:10:59:34 -0500] "GET /tests HTTP/1.1" 200 544 "https://duckduckgo.com/" "Mozilla/5.0 (Macintosh; Intel Mac OS X 10_15_7) AppleWebKit/605.1.15 (KHTML, like Gecko) Version/18.1 Safari/605.1.15"
92.204.54.123 - - [14/Nov/2025:10:59:36 -0500] "GET /product/silky-feel-good-conditioner/?_wpnonce=a5b392c33b&add-to-cart=1077 HTTP/1.1" 200 544 "-" "Mozilla/5.0 (Windows NT 10.0; Win64; x64) AppleWebKit/537.36 (KHTML, like Gecko) Chrome/128.0.0.0 Safari/537.36 OPR/114.0.0."
92.204.54.123 - - [14/Nov/2025:10:59:38 -0500] "GET /product/silky-feel-good-shampoo/?add-to-cart=1075&action=yith-woocompare-add-product&id=1077&_wpnonce=9ed3e76a5a HTTP/1.1" 200 544 "-" "Mozilla/5.0 (Windows NT 10.0; Win64; x64) AppleWebKit/537.36 (KHTML, like Gecko) Chrome/128.0.0.0 Safari/537.36 OPR/114.0.0."
92.204.54.123 - - [14/Nov/2025:10:59:40 -0500] "GET /product/silky-feel-good-conditioner/?_wpnonce=da84b49310&action=yith-woocompare-add-product&id=1073 HTTP/1.1" 200 544 "-" "Mozilla/5.0 (Windows NT 10.0; Win64; x64) AppleWebKit/537.36 (KHTML, like Gecko) Chrome/128.0.0.0 Safari/537.36 OPR/114.0.0."
92.204.54.123 - - [14/Nov/2025:10:59:42 -0500] "GET /product/silky-feel-good-shampoo/?add-to-cart=997&action=yith-woocompare-add-product&id=997&_wpnonce=9ed3e76a5a HTTP/1.1" 200 544 "-" "Mozilla/5.0 (Windows NT 10.0; Win64; x64) AppleWebKit/537.36 (KHTML, like Gecko) Chrome/128.0.0.0 Safari/537.36 OPR/114.0.0."
92.204.54.123 - - [14/Nov/2025:10:59:44 -0500] "GET /product/silky-feel-good-conditioner/?_wpnonce=a5b392c33b&add-to-cart=1073 HTTP/1.1" 200 544 "-" "Mozilla/5.0 (Windows NT 10.0; Win64; x64) AppleWebKit/537.36 (KHTML, like Gecko) Chrome/128.0.0.0 Safari/537.36 OPR/114.0.0."
92.204.54.123 - - [14/Nov/2025:10:59:46 -0500] "GET /product/silky-feel-good-shampoo/?add-to-cart=997&action=yith-woocompare-add-product&id=1099&_wpnonce=9ed3e76a5a HTTP/1.1" 200 544 "-" "Mozilla/5.0 (Windows NT 10.0; Win64; x64) AppleWebKit/537.36 (KHTML, like Gecko) Chrome/128.0.0.0 Safari/537.36 OPR/114.0.0."
45.8.25.21 - - [14/Nov/2025:10:59:47 -0500] "GET /testing HTTP/1.1" 200 544 "https://www.bing.com/" "Mozilla/5.0 (Windows NT 10.0; Win64; x64) AppleWebKit/537.36 (KHTML, like Gecko) Chrome/129.0.0.0 Safari/537.36"
92.204.54.123 - - [14/Nov/2025:10:59:48 -0500] "GET /product/silky-feel-good-conditioner/?_wpnonce=da84b49310&action=yith-woocompare-add-product&id=1070 HTTP/1.1" 200 544 "-" "Mozilla/5.0 (Windows NT 10.0; Win64; x64) AppleWebKit/537.36 (KHTML, like Gecko) Chrome/128.0.0.0 Safari/537.36 OPR/114.0.0."
92.204.54.123 - - [14/Nov/2025:10:59:50 -0500] "GET /product/silky-feel-good-shampoo/?add-to-cart=997&action=yith-woocompare-add-product&id=1004&_wpnonce=9ed3e76a5a HTTP/1.1" 200 544 "-" "Mozilla/5.0 (Windows NT 10.0; Win64; x64) AppleWebKit/537.36 (KHTML, like Gecko) Chrome/128.0.0.0 Safari/537.36 OPR/114.0.0."
92.204.54.123 - - [14/Nov/2025:10:59:52 -0500] "GET /product/silky-feel-good-conditioner/?_wpnonce=a5b392c33b&add-to-cart=1070 HTTP/1.1" 200 544 "-" "Mozilla/5.0 (Windows NT 10.0; Win64; x64) AppleWebKit/537.36 (KHTML, like Gecko) Chrome/128.0.0.0 Safari/537.36 OPR/114.0.0."
92.204.54.123 - - [14/Nov/2025:10:59:54 -0500] "GET /product/silky-feel-good-shampoo/?add-to-cart=997&action=yith-woocompare-add-product&id=1068&_wpnonce=9ed3e76a5a HTTP/1.1" 200 544 "-" "Mozilla/5.0 (Windows NT 10.0; Win64; x64) AppleWebKit/537.36 (KHTML, like Gecko) Chrome/128.0.0.0 Safari/537.36 OPR/114.0.0."
92.204.54.123 - - [14/Nov/2025:10:59:56 -0500] "GET /product/silky-feel-good-conditioner/?_wpnonce=da84b49310&action=yith-woocompare-add-product&id=997 HTTP/1.1" 200 544 "-" "Mozilla/5.0 (Windows NT 10.0; Win64; x64) AppleWebKit/537.36 (KHTML, like Gecko) Chrome/128.0.0.0 Safari/537.36 OPR/114.0.0."
92.204.54.123 - - [14/Nov/2025:10:59:58 -0500] "GET /product/silky-feel-good-conditioner/?_wpnonce=a5b392c33b&add-to-cart=997 HTTP/1.1" 200 544 "-" "Mozilla/5.0 (Windows NT 10.0; Win64; x64) AppleWebKit/537.36 (KHTML, like Gecko) Chrome/128.0.0.0 Safari/537.36 OPR/114.0.0."
45.8.25.21 - - [14/Nov/2025:10:59:59 -0500] "GET /__tests__ HTTP/1.1" 200 544 "https://www.google.com/" "Mozilla/5.0 (Macintosh; Intel Mac OS X 10.15; rv:131.0) Gecko/20100101 Firefox/131.0"
92.204.54.123 - - [14/Nov/2025:11:00:00 -0500] "GET /product/silky-feel-good-shampoo/?add-to-cart=997&action=yith-woocompare-add-product&id=1070&_wpnonce=9ed3e76a5a HTTP/1.1" 200 544 "-" "Mozilla/5.0 (Windows NT 10.0; Win64; x64) AppleWebKit/537.36 (KHTML, like Gecko) Chrome/128.0.0.0 Safari/537.36 OPR/114.0.0."
92.204.54.123 - - [14/Nov/2025:11:00:02 -0500] "GET /product/silky-feel-good-shampoo/?add-to-cart=997&action=yith-woocompare-add-product&id=1080&_wpnonce=9ed3e76a5a HTTP/1.1" 200 544 "-" "Mozilla/5.0 (Windows NT 10.0; Win64; x64) AppleWebKit/537.36 (KHTML, like Gecko) Chrome/128.0.0.0 Safari/537.36 OPR/114.0.0."
92.204.54.123 - - [14/Nov/2025:11:00:04 -0500] "GET /product/silky-feel-good-conditioner/?add-to-cart=1004& HTTP/1.1" 200 544 "-" "Mozilla/5.0 (Windows NT 10.0; Win64; x64) AppleWebKit/537.36 (KHTML, like Gecko) Chrome/128.0.0.0 Safari/537.36 OPR/114.0.0."
92.204.54.123 - - [14/Nov/2025:11:00:06 -0500] "GET /product/silky-feel-good-conditioner/?add-to-cart=1068&action=yith-woocompare-add-product&id=1077&_wpnonce=da84b49310 HTTP/1.1" 200 544 "-" "Mozilla/5.0 (Windows NT 10.0; Win64; x64) AppleWebKit/537.36 (KHTML, like Gecko) Chrome/128.0.0.0 Safari/537.36 OPR/114.0.0."
92.204.54.123 - - [14/Nov/2025:11:00:09 -0500] "GET /product/silky-feel-good-shampoo/?add-to-cart=1080& HTTP/1.1" 200 544 "-" "Mozilla/5.0 (Windows NT 10.0; Win64; x64) AppleWebKit/537.36 (KHTML, like Gecko) Chrome/128.0.0.0 Safari/537.36 OPR/114.0.0."
92.204.54.123 - - [14/Nov/2025:11:00:10 -0500] "GET /product/silky-feel-good-conditioner/?add-to-cart=1068&action=yith-woocompare-add-product&id=1103&_wpnonce=da84b49310 HTTP/1.1" 200 544 "-" "Mozilla/5.0 (Windows NT 10.0; Win64; x64) AppleWebKit/537.36 (KHTML, like Gecko) Chrome/128.0.0.0 Safari/537.36 OPR/114.0.0."
45.8.25.21 - - [14/Nov/2025:11:00:11 -0500] "GET /__mocks__ HTTP/1.1" 200 544 "https://search.yahoo.com/" "Mozilla/5.0 (Macintosh; Intel Mac OS X 10.15; rv:131.0) Gecko/20100101 Firefox/131.0"
92.204.54.123 - - [14/Nov/2025:11:00:12 -0500] "GET /product/silky-feel-good-shampoo/?add-to-cart=1091&action=yith-woocompare-add-product&id=1103&_wpnonce=9ed3e76a5a HTTP/1.1" 200 544 "-" "Mozilla/5.0 (Windows NT 10.0; Win64; x64) AppleWebKit/537.36 (KHTML, like Gecko) Chrome/128.0.0.0 Safari/537.36 OPR/114.0.0."
92.204.54.123 - - [14/Nov/2025:11:00:14 -0500] "GET /product/silky-feel-good-conditioner/?add-to-cart=1068&action=yith-woocompare-add-product&id=1125&_wpnonce=da84b49310 HTTP/1.1" 200 544 "-" "Mozilla/5.0 (Windows NT 10.0; Win64; x64) AppleWebKit/537.36 (KHTML, like Gecko) Chrome/128.0.0.0 Safari/537.36 OPR/114.0.0."
92.204.54.123 - - [14/Nov/2025:11:00:16 -0500] "GET /product/silky-feel-good-shampoo/?add-to-cart=1091&action=yith-woocompare-add-product&id=1004&_wpnonce=9ed3e76a5a HTTP/1.1" 200 544 "-" "Mozilla/5.0 (Windows NT 10.0; Win64; x64) AppleWebKit/537.36 (KHTML, like Gecko) Chrome/128.0.0.0 Safari/537.36 OPR/114.0.0."
92.204.54.123 - - [14/Nov/2025:11:00:18 -0500] "GET /product/silky-feel-good-shampoo/?add-to-cart=1091&action=yith-woocompare-add-product&id=1125&_wpnonce=9ed3e76a5a HTTP/1.1" 200 544 "-" "Mozilla/5.0 (Windows NT 10.0; Win64; x64) AppleWebKit/537.36 (KHTML, like Gecko) Chrome/128.0.0.0 Safari/537.36 OPR/114.0.0."
92.204.54.123 - - [14/Nov/2025:11:00:20 -0500] "GET /product/silky-feel-good-conditioner/?add-to-cart=1068&action=yith-woocompare-add-product&id=989&_wpnonce=da84b49310 HTTP/1.1" 200 544 "-" "Mozilla/5.0 (Windows NT 10.0; Win64; x64) AppleWebKit/537.36 (KHTML, like Gecko) Chrome/128.0.0.0 Safari/537.36 OPR/114.0.0."
92.204.54.123 - - [14/Nov/2025:11:00:22 -0500] "GET /product/silky-feel-good-conditioner/?add-to-cart=1068&action=yith-woocompare-add-product&id=1099&_wpnonce=da84b49310 HTTP/1.1" 200 544 "-" "Mozilla/5.0 (Windows NT 10.0; Win64; x64) AppleWebKit/537.36 (KHTML, like Gecko) Chrome/128.0.0.0 Safari/537.36 OPR/114.0.0."
45.8.25.21 - - [14/Nov/2025:11:00:24 -0500] "GET /cypress HTTP/1.1" 200 544 "https://duckduckgo.com/" "Mozilla/5.0 (Windows NT 10.0; Win64; x64) AppleWebKit/537.36 (KHTML, like Gecko) Chrome/130.0.0.0 Safari/537.36 Edg/130.0.0.0"
92.204.54.123 - - [14/Nov/2025:11:00:24 -0500] "GET /product/silky-feel-good-shampoo/?add-to-cart=1091&action=yith-woocompare-add-product&id=1127&_wpnonce=9ed3e76a5a HTTP/1.1" 200 544 "-" "Mozilla/5.0 (Windows NT 10.0; Win64; x64) AppleWebKit/537.36 (KHTML, like Gecko) Chrome/128.0.0.0 Safari/537.36 OPR/114.0.0."
92.204.54.123 - - [14/Nov/2025:11:00:26 -0500] "GET /product/silky-feel-good-conditioner/?add-to-cart=1068&action=yith-woocompare-add-product&id=1070&_wpnonce=da84b49310 HTTP/1.1" 200 544 "-" "Mozilla/5.0 (Windows NT 10.0; Win64; x64) AppleWebKit/537.36 (KHTML, like Gecko) Chrome/128.0.0.0 Safari/537.36 OPR/114.0.0."
92.204.54.123 - - [14/Nov/2025:11:00:28 -0500] "GET /product/silky-feel-good-shampoo/?add-to-cart=1091&action=yith-woocompare-add-product&id=997&_wpnonce=9ed3e76a5a HTTP/1.1" 200 544 "-" "Mozilla/5.0 (Windows NT 10.0; Win64; x64) AppleWebKit/537.36 (KHTML, like Gecko) Chrome/128.0.0.0 Safari/537.36 OPR/114.0.0."
92.204.54.123 - - [14/Nov/2025:11:00:30 -0500] "GET /product/silky-feel-good-conditioner/?add-to-cart=993&action=yith-woocompare-add-product&id=1103&_wpnonce=da84b49310 HTTP/1.1" 200 544 "-" "Mozilla/5.0 (Windows NT 10.0; Win64; x64) AppleWebKit/537.36 (KHTML, like Gecko) Chrome/128.0.0.0 Safari/537.36 OPR/114.0.0."
92.204.54.123 - - [14/Nov/2025:11:00:32 -0500] "GET /product/silky-feel-good-shampoo/?add-to-cart=1091&action=yith-woocompare-add-product&id=1091&_wpnonce=9ed3e76a5a HTTP/1.1" 200 544 "-" "Mozilla/5.0 (Windows NT 10.0; Win64; x64) AppleWebKit/537.36 (KHTML, like Gecko) Chrome/128.0.0.0 Safari/537.36 OPR/114.0.0."
92.204.54.123 - - [14/Nov/2025:11:00:34 -0500] "GET /product/silky-feel-good-conditioner/?add-to-cart=993&action=yith-woocompare-add-product&id=1091&_wpnonce=da84b49310 HTTP/1.1" 200 544 "-" "Mozilla/5.0 (Windows NT 10.0; Win64; x64) AppleWebKit/537.36 (KHTML, like Gecko) Chrome/128.0.0.0 Safari/537.36 OPR/114.0.0."
45.8.25.21 - - [14/Nov/2025:11:00:35 -0500] "GET /coverage HTTP/1.1" 200 544 "https://www.bing.com/" "Mozilla/5.0 (Windows NT 10.0; Win64; x64) AppleWebKit/537.36 (KHTML, like Gecko) Chrome/130.0.0.0 Safari/537.36"
92.204.54.123 - - [14/Nov/2025:11:00:36 -0500] "GET /product/silky-feel-good-shampoo/?add-to-cart=993&action=yith-woocompare-add-product&id=1099&_wpnonce=9ed3e76a5a HTTP/1.1" 200 544 "-" "Mozilla/5.0 (Windows NT 10.0; Win64; x64) AppleWebKit/537.36 (KHTML, like Gecko) Chrome/128.0.0.0 Safari/537.36 OPR/114.0.0."
92.204.54.123 - - [14/Nov/2025:11:00:38 -0500] "GET /product/silky-feel-good-conditioner/?add-to-cart=993&action=yith-woocompare-add-product&id=1127&_wpnonce=da84b49310 HTTP/1.1" 200 544 "-" "Mozilla/5.0 (Windows NT 10.0; Win64; x64) AppleWebKit/537.36 (KHTML, like Gecko) Chrome/128.0.0.0 Safari/537.36 OPR/114.0.0."
92.204.54.123 - - [14/Nov/2025:11:00:40 -0500] "GET /product/silky-feel-good-shampoo/?add-to-cart=993&action=yith-woocompare-add-product&id=993&_wpnonce=9ed3e76a5a HTTP/1.1" 200 544 "-" "Mozilla/5.0 (Windows NT 10.0; Win64; x64) AppleWebKit/537.36 (KHTML, like Gecko) Chrome/128.0.0.0 Safari/537.36 OPR/114.0.0."
92.204.54.123 - - [14/Nov/2025:11:00:42 -0500] "GET /product/silky-feel-good-conditioner/?add-to-cart=993&action=yith-woocompare-add-product&id=997&_wpnonce=da84b49310 HTTP/1.1" 200 544 "-" "Mozilla/5.0 (Windows NT 10.0; Win64; x64) AppleWebKit/537.36 (KHTML, like Gecko) Chrome/128.0.0.0 Safari/537.36 OPR/114.0.0."
92.204.54.123 - - [14/Nov/2025:11:00:44 -0500] "GET /product/silky-feel-good-shampoo/?add-to-cart=993&action=yith-woocompare-add-product&id=1091&_wpnonce=9ed3e76a5a HTTP/1.1" 200 544 "-" "Mozilla/5.0 (Windows NT 10.0; Win64; x64) AppleWebKit/537.36 (KHTML, like Gecko) Chrome/128.0.0.0 Safari/537.36 OPR/114.0.0."
45.8.25.21 - - [14/Nov/2025:11:00:46 -0500] "GET /e2e HTTP/1.1" 200 544 "https://duckduckgo.com/" "Mozilla/5.0 (Macintosh; Intel Mac OS X 10.15; rv:131.0) Gecko/20100101 Firefox/131.0"
92.204.54.123 - - [14/Nov/2025:11:00:46 -0500] "GET /product/silky-feel-good-conditioner/?add-to-cart=993&action=yith-woocompare-add-product&id=989&_wpnonce=da84b49310 HTTP/1.1" 200 544 "-" "Mozilla/5.0 (Windows NT 10.0; Win64; x64) AppleWebKit/537.36 (KHTML, like Gecko) Chrome/128.0.0.0 Safari/537.36 OPR/114.0.0."
92.204.54.123 - - [14/Nov/2025:11:00:48 -0500] "GET /product/silky-feel-good-shampoo/?add-to-cart=993&action=yith-woocompare-add-product&id=1077&_wpnonce=9ed3e76a5a HTTP/1.1" 200 544 "-" "Mozilla/5.0 (Windows NT 10.0; Win64; x64) AppleWebKit/537.36 (KHTML, like Gecko) Chrome/128.0.0.0 Safari/537.36 OPR/114.0.0."
92.204.54.123 - - [14/Nov/2025:11:00:50 -0500] "GET /product/silky-feel-good-shampoo/?add-to-cart=993&action=yith-woocompare-add-product&id=1004&_wpnonce=9ed3e76a5a HTTP/1.1" 200 544 "-" "Mozilla/5.0 (Windows NT 10.0; Win64; x64) AppleWebKit/537.36 (KHTML, like Gecko) Chrome/128.0.0.0 Safari/537.36 OPR/114.0.0."
92.204.54.123 - - [14/Nov/2025:11:00:52 -0500] "GET /product/silky-feel-good-conditioner/?add-to-cart=993&action=yith-woocompare-add-product&id=1068&_wpnonce=da84b49310 HTTP/1.1" 200 544 "-" "Mozilla/5.0 (Windows NT 10.0; Win64; x64) AppleWebKit/537.36 (KHTML, like Gecko) Chrome/128.0.0.0 Safari/537.36 OPR/114.0.0."
92.204.54.123 - - [14/Nov/2025:11:00:54 -0500] "GET /product/silky-feel-good-conditioner/?add-to-cart=1103&action=yith-woocompare-add-product&id=997&_wpnonce=da84b49310 HTTP/1.1" 200 544 "-" "Mozilla/5.0 (Windows NT 10.0; Win64; x64) AppleWebKit/537.36 (KHTML, like Gecko) Chrome/128.0.0.0 Safari/537.36 OPR/114.0.0."
92.204.54.123 - - [14/Nov/2025:11:00:56 -0500] "GET /product/silky-feel-good-shampoo/?add-to-cart=993&action=yith-woocompare-add-product&id=1068&_wpnonce=9ed3e76a5a HTTP/1.1" 200 544 "-" "Mozilla/5.0 (Windows NT 10.0; Win64; x64) AppleWebKit/537.36 (KHTML, like Gecko) Chrome/128.0.0.0 Safari/537.36 OPR/114.0.0."
45.8.25.21 - - [14/Nov/2025:11:00:58 -0500] "GET /dev HTTP/1.1" 200 544 "https://www.bing.com/" "Mozilla/5.0 (Windows NT 10.0; Win64; x64) AppleWebKit/537.36 (KHTML, like Gecko) Chrome/129.0.0.0 Safari/537.36"
92.204.54.123 - - [14/Nov/2025:11:00:58 -0500] "GET /product/silky-feel-good-conditioner/?add-to-cart=1103&action=yith-woocompare-add-product&id=1077&_wpnonce=da84b49310 HTTP/1.1" 200 544 "-" "Mozilla/5.0 (Windows NT 10.0; Win64; x64) AppleWebKit/537.36 (KHTML, like Gecko) Chrome/128.0.0.0 Safari/537.36 OPR/114.0.0."
92.204.54.123 - - [14/Nov/2025:11:01:00 -0500] "GET /product/silky-feel-good-shampoo/?add-to-cart=1127&action=yith-woocompare-add-product&id=1080&_wpnonce=9ed3e76a5a HTTP/1.1" 200 544 "-" "Mozilla/5.0 (Windows NT 10.0; Win64; x64) AppleWebKit/537.36 (KHTML, like Gecko) Chrome/128.0.0.0 Safari/537.36 OPR/114.0.0."
92.204.54.123 - - [14/Nov/2025:11:01:02 -0500] "GET /product/silky-feel-good-conditioner/?add-to-cart=1103&action=yith-woocompare-add-product&id=1127&_wpnonce=da84b49310 HTTP/1.1" 200 544 "-" "Mozilla/5.0 (Windows NT 10.0; Win64; x64) AppleWebKit/537.36 (KHTML, like Gecko) Chrome/128.0.0.0 Safari/537.36 OPR/114.0.0."
92.204.54.123 - - [14/Nov/2025:11:01:04 -0500] "GET /product/silky-feel-good-shampoo/?add-to-cart=1127&action=yith-woocompare-add-product&id=1075&_wpnonce=9ed3e76a5a HTTP/1.1" 200 544 "-" "Mozilla/5.0 (Windows NT 10.0; Win64; x64) AppleWebKit/537.36 (KHTML, like Gecko) Chrome/128.0.0.0 Safari/537.36 OPR/114.0.0."
92.204.54.123 - - [14/Nov/2025:11:01:06 -0500] "GET /product/silky-feel-good-conditioner/?add-to-cart=1103&action=yith-woocompare-add-product&id=1091&_wpnonce=da84b49310 HTTP/1.1" 200 544 "-" "Mozilla/5.0 (Windows NT 10.0; Win64; x64) AppleWebKit/537.36 (KHTML, like Gecko) Chrome/128.0.0.0 Safari/537.36 OPR/114.0.0."
92.204.54.123 - - [14/Nov/2025:11:01:08 -0500] "GET /product/silky-feel-good-shampoo/?add-to-cart=1127&action=yith-woocompare-add-product&id=1099&_wpnonce=9ed3e76a5a HTTP/1.1" 200 544 "-" "Mozilla/5.0 (Windows NT 10.0; Win64; x64) AppleWebKit/537.36 (KHTML, like Gecko) Chrome/128.0.0.0 Safari/537.36 OPR/114.0.0."
45.8.25.21 - - [14/Nov/2025:11:01:10 -0500] "GET /desa HTTP/1.1" 200 544 "https://search.yahoo.com/" "Mozilla/5.0 (Macintosh; Intel Mac OS X 10.15; rv:131.0) Gecko/20100101 Firefox/131.0"
92.204.54.123 - - [14/Nov/2025:11:01:10 -0500] "GET /product/silky-feel-good-shampoo/?add-to-cart=1127&action=yith-woocompare-add-product&id=1070&_wpnonce=9ed3e76a5a HTTP/1.1" 200 544 "-" "Mozilla/5.0 (Windows NT 10.0; Win64; x64) AppleWebKit/537.36 (KHTML, like Gecko) Chrome/128.0.0.0 Safari/537.36 OPR/114.0.0."
92.204.54.123 - - [14/Nov/2025:11:01:12 -0500] "GET /product/silky-feel-good-conditioner/?add-to-cart=1103&action=yith-woocompare-add-product&id=1002&_wpnonce=da84b49310 HTTP/1.1" 200 544 "-" "Mozilla/5.0 (Windows NT 10.0; Win64; x64) AppleWebKit/537.36 (KHTML, like Gecko) Chrome/128.0.0.0 Safari/537.36 OPR/114.0.0."
92.204.54.123 - - [14/Nov/2025:11:01:14 -0500] "GET /product/silky-feel-good-conditioner/?add-to-cart=1103&action=yith-woocompare-add-product&id=1080&_wpnonce=da84b49310 HTTP/1.1" 200 544 "-" "Mozilla/5.0 (Windows NT 10.0; Win64; x64) AppleWebKit/537.36 (KHTML, like Gecko) Chrome/128.0.0.0 Safari/537.36 OPR/114.0.0."
92.204.54.123 - - [14/Nov/2025:11:01:16 -0500] "GET /product/silky-feel-good-shampoo/?add-to-cart=1127&action=yith-woocompare-add-product&id=997&_wpnonce=9ed3e76a5a HTTP/1.1" 200 544 "-" "Mozilla/5.0 (Windows NT 10.0; Win64; x64) AppleWebKit/537.36 (KHTML, like Gecko) Chrome/128.0.0.0 Safari/537.36 OPR/114.0.0."
92.204.54.123 - - [14/Nov/2025:11:01:18 -0500] "GET /product/silky-feel-good-conditioner/?add-to-cart=1077&action=yith-woocompare-add-product&id=1073&_wpnonce=da84b49310 HTTP/1.1" 200 544 "-" "Mozilla/5.0 (Windows NT 10.0; Win64; x64) AppleWebKit/537.36 (KHTML, like Gecko) Chrome/128.0.0.0 Safari/537.36 OPR/114.0.0."
92.204.54.123 - - [14/Nov/2025:11:01:20 -0500] "GET /product/silky-feel-good-shampoo/?add-to-cart=1127&action=yith-woocompare-add-product&id=1103&_wpnonce=9ed3e76a5a HTTP/1.1" 200 544 "-" "Mozilla/5.0 (Windows NT 10.0; Win64; x64) AppleWebKit/537.36 (KHTML, like Gecko) Chrome/128.0.0.0 Safari/537.36 OPR/114.0.0."
45.8.25.21 - - [14/Nov/2025:11:01:21 -0500] "GET /generated HTTP/1.1" 200 544 "https://yandex.com/" "Mozilla/5.0 (Macintosh; Intel Mac OS X 10_15_7) AppleWebKit/605.1.15 (KHTML, like Gecko) Version/18.1 Safari/605.1.15"
92.204.54.123 - - [14/Nov/2025:11:01:22 -0500] "GET /product/silky-feel-good-conditioner/?add-to-cart=1077&action=yith-woocompare-add-product&id=1099&_wpnonce=da84b49310 HTTP/1.1" 200 544 "-" "Mozilla/5.0 (Windows NT 10.0; Win64; x64) AppleWebKit/537.36 (KHTML, like Gecko) Chrome/128.0.0.0 Safari/537.36 OPR/114.0.0."
92.204.54.123 - - [14/Nov/2025:11:01:25 -0500] "GET /product/silky-feel-good-shampoo/?add-to-cart=1099& HTTP/1.1" 200 544 "-" "Mozilla/5.0 (Windows NT 10.0; Win64; x64) AppleWebKit/537.36 (KHTML, like Gecko) Chrome/128.0.0.0 Safari/537.36 OPR/114.0.0."
92.204.54.123 - - [14/Nov/2025:11:01:27 -0500] "GET /product/silky-feel-good-conditioner/?add-to-cart=1077&action=yith-woocompare-add-product&id=1103&_wpnonce=da84b49310 HTTP/1.1" 200 544 "-" "Mozilla/5.0 (Windows NT 10.0; Win64; x64) AppleWebKit/537.36 (KHTML, like Gecko) Chrome/128.0.0.0 Safari/537.36 OPR/114.0.0."
92.204.54.123 - - [14/Nov/2025:11:01:29 -0500] "GET /product/silky-feel-good-conditioner/?add-to-cart=1077&action=yith-woocompare-add-product&id=1080&_wpnonce=da84b49310 HTTP/1.1" 200 544 "-" "Mozilla/5.0 (Windows NT 10.0; Win64; x64) AppleWebKit/537.36 (KHTML, like Gecko) Chrome/128.0.0.0 Safari/537.36 OPR/114.0.0."
92.204.54.123 - - [14/Nov/2025:11:01:31 -0500] "GET /product/silky-feel-good-shampoo/?add-to-cart=989& HTTP/1.1" 200 544 "-" "Mozilla/5.0 (Windows NT 10.0; Win64; x64) AppleWebKit/537.36 (KHTML, like Gecko) Chrome/128.0.0.0 Safari/537.36 OPR/114.0.0."
92.204.54.123 - - [14/Nov/2025:11:01:33 -0500] "GET /product/silky-feel-good-conditioner/?add-to-cart=1077&action=yith-woocompare-add-product&id=1127&_wpnonce=da84b49310 HTTP/1.1" 200 544 "-" "Mozilla/5.0 (Windows NT 10.0; Win64; x64) AppleWebKit/537.36 (KHTML, like Gecko) Chrome/128.0.0.0 Safari/537.36 OPR/114.0.0."
45.8.25.21 - - [14/Nov/2025:11:01:33 -0500] "GET /api HTTP/1.1" 200 544 "https://duckduckgo.com/" "Mozilla/5.0 (Windows NT 10.0; Win64; x64; rv:131.0) Gecko/20100101 Firefox/131.0"
92.204.54.123 - - [14/Nov/2025:11:01:35 -0500] "GET /product/silky-feel-good-shampoo/?add-to-cart=1077&action=yith-woocompare-add-product&id=1127&_wpnonce=9ed3e76a5a HTTP/1.1" 200 544 "-" "Mozilla/5.0 (Windows NT 10.0; Win64; x64) AppleWebKit/537.36 (KHTML, like Gecko) Chrome/128.0.0.0 Safari/537.36 OPR/114.0.0."
92.204.54.123 - - [14/Nov/2025:11:01:37 -0500] "GET /product/silky-feel-good-conditioner/?add-to-cart=1077&action=yith-woocompare-add-product&id=1070&_wpnonce=da84b49310 HTTP/1.1" 200 544 "-" "Mozilla/5.0 (Windows NT 10.0; Win64; x64) AppleWebKit/537.36 (KHTML, like Gecko) Chrome/128.0.0.0 Safari/537.36 OPR/114.0.0."
92.204.54.123 - - [14/Nov/2025:11:01:39 -0500] "GET /product/silky-feel-good-shampoo/?add-to-cart=1077&action=yith-woocompare-add-product&id=1125&_wpnonce=9ed3e76a5a HTTP/1.1" 200 544 "-" "Mozilla/5.0 (Windows NT 10.0; Win64; x64) AppleWebKit/537.36 (KHTML, like Gecko) Chrome/128.0.0.0 Safari/537.36 OPR/114.0.0."
92.204.54.123 - - [14/Nov/2025:11:01:41 -0500] "GET /product/silky-feel-good-shampoo/?add-to-cart=1077&action=yith-woocompare-add-product&id=1080&_wpnonce=9ed3e76a5a HTTP/1.1" 200 544 "-" "Mozilla/5.0 (Windows NT 10.0; Win64; x64) AppleWebKit/537.36 (KHTML, like Gecko) Chrome/128.0.0.0 Safari/537.36 OPR/114.0.0."
92.204.54.123 - - [14/Nov/2025:11:01:43 -0500] "GET /product/silky-feel-good-conditioner/?add-to-cart=1125&action=yith-woocompare-add-product&id=1099&_wpnonce=da84b49310 HTTP/1.1" 200 544 "-" "Mozilla/5.0 (Windows NT 10.0; Win64; x64) AppleWebKit/537.36 (KHTML, like Gecko) Chrome/128.0.0.0 Safari/537.36 OPR/114.0.0."
45.8.25.21 - - [14/Nov/2025:11:01:44 -0500] "GET /webservice HTTP/1.1" 200 544 "https://www.bing.com/" "Mozilla/5.0 (Macintosh; Intel Mac OS X 10.15; rv:131.0) Gecko/20100101 Firefox/131.0"
92.204.54.123 - - [14/Nov/2025:11:01:45 -0500] "GET /product/silky-feel-good-shampoo/?add-to-cart=1077&action=yith-woocompare-add-product&id=1103&_wpnonce=9ed3e76a5a HTTP/1.1" 200 544 "-" "Mozilla/5.0 (Windows NT 10.0; Win64; x64) AppleWebKit/537.36 (KHTML, like Gecko) Chrome/128.0.0.0 Safari/537.36 OPR/114.0.0."
92.204.54.123 - - [14/Nov/2025:11:01:47 -0500] "GET /product/silky-feel-good-conditioner/?add-to-cart=1125&action=yith-woocompare-add-product&id=1004&_wpnonce=da84b49310 HTTP/1.1" 200 544 "-" "Mozilla/5.0 (Windows NT 10.0; Win64; x64) AppleWebKit/537.36 (KHTML, like Gecko) Chrome/128.0.0.0 Safari/537.36 OPR/114.0.0."
92.204.54.123 - - [14/Nov/2025:11:01:49 -0500] "GET /product/silky-feel-good-shampoo/?add-to-cart=1077&action=yith-woocompare-add-product&id=989&_wpnonce=9ed3e76a5a HTTP/1.1" 200 544 "-" "Mozilla/5.0 (Windows NT 10.0; Win64; x64) AppleWebKit/537.36 (KHTML, like Gecko) Chrome/128.0.0.0 Safari/537.36 OPR/114.0.0."
92.204.54.123 - - [14/Nov/2025:11:01:51 -0500] "GET /product/silky-feel-good-conditioner/?add-to-cart=1125&action=yith-woocompare-add-product&id=989&_wpnonce=da84b49310 HTTP/1.1" 200 544 "-" "Mozilla/5.0 (Windows NT 10.0; Win64; x64) AppleWebKit/537.36 (KHTML, like Gecko) Chrome/128.0.0.0 Safari/537.36 OPR/114.0.0."
92.204.54.123 - - [14/Nov/2025:11:01:53 -0500] "GET /product/silky-feel-good-shampoo/?add-to-cart=1077&action=yith-woocompare-add-product&id=1099&_wpnonce=9ed3e76a5a HTTP/1.1" 200 544 "-" "Mozilla/5.0 (Windows NT 10.0; Win64; x64) AppleWebKit/537.36 (KHTML, like Gecko) Chrome/128.0.0.0 Safari/537.36 OPR/114.0.0."
92.204.54.123 - - [14/Nov/2025:11:01:55 -0500] "GET /product/silky-feel-good-conditioner/?add-to-cart=1125&action=yith-woocompare-add-product&id=1125&_wpnonce=da84b49310 HTTP/1.1" 200 544 "-" "Mozilla/5.0 (Windows NT 10.0; Win64; x64) AppleWebKit/537.36 (KHTML, like Gecko) Chrome/128.0.0.0 Safari/537.36 OPR/114.0.0."
45.8.25.21 - - [14/Nov/2025:11:01:56 -0500] "GET /services HTTP/1.1" 200 544 "https://search.yahoo.com/" "Mozilla/5.0 (Macintosh; Intel Mac OS X 10_15_7) AppleWebKit/537.36 (KHTML, like Gecko) Chrome/130.0.0.0 Safari/537.36"
92.204.54.123 - - [14/Nov/2025:11:01:57 -0500] "GET /product/silky-feel-good-conditioner/?add-to-cart=1125&action=yith-woocompare-add-product&id=1091&_wpnonce=da84b49310 HTTP/1.1" 200 544 "-" "Mozilla/5.0 (Windows NT 10.0; Win64; x64) AppleWebKit/537.36 (KHTML, like Gecko) Chrome/128.0.0.0 Safari/537.36 OPR/114.0.0."
92.204.54.123 - - [14/Nov/2025:11:01:59 -0500] "GET /product/silky-feel-good-conditioner/?add-to-cart=1125&action=yith-woocompare-add-product&id=1103&_wpnonce=da84b49310 HTTP/1.1" 200 544 "-" "Mozilla/5.0 (Windows NT 10.0; Win64; x64) AppleWebKit/537.36 (KHTML, like Gecko) Chrome/128.0.0.0 Safari/537.36 OPR/114.0.0."
92.204.54.123 - - [14/Nov/2025:11:02:01 -0500] "GET /product/silky-feel-good-conditioner/?add-to-cart=997&action=yith-woocompare-add-product&id=1103&_wpnonce=da84b49310 HTTP/1.1" 200 544 "-" "Mozilla/5.0 (Windows NT 10.0; Win64; x64) AppleWebKit/537.36 (KHTML, like Gecko) Chrome/128.0.0.0 Safari/537.36 OPR/114.0.0."
92.204.54.123 - - [14/Nov/2025:11:02:03 -0500] "GET /product/silky-feel-good-conditioner/?add-to-cart=997&action=yith-woocompare-add-product&id=1099&_wpnonce=da84b49310 HTTP/1.1" 200 544 "-" "Mozilla/5.0 (Windows NT 10.0; Win64; x64) AppleWebKit/537.36 (KHTML, like Gecko) Chrome/128.0.0.0 Safari/537.36 OPR/114.0.0."
92.204.54.123 - - [14/Nov/2025:11:02:05 -0500] "GET /product/silky-feel-good-conditioner/?add-to-cart=997&action=yith-woocompare-add-product&id=1002&_wpnonce=da84b49310 HTTP/1.1" 200 544 "-" "Mozilla/5.0 (Windows NT 10.0; Win64; x64) AppleWebKit/537.36 (KHTML, like Gecko) Chrome/128.0.0.0 Safari/537.36 OPR/114.0.0."
92.204.54.123 - - [14/Nov/2025:11:02:07 -0500] "GET /product/silky-feel-good-conditioner/?add-to-cart=997&action=yith-woocompare-add-product&id=989&_wpnonce=da84b49310 HTTP/1.1" 200 544 "-" "Mozilla/5.0 (Windows NT 10.0; Win64; x64) AppleWebKit/537.36 (KHTML, like Gecko) Chrome/128.0.0.0 Safari/537.36 OPR/114.0.0."
45.8.25.21 - - [14/Nov/2025:11:02:08 -0500] "GET /oauth2 HTTP/1.1" 200 544 "https://www.bing.com/" "Mozilla/5.0 (Windows NT 10.0; Win64; x64; rv:131.0) Gecko/20100101 Firefox/131.0"
92.204.54.123 - - [14/Nov/2025:11:02:09 -0500] "GET /product/silky-feel-good-conditioner/?add-to-cart=997&action=yith-woocompare-add-product&id=1125&_wpnonce=da84b49310 HTTP/1.1" 200 544 "-" "Mozilla/5.0 (Windows NT 10.0; Win64; x64) AppleWebKit/537.36 (KHTML, like Gecko) Chrome/128.0.0.0 Safari/537.36 OPR/114.0.0."
92.204.54.123 - - [14/Nov/2025:11:02:11 -0500] "GET /product/silky-feel-good-conditioner/?add-to-cart=997&action=yith-woocompare-add-product&id=1091&_wpnonce=da84b49310 HTTP/1.1" 200 544 "-" "Mozilla/5.0 (Windows NT 10.0; Win64; x64) AppleWebKit/537.36 (KHTML, like Gecko) Chrome/128.0.0.0 Safari/537.36 OPR/114.0.0."
92.204.54.123 - - [14/Nov/2025:11:02:13 -0500] "GET /product/silky-feel-good-conditioner/?add-to-cart=1127&action=yith-woocompare-add-product&id=1091&_wpnonce=da84b49310 HTTP/1.1" 200 544 "-" "Mozilla/5.0 (Windows NT 10.0; Win64; x64) AppleWebKit/537.36 (KHTML, like Gecko) Chrome/128.0.0.0 Safari/537.36 OPR/114.0.0."
92.204.54.123 - - [14/Nov/2025:11:02:15 -0500] "GET /product/silky-feel-good-conditioner/?add-to-cart=1127&action=yith-woocompare-add-product&id=1073&_wpnonce=da84b49310 HTTP/1.1" 200 544 "-" "Mozilla/5.0 (Windows NT 10.0; Win64; x64) AppleWebKit/537.36 (KHTML, like Gecko) Chrome/128.0.0.0 Safari/537.36 OPR/114.0.0."
92.204.54.123 - - [14/Nov/2025:11:02:17 -0500] "GET /product/silky-feel-good-conditioner/?add-to-cart=1127&action=yith-woocompare-add-product&id=1068&_wpnonce=da84b49310 HTTP/1.1" 200 544 "-" "Mozilla/5.0 (Windows NT 10.0; Win64; x64) AppleWebKit/537.36 (KHTML, like Gecko) Chrome/128.0.0.0 Safari/537.36 OPR/114.0.0."
92.204.54.123 - - [14/Nov/2025:11:02:19 -0500] "GET /product/silky-feel-good-conditioner/?add-to-cart=1127&action=yith-woocompare-add-product&id=993&_wpnonce=da84b49310 HTTP/1.1" 200 544 "-" "Mozilla/5.0 (Windows NT 10.0; Win64; x64) AppleWebKit/537.36 (KHTML, like Gecko) Chrome/128.0.0.0 Safari/537.36 OPR/114.0.0."
45.8.25.21 - - [14/Nov/2025:11:02:20 -0500] "GET /auth HTTP/1.1" 200 544 "https://www.google.com/" "Mozilla/5.0 (Windows NT 10.0; Win64; x64; rv:131.0) Gecko/20100101 Firefox/131.0"
92.204.54.123 - - [14/Nov/2025:11:02:21 -0500] "GET /product/silky-feel-good-conditioner/?add-to-cart=1127&action=yith-woocompare-add-product&id=997&_wpnonce=da84b49310 HTTP/1.1" 200 544 "-" "Mozilla/5.0 (Windows NT 10.0; Win64; x64) AppleWebKit/537.36 (KHTML, like Gecko) Chrome/128.0.0.0 Safari/537.36 OPR/114.0.0."
92.204.54.123 - - [14/Nov/2025:11:02:23 -0500] "GET /product/silky-feel-good-conditioner/?add-to-cart=1127&action=yith-woocompare-add-product&id=1080&_wpnonce=da84b49310 HTTP/1.1" 200 544 "-" "Mozilla/5.0 (Windows NT 10.0; Win64; x64) AppleWebKit/537.36 (KHTML, like Gecko) Chrome/128.0.0.0 Safari/537.36 OPR/114.0.0."
92.204.54.123 - - [14/Nov/2025:11:02:25 -0500] "GET /product/silky-feel-good-conditioner/?add-to-cart=1080&action=yith-woocompare-add-product&id=993&_wpnonce=da84b49310 HTTP/1.1" 200 544 "-" "Mozilla/5.0 (Windows NT 10.0; Win64; x64) AppleWebKit/537.36 (KHTML, like Gecko) Chrome/128.0.0.0 Safari/537.36 OPR/114.0.0."
92.204.54.123 - - [14/Nov/2025:11:02:27 -0500] "GET /product/silky-feel-good-conditioner/?add-to-cart=1080&action=yith-woocompare-add-product&id=1073&_wpnonce=da84b49310 HTTP/1.1" 200 544 "-" "Mozilla/5.0 (Windows NT 10.0; Win64; x64) AppleWebKit/537.36 (KHTML, like Gecko) Chrome/128.0.0.0 Safari/537.36 OPR/114.0.0."
92.204.54.123 - - [14/Nov/2025:11:02:29 -0500] "GET /product/silky-feel-good-conditioner/?add-to-cart=1080&action=yith-woocompare-add-product&id=997&_wpnonce=da84b49310 HTTP/1.1" 200 544 "-" "Mozilla/5.0 (Windows NT 10.0; Win64; x64) AppleWebKit/537.36 (KHTML, like Gecko) Chrome/128.0.0.0 Safari/537.36 OPR/114.0.0."
92.204.54.123 - - [14/Nov/2025:11:02:31 -0500] "GET /product/silky-feel-good-conditioner/?add-to-cart=1080&action=yith-woocompare-add-product&id=989&_wpnonce=da84b49310 HTTP/1.1" 200 544 "-" "Mozilla/5.0 (Windows NT 10.0; Win64; x64) AppleWebKit/537.36 (KHTML, like Gecko) Chrome/128.0.0.0 Safari/537.36 OPR/114.0.0."
45.8.25.21 - - [14/Nov/2025:11:02:32 -0500] "GET /authentication HTTP/1.1" 200 544 "https://www.bing.com/" "Mozilla/5.0 (Macintosh; Intel Mac OS X 10.15; rv:131.0) Gecko/20100101 Firefox/131.0"
92.204.54.123 - - [14/Nov/2025:11:02:33 -0500] "GET /product/silky-feel-good-conditioner/?add-to-cart=1080&action=yith-woocompare-add-product&id=1127&_wpnonce=da84b49310 HTTP/1.1" 200 544 "-" "Mozilla/5.0 (Windows NT 10.0; Win64; x64) AppleWebKit/537.36 (KHTML, like Gecko) Chrome/128.0.0.0 Safari/537.36 OPR/114.0.0."
92.204.54.123 - - [14/Nov/2025:11:02:35 -0500] "GET /product/silky-feel-good-conditioner/?add-to-cart=1080&action=yith-woocompare-add-product&id=1004&_wpnonce=da84b49310 HTTP/1.1" 200 544 "-" "Mozilla/5.0 (Windows NT 10.0; Win64; x64) AppleWebKit/537.36 (KHTML, like Gecko) Chrome/128.0.0.0 Safari/537.36 OPR/114.0.0."
92.204.54.123 - - [14/Nov/2025:11:02:37 -0500] "GET /product/silky-feel-good-conditioner/?add-to-cart=1002&action=yith-woocompare-add-product&id=1002&_wpnonce=da84b49310 HTTP/1.1" 200 544 "-" "Mozilla/5.0 (Windows NT 10.0; Win64; x64) AppleWebKit/537.36 (KHTML, like Gecko) Chrome/128.0.0.0 Safari/537.36 OPR/114.0.0."
92.204.54.123 - - [14/Nov/2025:11:02:39 -0500] "GET /product/silky-feel-good-conditioner/?add-to-cart=1002&action=yith-woocompare-add-product&id=1073&_wpnonce=da84b49310 HTTP/1.1" 200 544 "-" "Mozilla/5.0 (Windows NT 10.0; Win64; x64) AppleWebKit/537.36 (KHTML, like Gecko) Chrome/128.0.0.0 Safari/537.36 OPR/114.0.0."
92.204.54.123 - - [14/Nov/2025:11:02:41 -0500] "GET /product/silky-feel-good-conditioner/?add-to-cart=1002&action=yith-woocompare-add-product&id=1004&_wpnonce=da84b49310 HTTP/1.1" 200 544 "-" "Mozilla/5.0 (Windows NT 10.0; Win64; x64) AppleWebKit/537.36 (KHTML, like Gecko) Chrome/128.0.0.0 Safari/537.36 OPR/114.0.0."
92.204.54.123 - - [14/Nov/2025:11:02:43 -0500] "GET /product/silky-feel-good-conditioner/?add-to-cart=1002&action=yith-woocompare-add-product&id=1077&_wpnonce=da84b49310 HTTP/1.1" 200 544 "-" "Mozilla/5.0 (Windows NT 10.0; Win64; x64) AppleWebKit/537.36 (KHTML, like Gecko) Chrome/128.0.0.0 Safari/537.36 OPR/114.0.0."
45.8.25.21 - - [14/Nov/2025:11:02:44 -0500] "GET /xmlrpc HTTP/1.1" 200 544 "https://www.google.com/" "Mozilla/5.0 (Macintosh; Intel Mac OS X 10_15_7) AppleWebKit/537.36 (KHTML, like Gecko) Chrome/130.0.0.0 Safari/537.36"
92.204.54.123 - - [14/Nov/2025:11:02:45 -0500] "GET /product/silky-feel-good-conditioner/?add-to-cart=1002&action=yith-woocompare-add-product&id=1099&_wpnonce=da84b49310 HTTP/1.1" 200 544 "-" "Mozilla/5.0 (Windows NT 10.0; Win64; x64) AppleWebKit/537.36 (KHTML, like Gecko) Chrome/128.0.0.0 Safari/537.36 OPR/114.0.0."
92.204.54.123 - - [14/Nov/2025:11:02:47 -0500] "GET /product/silky-feel-good-conditioner/?add-to-cart=1002&action=yith-woocompare-add-product&id=997&_wpnonce=da84b49310 HTTP/1.1" 200 544 "-" "Mozilla/5.0 (Windows NT 10.0; Win64; x64) AppleWebKit/537.36 (KHTML, like Gecko) Chrome/128.0.0.0 Safari/537.36 OPR/114.0.0."
92.204.54.123 - - [14/Nov/2025:11:02:49 -0500] "GET /product/silky-feel-good-conditioner/?add-to-cart=989& HTTP/1.1" 200 544 "-" "Mozilla/5.0 (Windows NT 10.0; Win64; x64) AppleWebKit/537.36 (KHTML, like Gecko) Chrome/128.0.0.0 Safari/537.36 OPR/114.0.0."
92.204.54.123 - - [14/Nov/2025:11:02:51 -0500] "GET /product/silky-feel-good-serum/?_wpnonce=da84b49310&action=yith-woocompare-add-product&id=1068 HTTP/1.1" 200 544 "-" "Mozilla/5.0 (Windows NT 10.0; Win64; x64) AppleWebKit/537.36 (KHTML, like Gecko) Chrome/128.0.0.0 Safari/537.36 OPR/114.0.0."
92.204.54.123 - - [14/Nov/2025:11:02:53 -0500] "GET /product/silky-feel-good-serum/?_wpnonce=a5b392c33b&add-to-cart=1068 HTTP/1.1" 200 544 "-" "Mozilla/5.0 (Windows NT 10.0; Win64; x64) AppleWebKit/537.36 (KHTML, like Gecko) Chrome/128.0.0.0 Safari/537.36 OPR/114.0.0."
92.204.54.123 - - [14/Nov/2025:11:02:55 -0500] "GET /product/silky-feel-good-serum/?_wpnonce=da84b49310&action=yith-woocompare-add-product&id=1127 HTTP/1.1" 200 544 "-" "Mozilla/5.0 (Windows NT 10.0; Win64; x64) AppleWebKit/537.36 (KHTML, like Gecko) Chrome/128.0.0.0 Safari/537.36 OPR/114.0.0."
45.8.25.21 - - [14/Nov/2025:11:02:56 -0500] "GET /rss HTTP/1.1" 200 544 "https://www.google.com/" "Mozilla/5.0 (Windows NT 10.0; Win64; x64) AppleWebKit/537.36 (KHTML, like Gecko) Chrome/129.0.0.0 Safari/537.36"
92.204.54.123 - - [14/Nov/2025:11:02:57 -0500] "GET /product/silky-feel-good-serum/?_wpnonce=a5b392c33b&add-to-cart=1127 HTTP/1.1" 200 544 "-" "Mozilla/5.0 (Windows NT 10.0; Win64; x64) AppleWebKit/537.36 (KHTML, like Gecko) Chrome/128.0.0.0 Safari/537.36 OPR/114.0.0."
92.204.54.123 - - [14/Nov/2025:11:02:59 -0500] "GET /product/silky-feel-good-serum/?_wpnonce=da84b49310&action=yith-woocompare-add-product&id=989 HTTP/1.1" 200 544 "-" "Mozilla/5.0 (Windows NT 10.0; Win64; x64) AppleWebKit/537.36 (KHTML, like Gecko) Chrome/128.0.0.0 Safari/537.36 OPR/114.0.0."
92.204.54.123 - - [14/Nov/2025:11:03:01 -0500] "GET /product/silky-feel-good-serum/?_wpnonce=a5b392c33b&add-to-cart=989 HTTP/1.1" 200 544 "-" "Mozilla/5.0 (Windows NT 10.0; Win64; x64) AppleWebKit/537.36 (KHTML, like Gecko) Chrome/128.0.0.0 Safari/537.36 OPR/114.0.0."
92.204.54.123 - - [14/Nov/2025:11:03:03 -0500] "GET /product/silky-feel-good-serum/?_wpnonce=da84b49310&action=yith-woocompare-add-product&id=993 HTTP/1.1" 200 544 "-" "Mozilla/5.0 (Windows NT 10.0; Win64; x64) AppleWebKit/537.36 (KHTML, like Gecko) Chrome/128.0.0.0 Safari/537.36 OPR/114.0.0."
92.204.54.123 - - [14/Nov/2025:11:03:05 -0500] "GET /product/silky-feel-good-serum/?_wpnonce=a5b392c33b&add-to-cart=993 HTTP/1.1" 200 544 "-" "Mozilla/5.0 (Windows NT 10.0; Win64; x64) AppleWebKit/537.36 (KHTML, like Gecko) Chrome/128.0.0.0 Safari/537.36 OPR/114.0.0."
92.204.54.123 - - [14/Nov/2025:11:03:07 -0500] "GET /product/silky-feel-good-serum/?_wpnonce=da84b49310&action=yith-woocompare-add-product&id=997 HTTP/1.1" 200 544 "-" "Mozilla/5.0 (Windows NT 10.0; Win64; x64) AppleWebKit/537.36 (KHTML, like Gecko) Chrome/128.0.0.0 Safari/537.36 OPR/114.0.0."
45.8.25.21 - - [14/Nov/2025:11:03:09 -0500] "GET /feeds HTTP/1.1" 200 544 "https://yandex.com/" "Mozilla/5.0 (Windows NT 10.0; Win64; x64) AppleWebKit/537.36 (KHTML, like Gecko) Chrome/130.0.0.0 Safari/537.36"
92.204.54.123 - - [14/Nov/2025:11:03:09 -0500] "GET /product/silky-feel-good-serum/?_wpnonce=a5b392c33b&add-to-cart=997 HTTP/1.1" 200 544 "-" "Mozilla/5.0 (Windows NT 10.0; Win64; x64) AppleWebKit/537.36 (KHTML, like Gecko) Chrome/128.0.0.0 Safari/537.36 OPR/114.0.0."
92.204.54.123 - - [14/Nov/2025:11:03:11 -0500] "GET /product/silky-feel-good-serum/?_wpnonce=da84b49310&action=yith-woocompare-add-product&id=1070 HTTP/1.1" 200 544 "-" "Mozilla/5.0 (Windows NT 10.0; Win64; x64) AppleWebKit/537.36 (KHTML, like Gecko) Chrome/128.0.0.0 Safari/537.36 OPR/114.0.0."
92.204.54.123 - - [14/Nov/2025:11:03:13 -0500] "GET /product/silky-feel-good-serum/?_wpnonce=a5b392c33b&add-to-cart=1070 HTTP/1.1" 200 544 "-" "Mozilla/5.0 (Windows NT 10.0; Win64; x64) AppleWebKit/537.36 (KHTML, like Gecko) Chrome/128.0.0.0 Safari/537.36 OPR/114.0.0."
92.204.54.123 - - [14/Nov/2025:11:03:15 -0500] "GET /product/silky-feel-good-serum/?add-to-cart=997&action=yith-woocompare-add-product&id=1080&_wpnonce=da84b49310 HTTP/1.1" 200 544 "-" "Mozilla/5.0 (Windows NT 10.0; Win64; x64) AppleWebKit/537.36 (KHTML, like Gecko) Chrome/128.0.0.0 Safari/537.36 OPR/114.0.0."
92.204.54.123 - - [14/Nov/2025:11:03:17 -0500] "GET /product/silky-feel-good-serum/?add-to-cart=997&action=yith-woocompare-add-product&id=1070&_wpnonce=da84b49310 HTTP/1.1" 200 544 "-" "Mozilla/5.0 (Windows NT 10.0; Win64; x64) AppleWebKit/537.36 (KHTML, like Gecko) Chrome/128.0.0.0 Safari/537.36 OPR/114.0.0."
92.204.54.123 - - [14/Nov/2025:11:03:19 -0500] "GET /product/silky-feel-good-serum/?add-to-cart=997&action=yith-woocompare-add-product&id=993&_wpnonce=da84b49310 HTTP/1.1" 200 544 "-" "Mozilla/5.0 (Windows NT 10.0; Win64; x64) AppleWebKit/537.36 (KHTML, like Gecko) Chrome/128.0.0.0 Safari/537.36 OPR/114.0.0."
45.8.25.21 - - [14/Nov/2025:11:03:20 -0500] "GET /rest HTTP/1.1" 200 544 "https://yandex.com/" "Mozilla/5.0 (Windows NT 10.0; Win64; x64) AppleWebKit/537.36 (KHTML, like Gecko) Chrome/129.0.0.0 Safari/537.36"
92.204.54.123 - - [14/Nov/2025:11:03:21 -0500] "GET /product/silky-feel-good-serum/?add-to-cart=997&action=yith-woocompare-add-product&id=1075&_wpnonce=da84b49310 HTTP/1.1" 200 544 "-" "Mozilla/5.0 (Windows NT 10.0; Win64; x64) AppleWebKit/537.36 (KHTML, like Gecko) Chrome/128.0.0.0 Safari/537.36 OPR/114.0.0."
92.204.54.123 - - [14/Nov/2025:11:03:23 -0500] "GET /product/silky-feel-good-serum/?add-to-cart=997&action=yith-woocompare-add-product&id=997&_wpnonce=da84b49310 HTTP/1.1" 200 544 "-" "Mozilla/5.0 (Windows NT 10.0; Win64; x64) AppleWebKit/537.36 (KHTML, like Gecko) Chrome/128.0.0.0 Safari/537.36 OPR/114.0.0."
92.204.54.123 - - [14/Nov/2025:11:03:25 -0500] "GET /product/silky-feel-good-serum/?add-to-cart=997&action=yith-woocompare-add-product&id=1068&_wpnonce=da84b49310 HTTP/1.1" 200 544 "-" "Mozilla/5.0 (Windows NT 10.0; Win64; x64) AppleWebKit/537.36 (KHTML, like Gecko) Chrome/128.0.0.0 Safari/537.36 OPR/114.0.0."
92.204.54.123 - - [14/Nov/2025:11:03:27 -0500] "GET /product/silky-feel-good-serum/?add-to-cart=1068&action=yith-woocompare-add-product&id=1070&_wpnonce=da84b49310 HTTP/1.1" 200 544 "-" "Mozilla/5.0 (Windows NT 10.0; Win64; x64) AppleWebKit/537.36 (KHTML, like Gecko) Chrome/128.0.0.0 Safari/537.36 OPR/114.0.0."
92.204.54.123 - - [14/Nov/2025:11:03:29 -0500] "GET /product/silky-feel-good-serum/?add-to-cart=1068&action=yith-woocompare-add-product&id=1073&_wpnonce=da84b49310 HTTP/1.1" 200 544 "-" "Mozilla/5.0 (Windows NT 10.0; Win64; x64) AppleWebKit/537.36 (KHTML, like Gecko) Chrome/128.0.0.0 Safari/537.36 OPR/114.0.0."
45.8.25.21 - - [14/Nov/2025:11:03:30 -0500] "GET /graphql HTTP/1.1" 200 544 "https://www.google.com/" "Mozilla/5.0 (Windows NT 10.0; Win64; x64) AppleWebKit/537.36 (KHTML, like Gecko) Chrome/130.0.0.0 Safari/537.36"
92.204.54.123 - - [14/Nov/2025:11:03:31 -0500] "GET /product/silky-feel-good-serum/?add-to-cart=1068&action=yith-woocompare-add-product&id=1127&_wpnonce=da84b49310 HTTP/1.1" 200 544 "-" "Mozilla/5.0 (Windows NT 10.0; Win64; x64) AppleWebKit/537.36 (KHTML, like Gecko) Chrome/128.0.0.0 Safari/537.36 OPR/114.0.0."
92.204.54.123 - - [14/Nov/2025:11:03:33 -0500] "GET /product/silky-feel-good-serum/?add-to-cart=1068&action=yith-woocompare-add-product&id=993&_wpnonce=da84b49310 HTTP/1.1" 200 544 "-" "Mozilla/5.0 (Windows NT 10.0; Win64; x64) AppleWebKit/537.36 (KHTML, like Gecko) Chrome/128.0.0.0 Safari/537.36 OPR/114.0.0."
92.204.54.123 - - [14/Nov/2025:11:03:35 -0500] "GET /product/silky-feel-good-serum/?add-to-cart=1068&action=yith-woocompare-add-product&id=1080&_wpnonce=da84b49310 HTTP/1.1" 200 544 "-" "Mozilla/5.0 (Windows NT 10.0; Win64; x64) AppleWebKit/537.36 (KHTML, like Gecko) Chrome/128.0.0.0 Safari/537.36 OPR/114.0.0."
92.204.54.123 - - [14/Nov/2025:11:03:37 -0500] "GET /product/silky-feel-good-serum/?add-to-cart=1068&action=yith-woocompare-add-product&id=997&_wpnonce=da84b49310 HTTP/1.1" 200 544 "-" "Mozilla/5.0 (Windows NT 10.0; Win64; x64) AppleWebKit/537.36 (KHTML, like Gecko) Chrome/128.0.0.0 Safari/537.36 OPR/114.0.0."
92.204.54.123 - - [14/Nov/2025:11:03:39 -0500] "GET /product/silky-feel-good-serum/?add-to-cart=1127&action=yith-woocompare-add-product&id=1073&_wpnonce=da84b49310 HTTP/1.1" 200 544 "-" "Mozilla/5.0 (Windows NT 10.0; Win64; x64) AppleWebKit/537.36 (KHTML, like Gecko) Chrome/128.0.0.0 Safari/537.36 OPR/114.0.0."
45.8.25.21 - - [14/Nov/2025:11:03:41 -0500] "GET /soap HTTP/1.1" 200 544 "https://www.google.com/" "Mozilla/5.0 (Macintosh; Intel Mac OS X 10_15_7) AppleWebKit/605.1.15 (KHTML, like Gecko) Version/18.1 Safari/605.1.15"
92.204.54.123 - - [14/Nov/2025:11:03:41 -0500] "GET /product/silky-feel-good-serum/?add-to-cart=1127&action=yith-woocompare-add-product&id=989&_wpnonce=da84b49310 HTTP/1.1" 200 544 "-" "Mozilla/5.0 (Windows NT 10.0; Win64; x64) AppleWebKit/537.36 (KHTML, like Gecko) Chrome/128.0.0.0 Safari/537.36 OPR/114.0.0."
92.204.54.123 - - [14/Nov/2025:11:03:43 -0500] "GET /product/silky-feel-good-serum/?add-to-cart=1127&action=yith-woocompare-add-product&id=1125&_wpnonce=da84b49310 HTTP/1.1" 200 544 "-" "Mozilla/5.0 (Windows NT 10.0; Win64; x64) AppleWebKit/537.36 (KHTML, like Gecko) Chrome/128.0.0.0 Safari/537.36 OPR/114.0.0."
92.204.54.123 - - [14/Nov/2025:11:03:46 -0500] "GET /product/silky-feel-good-serum/?add-to-cart=1127&action=yith-woocompare-add-product&id=993&_wpnonce=da84b49310 HTTP/1.1" 200 544 "-" "Mozilla/5.0 (Windows NT 10.0; Win64; x64) AppleWebKit/537.36 (KHTML, like Gecko) Chrome/128.0.0.0 Safari/537.36 OPR/114.0.0."
92.204.54.123 - - [14/Nov/2025:11:03:48 -0500] "GET /product/silky-feel-good-serum/?add-to-cart=1127&action=yith-woocompare-add-product&id=1103&_wpnonce=da84b49310 HTTP/1.1" 200 544 "-" "Mozilla/5.0 (Windows NT 10.0; Win64; x64) AppleWebKit/537.36 (KHTML, like Gecko) Chrome/128.0.0.0 Safari/537.36 OPR/114.0.0."
92.204.54.123 - - [14/Nov/2025:11:03:50 -0500] "GET /product/silky-feel-good-serum/?add-to-cart=1127&action=yith-woocompare-add-product&id=997&_wpnonce=da84b49310 HTTP/1.1" 200 544 "-" "Mozilla/5.0 (Windows NT 10.0; Win64; x64) AppleWebKit/537.36 (KHTML, like Gecko) Chrome/128.0.0.0 Safari/537.36 OPR/114.0.0."
92.204.54.123 - - [14/Nov/2025:11:03:52 -0500] "GET /product/silky-feel-good-serum/?add-to-cart=1075&action=yith-woocompare-add-product&id=1075&_wpnonce=da84b49310 HTTP/1.1" 200 544 "-" "Mozilla/5.0 (Windows NT 10.0; Win64; x64) AppleWebKit/537.36 (KHTML, like Gecko) Chrome/128.0.0.0 Safari/537.36 OPR/114.0.0."
45.8.25.21 - - [14/Nov/2025:11:03:52 -0500] "GET /wp-admin HTTP/1.1" 301 795 "https://search.yahoo.com/" "Mozilla/5.0 (Windows NT 10.0; Win64; x64) AppleWebKit/537.36 (KHTML, like Gecko) Chrome/130.0.0.0 Safari/537.36 Edg/130.0.0.0"
92.204.54.123 - - [14/Nov/2025:11:03:54 -0500] "GET /product/silky-feel-good-serum/?add-to-cart=1075&action=yith-woocompare-add-product&id=1103&_wpnonce=da84b49310 HTTP/1.1" 200 544 "-" "Mozilla/5.0 (Windows NT 10.0; Win64; x64) AppleWebKit/537.36 (KHTML, like Gecko) Chrome/128.0.0.0 Safari/537.36 OPR/114.0.0."
92.204.54.123 - - [14/Nov/2025:11:03:56 -0500] "GET /product/silky-feel-good-serum/?add-to-cart=1075&action=yith-woocompare-add-product&id=993&_wpnonce=da84b49310 HTTP/1.1" 200 544 "-" "Mozilla/5.0 (Windows NT 10.0; Win64; x64) AppleWebKit/537.36 (KHTML, like Gecko) Chrome/128.0.0.0 Safari/537.36 OPR/114.0.0."
92.204.54.123 - - [14/Nov/2025:11:03:58 -0500] "GET /product/silky-feel-good-serum/?add-to-cart=1075&action=yith-woocompare-add-product&id=1127&_wpnonce=da84b49310 HTTP/1.1" 200 544 "-" "Mozilla/5.0 (Windows NT 10.0; Win64; x64) AppleWebKit/537.36 (KHTML, like Gecko) Chrome/128.0.0.0 Safari/537.36 OPR/114.0.0."
92.204.54.123 - - [14/Nov/2025:11:04:00 -0500] "GET /product/silky-feel-good-serum/?add-to-cart=1075&action=yith-woocompare-add-product&id=1004&_wpnonce=da84b49310 HTTP/1.1" 200 544 "-" "Mozilla/5.0 (Windows NT 10.0; Win64; x64) AppleWebKit/537.36 (KHTML, like Gecko) Chrome/128.0.0.0 Safari/537.36 OPR/114.0.0."
92.204.54.123 - - [14/Nov/2025:11:04:02 -0500] "GET /product/silky-feel-good-serum/?add-to-cart=1075&action=yith-woocompare-add-product&id=1068&_wpnonce=da84b49310 HTTP/1.1" 200 544 "-" "Mozilla/5.0 (Windows NT 10.0; Win64; x64) AppleWebKit/537.36 (KHTML, like Gecko) Chrome/128.0.0.0 Safari/537.36 OPR/114.0.0."
162.0.217.77 - - [14/Nov/2025:11:04:02 -0500] "POST /wp-cron.php?doing_wp_cron=1763136242.7593290805816650390625 HTTP/1.1" 403 1242 "-" "WordPress/6.8.3; https://hc-cosmetics.com"
162.0.217.77 - - [14/Nov/2025:11:04:02 -0500] "POST /wp-admin/admin-ajax.php?action=as_async_request_queue_runner&nonce=f2d88436e2 HTTP/1.1" 200 0 "-" "WordPress/6.8.3; https://hc-cosmetics.com"
45.8.25.21 - - [14/Nov/2025:11:03:53 -0500] "GET /wp-admin/ HTTP/1.1" 302 0 "https://search.yahoo.com/" "Mozilla/5.0 (Windows NT 10.0; Win64; x64) AppleWebKit/537.36 (KHTML, like Gecko) Chrome/130.0.0.0 Safari/537.36 Edg/130.0.0.0"
92.204.54.123 - - [14/Nov/2025:11:04:04 -0500] "GET /product/silky-feel-good-serum/?add-to-cart=1004& HTTP/1.1" 200 544 "-" "Mozilla/5.0 (Windows NT 10.0; Win64; x64) AppleWebKit/537.36 (KHTML, like Gecko) Chrome/128.0.0.0 Safari/537.36 OPR/114.0.0."
92.204.54.123 - - [14/Nov/2025:11:04:06 -0500] "GET /product/silky-feel-good-serum/?add-to-cart=1080&action=yith-woocompare-add-product&id=989&_wpnonce=da84b49310 HTTP/1.1" 200 544 "-" "Mozilla/5.0 (Windows NT 10.0; Win64; x64) AppleWebKit/537.36 (KHTML, like Gecko) Chrome/128.0.0.0 Safari/537.36 OPR/114.0.0."
