92.204.54.123 - - [14/Nov/2025:10:38:34 -0500] "GET /product/butterfly-shadow-hard-hold-spray/?add-to-cart=997&action=yith-woocompare-add-product&id=989&_wpnonce=ea7061fc06 HTTP/1.1" 200 544 "-" "Mozilla/5.0 (Windows NT 10.0; Win64; x64) AppleWebKit/537.36 (KHTML, like Gecko) Chrome/128.0.0.0 Safari/537.36 OPR/114.0.0."
45.8.25.35 - - [14/Nov/2025:10:38:34 -0500] "GET /configuration HTTP/1.1" 200 544 "https://search.yahoo.com/" "Mozilla/5.0 (Windows NT 10.0; Win64; x64) AppleWebKit/537.36 (KHTML, like Gecko) Chrome/130.0.0.0 Safari/537.36 Edg/130.0.0.0"
92.204.54.123 - - [14/Nov/2025:10:38:36 -0500] "GET /product/butterfly-shadow-hard-hold-spray/?add-to-cart=989&action=yith-woocompare-add-product&id=1068&_wpnonce=ea7061fc06 HTTP/1.1" 200 544 "-" "Mozilla/5.0 (Windows NT 10.0; Win64; x64) AppleWebKit/537.36 (KHTML, like Gecko) Chrome/128.0.0.0 Safari/537.36 OPR/114.0.0."
92.204.54.123 - - [14/Nov/2025:10:38:38 -0500] "GET /product/butterfly-shadow-hard-hold-spray/?add-to-cart=989&action=yith-woocompare-add-product&id=1002&_wpnonce=ea7061fc06 HTTP/1.1" 200 544 "-" "Mozilla/5.0 (Windows NT 10.0; Win64; x64) AppleWebKit/537.36 (KHTML, like Gecko) Chrome/128.0.0.0 Safari/537.36 OPR/114.0.0."
92.204.54.123 - - [14/Nov/2025:10:38:40 -0500] "GET /product/butterfly-shadow-hard-hold-spray/?add-to-cart=989&action=yith-woocompare-add-product&id=1127&_wpnonce=ea7061fc06 HTTP/1.1" 200 544 "-" "Mozilla/5.0 (Windows NT 10.0; Win64; x64) AppleWebKit/537.36 (KHTML, like Gecko) Chrome/128.0.0.0 Safari/537.36 OPR/114.0.0."
92.204.54.123 - - [14/Nov/2025:10:38:42 -0500] "GET /product/butterfly-shadow-hard-hold-spray/?add-to-cart=989&action=yith-woocompare-add-product&id=1080&_wpnonce=ea7061fc06 HTTP/1.1" 200 544 "-" "Mozilla/5.0 (Windows NT 10.0; Win64; x64) AppleWebKit/537.36 (KHTML, like Gecko) Chrome/128.0.0.0 Safari/537.36 OPR/114.0.0."
92.204.54.123 - - [14/Nov/2025:10:38:44 -0500] "GET /product/butterfly-shadow-hard-hold-spray/?add-to-cart=989&action=yith-woocompare-add-product&id=989&_wpnonce=ea7061fc06 HTTP/1.1" 200 544 "-" "Mozilla/5.0 (Windows NT 10.0; Win64; x64) AppleWebKit/537.36 (KHTML, like Gecko) Chrome/128.0.0.0 Safari/537.36 OPR/114.0.0."
92.204.54.123 - - [14/Nov/2025:10:38:46 -0500] "GET /product/butterfly-shadow-hard-hold-spray/?add-to-cart=989&action=yith-woocompare-add-product&id=1099&_wpnonce=ea7061fc06 HTTP/1.1" 200 544 "-" "Mozilla/5.0 (Windows NT 10.0; Win64; x64) AppleWebKit/537.36 (KHTML, like Gecko) Chrome/128.0.0.0 Safari/537.36 OPR/114.0.0."
92.204.54.123 - - [14/Nov/2025:10:38:48 -0500] "GET /product/butterfly-shadow-hard-hold-spray/?add-to-cart=1070&action=yith-woocompare-add-product&id=1127&_wpnonce=ea7061fc06 HTTP/1.1" 200 544 "-" "Mozilla/5.0 (Windows NT 10.0; Win64; x64) AppleWebKit/537.36 (KHTML, like Gecko) Chrome/128.0.0.0 Safari/537.36 OPR/114.0.0."
92.204.54.123 - - [14/Nov/2025:10:38:50 -0500] "GET /product/butterfly-shadow-hard-hold-spray/?add-to-cart=1070&action=yith-woocompare-add-product&id=1080&_wpnonce=ea7061fc06 HTTP/1.1" 200 544 "-" "Mozilla/5.0 (Windows NT 10.0; Win64; x64) AppleWebKit/537.36 (KHTML, like Gecko) Chrome/128.0.0.0 Safari/537.36 OPR/114.0.0."
92.204.54.123 - - [14/Nov/2025:10:38:52 -0500] "GET /product/butterfly-shadow-hard-hold-spray/?add-to-cart=1070&action=yith-woocompare-add-product&id=997&_wpnonce=ea7061fc06 HTTP/1.1" 200 544 "-" "Mozilla/5.0 (Windows NT 10.0; Win64; x64) AppleWebKit/537.36 (KHTML, like Gecko) Chrome/128.0.0.0 Safari/537.36 OPR/114.0.0."
92.204.54.123 - - [14/Nov/2025:10:38:54 -0500] "GET /product/butterfly-shadow-hard-hold-spray/?add-to-cart=1070&action=yith-woocompare-add-product&id=1075&_wpnonce=ea7061fc06 HTTP/1.1" 200 544 "-" "Mozilla/5.0 (Windows NT 10.0; Win64; x64) AppleWebKit/537.36 (KHTML, like Gecko) Chrome/128.0.0.0 Safari/537.36 OPR/114.0.0."
92.204.54.123 - - [14/Nov/2025:10:38:56 -0500] "GET /product/butterfly-shadow-hard-hold-spray/?add-to-cart=1070&action=yith-woocompare-add-product&id=1125&_wpnonce=ea7061fc06 HTTP/1.1" 200 544 "-" "Mozilla/5.0 (Windows NT 10.0; Win64; x64) AppleWebKit/537.36 (KHTML, like Gecko) Chrome/128.0.0.0 Safari/537.36 OPR/114.0.0."
92.204.54.123 - - [14/Nov/2025:10:38:58 -0500] "GET /product/butterfly-shadow-hard-hold-spray/?add-to-cart=1070&action=yith-woocompare-add-product&id=1004&_wpnonce=ea7061fc06 HTTP/1.1" 200 544 "-" "Mozilla/5.0 (Windows NT 10.0; Win64; x64) AppleWebKit/537.36 (KHTML, like Gecko) Chrome/128.0.0.0 Safari/537.36 OPR/114.0.0."
92.204.54.123 - - [14/Nov/2025:10:39:00 -0500] "GET /product/butterfly-shadow-hard-hold-spray/?add-to-cart=1127&action=yith-woocompare-add-product&id=989&_wpnonce=ea7061fc06 HTTP/1.1" 200 544 "-" "Mozilla/5.0 (Windows NT 10.0; Win64; x64) AppleWebKit/537.36 (KHTML, like Gecko) Chrome/128.0.0.0 Safari/537.36 OPR/114.0.0."
92.204.54.123 - - [14/Nov/2025:10:39:02 -0500] "GET /product/butterfly-shadow-hard-hold-spray/?add-to-cart=1127&action=yith-woocompare-add-product&id=1103&_wpnonce=ea7061fc06 HTTP/1.1" 200 544 "-" "Mozilla/5.0 (Windows NT 10.0; Win64; x64) AppleWebKit/537.36 (KHTML, like Gecko) Chrome/128.0.0.0 Safari/537.36 OPR/114.0.0."
92.204.54.123 - - [14/Nov/2025:10:39:04 -0500] "GET /product/butterfly-shadow-hard-hold-spray/?add-to-cart=1127&action=yith-woocompare-add-product&id=1070&_wpnonce=ea7061fc06 HTTP/1.1" 200 544 "-" "Mozilla/5.0 (Windows NT 10.0; Win64; x64) AppleWebKit/537.36 (KHTML, like Gecko) Chrome/128.0.0.0 Safari/537.36 OPR/114.0.0."
92.204.54.123 - - [14/Nov/2025:10:39:06 -0500] "GET /product/butterfly-shadow-hard-hold-spray/?add-to-cart=1127&action=yith-woocompare-add-product&id=1075&_wpnonce=ea7061fc06 HTTP/1.1" 200 544 "-" "Mozilla/5.0 (Windows NT 10.0; Win64; x64) AppleWebKit/537.36 (KHTML, like Gecko) Chrome/128.0.0.0 Safari/537.36 OPR/114.0.0."
92.204.54.123 - - [14/Nov/2025:10:39:08 -0500] "GET /product/butterfly-shadow-hard-hold-spray/?add-to-cart=1127&action=yith-woocompare-add-product&id=1127&_wpnonce=ea7061fc06 HTTP/1.1" 200 544 "-" "Mozilla/5.0 (Windows NT 10.0; Win64; x64) AppleWebKit/537.36 (KHTML, like Gecko) Chrome/128.0.0.0 Safari/537.36 OPR/114.0.0."
92.204.54.123 - - [14/Nov/2025:10:39:10 -0500] "GET /product/butterfly-shadow-hard-hold-spray/?add-to-cart=1127&action=yith-woocompare-add-product&id=1073&_wpnonce=ea7061fc06 HTTP/1.1" 200 544 "-" "Mozilla/5.0 (Windows NT 10.0; Win64; x64) AppleWebKit/537.36 (KHTML, like Gecko) Chrome/128.0.0.0 Safari/537.36 OPR/114.0.0."
92.204.54.123 - - [14/Nov/2025:10:39:12 -0500] "GET /product/butterfly-shadow-hard-hold-spray/?add-to-cart=1099&action=yith-woocompare-add-product&id=1077&_wpnonce=ea7061fc06 HTTP/1.1" 200 544 "-" "Mozilla/5.0 (Windows NT 10.0; Win64; x64) AppleWebKit/537.36 (KHTML, like Gecko) Chrome/128.0.0.0 Safari/537.36 OPR/114.0.0."
92.204.54.123 - - [14/Nov/2025:10:39:14 -0500] "GET /product/butterfly-shadow-hard-hold-spray/?add-to-cart=1099&action=yith-woocompare-add-product&id=1075&_wpnonce=ea7061fc06 HTTP/1.1" 200 544 "-" "Mozilla/5.0 (Windows NT 10.0; Win64; x64) AppleWebKit/537.36 (KHTML, like Gecko) Chrome/128.0.0.0 Safari/537.36 OPR/114.0.0."
92.204.54.123 - - [14/Nov/2025:10:39:16 -0500] "GET /product/butterfly-shadow-hard-hold-spray/?add-to-cart=1099&action=yith-woocompare-add-product&id=1004&_wpnonce=ea7061fc06 HTTP/1.1" 200 544 "-" "Mozilla/5.0 (Windows NT 10.0; Win64; x64) AppleWebKit/537.36 (KHTML, like Gecko) Chrome/128.0.0.0 Safari/537.36 OPR/114.0.0."
92.204.54.123 - - [14/Nov/2025:10:39:18 -0500] "GET /product/butterfly-shadow-hard-hold-spray/?add-to-cart=1099&action=yith-woocompare-add-product&id=1068&_wpnonce=ea7061fc06 HTTP/1.1" 200 544 "-" "Mozilla/5.0 (Windows NT 10.0; Win64; x64) AppleWebKit/537.36 (KHTML, like Gecko) Chrome/128.0.0.0 Safari/537.36 OPR/114.0.0."
92.204.54.123 - - [14/Nov/2025:10:39:20 -0500] "GET /product/butterfly-shadow-hard-hold-spray/?add-to-cart=1099&action=yith-woocompare-add-product&id=1103&_wpnonce=ea7061fc06 HTTP/1.1" 200 544 "-" "Mozilla/5.0 (Windows NT 10.0; Win64; x64) AppleWebKit/537.36 (KHTML, like Gecko) Chrome/128.0.0.0 Safari/537.36 OPR/114.0.0."
45.8.25.42 - - [14/Nov/2025:10:39:21 -0500] "GET /install HTTP/1.1" 200 544 "https://yandex.com/" "Mozilla/5.0 (Windows NT 10.0; Win64; x64) AppleWebKit/537.36 (KHTML, like Gecko) Chrome/129.0.0.0 Safari/537.36"
92.204.54.123 - - [14/Nov/2025:10:39:22 -0500] "GET /product/butterfly-shadow-hard-hold-spray/?add-to-cart=1099&action=yith-woocompare-add-product&id=1002&_wpnonce=ea7061fc06 HTTP/1.1" 200 544 "-" "Mozilla/5.0 (Windows NT 10.0; Win64; x64) AppleWebKit/537.36 (KHTML, like Gecko) Chrome/128.0.0.0 Safari/537.36 OPR/114.0.0."
92.204.54.123 - - [14/Nov/2025:10:39:24 -0500] "GET /product-tag/butterfly/?add-to-cart=1091&action=yith-woocompare-add-product&id=1091&_wpnonce=ea7061fc06 HTTP/1.1" 200 544 "-" "Mozilla/5.0 (Windows NT 10.0; Win64; x64) AppleWebKit/537.36 (KHTML, like Gecko) Chrome/128.0.0.0 Safari/537.36 OPR/114.0.0."
92.204.54.123 - - [14/Nov/2025:10:39:26 -0500] "GET /product-tag/butterfly/?add-to-cart=1091&action=yith-woocompare-add-product&id=1125&_wpnonce=ea7061fc06 HTTP/1.1" 200 544 "-" "Mozilla/5.0 (Windows NT 10.0; Win64; x64) AppleWebKit/537.36 (KHTML, like Gecko) Chrome/128.0.0.0 Safari/537.36 OPR/114.0.0."
92.204.54.123 - - [14/Nov/2025:10:39:28 -0500] "GET /product-tag/butterfly/?add-to-cart=1125&action=yith-woocompare-add-product&id=1091&_wpnonce=ea7061fc06 HTTP/1.1" 200 544 "-" "Mozilla/5.0 (Windows NT 10.0; Win64; x64) AppleWebKit/537.36 (KHTML, like Gecko) Chrome/128.0.0.0 Safari/537.36 OPR/114.0.0."
92.204.54.123 - - [14/Nov/2025:10:39:30 -0500] "GET /product-tag/butterfly/?add-to-cart=1125&action=yith-woocompare-add-product&id=1125&_wpnonce=ea7061fc06 HTTP/1.1" 200 544 "-" "Mozilla/5.0 (Windows NT 10.0; Win64; x64) AppleWebKit/537.36 (KHTML, like Gecko) Chrome/128.0.0.0 Safari/537.36 OPR/114.0.0."
92.204.54.123 - - [14/Nov/2025:10:39:32 -0500] "GET /product-tag/hair-spray/?add-to-cart=1091&action=yith-woocompare-add-product&id=1091&_wpnonce=ea7061fc06 HTTP/1.1" 200 544 "-" "Mozilla/5.0 (Windows NT 10.0; Win64; x64) AppleWebKit/537.36 (KHTML, like Gecko) Chrome/128.0.0.0 Safari/537.36 OPR/114.0.0."
92.204.54.123 - - [14/Nov/2025:10:39:34 -0500] "GET /product-tag/hair-spray/?add-to-cart=1091&action=yith-woocompare-add-product&id=1125&_wpnonce=ea7061fc06 HTTP/1.1" 200 544 "-" "Mozilla/5.0 (Windows NT 10.0; Win64; x64) AppleWebKit/537.36 (KHTML, like Gecko) Chrome/128.0.0.0 Safari/537.36 OPR/114.0.0."
45.8.25.42 - - [14/Nov/2025:10:39:35 -0500] "GET /installation HTTP/1.1" 200 544 "https://yandex.com/" "Mozilla/5.0 (Windows NT 10.0; Win64; x64; rv:131.0) Gecko/20100101 Firefox/131.0"
92.204.54.123 - - [14/Nov/2025:10:39:36 -0500] "GET /product-tag/hair-spray/?add-to-cart=1125&action=yith-woocompare-add-product&id=1091&_wpnonce=ea7061fc06 HTTP/1.1" 200 544 "-" "Mozilla/5.0 (Windows NT 10.0; Win64; x64) AppleWebKit/537.36 (KHTML, like Gecko) Chrome/128.0.0.0 Safari/537.36 OPR/114.0.0."
92.204.54.123 - - [14/Nov/2025:10:39:38 -0500] "GET /product-tag/hair-spray/?add-to-cart=1125&action=yith-woocompare-add-product&id=1125&_wpnonce=ea7061fc06 HTTP/1.1" 200 544 "-" "Mozilla/5.0 (Windows NT 10.0; Win64; x64) AppleWebKit/537.36 (KHTML, like Gecko) Chrome/128.0.0.0 Safari/537.36 OPR/114.0.0."
92.204.54.123 - - [14/Nov/2025:10:39:40 -0500] "GET /product/nouvelle-strong-hold-gel/?add-to-cart=1080&action=yith-woocompare-add-product&id=1073&_wpnonce=ea7061fc06 HTTP/1.1" 200 544 "-" "Mozilla/5.0 (Windows NT 10.0; Win64; x64) AppleWebKit/537.36 (KHTML, like Gecko) Chrome/128.0.0.0 Safari/537.36 OPR/114.0.0."
92.204.54.123 - - [14/Nov/2025:10:39:42 -0500] "GET /product/nouvelle-strong-hold-gel/?add-to-cart=1080&action=yith-woocompare-add-product&id=1070&_wpnonce=ea7061fc06 HTTP/1.1" 200 544 "-" "Mozilla/5.0 (Windows NT 10.0; Win64; x64) AppleWebKit/537.36 (KHTML, like Gecko) Chrome/128.0.0.0 Safari/537.36 OPR/114.0.0."
92.204.54.123 - - [14/Nov/2025:10:39:44 -0500] "GET /product/nouvelle-strong-hold-gel/?add-to-cart=1080&action=yith-woocompare-add-product&id=1091&_wpnonce=ea7061fc06 HTTP/1.1" 200 544 "-" "Mozilla/5.0 (Windows NT 10.0; Win64; x64) AppleWebKit/537.36 (KHTML, like Gecko) Chrome/128.0.0.0 Safari/537.36 OPR/114.0.0."
92.204.54.123 - - [14/Nov/2025:10:39:46 -0500] "GET /product/nouvelle-strong-hold-gel/?add-to-cart=1080&action=yith-woocompare-add-product&id=1103&_wpnonce=ea7061fc06 HTTP/1.1" 200 544 "-" "Mozilla/5.0 (Windows NT 10.0; Win64; x64) AppleWebKit/537.36 (KHTML, like Gecko) Chrome/128.0.0.0 Safari/537.36 OPR/114.0.0."
92.204.54.123 - - [14/Nov/2025:10:39:48 -0500] "GET /product/nouvelle-strong-hold-gel/?add-to-cart=1103 HTTP/1.1" 200 544 "-" "Mozilla/5.0 (Windows NT 10.0; Win64; x64) AppleWebKit/537.36 (KHTML, like Gecko) Chrome/128.0.0.0 Safari/537.36 OPR/114.0.0."
45.8.25.42 - - [14/Nov/2025:10:39:49 -0500] "GET /assets HTTP/1.1" 200 544 "https://duckduckgo.com/" "Mozilla/5.0 (Macintosh; Intel Mac OS X 10_15_7) AppleWebKit/537.36 (KHTML, like Gecko) Chrome/130.0.0.0 Safari/537.36"
92.204.54.123 - - [14/Nov/2025:10:39:50 -0500] "GET /product/nouvelle-strong-hold-gel/?add-to-cart=1080&action=yith-woocompare-add-product&id=1127&_wpnonce=ea7061fc06 HTTP/1.1" 200 544 "-" "Mozilla/5.0 (Windows NT 10.0; Win64; x64) AppleWebKit/537.36 (KHTML, like Gecko) Chrome/128.0.0.0 Safari/537.36 OPR/114.0.0."
92.204.54.123 - - [14/Nov/2025:10:39:52 -0500] "GET /product/nouvelle-strong-hold-gel/?add-to-cart=1080&action=yith-woocompare-add-product&id=989&_wpnonce=ea7061fc06 HTTP/1.1" 200 544 "-" "Mozilla/5.0 (Windows NT 10.0; Win64; x64) AppleWebKit/537.36 (KHTML, like Gecko) Chrome/128.0.0.0 Safari/537.36 OPR/114.0.0."
92.204.54.123 - - [14/Nov/2025:10:39:55 -0500] "GET /product/nouvelle-strong-hold-gel/?add-to-cart=1073&action=yith-woocompare-add-product&id=997&_wpnonce=ea7061fc06 HTTP/1.1" 200 544 "-" "Mozilla/5.0 (Windows NT 10.0; Win64; x64) AppleWebKit/537.36 (KHTML, like Gecko) Chrome/128.0.0.0 Safari/537.36 OPR/114.0.0."
92.204.54.123 - - [14/Nov/2025:10:39:57 -0500] "GET /product/nouvelle-strong-hold-gel/?add-to-cart=1073&action=yith-woocompare-add-product&id=1103&_wpnonce=ea7061fc06 HTTP/1.1" 200 544 "-" "Mozilla/5.0 (Windows NT 10.0; Win64; x64) AppleWebKit/537.36 (KHTML, like Gecko) Chrome/128.0.0.0 Safari/537.36 OPR/114.0.0."
92.204.54.123 - - [14/Nov/2025:10:39:59 -0500] "GET /product/nouvelle-strong-hold-gel/?add-to-cart=1073&action=yith-woocompare-add-product&id=1080&_wpnonce=ea7061fc06 HTTP/1.1" 200 544 "-" "Mozilla/5.0 (Windows NT 10.0; Win64; x64) AppleWebKit/537.36 (KHTML, like Gecko) Chrome/128.0.0.0 Safari/537.36 OPR/114.0.0."
92.204.54.123 - - [14/Nov/2025:10:40:01 -0500] "GET /product/nouvelle-strong-hold-gel/?add-to-cart=1073&action=yith-woocompare-add-product&id=1004&_wpnonce=ea7061fc06 HTTP/1.1" 200 544 "-" "Mozilla/5.0 (Windows NT 10.0; Win64; x64) AppleWebKit/537.36 (KHTML, like Gecko) Chrome/128.0.0.0 Safari/537.36 OPR/114.0.0."
92.204.54.123 - - [14/Nov/2025:10:40:03 -0500] "GET /product/nouvelle-strong-hold-gel/?add-to-cart=1073&action=yith-woocompare-add-product&id=1127&_wpnonce=ea7061fc06 HTTP/1.1" 200 544 "-" "Mozilla/5.0 (Windows NT 10.0; Win64; x64) AppleWebKit/537.36 (KHTML, like Gecko) Chrome/128.0.0.0 Safari/537.36 OPR/114.0.0."
45.8.25.42 - - [14/Nov/2025:10:40:03 -0500] "GET /static HTTP/1.1" 200 544 "https://www.google.com/" "Mozilla/5.0 (Windows NT 10.0; Win64; x64) AppleWebKit/537.36 (KHTML, like Gecko) Chrome/130.0.0.0 Safari/537.36"
92.204.54.123 - - [14/Nov/2025:10:40:05 -0500] "GET /product/nouvelle-strong-hold-gel/?add-to-cart=1073&action=yith-woocompare-add-product&id=1002&_wpnonce=ea7061fc06 HTTP/1.1" 200 544 "-" "Mozilla/5.0 (Windows NT 10.0; Win64; x64) AppleWebKit/537.36 (KHTML, like Gecko) Chrome/128.0.0.0 Safari/537.36 OPR/114.0.0."
92.204.54.123 - - [14/Nov/2025:10:40:07 -0500] "GET /product/nouvelle-strong-hold-gel/?add-to-cart=1002&action=yith-woocompare-add-product&id=1070&_wpnonce=ea7061fc06 HTTP/1.1" 200 544 "-" "Mozilla/5.0 (Windows NT 10.0; Win64; x64) AppleWebKit/537.36 (KHTML, like Gecko) Chrome/128.0.0.0 Safari/537.36 OPR/114.0.0."
92.204.54.123 - - [14/Nov/2025:10:40:09 -0500] "GET /product/nouvelle-strong-hold-gel/?add-to-cart=1002&action=yith-woocompare-add-product&id=1077&_wpnonce=ea7061fc06 HTTP/1.1" 200 544 "-" "Mozilla/5.0 (Windows NT 10.0; Win64; x64) AppleWebKit/537.36 (KHTML, like Gecko) Chrome/128.0.0.0 Safari/537.36 OPR/114.0.0."
92.204.54.123 - - [14/Nov/2025:10:40:11 -0500] "GET /product/nouvelle-strong-hold-gel/?add-to-cart=1002&action=yith-woocompare-add-product&id=1073&_wpnonce=ea7061fc06 HTTP/1.1" 200 544 "-" "Mozilla/5.0 (Windows NT 10.0; Win64; x64) AppleWebKit/537.36 (KHTML, like Gecko) Chrome/128.0.0.0 Safari/537.36 OPR/114.0.0."
92.204.54.123 - - [14/Nov/2025:10:40:13 -0500] "GET /product/nouvelle-strong-hold-gel/?add-to-cart=1002&action=yith-woocompare-add-product&id=1004&_wpnonce=ea7061fc06 HTTP/1.1" 200 544 "-" "Mozilla/5.0 (Windows NT 10.0; Win64; x64) AppleWebKit/537.36 (KHTML, like Gecko) Chrome/128.0.0.0 Safari/537.36 OPR/114.0.0."
92.204.54.123 - - [14/Nov/2025:10:40:15 -0500] "GET /product/nouvelle-strong-hold-gel/?add-to-cart=1002&action=yith-woocompare-add-product&id=1002&_wpnonce=ea7061fc06 HTTP/1.1" 200 544 "-" "Mozilla/5.0 (Windows NT 10.0; Win64; x64) AppleWebKit/537.36 (KHTML, like Gecko) Chrome/128.0.0.0 Safari/537.36 OPR/114.0.0."
92.204.54.123 - - [14/Nov/2025:10:40:17 -0500] "GET /product/nouvelle-strong-hold-gel/?add-to-cart=1002&action=yith-woocompare-add-product&id=993&_wpnonce=ea7061fc06 HTTP/1.1" 200 544 "-" "Mozilla/5.0 (Windows NT 10.0; Win64; x64) AppleWebKit/537.36 (KHTML, like Gecko) Chrome/128.0.0.0 Safari/537.36 OPR/114.0.0."
45.8.25.42 - - [14/Nov/2025:10:40:17 -0500] "GET /public HTTP/1.1" 200 544 "https://yandex.com/" "Mozilla/5.0 (Macintosh; Intel Mac OS X 10_15_7) AppleWebKit/537.36 (KHTML, like Gecko) Chrome/130.0.0.0 Safari/537.36"
92.204.54.123 - - [14/Nov/2025:10:40:19 -0500] "GET /product/nouvelle-strong-hold-gel/?add-to-cart=1125&action=yith-woocompare-add-product&id=1091&_wpnonce=ea7061fc06 HTTP/1.1" 200 544 "-" "Mozilla/5.0 (Windows NT 10.0; Win64; x64) AppleWebKit/537.36 (KHTML, like Gecko) Chrome/128.0.0.0 Safari/537.36 OPR/114.0.0."
92.204.54.123 - - [14/Nov/2025:10:40:21 -0500] "GET /product/nouvelle-strong-hold-gel/?add-to-cart=1125&action=yith-woocompare-add-product&id=1073&_wpnonce=ea7061fc06 HTTP/1.1" 200 544 "-" "Mozilla/5.0 (Windows NT 10.0; Win64; x64) AppleWebKit/537.36 (KHTML, like Gecko) Chrome/128.0.0.0 Safari/537.36 OPR/114.0.0."
92.204.54.123 - - [14/Nov/2025:10:40:23 -0500] "GET /product/nouvelle-strong-hold-gel/?add-to-cart=1125&action=yith-woocompare-add-product&id=1002&_wpnonce=ea7061fc06 HTTP/1.1" 200 544 "-" "Mozilla/5.0 (Windows NT 10.0; Win64; x64) AppleWebKit/537.36 (KHTML, like Gecko) Chrome/128.0.0.0 Safari/537.36 OPR/114.0.0."
92.204.54.123 - - [14/Nov/2025:10:40:25 -0500] "GET /product/nouvelle-strong-hold-gel/?add-to-cart=1125&action=yith-woocompare-add-product&id=1080&_wpnonce=ea7061fc06 HTTP/1.1" 200 544 "-" "Mozilla/5.0 (Windows NT 10.0; Win64; x64) AppleWebKit/537.36 (KHTML, like Gecko) Chrome/128.0.0.0 Safari/537.36 OPR/114.0.0."
92.204.54.123 - - [14/Nov/2025:10:40:27 -0500] "GET /product/nouvelle-strong-hold-gel/?add-to-cart=1125&action=yith-woocompare-add-product&id=1068&_wpnonce=ea7061fc06 HTTP/1.1" 200 544 "-" "Mozilla/5.0 (Windows NT 10.0; Win64; x64) AppleWebKit/537.36 (KHTML, like Gecko) Chrome/128.0.0.0 Safari/537.36 OPR/114.0.0."
92.204.54.123 - - [14/Nov/2025:10:40:29 -0500] "GET /product/nouvelle-strong-hold-gel/?add-to-cart=1125&action=yith-woocompare-add-product&id=1127&_wpnonce=ea7061fc06 HTTP/1.1" 200 544 "-" "Mozilla/5.0 (Windows NT 10.0; Win64; x64) AppleWebKit/537.36 (KHTML, like Gecko) Chrome/128.0.0.0 Safari/537.36 OPR/114.0.0."
45.8.25.42 - - [14/Nov/2025:10:40:29 -0500] "GET /web HTTP/1.1" 200 544 "https://www.bing.com/" "Mozilla/5.0 (Windows NT 10.0; Win64; x64) AppleWebKit/537.36 (KHTML, like Gecko) Chrome/130.0.0.0 Safari/537.36"
92.204.54.123 - - [14/Nov/2025:10:40:31 -0500] "GET /product/nouvelle-strong-hold-gel/?add-to-cart=1127&action=yith-woocompare-add-product&id=1075&_wpnonce=ea7061fc06 HTTP/1.1" 200 544 "-" "Mozilla/5.0 (Windows NT 10.0; Win64; x64) AppleWebKit/537.36 (KHTML, like Gecko) Chrome/128.0.0.0 Safari/537.36 OPR/114.0.0."
92.204.54.123 - - [14/Nov/2025:10:40:34 -0500] "GET /product/nouvelle-strong-hold-gel/?add-to-cart=1127&action=yith-woocompare-add-product&id=997&_wpnonce=ea7061fc06 HTTP/1.1" 200 544 "-" "Mozilla/5.0 (Windows NT 10.0; Win64; x64) AppleWebKit/537.36 (KHTML, like Gecko) Chrome/128.0.0.0 Safari/537.36 OPR/114.0.0."
92.204.54.123 - - [14/Nov/2025:10:40:36 -0500] "GET /product/nouvelle-strong-hold-gel/?add-to-cart=1127&action=yith-woocompare-add-product&id=1070&_wpnonce=ea7061fc06 HTTP/1.1" 200 544 "-" "Mozilla/5.0 (Windows NT 10.0; Win64; x64) AppleWebKit/537.36 (KHTML, like Gecko) Chrome/128.0.0.0 Safari/537.36 OPR/114.0.0."
92.204.54.123 - - [14/Nov/2025:10:40:38 -0500] "GET /product/nouvelle-strong-hold-gel/?add-to-cart=1127&action=yith-woocompare-add-product&id=989&_wpnonce=ea7061fc06 HTTP/1.1" 200 544 "-" "Mozilla/5.0 (Windows NT 10.0; Win64; x64) AppleWebKit/537.36 (KHTML, like Gecko) Chrome/128.0.0.0 Safari/537.36 OPR/114.0.0."
92.204.54.123 - - [14/Nov/2025:10:40:40 -0500] "GET /product/nouvelle-strong-hold-gel/?add-to-cart=1127&action=yith-woocompare-add-product&id=1002&_wpnonce=ea7061fc06 HTTP/1.1" 200 544 "-" "Mozilla/5.0 (Windows NT 10.0; Win64; x64) AppleWebKit/537.36 (KHTML, like Gecko) Chrome/128.0.0.0 Safari/537.36 OPR/114.0.0."
92.204.54.123 - - [14/Nov/2025:10:40:42 -0500] "GET /product/nouvelle-strong-hold-gel/?add-to-cart=1127&action=yith-woocompare-add-product&id=1091&_wpnonce=ea7061fc06 HTTP/1.1" 200 544 "-" "Mozilla/5.0 (Windows NT 10.0; Win64; x64) AppleWebKit/537.36 (KHTML, like Gecko) Chrome/128.0.0.0 Safari/537.36 OPR/114.0.0."
45.8.25.42 - - [14/Nov/2025:10:40:44 -0500] "GET /www HTTP/1.1" 200 544 "https://duckduckgo.com/" "Mozilla/5.0 (Macintosh; Intel Mac OS X 10_15_7) AppleWebKit/605.1.15 (KHTML, like Gecko) Version/18.1 Safari/605.1.15"
92.204.54.123 - - [14/Nov/2025:10:40:44 -0500] "GET /product/nouvelle-strong-hold-gel/?add-to-cart=989&action=yith-woocompare-add-product&id=1004&_wpnonce=ea7061fc06 HTTP/1.1" 200 544 "-" "Mozilla/5.0 (Windows NT 10.0; Win64; x64) AppleWebKit/537.36 (KHTML, like Gecko) Chrome/128.0.0.0 Safari/537.36 OPR/114.0.0."
92.204.54.123 - - [14/Nov/2025:10:40:46 -0500] "GET /product/nouvelle-strong-hold-gel/?add-to-cart=989&action=yith-woocompare-add-product&id=1075&_wpnonce=ea7061fc06 HTTP/1.1" 200 544 "-" "Mozilla/5.0 (Windows NT 10.0; Win64; x64) AppleWebKit/537.36 (KHTML, like Gecko) Chrome/128.0.0.0 Safari/537.36 OPR/114.0.0."
92.204.54.123 - - [14/Nov/2025:10:40:48 -0500] "GET /product/nouvelle-strong-hold-gel/?add-to-cart=989&action=yith-woocompare-add-product&id=1002&_wpnonce=ea7061fc06 HTTP/1.1" 200 544 "-" "Mozilla/5.0 (Windows NT 10.0; Win64; x64) AppleWebKit/537.36 (KHTML, like Gecko) Chrome/128.0.0.0 Safari/537.36 OPR/114.0.0."
92.204.54.123 - - [14/Nov/2025:10:40:50 -0500] "GET /product/nouvelle-strong-hold-gel/?add-to-cart=989&action=yith-woocompare-add-product&id=993&_wpnonce=ea7061fc06 HTTP/1.1" 200 544 "-" "Mozilla/5.0 (Windows NT 10.0; Win64; x64) AppleWebKit/537.36 (KHTML, like Gecko) Chrome/128.0.0.0 Safari/537.36 OPR/114.0.0."
92.204.54.123 - - [14/Nov/2025:10:40:52 -0500] "GET /product/nouvelle-strong-hold-gel/?add-to-cart=989&action=yith-woocompare-add-product&id=1091&_wpnonce=ea7061fc06 HTTP/1.1" 200 544 "-" "Mozilla/5.0 (Windows NT 10.0; Win64; x64) AppleWebKit/537.36 (KHTML, like Gecko) Chrome/128.0.0.0 Safari/537.36 OPR/114.0.0."
92.204.54.123 - - [14/Nov/2025:10:40:54 -0500] "GET /product/nouvelle-strong-hold-gel/?add-to-cart=989&action=yith-woocompare-add-product&id=1127&_wpnonce=ea7061fc06 HTTP/1.1" 200 544 "-" "Mozilla/5.0 (Windows NT 10.0; Win64; x64) AppleWebKit/537.36 (KHTML, like Gecko) Chrome/128.0.0.0 Safari/537.36 OPR/114.0.0."
92.204.54.123 - - [14/Nov/2025:10:40:56 -0500] "GET /product-tag/nouvelle/?add-to-cart=1103&action=yith-woocompare-add-product&id=1103&_wpnonce=ea7061fc06 HTTP/1.1" 200 544 "-" "Mozilla/5.0 (Windows NT 10.0; Win64; x64) AppleWebKit/537.36 (KHTML, like Gecko) Chrome/128.0.0.0 Safari/537.36 OPR/114.0.0."
45.8.25.42 - - [14/Nov/2025:10:40:57 -0500] "GET /webroot HTTP/1.1" 200 544 "https://duckduckgo.com/" "Mozilla/5.0 (Windows NT 10.0; Win64; x64; rv:131.0) Gecko/20100101 Firefox/131.0"
92.204.54.123 - - [14/Nov/2025:10:40:58 -0500] "GET /product-tag/nouvelle/?add-to-cart=1103&action=yith-woocompare-add-product&id=1099&_wpnonce=ea7061fc06 HTTP/1.1" 200 544 "-" "Mozilla/5.0 (Windows NT 10.0; Win64; x64) AppleWebKit/537.36 (KHTML, like Gecko) Chrome/128.0.0.0 Safari/537.36 OPR/114.0.0."
92.204.54.123 - - [14/Nov/2025:10:41:00 -0500] "GET /product-tag/nouvelle/?add-to-cart=1099&action=yith-woocompare-add-product&id=1103&_wpnonce=ea7061fc06 HTTP/1.1" 200 544 "-" "Mozilla/5.0 (Windows NT 10.0; Win64; x64) AppleWebKit/537.36 (KHTML, like Gecko) Chrome/128.0.0.0 Safari/537.36 OPR/114.0.0."
92.204.54.123 - - [14/Nov/2025:10:41:02 -0500] "GET /product-tag/nouvelle/?add-to-cart=1099&action=yith-woocompare-add-product&id=1099&_wpnonce=ea7061fc06 HTTP/1.1" 200 544 "-" "Mozilla/5.0 (Windows NT 10.0; Win64; x64) AppleWebKit/537.36 (KHTML, like Gecko) Chrome/128.0.0.0 Safari/537.36 OPR/114.0.0."
92.204.54.123 - - [14/Nov/2025:10:41:04 -0500] "GET /product-tag/hair-gel/?add-to-cart=1099&action=yith-woocompare-add-product&id=1099&_wpnonce=ea7061fc06 HTTP/1.1" 200 544 "-" "Mozilla/5.0 (Windows NT 10.0; Win64; x64) AppleWebKit/537.36 (KHTML, like Gecko) Chrome/128.0.0.0 Safari/537.36 OPR/114.0.0."
92.204.54.123 - - [14/Nov/2025:10:41:06 -0500] "GET /product/nouvelle-mousse-strong-hold/?add-to-cart=997&action=yith-woocompare-add-product&id=993&_wpnonce=ea7061fc06 HTTP/1.1" 200 544 "-" "Mozilla/5.0 (Windows NT 10.0; Win64; x64) AppleWebKit/537.36 (KHTML, like Gecko) Chrome/128.0.0.0 Safari/537.36 OPR/114.0.0."
92.204.54.123 - - [14/Nov/2025:10:41:09 -0500] "GET /product/nouvelle-mousse-strong-hold/?add-to-cart=997&action=yith-woocompare-add-product&id=1002&_wpnonce=ea7061fc06 HTTP/1.1" 200 544 "-" "Mozilla/5.0 (Windows NT 10.0; Win64; x64) AppleWebKit/537.36 (KHTML, like Gecko) Chrome/128.0.0.0 Safari/537.36 OPR/114.0.0."
45.8.25.42 - - [14/Nov/2025:10:41:09 -0500] "GET /dist HTTP/1.1" 200 544 "https://www.bing.com/" "Mozilla/5.0 (Windows NT 10.0; Win64; x64) AppleWebKit/537.36 (KHTML, like Gecko) Chrome/130.0.0.0 Safari/537.36"
92.204.54.123 - - [14/Nov/2025:10:41:11 -0500] "GET /product/nouvelle-mousse-strong-hold/?add-to-cart=997&action=yith-woocompare-add-product&id=1091&_wpnonce=ea7061fc06 HTTP/1.1" 200 544 "-" "Mozilla/5.0 (Windows NT 10.0; Win64; x64) AppleWebKit/537.36 (KHTML, like Gecko) Chrome/128.0.0.0 Safari/537.36 OPR/114.0.0."
92.204.54.123 - - [14/Nov/2025:10:41:13 -0500] "GET /product/nouvelle-mousse-strong-hold/?add-to-cart=997&action=yith-woocompare-add-product&id=1125&_wpnonce=ea7061fc06 HTTP/1.1" 200 544 "-" "Mozilla/5.0 (Windows NT 10.0; Win64; x64) AppleWebKit/537.36 (KHTML, like Gecko) Chrome/128.0.0.0 Safari/537.36 OPR/114.0.0."
92.204.54.123 - - [14/Nov/2025:10:41:15 -0500] "GET /product/nouvelle-mousse-strong-hold/?add-to-cart=997&action=yith-woocompare-add-product&id=1099&_wpnonce=ea7061fc06 HTTP/1.1" 200 544 "-" "Mozilla/5.0 (Windows NT 10.0; Win64; x64) AppleWebKit/537.36 (KHTML, like Gecko) Chrome/128.0.0.0 Safari/537.36 OPR/114.0.0."
92.204.54.123 - - [14/Nov/2025:10:41:17 -0500] "GET /product/nouvelle-mousse-strong-hold/?add-to-cart=997&action=yith-woocompare-add-product&id=997&_wpnonce=ea7061fc06 HTTP/1.1" 200 544 "-" "Mozilla/5.0 (Windows NT 10.0; Win64; x64) AppleWebKit/537.36 (KHTML, like Gecko) Chrome/128.0.0.0 Safari/537.36 OPR/114.0.0."
92.204.54.123 - - [14/Nov/2025:10:41:19 -0500] "GET /product/nouvelle-mousse-strong-hold/?add-to-cart=1099&action=yith-woocompare-add-product&id=1099&_wpnonce=ea7061fc06 HTTP/1.1" 200 544 "-" "Mozilla/5.0 (Windows NT 10.0; Win64; x64) AppleWebKit/537.36 (KHTML, like Gecko) Chrome/128.0.0.0 Safari/537.36 OPR/114.0.0."
45.8.25.42 - - [14/Nov/2025:10:41:21 -0500] "GET /build HTTP/1.1" 200 544 "https://www.bing.com/" "Mozilla/5.0 (Windows NT 10.0; Win64; x64) AppleWebKit/537.36 (KHTML, like Gecko) Chrome/130.0.0.0 Safari/537.36 Edg/130.0.0.0"
92.204.54.123 - - [14/Nov/2025:10:41:21 -0500] "GET /product/nouvelle-mousse-strong-hold/?add-to-cart=1099&action=yith-woocompare-add-product&id=1002&_wpnonce=ea7061fc06 HTTP/1.1" 200 544 "-" "Mozilla/5.0 (Windows NT 10.0; Win64; x64) AppleWebKit/537.36 (KHTML, like Gecko) Chrome/128.0.0.0 Safari/537.36 OPR/114.0.0."
92.204.54.123 - - [14/Nov/2025:10:41:23 -0500] "GET /product/nouvelle-mousse-strong-hold/?add-to-cart=1099&action=yith-woocompare-add-product&id=1127&_wpnonce=ea7061fc06 HTTP/1.1" 200 544 "-" "Mozilla/5.0 (Windows NT 10.0; Win64; x64) AppleWebKit/537.36 (KHTML, like Gecko) Chrome/128.0.0.0 Safari/537.36 OPR/114.0.0."
92.204.54.123 - - [14/Nov/2025:10:41:25 -0500] "GET /product/nouvelle-mousse-strong-hold/?add-to-cart=1099&action=yith-woocompare-add-product&id=993&_wpnonce=ea7061fc06 HTTP/1.1" 200 544 "-" "Mozilla/5.0 (Windows NT 10.0; Win64; x64) AppleWebKit/537.36 (KHTML, like Gecko) Chrome/128.0.0.0 Safari/537.36 OPR/114.0.0."
92.204.54.123 - - [14/Nov/2025:10:41:27 -0500] "GET /product/nouvelle-mousse-strong-hold/?add-to-cart=1099&action=yith-woocompare-add-product&id=1075&_wpnonce=ea7061fc06 HTTP/1.1" 200 544 "-" "Mozilla/5.0 (Windows NT 10.0; Win64; x64) AppleWebKit/537.36 (KHTML, like Gecko) Chrome/128.0.0.0 Safari/537.36 OPR/114.0.0."
92.204.54.123 - - [14/Nov/2025:10:41:29 -0500] "GET /product/nouvelle-mousse-strong-hold/?add-to-cart=1099&action=yith-woocompare-add-product&id=1070&_wpnonce=ea7061fc06 HTTP/1.1" 200 544 "-" "Mozilla/5.0 (Windows NT 10.0; Win64; x64) AppleWebKit/537.36 (KHTML, like Gecko) Chrome/128.0.0.0 Safari/537.36 OPR/114.0.0."
92.204.54.123 - - [14/Nov/2025:10:41:31 -0500] "GET /product/nouvelle-mousse-strong-hold/?add-to-cart=1127&action=yith-woocompare-add-product&id=1073&_wpnonce=ea7061fc06 HTTP/1.1" 200 544 "-" "Mozilla/5.0 (Windows NT 10.0; Win64; x64) AppleWebKit/537.36 (KHTML, like Gecko) Chrome/128.0.0.0 Safari/537.36 OPR/114.0.0."
92.204.54.123 - - [14/Nov/2025:10:41:33 -0500] "GET /product/nouvelle-mousse-strong-hold/?add-to-cart=1127&action=yith-woocompare-add-product&id=1075&_wpnonce=ea7061fc06 HTTP/1.1" 200 544 "-" "Mozilla/5.0 (Windows NT 10.0; Win64; x64) AppleWebKit/537.36 (KHTML, like Gecko) Chrome/128.0.0.0 Safari/537.36 OPR/114.0.0."
92.204.54.123 - - [14/Nov/2025:10:41:35 -0500] "GET /product/nouvelle-mousse-strong-hold/?add-to-cart=1127&action=yith-woocompare-add-product&id=993&_wpnonce=ea7061fc06 HTTP/1.1" 200 544 "-" "Mozilla/5.0 (Windows NT 10.0; Win64; x64) AppleWebKit/537.36 (KHTML, like Gecko) Chrome/128.0.0.0 Safari/537.36 OPR/114.0.0."
45.8.25.42 - - [14/Nov/2025:10:41:35 -0500] "GET /css HTTP/1.1" 200 544 "https://duckduckgo.com/" "Mozilla/5.0 (Windows NT 10.0; Win64; x64) AppleWebKit/537.36 (KHTML, like Gecko) Chrome/130.0.0.0 Safari/537.36 Edg/130.0.0.0"
92.204.54.123 - - [14/Nov/2025:10:41:37 -0500] "GET /product/nouvelle-mousse-strong-hold/?add-to-cart=1127&action=yith-woocompare-add-product&id=997&_wpnonce=ea7061fc06 HTTP/1.1" 200 544 "-" "Mozilla/5.0 (Windows NT 10.0; Win64; x64) AppleWebKit/537.36 (KHTML, like Gecko) Chrome/128.0.0.0 Safari/537.36 OPR/114.0.0."
92.204.54.123 - - [14/Nov/2025:10:41:39 -0500] "GET /product/nouvelle-mousse-strong-hold/?add-to-cart=1127&action=yith-woocompare-add-product&id=1077&_wpnonce=ea7061fc06 HTTP/1.1" 200 544 "-" "Mozilla/5.0 (Windows NT 10.0; Win64; x64) AppleWebKit/537.36 (KHTML, like Gecko) Chrome/128.0.0.0 Safari/537.36 OPR/114.0.0."
92.204.54.123 - - [14/Nov/2025:10:41:41 -0500] "GET /product/nouvelle-mousse-strong-hold/?add-to-cart=1127&action=yith-woocompare-add-product&id=1002&_wpnonce=ea7061fc06 HTTP/1.1" 200 544 "-" "Mozilla/5.0 (Windows NT 10.0; Win64; x64) AppleWebKit/537.36 (KHTML, like Gecko) Chrome/128.0.0.0 Safari/537.36 OPR/114.0.0."
92.204.54.123 - - [14/Nov/2025:10:41:43 -0500] "GET /product/nouvelle-mousse-strong-hold/?add-to-cart=1125&action=yith-woocompare-add-product&id=997&_wpnonce=ea7061fc06 HTTP/1.1" 200 544 "-" "Mozilla/5.0 (Windows NT 10.0; Win64; x64) AppleWebKit/537.36 (KHTML, like Gecko) Chrome/128.0.0.0 Safari/537.36 OPR/114.0.0."
92.204.54.123 - - [14/Nov/2025:10:41:45 -0500] "GET /product/nouvelle-mousse-strong-hold/?add-to-cart=1125&action=yith-woocompare-add-product&id=1080&_wpnonce=ea7061fc06 HTTP/1.1" 200 544 "-" "Mozilla/5.0 (Windows NT 10.0; Win64; x64) AppleWebKit/537.36 (KHTML, like Gecko) Chrome/128.0.0.0 Safari/537.36 OPR/114.0.0."
45.8.25.42 - - [14/Nov/2025:10:41:47 -0500] "GET /js HTTP/1.1" 200 544 "https://www.google.com/" "Mozilla/5.0 (Windows NT 10.0; Win64; x64) AppleWebKit/537.36 (KHTML, like Gecko) Chrome/130.0.0.0 Safari/537.36 Edg/130.0.0.0"
92.204.54.123 - - [14/Nov/2025:10:41:47 -0500] "GET /product/nouvelle-mousse-strong-hold/?add-to-cart=1125&action=yith-woocompare-add-product&id=1004&_wpnonce=ea7061fc06 HTTP/1.1" 200 544 "-" "Mozilla/5.0 (Windows NT 10.0; Win64; x64) AppleWebKit/537.36 (KHTML, like Gecko) Chrome/128.0.0.0 Safari/537.36 OPR/114.0.0."
92.204.54.123 - - [14/Nov/2025:10:41:49 -0500] "GET /product/nouvelle-mousse-strong-hold/?add-to-cart=1125&action=yith-woocompare-add-product&id=1073&_wpnonce=ea7061fc06 HTTP/1.1" 200 544 "-" "Mozilla/5.0 (Windows NT 10.0; Win64; x64) AppleWebKit/537.36 (KHTML, like Gecko) Chrome/128.0.0.0 Safari/537.36 OPR/114.0.0."
92.204.54.123 - - [14/Nov/2025:10:41:51 -0500] "GET /product/nouvelle-mousse-strong-hold/?add-to-cart=1125&action=yith-woocompare-add-product&id=1002&_wpnonce=ea7061fc06 HTTP/1.1" 200 544 "-" "Mozilla/5.0 (Windows NT 10.0; Win64; x64) AppleWebKit/537.36 (KHTML, like Gecko) Chrome/128.0.0.0 Safari/537.36 OPR/114.0.0."
92.204.54.123 - - [14/Nov/2025:10:41:53 -0500] "GET /product/nouvelle-mousse-strong-hold/?add-to-cart=1125&action=yith-woocompare-add-product&id=1070&_wpnonce=ea7061fc06 HTTP/1.1" 200 544 "-" "Mozilla/5.0 (Windows NT 10.0; Win64; x64) AppleWebKit/537.36 (KHTML, like Gecko) Chrome/128.0.0.0 Safari/537.36 OPR/114.0.0."
92.204.54.123 - - [14/Nov/2025:10:41:55 -0500] "GET /product/nouvelle-mousse-strong-hold/?add-to-cart=1073&action=yith-woocompare-add-product&id=1077&_wpnonce=ea7061fc06 HTTP/1.1" 200 544 "-" "Mozilla/5.0 (Windows NT 10.0; Win64; x64) AppleWebKit/537.36 (KHTML, like Gecko) Chrome/128.0.0.0 Safari/537.36 OPR/114.0.0."
92.204.54.123 - - [14/Nov/2025:10:41:57 -0500] "GET /product/nouvelle-mousse-strong-hold/?add-to-cart=1073&action=yith-woocompare-add-product&id=1002&_wpnonce=ea7061fc06 HTTP/1.1" 200 544 "-" "Mozilla/5.0 (Windows NT 10.0; Win64; x64) AppleWebKit/537.36 (KHTML, like Gecko) Chrome/128.0.0.0 Safari/537.36 OPR/114.0.0."
92.204.54.123 - - [14/Nov/2025:10:41:59 -0500] "GET /product/nouvelle-mousse-strong-hold/?add-to-cart=1073&action=yith-woocompare-add-product&id=1091&_wpnonce=ea7061fc06 HTTP/1.1" 200 544 "-" "Mozilla/5.0 (Windows NT 10.0; Win64; x64) AppleWebKit/537.36 (KHTML, like Gecko) Chrome/128.0.0.0 Safari/537.36 OPR/114.0.0."
45.8.25.42 - - [14/Nov/2025:10:42:02 -0500] "GET /fonts HTTP/1.1" 200 544 "https://search.yahoo.com/" "Mozilla/5.0 (Macintosh; Intel Mac OS X 10_15_7) AppleWebKit/605.1.15 (KHTML, like Gecko) Version/18.1 Safari/605.1.15"
92.204.54.123 - - [14/Nov/2025:10:42:03 -0500] "GET /product/nouvelle-mousse-strong-hold/?add-to-cart=1073&action=yith-woocompare-add-product&id=1070&_wpnonce=ea7061fc06 HTTP/1.1" 200 544 "-" "Mozilla/5.0 (Windows NT 10.0; Win64; x64) AppleWebKit/537.36 (KHTML, like Gecko) Chrome/128.0.0.0 Safari/537.36 OPR/114.0.0."
92.204.54.123 - - [14/Nov/2025:10:42:05 -0500] "GET /product/nouvelle-mousse-strong-hold/?add-to-cart=1073&action=yith-woocompare-add-product&id=1125&_wpnonce=ea7061fc06 HTTP/1.1" 200 544 "-" "Mozilla/5.0 (Windows NT 10.0; Win64; x64) AppleWebKit/537.36 (KHTML, like Gecko) Chrome/128.0.0.0 Safari/537.36 OPR/114.0.0."
92.204.54.123 - - [14/Nov/2025:10:42:07 -0500] "GET /product/nouvelle-mousse-strong-hold/?add-to-cart=1073&action=yith-woocompare-add-product&id=1068&_wpnonce=ea7061fc06 HTTP/1.1" 200 544 "-" "Mozilla/5.0 (Windows NT 10.0; Win64; x64) AppleWebKit/537.36 (KHTML, like Gecko) Chrome/128.0.0.0 Safari/537.36 OPR/114.0.0."
92.204.54.123 - - [14/Nov/2025:10:42:09 -0500] "GET /product/nouvelle-mousse-strong-hold/?add-to-cart=989&action=yith-woocompare-add-product&id=1077&_wpnonce=ea7061fc06 HTTP/1.1" 200 544 "-" "Mozilla/5.0 (Windows NT 10.0; Win64; x64) AppleWebKit/537.36 (KHTML, like Gecko) Chrome/128.0.0.0 Safari/537.36 OPR/114.0.0."
92.204.54.123 - - [14/Nov/2025:10:42:11 -0500] "GET /product/nouvelle-mousse-strong-hold/?add-to-cart=989&action=yith-woocompare-add-product&id=1099&_wpnonce=ea7061fc06 HTTP/1.1" 200 544 "-" "Mozilla/5.0 (Windows NT 10.0; Win64; x64) AppleWebKit/537.36 (KHTML, like Gecko) Chrome/128.0.0.0 Safari/537.36 OPR/114.0.0."
92.204.54.123 - - [14/Nov/2025:10:42:13 -0500] "GET /product/nouvelle-mousse-strong-hold/?add-to-cart=989&action=yith-woocompare-add-product&id=1002&_wpnonce=ea7061fc06 HTTP/1.1" 200 544 "-" "Mozilla/5.0 (Windows NT 10.0; Win64; x64) AppleWebKit/537.36 (KHTML, like Gecko) Chrome/128.0.0.0 Safari/537.36 OPR/114.0.0."
92.204.54.123 - - [14/Nov/2025:10:42:15 -0500] "GET /product/nouvelle-mousse-strong-hold/?add-to-cart=989&action=yith-woocompare-add-product&id=993&_wpnonce=ea7061fc06 HTTP/1.1" 200 544 "-" "Mozilla/5.0 (Windows NT 10.0; Win64; x64) AppleWebKit/537.36 (KHTML, like Gecko) Chrome/128.0.0.0 Safari/537.36 OPR/114.0.0."
92.204.54.123 - - [14/Nov/2025:10:42:17 -0500] "GET /product/nouvelle-mousse-strong-hold/?add-to-cart=989&action=yith-woocompare-add-product&id=1125&_wpnonce=ea7061fc06 HTTP/1.1" 200 544 "-" "Mozilla/5.0 (Windows NT 10.0; Win64; x64) AppleWebKit/537.36 (KHTML, like Gecko) Chrome/128.0.0.0 Safari/537.36 OPR/114.0.0."
92.204.54.123 - - [14/Nov/2025:10:42:19 -0500] "GET /product/nouvelle-mousse-strong-hold/?add-to-cart=989&action=yith-woocompare-add-product&id=1080&_wpnonce=ea7061fc06 HTTP/1.1" 200 544 "-" "Mozilla/5.0 (Windows NT 10.0; Win64; x64) AppleWebKit/537.36 (KHTML, like Gecko) Chrome/128.0.0.0 Safari/537.36 OPR/114.0.0."
92.204.54.123 - - [14/Nov/2025:10:42:21 -0500] "GET /product-tag/hair-mousse/?add-to-cart=1103&action=yith-woocompare-add-product&id=1103&_wpnonce=ea7061fc06 HTTP/1.1" 200 544 "-" "Mozilla/5.0 (Windows NT 10.0; Win64; x64) AppleWebKit/537.36 (KHTML, like Gecko) Chrome/128.0.0.0 Safari/537.36 OPR/114.0.0."
92.204.54.123 - - [14/Nov/2025:10:42:23 -0500] "GET /product/beauty-blender/?add-to-cart=1121&action=yith-woocompare-add-product&id=1117&_wpnonce=ea7061fc06 HTTP/1.1" 200 544 "-" "Mozilla/5.0 (Windows NT 10.0; Win64; x64) AppleWebKit/537.36 (KHTML, like Gecko) Chrome/128.0.0.0 Safari/537.36 OPR/114.0.0."
92.204.54.123 - - [14/Nov/2025:10:42:25 -0500] "GET /product/beauty-blender/?add-to-cart=1121&action=yith-woocompare-add-product&id=1121&_wpnonce=ea7061fc06 HTTP/1.1" 200 544 "-" "Mozilla/5.0 (Windows NT 10.0; Win64; x64) AppleWebKit/537.36 (KHTML, like Gecko) Chrome/128.0.0.0 Safari/537.36 OPR/114.0.0."
92.204.54.123 - - [14/Nov/2025:10:42:28 -0500] "GET /product/beauty-blender/?add-to-cart=1121&action=yith-woocompare-add-product&id=1112&_wpnonce=ea7061fc06 HTTP/1.1" 200 544 "-" "Mozilla/5.0 (Windows NT 10.0; Win64; x64) AppleWebKit/537.36 (KHTML, like Gecko) Chrome/128.0.0.0 Safari/537.36 OPR/114.0.0."
92.204.54.123 - - [14/Nov/2025:10:42:30 -0500] "GET /product/beauty-blender/?add-to-cart=1112&action=yith-woocompare-add-product&id=1112&_wpnonce=ea7061fc06 HTTP/1.1" 200 544 "-" "Mozilla/5.0 (Windows NT 10.0; Win64; x64) AppleWebKit/537.36 (KHTML, like Gecko) Chrome/128.0.0.0 Safari/537.36 OPR/114.0.0."
92.204.54.123 - - [14/Nov/2025:10:42:32 -0500] "GET /product/beauty-blender/?add-to-cart=1112&action=yith-woocompare-add-product&id=1121&_wpnonce=ea7061fc06 HTTP/1.1" 200 544 "-" "Mozilla/5.0 (Windows NT 10.0; Win64; x64) AppleWebKit/537.36 (KHTML, like Gecko) Chrome/128.0.0.0 Safari/537.36 OPR/114.0.0."
92.204.54.123 - - [14/Nov/2025:10:42:34 -0500] "GET /product/beauty-blender/?add-to-cart=1112&action=yith-woocompare-add-product&id=1117&_wpnonce=ea7061fc06 HTTP/1.1" 200 544 "-" "Mozilla/5.0 (Windows NT 10.0; Win64; x64) AppleWebKit/537.36 (KHTML, like Gecko) Chrome/128.0.0.0 Safari/537.36 OPR/114.0.0."
45.8.25.42 - - [14/Nov/2025:10:42:35 -0500] "GET /img HTTP/1.1" 200 544 "https://www.bing.com/" "Mozilla/5.0 (Windows NT 10.0; Win64; x64) AppleWebKit/537.36 (KHTML, like Gecko) Chrome/130.0.0.0 Safari/537.36 Edg/130.0.0.0"
92.204.54.123 - - [14/Nov/2025:10:42:36 -0500] "GET /product/beauty-blender/?add-to-cart=1117&action=yith-woocompare-add-product&id=1117&_wpnonce=ea7061fc06 HTTP/1.1" 200 544 "-" "Mozilla/5.0 (Windows NT 10.0; Win64; x64) AppleWebKit/537.36 (KHTML, like Gecko) Chrome/128.0.0.0 Safari/537.36 OPR/114.0.0."
92.204.54.123 - - [14/Nov/2025:10:42:38 -0500] "GET /product/beauty-blender/?add-to-cart=1117&action=yith-woocompare-add-product&id=1121&_wpnonce=ea7061fc06 HTTP/1.1" 200 544 "-" "Mozilla/5.0 (Windows NT 10.0; Win64; x64) AppleWebKit/537.36 (KHTML, like Gecko) Chrome/128.0.0.0 Safari/537.36 OPR/114.0.0."
92.204.54.123 - - [14/Nov/2025:10:42:40 -0500] "GET /product/beauty-blender/?add-to-cart=1117&action=yith-woocompare-add-product&id=1112&_wpnonce=ea7061fc06 HTTP/1.1" 200 544 "-" "Mozilla/5.0 (Windows NT 10.0; Win64; x64) AppleWebKit/537.36 (KHTML, like Gecko) Chrome/128.0.0.0 Safari/537.36 OPR/114.0.0."
92.204.54.123 - - [14/Nov/2025:10:42:42 -0500] "GET /product-tag/makeup/?add-to-cart=1107&action=yith-woocompare-add-product&id=1107&_wpnonce=ea7061fc06 HTTP/1.1" 200 544 "-" "Mozilla/5.0 (Windows NT 10.0; Win64; x64) AppleWebKit/537.36 (KHTML, like Gecko) Chrome/128.0.0.0 Safari/537.36 OPR/114.0.0."
92.204.54.123 - - [14/Nov/2025:10:42:44 -0500] "GET /product-tag/makeup/?add-to-cart=1107&action=yith-woocompare-add-product&id=1112&_wpnonce=ea7061fc06 HTTP/1.1" 200 544 "-" "Mozilla/5.0 (Windows NT 10.0; Win64; x64) AppleWebKit/537.36 (KHTML, like Gecko) Chrome/128.0.0.0 Safari/537.36 OPR/114.0.0."
92.204.54.123 - - [14/Nov/2025:10:42:46 -0500] "GET /product-tag/makeup/?add-to-cart=1107&action=yith-woocompare-add-product&id=1117&_wpnonce=ea7061fc06 HTTP/1.1" 200 544 "-" "Mozilla/5.0 (Windows NT 10.0; Win64; x64) AppleWebKit/537.36 (KHTML, like Gecko) Chrome/128.0.0.0 Safari/537.36 OPR/114.0.0."
92.204.54.123 - - [14/Nov/2025:10:42:48 -0500] "GET /product-tag/makeup/?add-to-cart=1107&action=yith-woocompare-add-product&id=1121&_wpnonce=ea7061fc06 HTTP/1.1" 200 544 "-" "Mozilla/5.0 (Windows NT 10.0; Win64; x64) AppleWebKit/537.36 (KHTML, like Gecko) Chrome/128.0.0.0 Safari/537.36 OPR/114.0.0."
92.204.54.123 - - [14/Nov/2025:10:42:50 -0500] "GET /product-tag/makeup/?add-to-cart=1112&action=yith-woocompare-add-product&id=1107&_wpnonce=ea7061fc06 HTTP/1.1" 200 544 "-" "Mozilla/5.0 (Windows NT 10.0; Win64; x64) AppleWebKit/537.36 (KHTML, like Gecko) Chrome/128.0.0.0 Safari/537.36 OPR/114.0.0."
92.204.54.123 - - [14/Nov/2025:10:42:52 -0500] "GET /product-tag/makeup/?add-to-cart=1112&action=yith-woocompare-add-product&id=1112&_wpnonce=ea7061fc06 HTTP/1.1" 200 544 "-" "Mozilla/5.0 (Windows NT 10.0; Win64; x64) AppleWebKit/537.36 (KHTML, like Gecko) Chrome/128.0.0.0 Safari/537.36 OPR/114.0.0."
92.204.54.123 - - [14/Nov/2025:10:42:54 -0500] "GET /product-tag/makeup/?add-to-cart=1112&action=yith-woocompare-add-product&id=1117&_wpnonce=ea7061fc06 HTTP/1.1" 200 544 "-" "Mozilla/5.0 (Windows NT 10.0; Win64; x64) AppleWebKit/537.36 (KHTML, like Gecko) Chrome/128.0.0.0 Safari/537.36 OPR/114.0.0."
92.204.54.123 - - [14/Nov/2025:10:42:56 -0500] "GET /product-tag/makeup/?add-to-cart=1112&action=yith-woocompare-add-product&id=1121&_wpnonce=ea7061fc06 HTTP/1.1" 200 544 "-" "Mozilla/5.0 (Windows NT 10.0; Win64; x64) AppleWebKit/537.36 (KHTML, like Gecko) Chrome/128.0.0.0 Safari/537.36 OPR/114.0.0."
92.204.54.123 - - [14/Nov/2025:10:42:58 -0500] "GET /product-tag/makeup/?add-to-cart=1117&action=yith-woocompare-add-product&id=1107&_wpnonce=ea7061fc06 HTTP/1.1" 200 544 "-" "Mozilla/5.0 (Windows NT 10.0; Win64; x64) AppleWebKit/537.36 (KHTML, like Gecko) Chrome/128.0.0.0 Safari/537.36 OPR/114.0.0."
92.204.54.123 - - [14/Nov/2025:10:43:00 -0500] "GET /product-tag/makeup/?add-to-cart=1117&action=yith-woocompare-add-product&id=1112&_wpnonce=ea7061fc06 HTTP/1.1" 200 544 "-" "Mozilla/5.0 (Windows NT 10.0; Win64; x64) AppleWebKit/537.36 (KHTML, like Gecko) Chrome/128.0.0.0 Safari/537.36 OPR/114.0.0."
92.204.54.123 - - [14/Nov/2025:10:43:02 -0500] "GET /product-tag/makeup/?add-to-cart=1117&action=yith-woocompare-add-product&id=1117&_wpnonce=ea7061fc06 HTTP/1.1" 200 544 "-" "Mozilla/5.0 (Windows NT 10.0; Win64; x64) AppleWebKit/537.36 (KHTML, like Gecko) Chrome/128.0.0.0 Safari/537.36 OPR/114.0.0."
92.204.54.123 - - [14/Nov/2025:10:43:04 -0500] "GET /product-tag/makeup/?add-to-cart=1117&action=yith-woocompare-add-product&id=1121&_wpnonce=ea7061fc06 HTTP/1.1" 200 544 "-" "Mozilla/5.0 (Windows NT 10.0; Win64; x64) AppleWebKit/537.36 (KHTML, like Gecko) Chrome/128.0.0.0 Safari/537.36 OPR/114.0.0."
92.204.54.123 - - [14/Nov/2025:10:43:06 -0500] "GET /product-tag/makeup/?add-to-cart=1121&action=yith-woocompare-add-product&id=1107&_wpnonce=ea7061fc06 HTTP/1.1" 200 544 "-" "Mozilla/5.0 (Windows NT 10.0; Win64; x64) AppleWebKit/537.36 (KHTML, like Gecko) Chrome/128.0.0.0 Safari/537.36 OPR/114.0.0."
92.204.54.123 - - [14/Nov/2025:10:43:08 -0500] "GET /product-tag/makeup/?add-to-cart=1121&action=yith-woocompare-add-product&id=1112&_wpnonce=ea7061fc06 HTTP/1.1" 200 544 "-" "Mozilla/5.0 (Windows NT 10.0; Win64; x64) AppleWebKit/537.36 (KHTML, like Gecko) Chrome/128.0.0.0 Safari/537.36 OPR/114.0.0."
92.204.54.123 - - [14/Nov/2025:10:43:10 -0500] "GET /product-tag/makeup/?add-to-cart=1121&action=yith-woocompare-add-product&id=1117&_wpnonce=ea7061fc06 HTTP/1.1" 200 544 "-" "Mozilla/5.0 (Windows NT 10.0; Win64; x64) AppleWebKit/537.36 (KHTML, like Gecko) Chrome/128.0.0.0 Safari/537.36 OPR/114.0.0."
92.204.54.123 - - [14/Nov/2025:10:43:12 -0500] "GET /product-tag/makeup/?add-to-cart=1121&action=yith-woocompare-add-product&id=1121&_wpnonce=ea7061fc06 HTTP/1.1" 200 544 "-" "Mozilla/5.0 (Windows NT 10.0; Win64; x64) AppleWebKit/537.36 (KHTML, like Gecko) Chrome/128.0.0.0 Safari/537.36 OPR/114.0.0."
92.204.54.123 - - [14/Nov/2025:10:43:14 -0500] "GET /product-tag/beauty/?add-to-cart=1107&action=yith-woocompare-add-product&id=1107&_wpnonce=ea7061fc06 HTTP/1.1" 200 544 "-" "Mozilla/5.0 (Windows NT 10.0; Win64; x64) AppleWebKit/537.36 (KHTML, like Gecko) Chrome/128.0.0.0 Safari/537.36 OPR/114.0.0."
92.204.54.123 - - [14/Nov/2025:10:43:16 -0500] "GET /product-tag/beauty/?add-to-cart=1107&action=yith-woocompare-add-product&id=1112&_wpnonce=ea7061fc06 HTTP/1.1" 200 544 "-" "Mozilla/5.0 (Windows NT 10.0; Win64; x64) AppleWebKit/537.36 (KHTML, like Gecko) Chrome/128.0.0.0 Safari/537.36 OPR/114.0.0."
92.204.54.123 - - [14/Nov/2025:10:43:18 -0500] "GET /product-tag/beauty/?add-to-cart=1112&action=yith-woocompare-add-product&id=1107&_wpnonce=ea7061fc06 HTTP/1.1" 200 544 "-" "Mozilla/5.0 (Windows NT 10.0; Win64; x64) AppleWebKit/537.36 (KHTML, like Gecko) Chrome/128.0.0.0 Safari/537.36 OPR/114.0.0."
92.204.54.123 - - [14/Nov/2025:10:43:20 -0500] "GET /product-tag/beauty/?add-to-cart=1112&action=yith-woocompare-add-product&id=1112&_wpnonce=ea7061fc06 HTTP/1.1" 200 544 "-" "Mozilla/5.0 (Windows NT 10.0; Win64; x64) AppleWebKit/537.36 (KHTML, like Gecko) Chrome/128.0.0.0 Safari/537.36 OPR/114.0.0."
92.204.54.123 - - [14/Nov/2025:10:43:22 -0500] "GET /product/beauty-blender-2/?add-to-cart=1117&action=yith-woocompare-add-product&id=1121&_wpnonce=ea7061fc06 HTTP/1.1" 200 544 "-" "Mozilla/5.0 (Windows NT 10.0; Win64; x64) AppleWebKit/537.36 (KHTML, like Gecko) Chrome/128.0.0.0 Safari/537.36 OPR/114.0.0."
92.204.54.123 - - [14/Nov/2025:10:43:24 -0500] "GET /product/beauty-blender-2/?add-to-cart=1117&action=yith-woocompare-add-product&id=1107&_wpnonce=ea7061fc06 HTTP/1.1" 200 544 "-" "Mozilla/5.0 (Windows NT 10.0; Win64; x64) AppleWebKit/537.36 (KHTML, like Gecko) Chrome/128.0.0.0 Safari/537.36 OPR/114.0.0."
92.204.54.123 - - [14/Nov/2025:10:43:26 -0500] "GET /product/beauty-blender-2/?add-to-cart=1117&action=yith-woocompare-add-product&id=1117&_wpnonce=ea7061fc06 HTTP/1.1" 200 544 "-" "Mozilla/5.0 (Windows NT 10.0; Win64; x64) AppleWebKit/537.36 (KHTML, like Gecko) Chrome/128.0.0.0 Safari/537.36 OPR/114.0.0."
92.204.54.123 - - [14/Nov/2025:10:43:28 -0500] "GET /product/beauty-blender-2/?add-to-cart=1107&action=yith-woocompare-add-product&id=1107&_wpnonce=ea7061fc06 HTTP/1.1" 200 544 "-" "Mozilla/5.0 (Windows NT 10.0; Win64; x64) AppleWebKit/537.36 (KHTML, like Gecko) Chrome/128.0.0.0 Safari/537.36 OPR/114.0.0."
92.204.54.123 - - [14/Nov/2025:10:43:30 -0500] "GET /product/beauty-blender-2/?add-to-cart=1107&action=yith-woocompare-add-product&id=1117&_wpnonce=ea7061fc06 HTTP/1.1" 200 544 "-" "Mozilla/5.0 (Windows NT 10.0; Win64; x64) AppleWebKit/537.36 (KHTML, like Gecko) Chrome/128.0.0.0 Safari/537.36 OPR/114.0.0."
92.204.54.123 - - [14/Nov/2025:10:43:32 -0500] "GET /product/beauty-blender-2/?add-to-cart=1107&action=yith-woocompare-add-product&id=1121&_wpnonce=ea7061fc06 HTTP/1.1" 200 544 "-" "Mozilla/5.0 (Windows NT 10.0; Win64; x64) AppleWebKit/537.36 (KHTML, like Gecko) Chrome/128.0.0.0 Safari/537.36 OPR/114.0.0."
92.204.54.123 - - [14/Nov/2025:10:43:34 -0500] "GET /product/beauty-blender-2/?add-to-cart=1121&action=yith-woocompare-add-product&id=1107&_wpnonce=ea7061fc06 HTTP/1.1" 200 544 "-" "Mozilla/5.0 (Windows NT 10.0; Win64; x64) AppleWebKit/537.36 (KHTML, like Gecko) Chrome/128.0.0.0 Safari/537.36 OPR/114.0.0."
92.204.54.123 - - [14/Nov/2025:10:43:36 -0500] "GET /product/beauty-blender-2/?add-to-cart=1121&action=yith-woocompare-add-product&id=1117&_wpnonce=ea7061fc06 HTTP/1.1" 200 544 "-" "Mozilla/5.0 (Windows NT 10.0; Win64; x64) AppleWebKit/537.36 (KHTML, like Gecko) Chrome/128.0.0.0 Safari/537.36 OPR/114.0.0."
