45.8.25.21 - - [14/Nov/2025:11:04:04 -0500] "GET /wp-login.php?redirect_to=https%3A%2F%2Fhc-cosmetics.com%2Fwp-admin%2F&reauth=1 HTTP/1.1" 200 0 "https://search.yahoo.com/" "Mozilla/5.0 (Windows NT 10.0; Win64; x64) AppleWebKit/537.36 (KHTML, like Gecko) Chrome/130.0.0.0 Safari/537.36 Edg/130.0.0.0"
92.204.54.123 - - [14/Nov/2025:11:04:08 -0500] "GET /product/silky-feel-good-serum/?add-to-cart=1080&action=yith-woocompare-add-product&id=1080&_wpnonce=da84b49310 HTTP/1.1" 200 544 "-" "Mozilla/5.0 (Windows NT 10.0; Win64; x64) AppleWebKit/537.36 (KHTML, like Gecko) Chrome/128.0.0.0 Safari/537.36 OPR/114.0.0."
92.204.54.123 - - [14/Nov/2025:11:04:10 -0500] "GET /product/silky-feel-good-serum/?add-to-cart=1080&action=yith-woocompare-add-product&id=1070&_wpnonce=da84b49310 HTTP/1.1" 200 544 "-" "Mozilla/5.0 (Windows NT 10.0; Win64; x64) AppleWebKit/537.36 (KHTML, like Gecko) Chrome/128.0.0.0 Safari/537.36 OPR/114.0.0."
92.204.54.123 - - [14/Nov/2025:11:04:12 -0500] "GET /product/silky-feel-good-serum/?add-to-cart=1080&action=yith-woocompare-add-product&id=993&_wpnonce=da84b49310 HTTP/1.1" 200 544 "-" "Mozilla/5.0 (Windows NT 10.0; Win64; x64) AppleWebKit/537.36 (KHTML, like Gecko) Chrome/128.0.0.0 Safari/537.36 OPR/114.0.0."
92.204.54.123 - - [14/Nov/2025:11:04:14 -0500] "GET /product/silky-feel-good-serum/?add-to-cart=1080&action=yith-woocompare-add-product&id=1002&_wpnonce=da84b49310 HTTP/1.1" 200 544 "-" "Mozilla/5.0 (Windows NT 10.0; Win64; x64) AppleWebKit/537.36 (KHTML, like Gecko) Chrome/128.0.0.0 Safari/537.36 OPR/114.0.0."
92.204.54.123 - - [14/Nov/2025:11:04:16 -0500] "GET /product/silky-feel-good-serum/?add-to-cart=1080&action=yith-woocompare-add-product&id=1103&_wpnonce=da84b49310 HTTP/1.1" 200 544 "-" "Mozilla/5.0 (Windows NT 10.0; Win64; x64) AppleWebKit/537.36 (KHTML, like Gecko) Chrome/128.0.0.0 Safari/537.36 OPR/114.0.0."
92.204.54.123 - - [14/Nov/2025:11:04:18 -0500] "GET /product/silky-feel-good-serum/?add-to-cart=989& HTTP/1.1" 200 544 "-" "Mozilla/5.0 (Windows NT 10.0; Win64; x64) AppleWebKit/537.36 (KHTML, like Gecko) Chrome/128.0.0.0 Safari/537.36 OPR/114.0.0."
92.204.54.123 - - [14/Nov/2025:11:04:20 -0500] "GET /product/silky-feel-good-serum/?add-to-cart=1103&action=yith-woocompare-add-product&id=1099&_wpnonce=da84b49310 HTTP/1.1" 200 544 "-" "Mozilla/5.0 (Windows NT 10.0; Win64; x64) AppleWebKit/537.36 (KHTML, like Gecko) Chrome/128.0.0.0 Safari/537.36 OPR/114.0.0."
92.204.54.123 - - [14/Nov/2025:11:04:22 -0500] "GET /product/silky-feel-good-serum/?add-to-cart=1103&action=yith-woocompare-add-product&id=1068&_wpnonce=da84b49310 HTTP/1.1" 200 544 "-" "Mozilla/5.0 (Windows NT 10.0; Win64; x64) AppleWebKit/537.36 (KHTML, like Gecko) Chrome/128.0.0.0 Safari/537.36 OPR/114.0.0."
92.204.54.123 - - [14/Nov/2025:11:04:24 -0500] "GET /product/silky-feel-good-serum/?add-to-cart=1103&action=yith-woocompare-add-product&id=1080&_wpnonce=da84b49310 HTTP/1.1" 200 544 "-" "Mozilla/5.0 (Windows NT 10.0; Win64; x64) AppleWebKit/537.36 (KHTML, like Gecko) Chrome/128.0.0.0 Safari/537.36 OPR/114.0.0."
92.204.54.123 - - [14/Nov/2025:11:04:26 -0500] "GET /product/silky-feel-good-serum/?add-to-cart=1103&action=yith-woocompare-add-product&id=1091&_wpnonce=da84b49310 HTTP/1.1" 200 544 "-" "Mozilla/5.0 (Windows NT 10.0; Win64; x64) AppleWebKit/537.36 (KHTML, like Gecko) Chrome/128.0.0.0 Safari/537.36 OPR/114.0.0."
92.204.54.123 - - [14/Nov/2025:11:04:28 -0500] "GET /product/silky-feel-good-serum/?add-to-cart=1103&action=yith-woocompare-add-product&id=1002&_wpnonce=da84b49310 HTTP/1.1" 200 544 "-" "Mozilla/5.0 (Windows NT 10.0; Win64; x64) AppleWebKit/537.36 (KHTML, like Gecko) Chrome/128.0.0.0 Safari/537.36 OPR/114.0.0."
92.204.54.123 - - [14/Nov/2025:11:04:30 -0500] "GET /product/silky-feel-good-serum/?add-to-cart=1103&action=yith-woocompare-add-product&id=1103&_wpnonce=da84b49310 HTTP/1.1" 200 544 "-" "Mozilla/5.0 (Windows NT 10.0; Win64; x64) AppleWebKit/537.36 (KHTML, like Gecko) Chrome/128.0.0.0 Safari/537.36 OPR/114.0.0."
92.204.54.123 - - [14/Nov/2025:11:04:32 -0500] "GET /product/silky-feel-good-serum/?add-to-cart=1091&action=yith-woocompare-add-product&id=989&_wpnonce=da84b49310 HTTP/1.1" 200 544 "-" "Mozilla/5.0 (Windows NT 10.0; Win64; x64) AppleWebKit/537.36 (KHTML, like Gecko) Chrome/128.0.0.0 Safari/537.36 OPR/114.0.0."
92.204.54.123 - - [14/Nov/2025:11:04:34 -0500] "GET /product/silky-feel-good-serum/?add-to-cart=1091&action=yith-woocompare-add-product&id=1073&_wpnonce=da84b49310 HTTP/1.1" 200 544 "-" "Mozilla/5.0 (Windows NT 10.0; Win64; x64) AppleWebKit/537.36 (KHTML, like Gecko) Chrome/128.0.0.0 Safari/537.36 OPR/114.0.0."
92.204.54.123 - - [14/Nov/2025:11:04:36 -0500] "GET /product/silky-feel-good-serum/?add-to-cart=1091&action=yith-woocompare-add-product&id=993&_wpnonce=da84b49310 HTTP/1.1" 200 544 "-" "Mozilla/5.0 (Windows NT 10.0; Win64; x64) AppleWebKit/537.36 (KHTML, like Gecko) Chrome/128.0.0.0 Safari/537.36 OPR/114.0.0."
92.204.54.123 - - [14/Nov/2025:11:04:38 -0500] "GET /product/silky-feel-good-serum/?add-to-cart=1091&action=yith-woocompare-add-product&id=1080&_wpnonce=da84b49310 HTTP/1.1" 200 544 "-" "Mozilla/5.0 (Windows NT 10.0; Win64; x64) AppleWebKit/537.36 (KHTML, like Gecko) Chrome/128.0.0.0 Safari/537.36 OPR/114.0.0."
92.204.54.123 - - [14/Nov/2025:11:04:40 -0500] "GET /product/silky-feel-good-serum/?add-to-cart=1091&action=yith-woocompare-add-product&id=1091&_wpnonce=da84b49310 HTTP/1.1" 200 544 "-" "Mozilla/5.0 (Windows NT 10.0; Win64; x64) AppleWebKit/537.36 (KHTML, like Gecko) Chrome/128.0.0.0 Safari/537.36 OPR/114.0.0."
92.204.54.123 - - [14/Nov/2025:11:04:42 -0500] "GET /product/silky-feel-good-serum/?add-to-cart=1091&action=yith-woocompare-add-product&id=1075&_wpnonce=da84b49310 HTTP/1.1" 200 544 "-" "Mozilla/5.0 (Windows NT 10.0; Win64; x64) AppleWebKit/537.36 (KHTML, like Gecko) Chrome/128.0.0.0 Safari/537.36 OPR/114.0.0."
92.204.54.123 - - [14/Nov/2025:11:04:44 -0500] "GET /product/silky-feel-good-serum/?add-to-cart=1002& HTTP/1.1" 200 544 "-" "Mozilla/5.0 (Windows NT 10.0; Win64; x64) AppleWebKit/537.36 (KHTML, like Gecko) Chrome/128.0.0.0 Safari/537.36 OPR/114.0.0."
92.204.54.123 - - [14/Nov/2025:11:04:46 -0500] "GET /product/silky-feel-good-serum/?add-to-cart=1125&action=yith-woocompare-add-product&id=1099&_wpnonce=da84b49310 HTTP/1.1" 200 544 "-" "Mozilla/5.0 (Windows NT 10.0; Win64; x64) AppleWebKit/537.36 (KHTML, like Gecko) Chrome/128.0.0.0 Safari/537.36 OPR/114.0.0."
92.204.54.123 - - [14/Nov/2025:11:04:48 -0500] "GET /product/silky-feel-good-serum/?add-to-cart=1125&action=yith-woocompare-add-product&id=1127&_wpnonce=da84b49310 HTTP/1.1" 200 544 "-" "Mozilla/5.0 (Windows NT 10.0; Win64; x64) AppleWebKit/537.36 (KHTML, like Gecko) Chrome/128.0.0.0 Safari/537.36 OPR/114.0.0."
92.204.54.123 - - [14/Nov/2025:11:04:50 -0500] "GET /product/silky-feel-good-serum/?add-to-cart=1125&action=yith-woocompare-add-product&id=1080&_wpnonce=da84b49310 HTTP/1.1" 200 544 "-" "Mozilla/5.0 (Windows NT 10.0; Win64; x64) AppleWebKit/537.36 (KHTML, like Gecko) Chrome/128.0.0.0 Safari/537.36 OPR/114.0.0."
92.204.54.123 - - [14/Nov/2025:11:04:52 -0500] "GET /product/silky-feel-good-serum/?add-to-cart=1125&action=yith-woocompare-add-product&id=1073&_wpnonce=da84b49310 HTTP/1.1" 200 544 "-" "Mozilla/5.0 (Windows NT 10.0; Win64; x64) AppleWebKit/537.36 (KHTML, like Gecko) Chrome/128.0.0.0 Safari/537.36 OPR/114.0.0."
92.204.54.123 - - [14/Nov/2025:11:04:54 -0500] "GET /product/silky-feel-good-serum/?add-to-cart=1125&action=yith-woocompare-add-product&id=993&_wpnonce=da84b49310 HTTP/1.1" 200 544 "-" "Mozilla/5.0 (Windows NT 10.0; Win64; x64) AppleWebKit/537.36 (KHTML, like Gecko) Chrome/128.0.0.0 Safari/537.36 OPR/114.0.0."
92.204.54.123 - - [14/Nov/2025:11:04:56 -0500] "GET /product/silky-feel-good-serum/?add-to-cart=1125&action=yith-woocompare-add-product&id=989&_wpnonce=da84b49310 HTTP/1.1" 200 544 "-" "Mozilla/5.0 (Windows NT 10.0; Win64; x64) AppleWebKit/537.36 (KHTML, like Gecko) Chrome/128.0.0.0 Safari/537.36 OPR/114.0.0."
92.204.54.123 - - [14/Nov/2025:11:04:58 -0500] "GET /product/silky-feel-good-serum/?add-to-cart=1099&action=yith-woocompare-add-product&id=1002&_wpnonce=da84b49310 HTTP/1.1" 200 544 "-" "Mozilla/5.0 (Windows NT 10.0; Win64; x64) AppleWebKit/537.36 (KHTML, like Gecko) Chrome/128.0.0.0 Safari/537.36 OPR/114.0.0."
92.204.54.123 - - [14/Nov/2025:11:05:01 -0500] "GET /product/silky-feel-good-serum/?add-to-cart=1099&action=yith-woocompare-add-product&id=997&_wpnonce=da84b49310 HTTP/1.1" 200 544 "-" "Mozilla/5.0 (Windows NT 10.0; Win64; x64) AppleWebKit/537.36 (KHTML, like Gecko) Chrome/128.0.0.0 Safari/537.36 OPR/114.0.0."
92.204.54.123 - - [14/Nov/2025:11:05:03 -0500] "GET /product/silky-feel-good-serum/?add-to-cart=1099&action=yith-woocompare-add-product&id=1103&_wpnonce=da84b49310 HTTP/1.1" 200 544 "-" "Mozilla/5.0 (Windows NT 10.0; Win64; x64) AppleWebKit/537.36 (KHTML, like Gecko) Chrome/128.0.0.0 Safari/537.36 OPR/114.0.0."
92.204.54.123 - - [14/Nov/2025:11:05:05 -0500] "GET /product/silky-feel-good-serum/?add-to-cart=1099&action=yith-woocompare-add-product&id=993&_wpnonce=da84b49310 HTTP/1.1" 200 544 "-" "Mozilla/5.0 (Windows NT 10.0; Win64; x64) AppleWebKit/537.36 (KHTML, like Gecko) Chrome/128.0.0.0 Safari/537.36 OPR/114.0.0."
92.204.54.123 - - [14/Nov/2025:11:05:07 -0500] "GET /product/silky-feel-good-serum/?add-to-cart=1099&action=yith-woocompare-add-product&id=1068&_wpnonce=da84b49310 HTTP/1.1" 200 544 "-" "Mozilla/5.0 (Windows NT 10.0; Win64; x64) AppleWebKit/537.36 (KHTML, like Gecko) Chrome/128.0.0.0 Safari/537.36 OPR/114.0.0."
92.204.54.123 - - [14/Nov/2025:11:05:09 -0500] "GET /product/silky-feel-good-serum/?add-to-cart=1099&action=yith-woocompare-add-product&id=1127&_wpnonce=da84b49310 HTTP/1.1" 200 544 "-" "Mozilla/5.0 (Windows NT 10.0; Win64; x64) AppleWebKit/537.36 (KHTML, like Gecko) Chrome/128.0.0.0 Safari/537.36 OPR/114.0.0."
92.204.54.123 - - [14/Nov/2025:11:05:11 -0500] "GET /product/silky-feel-good-mist/?_wpnonce=da84b49310&action=yith-woocompare-add-product&id=1103 HTTP/1.1" 200 544 "-" "Mozilla/5.0 (Windows NT 10.0; Win64; x64) AppleWebKit/537.36 (KHTML, like Gecko) Chrome/128.0.0.0 Safari/537.36 OPR/114.0.0."
92.204.54.123 - - [14/Nov/2025:11:05:13 -0500] "GET /product/silky-feel-good-mist/?_wpnonce=a5b392c33b&add-to-cart=1103 HTTP/1.1" 200 544 "-" "Mozilla/5.0 (Windows NT 10.0; Win64; x64) AppleWebKit/537.36 (KHTML, like Gecko) Chrome/128.0.0.0 Safari/537.36 OPR/114.0.0."
92.204.54.123 - - [14/Nov/2025:11:05:15 -0500] "GET /product/silky-feel-good-mist/?_wpnonce=da84b49310&action=yith-woocompare-add-product&id=1125 HTTP/1.1" 200 544 "-" "Mozilla/5.0 (Windows NT 10.0; Win64; x64) AppleWebKit/537.36 (KHTML, like Gecko) Chrome/128.0.0.0 Safari/537.36 OPR/114.0.0."
92.204.54.123 - - [14/Nov/2025:11:05:17 -0500] "GET /product/silky-feel-good-mist/?_wpnonce=a5b392c33b&add-to-cart=1125 HTTP/1.1" 200 544 "-" "Mozilla/5.0 (Windows NT 10.0; Win64; x64) AppleWebKit/537.36 (KHTML, like Gecko) Chrome/128.0.0.0 Safari/537.36 OPR/114.0.0."
92.204.54.123 - - [14/Nov/2025:11:05:19 -0500] "GET /product/silky-feel-good-mist/?_wpnonce=da84b49310&action=yith-woocompare-add-product&id=1068 HTTP/1.1" 200 544 "-" "Mozilla/5.0 (Windows NT 10.0; Win64; x64) AppleWebKit/537.36 (KHTML, like Gecko) Chrome/128.0.0.0 Safari/537.36 OPR/114.0.0."
92.204.54.123 - - [14/Nov/2025:11:05:21 -0500] "GET /product/silky-feel-good-mist/?_wpnonce=a5b392c33b&add-to-cart=1068 HTTP/1.1" 200 544 "-" "Mozilla/5.0 (Windows NT 10.0; Win64; x64) AppleWebKit/537.36 (KHTML, like Gecko) Chrome/128.0.0.0 Safari/537.36 OPR/114.0.0."
92.204.54.123 - - [14/Nov/2025:11:05:23 -0500] "GET /product/silky-feel-good-mist/?_wpnonce=da84b49310&action=yith-woocompare-add-product&id=1091 HTTP/1.1" 200 544 "-" "Mozilla/5.0 (Windows NT 10.0; Win64; x64) AppleWebKit/537.36 (KHTML, like Gecko) Chrome/128.0.0.0 Safari/537.36 OPR/114.0.0."
92.204.54.123 - - [14/Nov/2025:11:05:25 -0500] "GET /product/silky-feel-good-mist/?_wpnonce=a5b392c33b&add-to-cart=1091 HTTP/1.1" 200 544 "-" "Mozilla/5.0 (Windows NT 10.0; Win64; x64) AppleWebKit/537.36 (KHTML, like Gecko) Chrome/128.0.0.0 Safari/537.36 OPR/114.0.0."
92.204.54.123 - - [14/Nov/2025:11:05:27 -0500] "GET /product/silky-feel-good-mist/?_wpnonce=da84b49310&action=yith-woocompare-add-product&id=997 HTTP/1.1" 200 544 "-" "Mozilla/5.0 (Windows NT 10.0; Win64; x64) AppleWebKit/537.36 (KHTML, like Gecko) Chrome/128.0.0.0 Safari/537.36 OPR/114.0.0."
92.204.54.123 - - [14/Nov/2025:11:05:29 -0500] "GET /product/silky-feel-good-mist/?_wpnonce=a5b392c33b&add-to-cart=997 HTTP/1.1" 200 544 "-" "Mozilla/5.0 (Windows NT 10.0; Win64; x64) AppleWebKit/537.36 (KHTML, like Gecko) Chrome/128.0.0.0 Safari/537.36 OPR/114.0.0."
92.204.54.123 - - [14/Nov/2025:11:05:31 -0500] "GET /product/silky-feel-good-mist/?_wpnonce=da84b49310&action=yith-woocompare-add-product&id=1077 HTTP/1.1" 200 544 "-" "Mozilla/5.0 (Windows NT 10.0; Win64; x64) AppleWebKit/537.36 (KHTML, like Gecko) Chrome/128.0.0.0 Safari/537.36 OPR/114.0.0."
92.204.54.123 - - [14/Nov/2025:11:05:33 -0500] "GET /product/silky-feel-good-mist/?_wpnonce=a5b392c33b&add-to-cart=1077 HTTP/1.1" 200 544 "-" "Mozilla/5.0 (Windows NT 10.0; Win64; x64) AppleWebKit/537.36 (KHTML, like Gecko) Chrome/128.0.0.0 Safari/537.36 OPR/114.0.0."
92.204.54.123 - - [14/Nov/2025:11:05:35 -0500] "GET /product/silky-feel-good-mist/?add-to-cart=1091&action=yith-woocompare-add-product&id=1002&_wpnonce=da84b49310 HTTP/1.1" 200 544 "-" "Mozilla/5.0 (Windows NT 10.0; Win64; x64) AppleWebKit/537.36 (KHTML, like Gecko) Chrome/128.0.0.0 Safari/537.36 OPR/114.0.0."
92.204.54.123 - - [14/Nov/2025:11:05:37 -0500] "GET /product/silky-feel-good-mist/?add-to-cart=1091&action=yith-woocompare-add-product&id=1127&_wpnonce=da84b49310 HTTP/1.1" 200 544 "-" "Mozilla/5.0 (Windows NT 10.0; Win64; x64) AppleWebKit/537.36 (KHTML, like Gecko) Chrome/128.0.0.0 Safari/537.36 OPR/114.0.0."
92.204.54.123 - - [14/Nov/2025:11:05:39 -0500] "GET /product/silky-feel-good-mist/?add-to-cart=1091&action=yith-woocompare-add-product&id=1070&_wpnonce=da84b49310 HTTP/1.1" 200 544 "-" "Mozilla/5.0 (Windows NT 10.0; Win64; x64) AppleWebKit/537.36 (KHTML, like Gecko) Chrome/128.0.0.0 Safari/537.36 OPR/114.0.0."
92.204.54.123 - - [14/Nov/2025:11:05:41 -0500] "GET /product/silky-feel-good-mist/?add-to-cart=1091&action=yith-woocompare-add-product&id=997&_wpnonce=da84b49310 HTTP/1.1" 200 544 "-" "Mozilla/5.0 (Windows NT 10.0; Win64; x64) AppleWebKit/537.36 (KHTML, like Gecko) Chrome/128.0.0.0 Safari/537.36 OPR/114.0.0."
92.204.54.123 - - [14/Nov/2025:11:05:43 -0500] "GET /product/silky-feel-good-mist/?add-to-cart=1091&action=yith-woocompare-add-product&id=1073&_wpnonce=da84b49310 HTTP/1.1" 200 544 "-" "Mozilla/5.0 (Windows NT 10.0; Win64; x64) AppleWebKit/537.36 (KHTML, like Gecko) Chrome/128.0.0.0 Safari/537.36 OPR/114.0.0."
92.204.54.123 - - [14/Nov/2025:11:05:45 -0500] "GET /product/silky-feel-good-mist/?add-to-cart=1091&action=yith-woocompare-add-product&id=1068&_wpnonce=da84b49310 HTTP/1.1" 200 544 "-" "Mozilla/5.0 (Windows NT 10.0; Win64; x64) AppleWebKit/537.36 (KHTML, like Gecko) Chrome/128.0.0.0 Safari/537.36 OPR/114.0.0."
92.204.54.123 - - [14/Nov/2025:11:05:47 -0500] "GET /product/silky-feel-good-mist/?add-to-cart=1127&action=yith-woocompare-add-product&id=1077&_wpnonce=da84b49310 HTTP/1.1" 200 544 "-" "Mozilla/5.0 (Windows NT 10.0; Win64; x64) AppleWebKit/537.36 (KHTML, like Gecko) Chrome/128.0.0.0 Safari/537.36 OPR/114.0.0."
92.204.54.123 - - [14/Nov/2025:11:05:49 -0500] "GET /product/silky-feel-good-mist/?add-to-cart=1127&action=yith-woocompare-add-product&id=1127&_wpnonce=da84b49310 HTTP/1.1" 200 544 "-" "Mozilla/5.0 (Windows NT 10.0; Win64; x64) AppleWebKit/537.36 (KHTML, like Gecko) Chrome/128.0.0.0 Safari/537.36 OPR/114.0.0."
92.204.54.123 - - [14/Nov/2025:11:05:51 -0500] "GET /product/silky-feel-good-mist/?add-to-cart=1127&action=yith-woocompare-add-product&id=1099&_wpnonce=da84b49310 HTTP/1.1" 200 544 "-" "Mozilla/5.0 (Windows NT 10.0; Win64; x64) AppleWebKit/537.36 (KHTML, like Gecko) Chrome/128.0.0.0 Safari/537.36 OPR/114.0.0."
92.204.54.123 - - [14/Nov/2025:11:05:53 -0500] "GET /product/silky-feel-good-mist/?add-to-cart=1127&action=yith-woocompare-add-product&id=1075&_wpnonce=da84b49310 HTTP/1.1" 200 544 "-" "Mozilla/5.0 (Windows NT 10.0; Win64; x64) AppleWebKit/537.36 (KHTML, like Gecko) Chrome/128.0.0.0 Safari/537.36 OPR/114.0.0."
92.204.54.123 - - [14/Nov/2025:11:05:55 -0500] "GET /product/silky-feel-good-mist/?add-to-cart=1127&action=yith-woocompare-add-product&id=1002&_wpnonce=da84b49310 HTTP/1.1" 200 544 "-" "Mozilla/5.0 (Windows NT 10.0; Win64; x64) AppleWebKit/537.36 (KHTML, like Gecko) Chrome/128.0.0.0 Safari/537.36 OPR/114.0.0."
92.204.54.123 - - [14/Nov/2025:11:05:57 -0500] "GET /product/silky-feel-good-mist/?add-to-cart=1127&action=yith-woocompare-add-product&id=993&_wpnonce=da84b49310 HTTP/1.1" 200 544 "-" "Mozilla/5.0 (Windows NT 10.0; Win64; x64) AppleWebKit/537.36 (KHTML, like Gecko) Chrome/128.0.0.0 Safari/537.36 OPR/114.0.0."
92.204.54.123 - - [14/Nov/2025:11:05:59 -0500] "GET /product/silky-feel-good-mist/?add-to-cart=1070&action=yith-woocompare-add-product&id=1091&_wpnonce=da84b49310 HTTP/1.1" 200 544 "-" "Mozilla/5.0 (Windows NT 10.0; Win64; x64) AppleWebKit/537.36 (KHTML, like Gecko) Chrome/128.0.0.0 Safari/537.36 OPR/114.0.0."
92.204.54.123 - - [14/Nov/2025:11:06:01 -0500] "GET /product/silky-feel-good-mist/?add-to-cart=1070&action=yith-woocompare-add-product&id=1125&_wpnonce=da84b49310 HTTP/1.1" 200 544 "-" "Mozilla/5.0 (Windows NT 10.0; Win64; x64) AppleWebKit/537.36 (KHTML, like Gecko) Chrome/128.0.0.0 Safari/537.36 OPR/114.0.0."
92.204.54.123 - - [14/Nov/2025:11:06:03 -0500] "GET /product/silky-feel-good-mist/?add-to-cart=1070&action=yith-woocompare-add-product&id=1099&_wpnonce=da84b49310 HTTP/1.1" 200 544 "-" "Mozilla/5.0 (Windows NT 10.0; Win64; x64) AppleWebKit/537.36 (KHTML, like Gecko) Chrome/128.0.0.0 Safari/537.36 OPR/114.0.0."
92.204.54.123 - - [14/Nov/2025:11:06:05 -0500] "GET /product/silky-feel-good-mist/?add-to-cart=1070&action=yith-woocompare-add-product&id=1077&_wpnonce=da84b49310 HTTP/1.1" 200 544 "-" "Mozilla/5.0 (Windows NT 10.0; Win64; x64) AppleWebKit/537.36 (KHTML, like Gecko) Chrome/128.0.0.0 Safari/537.36 OPR/114.0.0."
92.204.54.123 - - [14/Nov/2025:11:06:07 -0500] "GET /product/silky-feel-good-mist/?add-to-cart=1070&action=yith-woocompare-add-product&id=1127&_wpnonce=da84b49310 HTTP/1.1" 200 544 "-" "Mozilla/5.0 (Windows NT 10.0; Win64; x64) AppleWebKit/537.36 (KHTML, like Gecko) Chrome/128.0.0.0 Safari/537.36 OPR/114.0.0."
92.204.54.123 - - [14/Nov/2025:11:06:09 -0500] "GET /product/silky-feel-good-mist/?add-to-cart=1070&action=yith-woocompare-add-product&id=1002&_wpnonce=da84b49310 HTTP/1.1" 200 544 "-" "Mozilla/5.0 (Windows NT 10.0; Win64; x64) AppleWebKit/537.36 (KHTML, like Gecko) Chrome/128.0.0.0 Safari/537.36 OPR/114.0.0."
92.204.54.123 - - [14/Nov/2025:11:06:11 -0500] "GET /product/silky-feel-good-mist/?add-to-cart=1075&action=yith-woocompare-add-product&id=997&_wpnonce=da84b49310 HTTP/1.1" 200 544 "-" "Mozilla/5.0 (Windows NT 10.0; Win64; x64) AppleWebKit/537.36 (KHTML, like Gecko) Chrome/128.0.0.0 Safari/537.36 OPR/114.0.0."
92.204.54.123 - - [14/Nov/2025:11:06:13 -0500] "GET /product/silky-feel-good-mist/?add-to-cart=1075&action=yith-woocompare-add-product&id=1075&_wpnonce=da84b49310 HTTP/1.1" 200 544 "-" "Mozilla/5.0 (Windows NT 10.0; Win64; x64) AppleWebKit/537.36 (KHTML, like Gecko) Chrome/128.0.0.0 Safari/537.36 OPR/114.0.0."
92.204.54.123 - - [14/Nov/2025:11:06:15 -0500] "GET /product/silky-feel-good-mist/?add-to-cart=1075&action=yith-woocompare-add-product&id=1070&_wpnonce=da84b49310 HTTP/1.1" 200 544 "-" "Mozilla/5.0 (Windows NT 10.0; Win64; x64) AppleWebKit/537.36 (KHTML, like Gecko) Chrome/128.0.0.0 Safari/537.36 OPR/114.0.0."
92.204.54.123 - - [14/Nov/2025:11:06:17 -0500] "GET /product/silky-feel-good-mist/?add-to-cart=1075&action=yith-woocompare-add-product&id=1091&_wpnonce=da84b49310 HTTP/1.1" 200 544 "-" "Mozilla/5.0 (Windows NT 10.0; Win64; x64) AppleWebKit/537.36 (KHTML, like Gecko) Chrome/128.0.0.0 Safari/537.36 OPR/114.0.0."
45.8.25.52 - - [14/Nov/2025:11:06:18 -0500] "GET /wp-content/backup HTTP/1.1" 200 544 "https://www.google.com/" "Mozilla/5.0 (Windows NT 10.0; Win64; x64; rv:131.0) Gecko/20100101 Firefox/131.0"
92.204.54.123 - - [14/Nov/2025:11:06:19 -0500] "GET /product/silky-feel-good-mist/?add-to-cart=1075&action=yith-woocompare-add-product&id=1077&_wpnonce=da84b49310 HTTP/1.1" 200 544 "-" "Mozilla/5.0 (Windows NT 10.0; Win64; x64) AppleWebKit/537.36 (KHTML, like Gecko) Chrome/128.0.0.0 Safari/537.36 OPR/114.0.0."
92.204.54.123 - - [14/Nov/2025:11:06:21 -0500] "GET /product/silky-feel-good-mist/?add-to-cart=1075&action=yith-woocompare-add-product&id=1103&_wpnonce=da84b49310 HTTP/1.1" 200 544 "-" "Mozilla/5.0 (Windows NT 10.0; Win64; x64) AppleWebKit/537.36 (KHTML, like Gecko) Chrome/128.0.0.0 Safari/537.36 OPR/114.0.0."
92.204.54.123 - - [14/Nov/2025:11:06:23 -0500] "GET /product/silky-feel-good-mist/?add-to-cart=1073&action=yith-woocompare-add-product&id=1068&_wpnonce=da84b49310 HTTP/1.1" 200 544 "-" "Mozilla/5.0 (Windows NT 10.0; Win64; x64) AppleWebKit/537.36 (KHTML, like Gecko) Chrome/128.0.0.0 Safari/537.36 OPR/114.0.0."
92.204.54.123 - - [14/Nov/2025:11:06:26 -0500] "GET /product/silky-feel-good-mist/?add-to-cart=1073&action=yith-woocompare-add-product&id=1075&_wpnonce=da84b49310 HTTP/1.1" 200 544 "-" "Mozilla/5.0 (Windows NT 10.0; Win64; x64) AppleWebKit/537.36 (KHTML, like Gecko) Chrome/128.0.0.0 Safari/537.36 OPR/114.0.0."
92.204.54.123 - - [14/Nov/2025:11:06:28 -0500] "GET /product/silky-feel-good-mist/?add-to-cart=1073&action=yith-woocompare-add-product&id=1077&_wpnonce=da84b49310 HTTP/1.1" 200 544 "-" "Mozilla/5.0 (Windows NT 10.0; Win64; x64) AppleWebKit/537.36 (KHTML, like Gecko) Chrome/128.0.0.0 Safari/537.36 OPR/114.0.0."
45.8.25.52 - - [14/Nov/2025:11:06:28 -0500] "GET /wp-content/mu-plugins HTTP/1.1" 200 544 "https://duckduckgo.com/" "Mozilla/5.0 (Windows NT 10.0; Win64; x64) AppleWebKit/537.36 (KHTML, like Gecko) Chrome/129.0.0.0 Safari/537.36"
92.204.54.123 - - [14/Nov/2025:11:06:30 -0500] "GET /product/silky-feel-good-mist/?add-to-cart=1073&action=yith-woocompare-add-product&id=1103&_wpnonce=da84b49310 HTTP/1.1" 200 544 "-" "Mozilla/5.0 (Windows NT 10.0; Win64; x64) AppleWebKit/537.36 (KHTML, like Gecko) Chrome/128.0.0.0 Safari/537.36 OPR/114.0.0."
92.204.54.123 - - [14/Nov/2025:11:06:32 -0500] "GET /product/silky-feel-good-mist/?add-to-cart=1073&action=yith-woocompare-add-product&id=1099&_wpnonce=da84b49310 HTTP/1.1" 200 544 "-" "Mozilla/5.0 (Windows NT 10.0; Win64; x64) AppleWebKit/537.36 (KHTML, like Gecko) Chrome/128.0.0.0 Safari/537.36 OPR/114.0.0."
92.204.54.123 - - [14/Nov/2025:11:06:34 -0500] "GET /product/silky-feel-good-mist/?add-to-cart=1073&action=yith-woocompare-add-product&id=1127&_wpnonce=da84b49310 HTTP/1.1" 200 544 "-" "Mozilla/5.0 (Windows NT 10.0; Win64; x64) AppleWebKit/537.36 (KHTML, like Gecko) Chrome/128.0.0.0 Safari/537.36 OPR/114.0.0."
92.204.54.123 - - [14/Nov/2025:11:06:36 -0500] "GET /product/silky-feel-good-mist/?add-to-cart=989&action=yith-woocompare-add-product&id=1070&_wpnonce=da84b49310 HTTP/1.1" 200 544 "-" "Mozilla/5.0 (Windows NT 10.0; Win64; x64) AppleWebKit/537.36 (KHTML, like Gecko) Chrome/128.0.0.0 Safari/537.36 OPR/114.0.0."
92.204.54.123 - - [14/Nov/2025:11:06:38 -0500] "GET /product/silky-feel-good-mist/?add-to-cart=989&action=yith-woocompare-add-product&id=1127&_wpnonce=da84b49310 HTTP/1.1" 200 544 "-" "Mozilla/5.0 (Windows NT 10.0; Win64; x64) AppleWebKit/537.36 (KHTML, like Gecko) Chrome/128.0.0.0 Safari/537.36 OPR/114.0.0."
45.8.25.52 - - [14/Nov/2025:11:06:39 -0500] "GET /wp-content/languages HTTP/1.1" 200 544 "https://search.yahoo.com/" "Mozilla/5.0 (Windows NT 10.0; Win64; x64) AppleWebKit/537.36 (KHTML, like Gecko) Chrome/130.0.0.0 Safari/537.36"
92.204.54.123 - - [14/Nov/2025:11:06:40 -0500] "GET /product/silky-feel-good-mist/?add-to-cart=989&action=yith-woocompare-add-product&id=1077&_wpnonce=da84b49310 HTTP/1.1" 200 544 "-" "Mozilla/5.0 (Windows NT 10.0; Win64; x64) AppleWebKit/537.36 (KHTML, like Gecko) Chrome/128.0.0.0 Safari/537.36 OPR/114.0.0."
92.204.54.123 - - [14/Nov/2025:11:06:42 -0500] "GET /product/silky-feel-good-mist/?add-to-cart=989&action=yith-woocompare-add-product&id=1103&_wpnonce=da84b49310 HTTP/1.1" 200 544 "-" "Mozilla/5.0 (Windows NT 10.0; Win64; x64) AppleWebKit/537.36 (KHTML, like Gecko) Chrome/128.0.0.0 Safari/537.36 OPR/114.0.0."
92.204.54.123 - - [14/Nov/2025:11:06:44 -0500] "GET /product/silky-feel-good-mist/?add-to-cart=989&action=yith-woocompare-add-product&id=997&_wpnonce=da84b49310 HTTP/1.1" 200 544 "-" "Mozilla/5.0 (Windows NT 10.0; Win64; x64) AppleWebKit/537.36 (KHTML, like Gecko) Chrome/128.0.0.0 Safari/537.36 OPR/114.0.0."
92.204.54.123 - - [14/Nov/2025:11:06:46 -0500] "GET /product/silky-feel-good-mist/?add-to-cart=989&action=yith-woocompare-add-product&id=989&_wpnonce=da84b49310 HTTP/1.1" 200 544 "-" "Mozilla/5.0 (Windows NT 10.0; Win64; x64) AppleWebKit/537.36 (KHTML, like Gecko) Chrome/128.0.0.0 Safari/537.36 OPR/114.0.0."
92.204.54.123 - - [14/Nov/2025:11:06:48 -0500] "GET /product/silky-feel-good-mist/?add-to-cart=993&action=yith-woocompare-add-product&id=1077&_wpnonce=da84b49310 HTTP/1.1" 200 544 "-" "Mozilla/5.0 (Windows NT 10.0; Win64; x64) AppleWebKit/537.36 (KHTML, like Gecko) Chrome/128.0.0.0 Safari/537.36 OPR/114.0.0."
92.204.54.123 - - [14/Nov/2025:11:06:50 -0500] "GET /product/silky-feel-good-mist/?add-to-cart=993&action=yith-woocompare-add-product&id=1070&_wpnonce=da84b49310 HTTP/1.1" 200 544 "-" "Mozilla/5.0 (Windows NT 10.0; Win64; x64) AppleWebKit/537.36 (KHTML, like Gecko) Chrome/128.0.0.0 Safari/537.36 OPR/114.0.0."
92.204.54.123 - - [14/Nov/2025:11:06:52 -0500] "GET /product/silky-feel-good-mist/?add-to-cart=993&action=yith-woocompare-add-product&id=1002&_wpnonce=da84b49310 HTTP/1.1" 200 544 "-" "Mozilla/5.0 (Windows NT 10.0; Win64; x64) AppleWebKit/537.36 (KHTML, like Gecko) Chrome/128.0.0.0 Safari/537.36 OPR/114.0.0."
45.8.25.52 - - [14/Nov/2025:11:06:52 -0500] "GET /wp-content/upgrade HTTP/1.1" 301 795 "https://search.yahoo.com/" "Mozilla/5.0 (Macintosh; Intel Mac OS X 10_15_7) AppleWebKit/537.36 (KHTML, like Gecko) Chrome/130.0.0.0 Safari/537.36"
45.8.25.52 - - [14/Nov/2025:11:06:52 -0500] "GET /wp-content/upgrade/ HTTP/1.1" 403 1242 "https://search.yahoo.com/" "Mozilla/5.0 (Macintosh; Intel Mac OS X 10_15_7) AppleWebKit/537.36 (KHTML, like Gecko) Chrome/130.0.0.0 Safari/537.36"
92.204.54.123 - - [14/Nov/2025:11:06:54 -0500] "GET /product/silky-feel-good-mist/?add-to-cart=993&action=yith-woocompare-add-product&id=1068&_wpnonce=da84b49310 HTTP/1.1" 200 544 "-" "Mozilla/5.0 (Windows NT 10.0; Win64; x64) AppleWebKit/537.36 (KHTML, like Gecko) Chrome/128.0.0.0 Safari/537.36 OPR/114.0.0."
92.204.54.123 - - [14/Nov/2025:11:06:56 -0500] "GET /product/silky-feel-good-mist/?add-to-cart=993&action=yith-woocompare-add-product&id=1125&_wpnonce=da84b49310 HTTP/1.1" 200 544 "-" "Mozilla/5.0 (Windows NT 10.0; Win64; x64) AppleWebKit/537.36 (KHTML, like Gecko) Chrome/128.0.0.0 Safari/537.36 OPR/114.0.0."
92.204.54.123 - - [14/Nov/2025:11:06:58 -0500] "GET /product/silky-feel-good-mist/?add-to-cart=993&action=yith-woocompare-add-product&id=1091&_wpnonce=da84b49310 HTTP/1.1" 200 544 "-" "Mozilla/5.0 (Windows NT 10.0; Win64; x64) AppleWebKit/537.36 (KHTML, like Gecko) Chrome/128.0.0.0 Safari/537.36 OPR/114.0.0."
92.204.54.123 - - [14/Nov/2025:11:07:00 -0500] "GET /product/silky-feel-good-mist/?add-to-cart=1099& HTTP/1.1" 200 544 "-" "Mozilla/5.0 (Windows NT 10.0; Win64; x64) AppleWebKit/537.36 (KHTML, like Gecko) Chrome/128.0.0.0 Safari/537.36 OPR/114.0.0."
92.204.54.123 - - [14/Nov/2025:11:07:02 -0500] "GET /product/silky-feel-good-mist/?add-to-cart=1068&action=yith-woocompare-add-product&id=1099&_wpnonce=da84b49310 HTTP/1.1" 200 544 "-" "Mozilla/5.0 (Windows NT 10.0; Win64; x64) AppleWebKit/537.36 (KHTML, like Gecko) Chrome/128.0.0.0 Safari/537.36 OPR/114.0.0."
92.204.54.123 - - [14/Nov/2025:11:07:04 -0500] "GET /product/silky-feel-good-mist/?add-to-cart=1068&action=yith-woocompare-add-product&id=1127&_wpnonce=da84b49310 HTTP/1.1" 200 544 "-" "Mozilla/5.0 (Windows NT 10.0; Win64; x64) AppleWebKit/537.36 (KHTML, like Gecko) Chrome/128.0.0.0 Safari/537.36 OPR/114.0.0."
92.204.54.123 - - [14/Nov/2025:11:07:06 -0500] "GET /product/silky-feel-good-mist/?add-to-cart=1068&action=yith-woocompare-add-product&id=1004&_wpnonce=da84b49310 HTTP/1.1" 200 544 "-" "Mozilla/5.0 (Windows NT 10.0; Win64; x64) AppleWebKit/537.36 (KHTML, like Gecko) Chrome/128.0.0.0 Safari/537.36 OPR/114.0.0."
45.8.25.52 - - [14/Nov/2025:11:07:06 -0500] "GET /administrator HTTP/1.1" 200 544 "https://yandex.com/" "Mozilla/5.0 (Macintosh; Intel Mac OS X 10.15; rv:131.0) Gecko/20100101 Firefox/131.0"
92.204.54.123 - - [14/Nov/2025:11:07:08 -0500] "GET /product/silky-feel-good-mist/?add-to-cart=1068&action=yith-woocompare-add-product&id=997&_wpnonce=da84b49310 HTTP/1.1" 200 544 "-" "Mozilla/5.0 (Windows NT 10.0; Win64; x64) AppleWebKit/537.36 (KHTML, like Gecko) Chrome/128.0.0.0 Safari/537.36 OPR/114.0.0."
92.204.54.123 - - [14/Nov/2025:11:07:10 -0500] "GET /product/silky-feel-good-mist/?add-to-cart=1068&action=yith-woocompare-add-product&id=993&_wpnonce=da84b49310 HTTP/1.1" 200 544 "-" "Mozilla/5.0 (Windows NT 10.0; Win64; x64) AppleWebKit/537.36 (KHTML, like Gecko) Chrome/128.0.0.0 Safari/537.36 OPR/114.0.0."
92.204.54.123 - - [14/Nov/2025:11:07:12 -0500] "GET /product/silky-feel-good-mist/?add-to-cart=1068&action=yith-woocompare-add-product&id=989&_wpnonce=da84b49310 HTTP/1.1" 200 544 "-" "Mozilla/5.0 (Windows NT 10.0; Win64; x64) AppleWebKit/537.36 (KHTML, like Gecko) Chrome/128.0.0.0 Safari/537.36 OPR/114.0.0."
92.204.54.123 - - [14/Nov/2025:11:07:14 -0500] "GET /product/silky-feel-good-mist/?add-to-cart=1002& HTTP/1.1" 200 544 "-" "Mozilla/5.0 (Windows NT 10.0; Win64; x64) AppleWebKit/537.36 (KHTML, like Gecko) Chrome/128.0.0.0 Safari/537.36 OPR/114.0.0."
92.204.54.123 - - [14/Nov/2025:11:07:16 -0500] "GET /product/silky-feel-good-mist/?add-to-cart=1004& HTTP/1.1" 200 544 "-" "Mozilla/5.0 (Windows NT 10.0; Win64; x64) AppleWebKit/537.36 (KHTML, like Gecko) Chrome/128.0.0.0 Safari/537.36 OPR/114.0.0."
45.8.25.52 - - [14/Nov/2025:11:07:17 -0500] "GET /cache HTTP/1.1" 200 544 "https://duckduckgo.com/" "Mozilla/5.0 (Windows NT 10.0; Win64; x64) AppleWebKit/537.36 (KHTML, like Gecko) Chrome/130.0.0.0 Safari/537.36"
92.204.54.123 - - [14/Nov/2025:11:07:18 -0500] "GET /product/silky-feel-good-mist/?add-to-cart=997&action=yith-woocompare-add-product&id=993&_wpnonce=da84b49310 HTTP/1.1" 200 544 "-" "Mozilla/5.0 (Windows NT 10.0; Win64; x64) AppleWebKit/537.36 (KHTML, like Gecko) Chrome/128.0.0.0 Safari/537.36 OPR/114.0.0."
92.204.54.123 - - [14/Nov/2025:11:07:20 -0500] "GET /product/silky-feel-good-mist/?add-to-cart=997&action=yith-woocompare-add-product&id=1070&_wpnonce=da84b49310 HTTP/1.1" 200 544 "-" "Mozilla/5.0 (Windows NT 10.0; Win64; x64) AppleWebKit/537.36 (KHTML, like Gecko) Chrome/128.0.0.0 Safari/537.36 OPR/114.0.0."
92.204.54.123 - - [14/Nov/2025:11:07:22 -0500] "GET /product/silky-feel-good-mist/?add-to-cart=997&action=yith-woocompare-add-product&id=997&_wpnonce=da84b49310 HTTP/1.1" 200 544 "-" "Mozilla/5.0 (Windows NT 10.0; Win64; x64) AppleWebKit/537.36 (KHTML, like Gecko) Chrome/128.0.0.0 Safari/537.36 OPR/114.0.0."
92.204.54.123 - - [14/Nov/2025:11:07:24 -0500] "GET /product/silky-feel-good-mist/?add-to-cart=997&action=yith-woocompare-add-product&id=1002&_wpnonce=da84b49310 HTTP/1.1" 200 544 "-" "Mozilla/5.0 (Windows NT 10.0; Win64; x64) AppleWebKit/537.36 (KHTML, like Gecko) Chrome/128.0.0.0 Safari/537.36 OPR/114.0.0."
92.204.54.123 - - [14/Nov/2025:11:07:26 -0500] "GET /product/silky-feel-good-mist/?add-to-cart=997&action=yith-woocompare-add-product&id=1091&_wpnonce=da84b49310 HTTP/1.1" 200 544 "-" "Mozilla/5.0 (Windows NT 10.0; Win64; x64) AppleWebKit/537.36 (KHTML, like Gecko) Chrome/128.0.0.0 Safari/537.36 OPR/114.0.0."
92.204.54.123 - - [14/Nov/2025:11:07:28 -0500] "GET /product/silky-feel-good-mist/?add-to-cart=997&action=yith-woocompare-add-product&id=1073&_wpnonce=da84b49310 HTTP/1.1" 200 544 "-" "Mozilla/5.0 (Windows NT 10.0; Win64; x64) AppleWebKit/537.36 (KHTML, like Gecko) Chrome/128.0.0.0 Safari/537.36 OPR/114.0.0."
45.8.25.52 - - [14/Nov/2025:11:07:29 -0500] "GET /cli HTTP/1.1" 200 544 "https://www.google.com/" "Mozilla/5.0 (Macintosh; Intel Mac OS X 10_15_7) AppleWebKit/605.1.15 (KHTML, like Gecko) Version/18.1 Safari/605.1.15"
92.204.54.123 - - [14/Nov/2025:11:07:30 -0500] "GET /product-tag/hair-mists/?_wpnonce=da84b49310&action=yith-woocompare-add-product&id=1080 HTTP/1.1" 200 544 "-" "Mozilla/5.0 (Windows NT 10.0; Win64; x64) AppleWebKit/537.36 (KHTML, like Gecko) Chrome/128.0.0.0 Safari/537.36 OPR/114.0.0."
92.204.54.123 - - [14/Nov/2025:11:07:32 -0500] "GET /product-tag/hair-mists/?_wpnonce=a5b392c33b&add-to-cart=1080 HTTP/1.1" 200 544 "-" "Mozilla/5.0 (Windows NT 10.0; Win64; x64) AppleWebKit/537.36 (KHTML, like Gecko) Chrome/128.0.0.0 Safari/537.36 OPR/114.0.0."
92.204.54.123 - - [14/Nov/2025:11:07:34 -0500] "GET /product-tag/hair-mists/?add-to-cart=1080& HTTP/1.1" 200 544 "-" "Mozilla/5.0 (Windows NT 10.0; Win64; x64) AppleWebKit/537.36 (KHTML, like Gecko) Chrome/128.0.0.0 Safari/537.36 OPR/114.0.0."
92.204.54.123 - - [14/Nov/2025:11:07:36 -0500] "GET /product/butterfly-shadow-hard-hold-spray/?_wpnonce=da84b49310&action=yith-woocompare-add-product&id=1068 HTTP/1.1" 200 544 "-" "Mozilla/5.0 (Windows NT 10.0; Win64; x64) AppleWebKit/537.36 (KHTML, like Gecko) Chrome/128.0.0.0 Safari/537.36 OPR/114.0.0."
92.204.54.123 - - [14/Nov/2025:11:07:38 -0500] "GET /product/butterfly-shadow-hard-hold-spray/?_wpnonce=a5b392c33b&add-to-cart=1068 HTTP/1.1" 200 544 "-" "Mozilla/5.0 (Windows NT 10.0; Win64; x64) AppleWebKit/537.36 (KHTML, like Gecko) Chrome/128.0.0.0 Safari/537.36 OPR/114.0.0."
92.204.54.123 - - [14/Nov/2025:11:07:40 -0500] "GET /product/butterfly-shadow-hard-hold-spray/?_wpnonce=da84b49310&action=yith-woocompare-add-product&id=1103 HTTP/1.1" 200 544 "-" "Mozilla/5.0 (Windows NT 10.0; Win64; x64) AppleWebKit/537.36 (KHTML, like Gecko) Chrome/128.0.0.0 Safari/537.36 OPR/114.0.0."
45.8.25.52 - - [14/Nov/2025:11:07:41 -0500] "GET /components HTTP/1.1" 200 544 "https://www.bing.com/" "Mozilla/5.0 (Macintosh; Intel Mac OS X 10.15; rv:131.0) Gecko/20100101 Firefox/131.0"
92.204.54.123 - - [14/Nov/2025:11:07:42 -0500] "GET /product/butterfly-shadow-hard-hold-spray/?_wpnonce=a5b392c33b&add-to-cart=1103 HTTP/1.1" 200 544 "-" "Mozilla/5.0 (Windows NT 10.0; Win64; x64) AppleWebKit/537.36 (KHTML, like Gecko) Chrome/128.0.0.0 Safari/537.36 OPR/114.0.0."
92.204.54.123 - - [14/Nov/2025:11:07:44 -0500] "GET /product/butterfly-shadow-hard-hold-spray/?_wpnonce=da84b49310&action=yith-woocompare-add-product&id=1077 HTTP/1.1" 200 544 "-" "Mozilla/5.0 (Windows NT 10.0; Win64; x64) AppleWebKit/537.36 (KHTML, like Gecko) Chrome/128.0.0.0 Safari/537.36 OPR/114.0.0."
92.204.54.123 - - [14/Nov/2025:11:07:46 -0500] "GET /product/butterfly-shadow-hard-hold-spray/?_wpnonce=a5b392c33b&add-to-cart=1077 HTTP/1.1" 200 544 "-" "Mozilla/5.0 (Windows NT 10.0; Win64; x64) AppleWebKit/537.36 (KHTML, like Gecko) Chrome/128.0.0.0 Safari/537.36 OPR/114.0.0."
92.204.54.123 - - [14/Nov/2025:11:07:48 -0500] "GET /product/butterfly-shadow-hard-hold-spray/?_wpnonce=da84b49310&action=yith-woocompare-add-product&id=1080 HTTP/1.1" 200 544 "-" "Mozilla/5.0 (Windows NT 10.0; Win64; x64) AppleWebKit/537.36 (KHTML, like Gecko) Chrome/128.0.0.0 Safari/537.36 OPR/114.0.0."
92.204.54.123 - - [14/Nov/2025:11:07:50 -0500] "GET /product/butterfly-shadow-hard-hold-spray/?_wpnonce=a5b392c33b&add-to-cart=1080 HTTP/1.1" 200 544 "-" "Mozilla/5.0 (Windows NT 10.0; Win64; x64) AppleWebKit/537.36 (KHTML, like Gecko) Chrome/128.0.0.0 Safari/537.36 OPR/114.0.0."
45.8.25.52 - - [14/Nov/2025:11:07:51 -0500] "GET /language HTTP/1.1" 200 544 "https://duckduckgo.com/" "Mozilla/5.0 (Windows NT 10.0; Win64; x64) AppleWebKit/537.36 (KHTML, like Gecko) Chrome/130.0.0.0 Safari/537.36"
92.204.54.123 - - [14/Nov/2025:11:07:52 -0500] "GET /product/butterfly-shadow-hard-hold-spray/?_wpnonce=da84b49310&action=yith-woocompare-add-product&id=1125 HTTP/1.1" 200 544 "-" "Mozilla/5.0 (Windows NT 10.0; Win64; x64) AppleWebKit/537.36 (KHTML, like Gecko) Chrome/128.0.0.0 Safari/537.36 OPR/114.0.0."
92.204.54.123 - - [14/Nov/2025:11:07:54 -0500] "GET /product/butterfly-shadow-hard-hold-spray/?_wpnonce=a5b392c33b&add-to-cart=1125 HTTP/1.1" 200 544 "-" "Mozilla/5.0 (Windows NT 10.0; Win64; x64) AppleWebKit/537.36 (KHTML, like Gecko) Chrome/128.0.0.0 Safari/537.36 OPR/114.0.0."
92.204.54.123 - - [14/Nov/2025:11:07:56 -0500] "GET /product/butterfly-shadow-hard-hold-spray/?_wpnonce=da84b49310&action=yith-woocompare-add-product&id=1099 HTTP/1.1" 200 544 "-" "Mozilla/5.0 (Windows NT 10.0; Win64; x64) AppleWebKit/537.36 (KHTML, like Gecko) Chrome/128.0.0.0 Safari/537.36 OPR/114.0.0."
92.204.54.123 - - [14/Nov/2025:11:07:58 -0500] "GET /product/butterfly-shadow-hard-hold-spray/?_wpnonce=a5b392c33b&add-to-cart=1099 HTTP/1.1" 200 544 "-" "Mozilla/5.0 (Windows NT 10.0; Win64; x64) AppleWebKit/537.36 (KHTML, like Gecko) Chrome/128.0.0.0 Safari/537.36 OPR/114.0.0."
92.204.54.123 - - [14/Nov/2025:11:08:00 -0500] "GET /product/butterfly-shadow-hard-hold-spray/?add-to-cart=1125& HTTP/1.1" 200 544 "-" "Mozilla/5.0 (Windows NT 10.0; Win64; x64) AppleWebKit/537.36 (KHTML, like Gecko) Chrome/128.0.0.0 Safari/537.36 OPR/114.0.0."
92.204.54.123 - - [14/Nov/2025:11:08:02 -0500] "GET /product/butterfly-shadow-hard-hold-spray/?add-to-cart=1077&action=yith-woocompare-add-product&id=997&_wpnonce=da84b49310 HTTP/1.1" 200 544 "-" "Mozilla/5.0 (Windows NT 10.0; Win64; x64) AppleWebKit/537.36 (KHTML, like Gecko) Chrome/128.0.0.0 Safari/537.36 OPR/114.0.0."
45.8.25.52 - - [14/Nov/2025:11:08:02 -0500] "GET /layouts HTTP/1.1" 200 544 "https://duckduckgo.com/" "Mozilla/5.0 (Macintosh; Intel Mac OS X 10_15_7) AppleWebKit/537.36 (KHTML, like Gecko) Chrome/130.0.0.0 Safari/537.36"
92.204.54.123 - - [14/Nov/2025:11:08:04 -0500] "GET /product/butterfly-shadow-hard-hold-spray/?add-to-cart=1077&action=yith-woocompare-add-product&id=1068&_wpnonce=da84b49310 HTTP/1.1" 200 544 "-" "Mozilla/5.0 (Windows NT 10.0; Win64; x64) AppleWebKit/537.36 (KHTML, like Gecko) Chrome/128.0.0.0 Safari/537.36 OPR/114.0.0."
92.204.54.123 - - [14/Nov/2025:11:08:06 -0500] "GET /product/butterfly-shadow-hard-hold-spray/?add-to-cart=1077&action=yith-woocompare-add-product&id=1077&_wpnonce=da84b49310 HTTP/1.1" 200 544 "-" "Mozilla/5.0 (Windows NT 10.0; Win64; x64) AppleWebKit/537.36 (KHTML, like Gecko) Chrome/128.0.0.0 Safari/537.36 OPR/114.0.0."
92.204.54.123 - - [14/Nov/2025:11:08:08 -0500] "GET /product/butterfly-shadow-hard-hold-spray/?add-to-cart=1077&action=yith-woocompare-add-product&id=1075&_wpnonce=da84b49310 HTTP/1.1" 200 544 "-" "Mozilla/5.0 (Windows NT 10.0; Win64; x64) AppleWebKit/537.36 (KHTML, like Gecko) Chrome/128.0.0.0 Safari/537.36 OPR/114.0.0."
92.204.54.123 - - [14/Nov/2025:11:08:10 -0500] "GET /product/butterfly-shadow-hard-hold-spray/?add-to-cart=1077&action=yith-woocompare-add-product&id=1125&_wpnonce=da84b49310 HTTP/1.1" 200 544 "-" "Mozilla/5.0 (Windows NT 10.0; Win64; x64) AppleWebKit/537.36 (KHTML, like Gecko) Chrome/128.0.0.0 Safari/537.36 OPR/114.0.0."
92.204.54.123 - - [14/Nov/2025:11:08:12 -0500] "GET /product/butterfly-shadow-hard-hold-spray/?add-to-cart=1077&action=yith-woocompare-add-product&id=1103&_wpnonce=da84b49310 HTTP/1.1" 200 544 "-" "Mozilla/5.0 (Windows NT 10.0; Win64; x64) AppleWebKit/537.36 (KHTML, like Gecko) Chrome/128.0.0.0 Safari/537.36 OPR/114.0.0."
45.8.25.52 - - [14/Nov/2025:11:08:14 -0500] "GET /libraries HTTP/1.1" 200 544 "https://yandex.com/" "Mozilla/5.0 (Macintosh; Intel Mac OS X 10_15_7) AppleWebKit/537.36 (KHTML, like Gecko) Chrome/130.0.0.0 Safari/537.36"
92.204.54.123 - - [14/Nov/2025:11:08:14 -0500] "GET /product/butterfly-shadow-hard-hold-spray/?add-to-cart=1073&action=yith-woocompare-add-product&id=1070&_wpnonce=da84b49310 HTTP/1.1" 200 544 "-" "Mozilla/5.0 (Windows NT 10.0; Win64; x64) AppleWebKit/537.36 (KHTML, like Gecko) Chrome/128.0.0.0 Safari/537.36 OPR/114.0.0."
92.204.54.123 - - [14/Nov/2025:11:08:16 -0500] "GET /product/butterfly-shadow-hard-hold-spray/?add-to-cart=1073&action=yith-woocompare-add-product&id=1127&_wpnonce=da84b49310 HTTP/1.1" 200 544 "-" "Mozilla/5.0 (Windows NT 10.0; Win64; x64) AppleWebKit/537.36 (KHTML, like Gecko) Chrome/128.0.0.0 Safari/537.36 OPR/114.0.0."
92.204.54.123 - - [14/Nov/2025:11:08:18 -0500] "GET /product/butterfly-shadow-hard-hold-spray/?add-to-cart=1073&action=yith-woocompare-add-product&id=1099&_wpnonce=da84b49310 HTTP/1.1" 200 544 "-" "Mozilla/5.0 (Windows NT 10.0; Win64; x64) AppleWebKit/537.36 (KHTML, like Gecko) Chrome/128.0.0.0 Safari/537.36 OPR/114.0.0."
92.204.54.123 - - [14/Nov/2025:11:08:20 -0500] "GET /product/butterfly-shadow-hard-hold-spray/?add-to-cart=1073&action=yith-woocompare-add-product&id=1002&_wpnonce=da84b49310 HTTP/1.1" 200 544 "-" "Mozilla/5.0 (Windows NT 10.0; Win64; x64) AppleWebKit/537.36 (KHTML, like Gecko) Chrome/128.0.0.0 Safari/537.36 OPR/114.0.0."
92.204.54.123 - - [14/Nov/2025:11:08:22 -0500] "GET /product/butterfly-shadow-hard-hold-spray/?add-to-cart=1073&action=yith-woocompare-add-product&id=1080&_wpnonce=da84b49310 HTTP/1.1" 200 544 "-" "Mozilla/5.0 (Windows NT 10.0; Win64; x64) AppleWebKit/537.36 (KHTML, like Gecko) Chrome/128.0.0.0 Safari/537.36 OPR/114.0.0."
92.204.54.123 - - [14/Nov/2025:11:08:24 -0500] "GET /product/butterfly-shadow-hard-hold-spray/?add-to-cart=1073&action=yith-woocompare-add-product&id=1075&_wpnonce=da84b49310 HTTP/1.1" 200 544 "-" "Mozilla/5.0 (Windows NT 10.0; Win64; x64) AppleWebKit/537.36 (KHTML, like Gecko) Chrome/128.0.0.0 Safari/537.36 OPR/114.0.0."
45.8.25.52 - - [14/Nov/2025:11:08:25 -0500] "GET /modules HTTP/1.1" 200 544 "https://www.google.com/" "Mozilla/5.0 (Macintosh; Intel Mac OS X 10_15_7) AppleWebKit/537.36 (KHTML, like Gecko) Chrome/130.0.0.0 Safari/537.36"
92.204.54.123 - - [14/Nov/2025:11:08:26 -0500] "GET /product/butterfly-shadow-hard-hold-spray/?add-to-cart=1075&action=yith-woocompare-add-product&id=1070&_wpnonce=da84b49310 HTTP/1.1" 200 544 "-" "Mozilla/5.0 (Windows NT 10.0; Win64; x64) AppleWebKit/537.36 (KHTML, like Gecko) Chrome/128.0.0.0 Safari/537.36 OPR/114.0.0."
92.204.54.123 - - [14/Nov/2025:11:08:28 -0500] "GET /product/butterfly-shadow-hard-hold-spray/?add-to-cart=1075&action=yith-woocompare-add-product&id=997&_wpnonce=da84b49310 HTTP/1.1" 200 544 "-" "Mozilla/5.0 (Windows NT 10.0; Win64; x64) AppleWebKit/537.36 (KHTML, like Gecko) Chrome/128.0.0.0 Safari/537.36 OPR/114.0.0."
92.204.54.123 - - [14/Nov/2025:11:08:30 -0500] "GET /product/butterfly-shadow-hard-hold-spray/?add-to-cart=1075&action=yith-woocompare-add-product&id=1073&_wpnonce=da84b49310 HTTP/1.1" 200 544 "-" "Mozilla/5.0 (Windows NT 10.0; Win64; x64) AppleWebKit/537.36 (KHTML, like Gecko) Chrome/128.0.0.0 Safari/537.36 OPR/114.0.0."
92.204.54.123 - - [14/Nov/2025:11:08:32 -0500] "GET /product/butterfly-shadow-hard-hold-spray/?add-to-cart=1075&action=yith-woocompare-add-product&id=1080&_wpnonce=da84b49310 HTTP/1.1" 200 544 "-" "Mozilla/5.0 (Windows NT 10.0; Win64; x64) AppleWebKit/537.36 (KHTML, like Gecko) Chrome/128.0.0.0 Safari/537.36 OPR/114.0.0."
92.204.54.123 - - [14/Nov/2025:11:08:34 -0500] "GET /product/butterfly-shadow-hard-hold-spray/?add-to-cart=1075&action=yith-woocompare-add-product&id=993&_wpnonce=da84b49310 HTTP/1.1" 200 544 "-" "Mozilla/5.0 (Windows NT 10.0; Win64; x64) AppleWebKit/537.36 (KHTML, like Gecko) Chrome/128.0.0.0 Safari/537.36 OPR/114.0.0."
92.204.54.123 - - [14/Nov/2025:11:08:36 -0500] "GET /product/butterfly-shadow-hard-hold-spray/?add-to-cart=1075&action=yith-woocompare-add-product&id=1002&_wpnonce=da84b49310 HTTP/1.1" 200 544 "-" "Mozilla/5.0 (Windows NT 10.0; Win64; x64) AppleWebKit/537.36 (KHTML, like Gecko) Chrome/128.0.0.0 Safari/537.36 OPR/114.0.0."
92.204.54.123 - - [14/Nov/2025:11:08:38 -0500] "GET /product/butterfly-shadow-hard-hold-spray/?add-to-cart=1002&action=yith-woocompare-add-product&id=1073&_wpnonce=da84b49310 HTTP/1.1" 200 544 "-" "Mozilla/5.0 (Windows NT 10.0; Win64; x64) AppleWebKit/537.36 (KHTML, like Gecko) Chrome/128.0.0.0 Safari/537.36 OPR/114.0.0."
45.8.25.52 - - [14/Nov/2025:11:08:39 -0500] "GET /plugins HTTP/1.1" 200 544 "https://search.yahoo.com/" "Mozilla/5.0 (Windows NT 10.0; Win64; x64; rv:131.0) Gecko/20100101 Firefox/131.0"
92.204.54.123 - - [14/Nov/2025:11:08:40 -0500] "GET /product/butterfly-shadow-hard-hold-spray/?add-to-cart=1002&action=yith-woocompare-add-product&id=1002&_wpnonce=da84b49310 HTTP/1.1" 200 544 "-" "Mozilla/5.0 (Windows NT 10.0; Win64; x64) AppleWebKit/537.36 (KHTML, like Gecko) Chrome/128.0.0.0 Safari/537.36 OPR/114.0.0."
92.204.54.123 - - [14/Nov/2025:11:08:42 -0500] "GET /product/butterfly-shadow-hard-hold-spray/?add-to-cart=1002&action=yith-woocompare-add-product&id=1125&_wpnonce=da84b49310 HTTP/1.1" 200 544 "-" "Mozilla/5.0 (Windows NT 10.0; Win64; x64) AppleWebKit/537.36 (KHTML, like Gecko) Chrome/128.0.0.0 Safari/537.36 OPR/114.0.0."
92.204.54.123 - - [14/Nov/2025:11:08:44 -0500] "GET /product/butterfly-shadow-hard-hold-spray/?add-to-cart=1002&action=yith-woocompare-add-product&id=993&_wpnonce=da84b49310 HTTP/1.1" 200 544 "-" "Mozilla/5.0 (Windows NT 10.0; Win64; x64) AppleWebKit/537.36 (KHTML, like Gecko) Chrome/128.0.0.0 Safari/537.36 OPR/114.0.0."
92.204.54.123 - - [14/Nov/2025:11:08:46 -0500] "GET /product/butterfly-shadow-hard-hold-spray/?add-to-cart=1002&action=yith-woocompare-add-product&id=1068&_wpnonce=da84b49310 HTTP/1.1" 200 544 "-" "Mozilla/5.0 (Windows NT 10.0; Win64; x64) AppleWebKit/537.36 (KHTML, like Gecko) Chrome/128.0.0.0 Safari/537.36 OPR/114.0.0."
92.204.54.123 - - [14/Nov/2025:11:08:48 -0500] "GET /product/butterfly-shadow-hard-hold-spray/?add-to-cart=1002&action=yith-woocompare-add-product&id=1070&_wpnonce=da84b49310 HTTP/1.1" 200 544 "-" "Mozilla/5.0 (Windows NT 10.0; Win64; x64) AppleWebKit/537.36 (KHTML, like Gecko) Chrome/128.0.0.0 Safari/537.36 OPR/114.0.0."
45.8.25.52 - - [14/Nov/2025:11:08:50 -0500] "GET /templates HTTP/1.1" 200 544 "https://www.bing.com/" "Mozilla/5.0 (Macintosh; Intel Mac OS X 10_15_7) AppleWebKit/537.36 (KHTML, like Gecko) Chrome/130.0.0.0 Safari/537.36"
92.204.54.123 - - [14/Nov/2025:11:08:50 -0500] "GET /product/butterfly-shadow-hard-hold-spray/?add-to-cart=1068&action=yith-woocompare-add-product&id=989&_wpnonce=da84b49310 HTTP/1.1" 200 544 "-" "Mozilla/5.0 (Windows NT 10.0; Win64; x64) AppleWebKit/537.36 (KHTML, like Gecko) Chrome/128.0.0.0 Safari/537.36 OPR/114.0.0."
92.204.54.123 - - [14/Nov/2025:11:08:53 -0500] "GET /product/butterfly-shadow-hard-hold-spray/?add-to-cart=1068&action=yith-woocompare-add-product&id=1127&_wpnonce=da84b49310 HTTP/1.1" 200 544 "-" "Mozilla/5.0 (Windows NT 10.0; Win64; x64) AppleWebKit/537.36 (KHTML, like Gecko) Chrome/128.0.0.0 Safari/537.36 OPR/114.0.0."
92.204.54.123 - - [14/Nov/2025:11:08:55 -0500] "GET /product/butterfly-shadow-hard-hold-spray/?add-to-cart=1068&action=yith-woocompare-add-product&id=1103&_wpnonce=da84b49310 HTTP/1.1" 200 544 "-" "Mozilla/5.0 (Windows NT 10.0; Win64; x64) AppleWebKit/537.36 (KHTML, like Gecko) Chrome/128.0.0.0 Safari/537.36 OPR/114.0.0."
92.204.54.123 - - [14/Nov/2025:11:08:58 -0500] "GET /product/butterfly-shadow-hard-hold-spray/?add-to-cart=1068&action=yith-woocompare-add-product&id=1099&_wpnonce=da84b49310 HTTP/1.1" 200 544 "-" "Mozilla/5.0 (Windows NT 10.0; Win64; x64) AppleWebKit/537.36 (KHTML, like Gecko) Chrome/128.0.0.0 Safari/537.36 OPR/114.0.0."
92.204.54.123 - - [14/Nov/2025:11:09:00 -0500] "GET /product/butterfly-shadow-hard-hold-spray/?add-to-cart=1068&action=yith-woocompare-add-product&id=1077&_wpnonce=da84b49310 HTTP/1.1" 200 544 "-" "Mozilla/5.0 (Windows NT 10.0; Win64; x64) AppleWebKit/537.36 (KHTML, like Gecko) Chrome/128.0.0.0 Safari/537.36 OPR/114.0.0."
45.8.25.52 - - [14/Nov/2025:11:09:02 -0500] "GET /administrator/components HTTP/1.1" 200 544 "https://www.bing.com/" "Mozilla/5.0 (Windows NT 10.0; Win64; x64) AppleWebKit/537.36 (KHTML, like Gecko) Chrome/129.0.0.0 Safari/537.36"
92.204.54.123 - - [14/Nov/2025:11:09:02 -0500] "GET /product/butterfly-shadow-hard-hold-spray/?add-to-cart=1068&action=yith-woocompare-add-product&id=1080&_wpnonce=da84b49310 HTTP/1.1" 200 544 "-" "Mozilla/5.0 (Windows NT 10.0; Win64; x64) AppleWebKit/537.36 (KHTML, like Gecko) Chrome/128.0.0.0 Safari/537.36 OPR/114.0.0."
92.204.54.123 - - [14/Nov/2025:11:09:04 -0500] "GET /product/butterfly-shadow-hard-hold-spray/?add-to-cart=1103&action=yith-woocompare-add-product&id=1099&_wpnonce=da84b49310 HTTP/1.1" 200 544 "-" "Mozilla/5.0 (Windows NT 10.0; Win64; x64) AppleWebKit/537.36 (KHTML, like Gecko) Chrome/128.0.0.0 Safari/537.36 OPR/114.0.0."
92.204.54.123 - - [14/Nov/2025:11:09:06 -0500] "GET /product/butterfly-shadow-hard-hold-spray/?add-to-cart=1103&action=yith-woocompare-add-product&id=1068&_wpnonce=da84b49310 HTTP/1.1" 200 544 "-" "Mozilla/5.0 (Windows NT 10.0; Win64; x64) AppleWebKit/537.36 (KHTML, like Gecko) Chrome/128.0.0.0 Safari/537.36 OPR/114.0.0."
92.204.54.123 - - [14/Nov/2025:11:09:08 -0500] "GET /product/butterfly-shadow-hard-hold-spray/?add-to-cart=1103&action=yith-woocompare-add-product&id=1077&_wpnonce=da84b49310 HTTP/1.1" 200 544 "-" "Mozilla/5.0 (Windows NT 10.0; Win64; x64) AppleWebKit/537.36 (KHTML, like Gecko) Chrome/128.0.0.0 Safari/537.36 OPR/114.0.0."
92.204.54.123 - - [14/Nov/2025:11:09:10 -0500] "GET /product/butterfly-shadow-hard-hold-spray/?add-to-cart=1103&action=yith-woocompare-add-product&id=1075&_wpnonce=da84b49310 HTTP/1.1" 200 544 "-" "Mozilla/5.0 (Windows NT 10.0; Win64; x64) AppleWebKit/537.36 (KHTML, like Gecko) Chrome/128.0.0.0 Safari/537.36 OPR/114.0.0."
