182.10.98.213 - - [14/Nov/2025:13:43:01 -0500] "GET /wp-content/fw.php HTTP/1.1" 200 544 "-" "Mozilla/5.0 (Linux; Android 10; K) AppleWebKit/537.36 (KHTML, like Gecko) Chrome/114.0.0.0 Mobile Safari/537.36"
182.10.98.213 - - [14/Nov/2025:13:43:01 -0500] "GET /wp-content/inputs.php HTTP/1.1" 200 544 "-" "Mozilla/5.0 (Linux; Android 10; K) AppleWebKit/537.36 (KHTML, like Gecko) Chrome/114.0.0.0 Mobile Safari/537.36"
182.10.98.213 - - [14/Nov/2025:13:43:03 -0500] "GET /wp-content/themes/alera/alpha.php HTTP/1.1" 200 544 "-" "Mozilla/5.0 (Linux; Android 10; K) AppleWebKit/537.36 (KHTML, like Gecko) Chrome/114.0.0.0 Mobile Safari/537.36"
182.10.98.213 - - [14/Nov/2025:13:43:03 -0500] "GET /wp-content/plugins/inputs.php HTTP/1.1" 200 544 "-" "Mozilla/5.0 (Linux; Android 10; K) AppleWebKit/537.36 (KHTML, like Gecko) Chrome/114.0.0.0 Mobile Safari/537.36"
182.10.98.213 - - [14/Nov/2025:13:43:03 -0500] "GET /wp-content/radio.php HTTP/1.1" 200 544 "-" "Mozilla/5.0 (Linux; Android 10; K) AppleWebKit/537.36 (KHTML, like Gecko) Chrome/114.0.0.0 Mobile Safari/537.36"
182.10.98.213 - - [14/Nov/2025:13:43:03 -0500] "GET /wp-content/themes/about.php HTTP/1.1" 200 544 "-" "Mozilla/5.0 (Linux; Android 10; K) AppleWebKit/537.36 (KHTML, like Gecko) Chrome/114.0.0.0 Mobile Safari/537.36"
182.10.98.213 - - [14/Nov/2025:13:43:03 -0500] "GET /wp-content/plugins/admin.php HTTP/1.1" 200 544 "-" "Mozilla/5.0 (Linux; Android 10; K) AppleWebKit/537.36 (KHTML, like Gecko) Chrome/114.0.0.0 Mobile Safari/537.36"
182.10.98.213 - - [14/Nov/2025:13:43:08 -0500] "GET /wp-content/uploads/inputs.php HTTP/1.1" 200 544 "-" "Mozilla/5.0 (Linux; Android 10; K) AppleWebKit/537.36 (KHTML, like Gecko) Chrome/114.0.0.0 Mobile Safari/537.36"
182.10.98.213 - - [14/Nov/2025:13:43:08 -0500] "GET /wp-content/wso.php HTTP/1.1" 200 544 "-" "Mozilla/5.0 (Linux; Android 10; K) AppleWebKit/537.36 (KHTML, like Gecko) Chrome/114.0.0.0 Mobile Safari/537.36"
182.10.98.213 - - [14/Nov/2025:13:43:08 -0500] "GET /wp-content/themes/index.php HTTP/1.1" 200 0 "-" "Mozilla/5.0 (Linux; Android 10; K) AppleWebKit/537.36 (KHTML, like Gecko) Chrome/114.0.0.0 Mobile Safari/537.36"
182.10.98.213 - - [14/Nov/2025:13:43:08 -0500] "GET /wp-content/themes/inputs.php HTTP/1.1" 200 544 "-" "Mozilla/5.0 (Linux; Android 10; K) AppleWebKit/537.36 (KHTML, like Gecko) Chrome/114.0.0.0 Mobile Safari/537.36"
182.10.98.213 - - [14/Nov/2025:13:43:08 -0500] "GET /wp-content/uploads/about.php HTTP/1.1" 200 544 "-" "Mozilla/5.0 (Linux; Android 10; K) AppleWebKit/537.36 (KHTML, like Gecko) Chrome/114.0.0.0 Mobile Safari/537.36"
182.10.98.213 - - [14/Nov/2025:13:43:10 -0500] "GET /wp-files.php HTTP/1.1" 200 544 "-" "Mozilla/5.0 (Linux; Android 10; K) AppleWebKit/537.36 (KHTML, like Gecko) Chrome/114.0.0.0 Mobile Safari/537.36"
182.10.98.213 - - [14/Nov/2025:13:43:10 -0500] "GET /wp-includes.php HTTP/1.1" 200 544 "-" "Mozilla/5.0 (Linux; Android 10; K) AppleWebKit/537.36 (KHTML, like Gecko) Chrome/114.0.0.0 Mobile Safari/537.36"
182.10.98.213 - - [14/Nov/2025:13:43:10 -0500] "GET /wp-defaul.php HTTP/1.1" 200 544 "-" "Mozilla/5.0 (Linux; Android 10; K) AppleWebKit/537.36 (KHTML, like Gecko) Chrome/114.0.0.0 Mobile Safari/537.36"
182.10.98.213 - - [14/Nov/2025:13:43:10 -0500] "GET /wp-content/xleet.php HTTP/1.1" 200 544 "-" "Mozilla/5.0 (Linux; Android 10; K) AppleWebKit/537.36 (KHTML, like Gecko) Chrome/114.0.0.0 Mobile Safari/537.36"
182.10.98.213 - - [14/Nov/2025:13:43:10 -0500] "GET /wp-cron.php HTTP/1.1" 403 1242 "-" "Mozilla/5.0 (Linux; Android 10; K) AppleWebKit/537.36 (KHTML, like Gecko) Chrome/114.0.0.0 Mobile Safari/537.36"
182.10.98.213 - - [14/Nov/2025:13:43:14 -0500] "GET /wp-includes/content.php HTTP/1.1" 200 544 "-" "Mozilla/5.0 (Linux; Android 10; K) AppleWebKit/537.36 (KHTML, like Gecko) Chrome/114.0.0.0 Mobile Safari/537.36"
182.10.98.213 - - [14/Nov/2025:13:43:14 -0500] "GET /wp-includes/autoload_classmap.php HTTP/1.1" 200 544 "-" "Mozilla/5.0 (Linux; Android 10; K) AppleWebKit/537.36 (KHTML, like Gecko) Chrome/114.0.0.0 Mobile Safari/537.36"
182.10.98.213 - - [14/Nov/2025:13:43:14 -0500] "GET /wp-includes/certificates/index.php HTTP/1.1" 200 544 "-" "Mozilla/5.0 (Linux; Android 10; K) AppleWebKit/537.36 (KHTML, like Gecko) Chrome/114.0.0.0 Mobile Safari/537.36"
182.10.98.213 - - [14/Nov/2025:13:43:14 -0500] "GET /wp-includes/assets/index.php HTTP/1.1" 200 544 "-" "Mozilla/5.0 (Linux; Android 10; K) AppleWebKit/537.36 (KHTML, like Gecko) Chrome/114.0.0.0 Mobile Safari/537.36"
182.10.98.213 - - [14/Nov/2025:13:43:14 -0500] "GET /wp-includes/assets/wp-login.php HTTP/1.1" 200 544 "-" "Mozilla/5.0 (Linux; Android 10; K) AppleWebKit/537.36 (KHTML, like Gecko) Chrome/114.0.0.0 Mobile Safari/537.36"
182.10.98.213 - - [14/Nov/2025:13:43:21 -0500] "GET /wp-includes/cron.php HTTP/1.1" 403 1242 "-" "Mozilla/5.0 (Linux; Android 10; K) AppleWebKit/537.36 (KHTML, like Gecko) Chrome/114.0.0.0 Mobile Safari/537.36"
182.10.98.213 - - [14/Nov/2025:13:43:21 -0500] "GET /wp-includes/css/index.php HTTP/1.1" 200 544 "-" "Mozilla/5.0 (Linux; Android 10; K) AppleWebKit/537.36 (KHTML, like Gecko) Chrome/114.0.0.0 Mobile Safari/537.36"
182.10.98.213 - - [14/Nov/2025:13:43:21 -0500] "GET /wp-includes/css/themes.php HTTP/1.1" 200 544 "-" "Mozilla/5.0 (Linux; Android 10; K) AppleWebKit/537.36 (KHTML, like Gecko) Chrome/114.0.0.0 Mobile Safari/537.36"
182.10.98.213 - - [14/Nov/2025:13:43:21 -0500] "GET /wp-includes/css/gelay.php HTTP/1.1" 200 544 "-" "Mozilla/5.0 (Linux; Android 10; K) AppleWebKit/537.36 (KHTML, like Gecko) Chrome/114.0.0.0 Mobile Safari/537.36"
182.10.98.213 - - [14/Nov/2025:13:43:21 -0500] "GET /wp-includes/css/wp-login.php HTTP/1.1" 200 544 "-" "Mozilla/5.0 (Linux; Android 10; K) AppleWebKit/537.36 (KHTML, like Gecko) Chrome/114.0.0.0 Mobile Safari/537.36"
182.10.98.213 - - [14/Nov/2025:13:43:22 -0500] "GET /wp-includes/customize/index.php HTTP/1.1" 200 544 "-" "Mozilla/5.0 (Linux; Android 10; K) AppleWebKit/537.36 (KHTML, like Gecko) Chrome/114.0.0.0 Mobile Safari/537.36"
182.10.98.213 - - [14/Nov/2025:13:43:22 -0500] "GET /wp-includes/fonts/dev.php HTTP/1.1" 200 544 "-" "Mozilla/5.0 (Linux; Android 10; K) AppleWebKit/537.36 (KHTML, like Gecko) Chrome/114.0.0.0 Mobile Safari/537.36"
182.10.98.213 - - [14/Nov/2025:13:43:22 -0500] "GET /wp-includes/fonts/about.php HTTP/1.1" 200 544 "-" "Mozilla/5.0 (Linux; Android 10; K) AppleWebKit/537.36 (KHTML, like Gecko) Chrome/114.0.0.0 Mobile Safari/537.36"
182.10.98.213 - - [14/Nov/2025:13:43:22 -0500] "GET /wp-includes/default.php HTTP/1.1" 200 544 "-" "Mozilla/5.0 (Linux; Android 10; K) AppleWebKit/537.36 (KHTML, like Gecko) Chrome/114.0.0.0 Mobile Safari/537.36"
182.10.98.213 - - [14/Nov/2025:13:43:22 -0500] "GET /wp-includes/fonts/iq.php HTTP/1.1" 200 544 "-" "Mozilla/5.0 (Linux; Android 10; K) AppleWebKit/537.36 (KHTML, like Gecko) Chrome/114.0.0.0 Mobile Safari/537.36"
182.10.98.213 - - [14/Nov/2025:13:43:28 -0500] "GET /wp-includes/fw.php HTTP/1.1" 200 544 "-" "Mozilla/5.0 (Linux; Android 10; K) AppleWebKit/537.36 (KHTML, like Gecko) Chrome/114.0.0.0 Mobile Safari/537.36"
182.10.98.213 - - [14/Nov/2025:13:43:28 -0500] "GET /wp-includes/fonts/iqb.php HTTP/1.1" 200 544 "-" "Mozilla/5.0 (Linux; Android 10; K) AppleWebKit/537.36 (KHTML, like Gecko) Chrome/114.0.0.0 Mobile Safari/537.36"
182.10.98.213 - - [14/Nov/2025:13:43:28 -0500] "GET /wp-includes/images/include.php HTTP/1.1" 200 544 "-" "Mozilla/5.0 (Linux; Android 10; K) AppleWebKit/537.36 (KHTML, like Gecko) Chrome/114.0.0.0 Mobile Safari/537.36"
182.10.98.213 - - [14/Nov/2025:13:43:28 -0500] "GET /wp-includes/ID3/index.php HTTP/1.1" 200 544 "-" "Mozilla/5.0 (Linux; Android 10; K) AppleWebKit/537.36 (KHTML, like Gecko) Chrome/114.0.0.0 Mobile Safari/537.36"
182.10.98.213 - - [14/Nov/2025:13:43:28 -0500] "GET /wp-includes/images/wp-login.php HTTP/1.1" 200 544 "-" "Mozilla/5.0 (Linux; Android 10; K) AppleWebKit/537.36 (KHTML, like Gecko) Chrome/114.0.0.0 Mobile Safari/537.36"
45.61.157.120 - - [14/Nov/2025:13:43:34 -0500] "GET / HTTP/1.1" 200 494 "-" "Mozilla/5.0 (Windows NT 11.0; Win64; x64) AppleWebKit/537.36 (KHTML, like Gecko) Chrome/129.0.0.0 Safari/537.36 Edg/129.0.0.0"
182.10.98.213 - - [14/Nov/2025:13:43:35 -0500] "GET /wp-includes/js/index.php HTTP/1.1" 200 544 "-" "Mozilla/5.0 (Linux; Android 10; K) AppleWebKit/537.36 (KHTML, like Gecko) Chrome/114.0.0.0 Mobile Safari/537.36"
182.10.98.213 - - [14/Nov/2025:13:43:35 -0500] "GET /wp-includes/IXR/index HTTP/1.1" 200 544 "-" "Mozilla/5.0 (Linux; Android 10; K) AppleWebKit/537.36 (KHTML, like Gecko) Chrome/114.0.0.0 Mobile Safari/537.36"
182.10.98.213 - - [14/Nov/2025:13:43:35 -0500] "GET /wp-includes/inputs.php HTTP/1.1" 200 544 "-" "Mozilla/5.0 (Linux; Android 10; K) AppleWebKit/537.36 (KHTML, like Gecko) Chrome/114.0.0.0 Mobile Safari/537.36"
182.10.98.213 - - [14/Nov/2025:13:43:35 -0500] "GET /wp-includes/index.php HTTP/1.1" 200 544 "-" "Mozilla/5.0 (Linux; Android 10; K) AppleWebKit/537.36 (KHTML, like Gecko) Chrome/114.0.0.0 Mobile Safari/537.36"
182.10.98.213 - - [14/Nov/2025:13:43:35 -0500] "GET /wp-includes/js/crop/index.php HTTP/1.1" 200 544 "-" "Mozilla/5.0 (Linux; Android 10; K) AppleWebKit/537.36 (KHTML, like Gecko) Chrome/114.0.0.0 Mobile Safari/537.36"
182.10.98.213 - - [14/Nov/2025:13:43:36 -0500] "GET /wp-includes/library.php HTTP/1.1" 200 544 "-" "Mozilla/5.0 (Linux; Android 10; K) AppleWebKit/537.36 (KHTML, like Gecko) Chrome/114.0.0.0 Mobile Safari/537.36"
182.10.98.213 - - [14/Nov/2025:13:43:36 -0500] "GET /wp-includes/l10n.php HTTP/1.1" 403 1242 "-" "Mozilla/5.0 (Linux; Android 10; K) AppleWebKit/537.36 (KHTML, like Gecko) Chrome/114.0.0.0 Mobile Safari/537.36"
182.10.98.213 - - [14/Nov/2025:13:43:36 -0500] "GET /wp-includes/pomo/index.php HTTP/1.1" 200 544 "-" "Mozilla/5.0 (Linux; Android 10; K) AppleWebKit/537.36 (KHTML, like Gecko) Chrome/114.0.0.0 Mobile Safari/537.36"
182.10.98.213 - - [14/Nov/2025:13:43:36 -0500] "GET /wp-includes/js/jcrop/Jcrop.php HTTP/1.1" 200 544 "-" "Mozilla/5.0 (Linux; Android 10; K) AppleWebKit/537.36 (KHTML, like Gecko) Chrome/114.0.0.0 Mobile Safari/537.36"
182.10.98.213 - - [14/Nov/2025:13:43:36 -0500] "GET /wp-includes/plugins.php HTTP/1.1" 200 544 "-" "Mozilla/5.0 (Linux; Android 10; K) AppleWebKit/537.36 (KHTML, like Gecko) Chrome/114.0.0.0 Mobile Safari/537.36"
182.10.98.213 - - [14/Nov/2025:13:43:43 -0500] "GET /wp-includes/rest-api/about.php HTTP/1.1" 200 544 "-" "Mozilla/5.0 (Linux; Android 10; K) AppleWebKit/537.36 (KHTML, like Gecko) Chrome/114.0.0.0 Mobile Safari/537.36"
182.10.98.213 - - [14/Nov/2025:13:43:43 -0500] "GET /wp-includes/Requests/about.php HTTP/1.1" 200 544 "-" "Mozilla/5.0 (Linux; Android 10; K) AppleWebKit/537.36 (KHTML, like Gecko) Chrome/114.0.0.0 Mobile Safari/537.36"
182.10.98.213 - - [14/Nov/2025:13:43:43 -0500] "GET /wp-includes/rest-api/index.php HTTP/1.1" 200 544 "-" "Mozilla/5.0 (Linux; Android 10; K) AppleWebKit/537.36 (KHTML, like Gecko) Chrome/114.0.0.0 Mobile Safari/537.36"
182.10.98.213 - - [14/Nov/2025:13:43:43 -0500] "GET /wp-includes/radio.php HTTP/1.1" 200 544 "-" "Mozilla/5.0 (Linux; Android 10; K) AppleWebKit/537.36 (KHTML, like Gecko) Chrome/114.0.0.0 Mobile Safari/537.36"
182.10.98.213 - - [14/Nov/2025:13:43:43 -0500] "GET /wp-includes/Text/Diff/index.php HTTP/1.1" 200 544 "-" "Mozilla/5.0 (Linux; Android 10; K) AppleWebKit/537.36 (KHTML, like Gecko) Chrome/114.0.0.0 Mobile Safari/537.36"
182.10.98.213 - - [14/Nov/2025:13:43:50 -0500] "GET /wp-includes/Text/index.php HTTP/1.1" 200 544 "-" "Mozilla/5.0 (Linux; Android 10; K) AppleWebKit/537.36 (KHTML, like Gecko) Chrome/114.0.0.0 Mobile Safari/537.36"
182.10.98.213 - - [14/Nov/2025:13:43:50 -0500] "GET /wp-includes/upload.php HTTP/1.1" 200 544 "-" "Mozilla/5.0 (Linux; Android 10; K) AppleWebKit/537.36 (KHTML, like Gecko) Chrome/114.0.0.0 Mobile Safari/537.36"
182.10.98.213 - - [14/Nov/2025:13:43:50 -0500] "GET /wp-includes/themes.php HTTP/1.1" 200 544 "-" "Mozilla/5.0 (Linux; Android 10; K) AppleWebKit/537.36 (KHTML, like Gecko) Chrome/114.0.0.0 Mobile Safari/537.36"
182.10.98.213 - - [14/Nov/2025:13:43:50 -0500] "GET /wp-includes/widgets/about.php HTTP/1.1" 200 544 "-" "Mozilla/5.0 (Linux; Android 10; K) AppleWebKit/537.36 (KHTML, like Gecko) Chrome/114.0.0.0 Mobile Safari/537.36"
182.10.98.213 - - [14/Nov/2025:13:43:50 -0500] "GET /wp-includes/up.php HTTP/1.1" 200 544 "-" "Mozilla/5.0 (Linux; Android 10; K) AppleWebKit/537.36 (KHTML, like Gecko) Chrome/114.0.0.0 Mobile Safari/537.36"
182.10.98.213 - - [14/Nov/2025:13:43:51 -0500] "GET /wp-includes/widgets/index.php HTTP/1.1" 200 544 "-" "Mozilla/5.0 (Linux; Android 10; K) AppleWebKit/537.36 (KHTML, like Gecko) Chrome/114.0.0.0 Mobile Safari/537.36"
182.10.98.213 - - [14/Nov/2025:13:43:51 -0500] "GET /wp-includes/x.php HTTP/1.1" 200 544 "-" "Mozilla/5.0 (Linux; Android 10; K) AppleWebKit/537.36 (KHTML, like Gecko) Chrome/114.0.0.0 Mobile Safari/537.36"
182.10.98.213 - - [14/Nov/2025:13:43:51 -0500] "GET /wp-includes/wp-class.php HTTP/1.1" 200 544 "-" "Mozilla/5.0 (Linux; Android 10; K) AppleWebKit/537.36 (KHTML, like Gecko) Chrome/114.0.0.0 Mobile Safari/537.36"
182.10.98.213 - - [14/Nov/2025:13:43:51 -0500] "GET /wp-includes/wp-login.php HTTP/1.1" 200 544 "-" "Mozilla/5.0 (Linux; Android 10; K) AppleWebKit/537.36 (KHTML, like Gecko) Chrome/114.0.0.0 Mobile Safari/537.36"
182.10.98.213 - - [14/Nov/2025:13:43:51 -0500] "GET /wp-includes/xmlrpc.php HTTP/1.1" 200 544 "-" "Mozilla/5.0 (Linux; Android 10; K) AppleWebKit/537.36 (KHTML, like Gecko) Chrome/114.0.0.0 Mobile Safari/537.36"
182.10.98.213 - - [14/Nov/2025:13:43:51 -0500] "GET /wp-login.php HTTP/1.1" 200 2193 "-" "Mozilla/5.0 (Linux; Android 10; K) AppleWebKit/537.36 (KHTML, like Gecko) Chrome/114.0.0.0 Mobile Safari/537.36"
182.10.98.213 - - [14/Nov/2025:13:43:51 -0500] "GET /wp-mails.php HTTP/1.1" 200 544 "-" "Mozilla/5.0 (Linux; Android 10; K) AppleWebKit/537.36 (KHTML, like Gecko) Chrome/114.0.0.0 Mobile Safari/537.36"
162.0.217.77 - - [14/Nov/2025:13:43:51 -0500] "POST /wp-cron.php?doing_wp_cron=1763145831.8203430175781250000000 HTTP/1.1" 403 1242 "-" "WordPress/6.8.3; https://hc-cosmetics.com"
182.10.98.213 - - [14/Nov/2025:13:43:51 -0500] "GET /wp-mail.php HTTP/1.1" 403 1129 "-" "Mozilla/5.0 (Linux; Android 10; K) AppleWebKit/537.36 (KHTML, like Gecko) Chrome/114.0.0.0 Mobile Safari/537.36"
162.0.217.77 - - [14/Nov/2025:13:43:51 -0500] "POST /wp-cron.php?doing_wp_cron=1763145831.8487439155578613281250 HTTP/1.1" 403 1242 "-" "WordPress/6.8.3; https://hc-cosmetics.com"
182.10.98.213 - - [14/Nov/2025:13:43:51 -0500] "GET /wp-trackback.php HTTP/1.1" 404 130 "-" "Mozilla/5.0 (Linux; Android 10; K) AppleWebKit/537.36 (KHTML, like Gecko) Chrome/114.0.0.0 Mobile Safari/537.36"
182.10.98.213 - - [14/Nov/2025:13:43:52 -0500] "GET /wp-load.php HTTP/1.1" 200 0 "-" "Mozilla/5.0 (Linux; Android 10; K) AppleWebKit/537.36 (KHTML, like Gecko) Chrome/114.0.0.0 Mobile Safari/537.36"
182.10.98.213 - - [14/Nov/2025:13:43:56 -0500] "GET /wp1.php HTTP/1.1" 200 544 "-" "Mozilla/5.0 (Linux; Android 10; K) AppleWebKit/537.36 (KHTML, like Gecko) Chrome/114.0.0.0 Mobile Safari/537.36"
182.10.98.213 - - [14/Nov/2025:13:43:56 -0500] "GET /wp/wp-includes/fonts/dev.php HTTP/1.1" 200 544 "-" "Mozilla/5.0 (Linux; Android 10; K) AppleWebKit/537.36 (KHTML, like Gecko) Chrome/114.0.0.0 Mobile Safari/537.36"
182.10.98.213 - - [14/Nov/2025:13:43:56 -0500] "GET /wp-wso.php HTTP/1.1" 200 544 "-" "Mozilla/5.0 (Linux; Android 10; K) AppleWebKit/537.36 (KHTML, like Gecko) Chrome/114.0.0.0 Mobile Safari/537.36"
182.10.98.213 - - [14/Nov/2025:13:43:56 -0500] "GET /wp.php HTTP/1.1" 200 544 "-" "Mozilla/5.0 (Linux; Android 10; K) AppleWebKit/537.36 (KHTML, like Gecko) Chrome/114.0.0.0 Mobile Safari/537.36"
45.61.157.120 - - [14/Nov/2025:13:43:59 -0500] "GET /wp-login.php HTTP/1.1" 200 1950 "-" "Mozilla/5.0 (Windows NT 11.0; Win64; x64) AppleWebKit/537.36 (KHTML, like Gecko) Chrome/129.0.0.0 Safari/537.36 Edg/129.0.0.0"
182.10.98.213 - - [14/Nov/2025:13:44:01 -0500] "GET /wp/wp-includes/fonts/iqb.php HTTP/1.1" 200 544 "-" "Mozilla/5.0 (Linux; Android 10; K) AppleWebKit/537.36 (KHTML, like Gecko) Chrome/114.0.0.0 Mobile Safari/537.36"
182.10.98.213 - - [14/Nov/2025:13:44:02 -0500] "GET /wso403.php HTTP/1.1" 200 544 "-" "Mozilla/5.0 (Linux; Android 10; K) AppleWebKit/537.36 (KHTML, like Gecko) Chrome/114.0.0.0 Mobile Safari/537.36"
182.10.98.213 - - [14/Nov/2025:13:44:02 -0500] "GET /wso.php HTTP/1.1" 200 544 "-" "Mozilla/5.0 (Linux; Android 10; K) AppleWebKit/537.36 (KHTML, like Gecko) Chrome/114.0.0.0 Mobile Safari/537.36"
182.10.98.213 - - [14/Nov/2025:13:44:02 -0500] "GET /x.php HTTP/1.1" 200 544 "-" "Mozilla/5.0 (Linux; Android 10; K) AppleWebKit/537.36 (KHTML, like Gecko) Chrome/114.0.0.0 Mobile Safari/537.36"
182.10.98.213 - - [14/Nov/2025:13:44:02 -0500] "GET /wpindex.php HTTP/1.1" 200 544 "-" "Mozilla/5.0 (Linux; Android 10; K) AppleWebKit/537.36 (KHTML, like Gecko) Chrome/114.0.0.0 Mobile Safari/537.36"
182.10.98.213 - - [14/Nov/2025:13:44:02 -0500] "GET /wsanon.php HTTP/1.1" 200 544 "-" "Mozilla/5.0 (Linux; Android 10; K) AppleWebKit/537.36 (KHTML, like Gecko) Chrome/114.0.0.0 Mobile Safari/537.36"
182.10.98.213 - - [14/Nov/2025:13:44:02 -0500] "GET /xmrlpc.php?p= HTTP/1.1" 200 544 "-" "Mozilla/5.0 (Linux; Android 10; K) AppleWebKit/537.36 (KHTML, like Gecko) Chrome/114.0.0.0 Mobile Safari/537.36"
182.10.98.213 - - [14/Nov/2025:13:44:02 -0500] "GET /xleet.php HTTP/1.1" 200 544 "-" "Mozilla/5.0 (Linux; Android 10; K) AppleWebKit/537.36 (KHTML, like Gecko) Chrome/114.0.0.0 Mobile Safari/537.36"
182.10.98.213 - - [14/Nov/2025:13:44:02 -0500] "GET /xmrlpc.php HTTP/1.1" 200 544 "-" "Mozilla/5.0 (Linux; Android 10; K) AppleWebKit/537.36 (KHTML, like Gecko) Chrome/114.0.0.0 Mobile Safari/537.36"
182.10.98.213 - - [14/Nov/2025:13:44:02 -0500] "GET /xleet-shell.php HTTP/1.1" 200 544 "-" "Mozilla/5.0 (Linux; Android 10; K) AppleWebKit/537.36 (KHTML, like Gecko) Chrome/114.0.0.0 Mobile Safari/537.36"
182.10.98.213 - - [14/Nov/2025:13:44:02 -0500] "GET /xmlrpc.php HTTP/1.1" 405 62 "-" "Mozilla/5.0 (Linux; Android 10; K) AppleWebKit/537.36 (KHTML, like Gecko) Chrome/114.0.0.0 Mobile Safari/537.36"
182.10.98.213 - - [14/Nov/2025:13:44:08 -0500] "GET /y.php HTTP/1.1" 200 544 "-" "Mozilla/5.0 (Linux; Android 10; K) AppleWebKit/537.36 (KHTML, like Gecko) Chrome/114.0.0.0 Mobile Safari/537.36"
182.10.98.213 - - [14/Nov/2025:13:44:08 -0500] "GET /zero.php HTTP/1.1" 200 544 "-" "Mozilla/5.0 (Linux; Android 10; K) AppleWebKit/537.36 (KHTML, like Gecko) Chrome/114.0.0.0 Mobile Safari/537.36"
182.10.98.213 - - [14/Nov/2025:13:44:08 -0500] "GET /xx.php HTTP/1.1" 200 544 "-" "Mozilla/5.0 (Linux; Android 10; K) AppleWebKit/537.36 (KHTML, like Gecko) Chrome/114.0.0.0 Mobile Safari/537.36"
182.10.98.213 - - [14/Nov/2025:13:44:08 -0500] "GET /xxx.php HTTP/1.1" 200 544 "-" "Mozilla/5.0 (Linux; Android 10; K) AppleWebKit/537.36 (KHTML, like Gecko) Chrome/114.0.0.0 Mobile Safari/537.36"
182.10.98.213 - - [14/Nov/2025:13:44:08 -0500] "GET /z.php HTTP/1.1" 200 544 "-" "Mozilla/5.0 (Linux; Android 10; K) AppleWebKit/537.36 (KHTML, like Gecko) Chrome/114.0.0.0 Mobile Safari/537.36"
182.10.98.213 - - [14/Nov/2025:13:44:09 -0500] "GET /zone.php?phpshell HTTP/1.1" 200 544 "-" "Mozilla/5.0 (Linux; Android 10; K) AppleWebKit/537.36 (KHTML, like Gecko) Chrome/114.0.0.0 Mobile Safari/537.36"
66.249.72.69 - - [14/Nov/2025:13:49:04 -0500] "GET /product/silky-feel-good-serum/?add-to-cart=1091&action=yith-woocompare-add-product&id=1004&_wpnonce=c2f9e53d76 HTTP/1.1" 200 494 "-" "Mozilla/5.0 (Linux; Android 6.0.1; Nexus 5X Build/MMB29P) AppleWebKit/537.36 (KHTML, like Gecko) Chrome/141.0.7390.122 Mobile Safari/537.36 (compatible; Googlebot/2.1; +http://www.google.com/bot.html)"
17.22.253.82 - - [14/Nov/2025:13:51:15 -0500] "GET /robots.txt HTTP/1.1" 200 15 "-" "Mozilla/5.0 (Macintosh; Intel Mac OS X 10_15_7) AppleWebKit/605.1.15 (KHTML, like Gecko) Version/17.4 Safari/605.1.15 (Applebot/0.1; +http://www.apple.com/go/applebot)"
17.22.253.82 - - [14/Nov/2025:13:51:15 -0500] "GET /product-tag/hair-gel/ HTTP/1.1" 200 544 "-" "Mozilla/5.0 (Macintosh; Intel Mac OS X 10_15_7) AppleWebKit/605.1.15 (KHTML, like Gecko) Version/17.4 Safari/605.1.15 (Applebot/0.1; +http://www.apple.com/go/applebot)"
66.249.72.69 - - [14/Nov/2025:14:28:19 -0500] "GET /product/silky-feel-good-serum/?action=yith-woocompare-add-product&id=997&_wpnonce=c2f9e53d76 HTTP/1.1" 200 494 "-" "Mozilla/5.0 (Linux; Android 6.0.1; Nexus 5X Build/MMB29P) AppleWebKit/537.36 (KHTML, like Gecko) Chrome/141.0.7390.122 Mobile Safari/537.36 (compatible; Googlebot/2.1; +http://www.google.com/bot.html)"
217.182.195.179 - - [14/Nov/2025:14:28:27 -0500] "GET /robots.txt HTTP/1.1" 403 1242 "-" "Mozilla/5.0 (compatible; MJ12bot/v1.4.8; http://mj12bot.com/)"
101.32.52.164 - - [14/Nov/2025:14:28:38 -0500] "GET / HTTP/1.1" 200 544 "http://www.hc-cosmetics.com" "Mozilla/5.0 (iPhone; CPU iPhone OS 13_2_3 like Mac OS X) AppleWebKit/605.1.15 (KHTML, like Gecko) Version/13.0.3 Mobile/15E148 Safari/604.1"
66.249.72.68 - - [14/Nov/2025:15:06:03 -0500] "GET /cart/?remove_item=a1140a3d0df1c81e24ae954d935e8926&_wpnonce=0305bbb162 HTTP/1.1" 200 494 "-" "Mozilla/5.0 (Linux; Android 6.0.1; Nexus 5X Build/MMB29P) AppleWebKit/537.36 (KHTML, like Gecko) Chrome/141.0.7390.122 Mobile Safari/537.36 (compatible; Googlebot/2.1; +http://www.google.com/bot.html)"
66.249.72.67 - - [14/Nov/2025:15:09:19 -0500] "GET /product/silky-feel-good-shampoo/?add-to-cart=1125&action=yith-woocompare-add-product&id=1099&_wpnonce=ede004ea57 HTTP/1.1" 200 494 "-" "Mozilla/5.0 (Linux; Android 6.0.1; Nexus 5X Build/MMB29P) AppleWebKit/537.36 (KHTML, like Gecko) Chrome/141.0.7390.122 Mobile Safari/537.36 (compatible; Googlebot/2.1; +http://www.google.com/bot.html)"
114.79.23.125 - - [14/Nov/2025:15:11:08 -0500] "GET /index.php HTTP/1.1" 200 494 "-" "Mozilla/5.0 (Linux; Android 10; K) AppleWebKit/537.36 (KHTML, like Gecko) Chrome/142.0.0.0 Mobile Safari/537.36"
114.79.23.125 - - [14/Nov/2025:15:11:09 -0500] "GET /favicon.ico HTTP/1.1" 404 1251 "https://hc-cosmetics.com/index.php" "Mozilla/5.0 (Linux; Android 10; K) AppleWebKit/537.36 (KHTML, like Gecko) Chrome/142.0.0.0 Mobile Safari/537.36"
114.79.23.125 - - [14/Nov/2025:15:11:30 -0500] "GET /index.php HTTP/1.1" 404 1251 "-" "Mozilla/5.0 (Linux; Android 10; K) AppleWebKit/537.36 (KHTML, like Gecko) Chrome/142.0.0.0 Mobile Safari/537.36"
114.79.23.125 - - [14/Nov/2025:15:12:11 -0500] "GET /index.php HTTP/1.1" 200 1181 "-" "Mozilla/5.0 (Linux; Android 10; K) AppleWebKit/537.36 (KHTML, like Gecko) Chrome/142.0.0.0 Mobile Safari/537.36"
114.79.23.125 - - [14/Nov/2025:15:12:48 -0500] "GET /index.php HTTP/1.1" 500 0 "-" "Mozilla/5.0 (Linux; Android 10; K) AppleWebKit/537.36 (KHTML, like Gecko) Chrome/142.0.0.0 Mobile Safari/537.36"
114.79.23.125 - - [14/Nov/2025:15:12:50 -0500] "GET /index.php HTTP/1.1" 500 0 "-" "Mozilla/5.0 (Linux; Android 10; K) AppleWebKit/537.36 (KHTML, like Gecko) Chrome/142.0.0.0 Mobile Safari/537.36"
114.79.23.125 - - [14/Nov/2025:15:14:02 -0500] "GET /index.php HTTP/1.1" 200 497 "-" "Mozilla/5.0 (Linux; Android 10; K) AppleWebKit/537.36 (KHTML, like Gecko) Chrome/142.0.0.0 Mobile Safari/537.36"
175.6.217.4 - - [14/Nov/2025:15:24:16 -0500] "GET / HTTP/1.1" 200 549 "http://hc-cosmetics.com" "Mozilla/5.0 (iPhone; CPU iPhone OS 13_2_3 like Mac OS X) AppleWebKit/605.1.15 (KHTML, like Gecko) Version/13.0.3 Mobile/15E148 Safari/604.1"
41.216.188.19 - - [14/Nov/2025:15:29:00 -0500] "GET / HTTP/1.1" 200 549 "-" "Mozilla/5.0 (Windows NT 10.0; Win64; x64) AppleWebKit/537.36 (KHTML, like Gecko) Chrome/58.0.3029.110 Safari/537.3"
178.18.247.115 - - [14/Nov/2025:15:31:50 -0500] "HEAD / HTTP/1.1" 200 0 "-" "python-requests/2.32.5"
162.0.217.77 - - [14/Nov/2025:15:31:56 -0500] "POST /wp-cron.php?doing_wp_cron=1763152316.6338789463043212890625 HTTP/1.1" 403 1242 "-" "WordPress/6.8.3; https://hc-cosmetics.com"
162.0.217.77 - - [14/Nov/2025:15:31:56 -0500] "POST /wp-admin/admin-ajax.php?action=as_async_request_queue_runner&nonce=f2d88436e2 HTTP/1.1" 200 0 "-" "WordPress/6.8.3; https://hc-cosmetics.com"
178.18.247.115 - - [14/Nov/2025:15:31:51 -0500] "GET /wp-admin/ HTTP/1.1" 302 0 "binance.com" "Mozilla/5.0 (Windows NT 10.0; Win64; x64) AppleWebKit/537.36 (KHTML, like Gecko) Edge/119.0.2151.97"
178.18.247.115 - - [14/Nov/2025:15:31:57 -0500] "GET /wp-login.php?redirect_to=https%3A%2F%2Fhc-cosmetics.com%2Fwp-admin%2F&reauth=1 HTTP/1.1" 200 2195 "binance.com" "Mozilla/5.0 (Windows NT 10.0; Win64; x64) AppleWebKit/537.36 (KHTML, like Gecko) Edge/119.0.2151.97"
178.18.247.115 - - [14/Nov/2025:15:31:58 -0500] "GET /xmlrpc.php HTTP/1.1" 405 62 "binance.com" "Mozilla/5.0 (Windows NT 10.0; Win64; x64; rv:120.0) Gecko/20100101 Firefox/120.0"
178.18.247.115 - - [14/Nov/2025:15:31:59 -0500] "GET /?rest_route=/wp/v2/users HTTP/1.1" 200 549 "binance.com" "Mozilla/5.0 (Macintosh; Intel Mac OS X 14_2_1) AppleWebKit/605.1.15 (KHTML, like Gecko) Version/17.1 Safari/605.1.15"
178.18.247.115 - - [14/Nov/2025:15:31:59 -0500] "GET /?author=1 HTTP/1.1" 200 549 "binance.com" "Mozilla/5.0 (Linux; Android 13; Pixel 7) AppleWebKit/537.36 (KHTML, like Gecko) Chrome/119.0.0.0 Mobile Safari/537.36"
216.73.216.37 - - [14/Nov/2025:15:40:04 -0500] "GET /robots.txt HTTP/1.1" 200 15 "-" "Mozilla/5.0 AppleWebKit/537.36 (KHTML, like Gecko; compatible; ClaudeBot/1.0; [email protected])"
216.73.216.37 - - [14/Nov/2025:15:40:04 -0500] "GET /sitemap.xml HTTP/1.1" 200 497 "-" "Mozilla/5.0 AppleWebKit/537.36 (KHTML, like Gecko; compatible; ClaudeBot/1.0; [email protected])"
216.244.66.236 - - [14/Nov/2025:15:42:54 -0500] "GET /robots.txt HTTP/1.1" 403 1242 "-" "Mozilla/5.0 (compatible; DotBot/1.2; +https://opensiteexplorer.org/dotbot; [email protected])"
216.73.216.109 - - [14/Nov/2025:15:46:46 -0500] "GET /sitemap.xml HTTP/1.1" 200 497 "-" "Mozilla/5.0 AppleWebKit/537.36 (KHTML, like Gecko; compatible; ClaudeBot/1.0; [email protected])"
149.34.252.54 - - [14/Nov/2025:15:52:29 -0500] "GET /contact-us/ HTTP/1.0" 200 1010 "https://hc-cosmetics.com/contact-us/" "Mozilla/5.0 (Windows NT 10.0; Win64; x64) AppleWebKit/537.36 (KHTML, like Gecko) Chrome/103.0.5042.0 Safari/537.36"
149.34.252.54 - - [14/Nov/2025:15:52:30 -0500] "GET / HTTP/1.0" 200 1010 "https://hc-cosmetics.com/" "Mozilla/5.0 (Windows NT 10.0; Win64; x64) AppleWebKit/537.36 (KHTML, like Gecko) Chrome/103.0.5042.0 Safari/537.36"
66.249.72.67 - - [14/Nov/2025:15:58:47 -0500] "GET /product/castledew-hair-spray/ HTTP/1.1" 200 497 "-" "Mozilla/5.0 (Linux; Android 6.0.1; Nexus 5X Build/MMB29P) AppleWebKit/537.36 (KHTML, like Gecko) Chrome/141.0.7390.122 Mobile Safari/537.36 (compatible; Googlebot/2.1; +http://www.google.com/bot.html)"
104.244.78.229 - - [14/Nov/2025:16:02:58 -0500] "GET /wp-login.php HTTP/1.1" 200 2193 "https://www.bing.com/" "Mozilla/5.0 (Windows NT 10.0; Win64; x64) AppleWebKit/537.36 (KHTML, like Gecko) Chrome/118.0.5993.117 Safari/537.36"
162.0.217.77 - - [14/Nov/2025:16:03:05 -0500] "POST /wp-cron.php?doing_wp_cron=1763154185.4600799083709716796875 HTTP/1.1" 403 1242 "-" "WordPress/6.8.3; https://hc-cosmetics.com"
104.244.78.229 - - [14/Nov/2025:16:03:00 -0500] "POST /wp-login.php HTTP/1.1" 200 2300 "https://www.bing.com/" "Mozilla/5.0 (Windows NT 10.0; Win64; x64) AppleWebKit/537.36 (KHTML, like Gecko) Chrome/118.0.5993.117 Safari/537.36"
216.73.216.109 - - [14/Nov/2025:16:06:35 -0500] "GET /sitemap.xml HTTP/1.1" 200 497 "-" "Mozilla/5.0 AppleWebKit/537.36 (KHTML, like Gecko; compatible; ClaudeBot/1.0; [email protected])"
66.249.72.69 - - [14/Nov/2025:16:19:19 -0500] "GET /product/castledew-hair-spray/ HTTP/1.1" 200 497 "-" "Mozilla/5.0 (Linux; Android 6.0.1; Nexus 5X Build/MMB29P) AppleWebKit/537.36 (KHTML, like Gecko) Chrome/141.0.7390.122 Mobile Safari/537.36 (compatible; Googlebot/2.1; +http://www.google.com/bot.html)"
216.73.216.109 - - [14/Nov/2025:16:20:41 -0500] "GET /sitemap.xml HTTP/1.1" 200 497 "-" "Mozilla/5.0 AppleWebKit/537.36 (KHTML, like Gecko; compatible; ClaudeBot/1.0; [email protected])"
51.75.119.165 - - [14/Nov/2025:16:23:59 -0500] "GET /robots.txt HTTP/1.1" 403 1242 "-" "Mozilla/5.0 (compatible; MJ12bot/v1.4.8; http://mj12bot.com/)"
66.249.72.69 - - [14/Nov/2025:16:54:19 -0500] "GET /product-tag/makeup/ HTTP/1.1" 200 497 "-" "Mozilla/5.0 (Linux; Android 6.0.1; Nexus 5X Build/MMB29P) AppleWebKit/537.36 (KHTML, like Gecko) Chrome/141.0.7390.122 Mobile Safari/537.36 (compatible; Googlebot/2.1; +http://www.google.com/bot.html)"
66.249.72.69 - - [14/Nov/2025:17:03:31 -0500] "GET /cart/?remove_item=fed33392d3a48aa149a87a38b875ba4a&_wpnonce=81a728a941 HTTP/1.1" 200 497 "-" "Mozilla/5.0 (Linux; Android 6.0.1; Nexus 5X Build/MMB29P) AppleWebKit/537.36 (KHTML, like Gecko) Chrome/141.0.7390.122 Mobile Safari/537.36 (compatible; Googlebot/2.1; +http://www.google.com/bot.html)"
66.249.72.67 - - [14/Nov/2025:17:06:47 -0500] "GET /cart/?remove_item=0eec27c419d0fe24e53c90338cdc8bc6&_wpnonce=8228f1b834 HTTP/1.1" 200 497 "-" "Mozilla/5.0 (Linux; Android 6.0.1; Nexus 5X Build/MMB29P) AppleWebKit/537.36 (KHTML, like Gecko) Chrome/141.0.7390.122 Mobile Safari/537.36 (compatible; Googlebot/2.1; +http://www.google.com/bot.html)"
66.249.72.67 - - [14/Nov/2025:17:07:34 -0500] "GET /product/silky-feel-good-mist/?add-to-cart=1073&action=yith-woocompare-add-product&id=997&_wpnonce=0b1d31f0c4 HTTP/1.1" 200 497 "-" "Mozilla/5.0 (Linux; Android 6.0.1; Nexus 5X Build/MMB29P) AppleWebKit/537.36 (KHTML, like Gecko) Chrome/141.0.7390.122 Mobile Safari/537.36 (compatible; Googlebot/2.1; +http://www.google.com/bot.html)"
66.249.72.69 - - [14/Nov/2025:17:12:23 -0500] "GET /product/silky-x-trim-shampoo-anti-dandruff-shampoo/?action=yith-woocompare-add-product&id=1004&_wpnonce=4b838d7580 HTTP/1.1" 200 497 "-" "Mozilla/5.0 (Linux; Android 6.0.1; Nexus 5X Build/MMB29P) AppleWebKit/537.36 (KHTML, like Gecko) Chrome/141.0.7390.122 Mobile Safari/537.36 (compatible; Googlebot/2.1; +http://www.google.com/bot.html)"
66.249.72.69 - - [14/Nov/2025:17:29:58 -0500] "GET /product/silky-feel-good-shampoo/?add-to-cart=1077&action=yith-woocompare-add-product&id=989&_wpnonce=e171e6f1b4 HTTP/1.1" 200 497 "-" "Mozilla/5.0 (Linux; Android 6.0.1; Nexus 5X Build/MMB29P) AppleWebKit/537.36 (KHTML, like Gecko) Chrome/141.0.7390.122 Mobile Safari/537.36 (compatible; Googlebot/2.1; +http://www.google.com/bot.html)"
66.249.72.67 - - [14/Nov/2025:17:31:36 -0500] "GET /product/nouvelle-mousse-strong-hold/?add-to-cart=1004&action=yith-woocompare-add-product&id=1075&_wpnonce=f896535ed1 HTTP/1.1" 200 497 "-" "Mozilla/5.0 (Linux; Android 6.0.1; Nexus 5X Build/MMB29P) AppleWebKit/537.36 (KHTML, like Gecko) Chrome/141.0.7390.122 Mobile Safari/537.36 (compatible; Googlebot/2.1; +http://www.google.com/bot.html)"
66.249.72.69 - - [14/Nov/2025:17:32:12 -0500] "GET /product/silky-x-trim-shampoo-anti-dandruff-shampoo/?add-to-cart=1073&action=yith-woocompare-add-product&id=1073&_wpnonce=28c3b5dc29 HTTP/1.1" 200 497 "-" "Mozilla/5.0 (Linux; Android 6.0.1; Nexus 5X Build/MMB29P) AppleWebKit/537.36 (KHTML, like Gecko) Chrome/141.0.7390.122 Mobile Safari/537.36 (compatible; Googlebot/2.1; +http://www.google.com/bot.html)"
162.0.217.77 - - [14/Nov/2025:17:46:47 -0500] "GET / HTTP/1.1" 200 1010 "-" "Mozilla/5.0 (Windows NT 10.0; Win64; x64; rv:122.0) Gecko/20100101 Firefox/122.0"
157.66.54.162 - - [14/Nov/2025:17:49:27 -0500] "GET /style.php HTTP/1.1" 200 549 "http://hc-cosmetics.com/style.php" "Go-http-client/2.0"
157.66.54.162 - - [14/Nov/2025:17:49:28 -0500] "GET /wp-content/style.php HTTP/1.1" 200 549 "http://hc-cosmetics.com/wp-content/style.php" "Go-http-client/2.0"
157.66.54.162 - - [14/Nov/2025:17:49:29 -0500] "GET /wp-content/themes/style.php HTTP/1.1" 200 549 "http://hc-cosmetics.com/wp-content/themes/style.php" "Go-http-client/2.0"
157.66.54.162 - - [14/Nov/2025:17:49:29 -0500] "GET /wp-admin/style.php HTTP/1.1" 200 549 "http://hc-cosmetics.com/wp-admin/style.php" "Go-http-client/2.0"
157.66.54.162 - - [14/Nov/2025:17:49:30 -0500] "GET /wp-includes/style.php HTTP/1.1" 200 549 "http://hc-cosmetics.com/wp-includes/style.php" "Go-http-client/2.0"
157.66.54.162 - - [14/Nov/2025:17:49:31 -0500] "GET /chosen.php?p= HTTP/1.1" 200 549 "http://hc-cosmetics.com/chosen.php?p=" "Go-http-client/2.0"
157.66.54.162 - - [14/Nov/2025:17:49:31 -0500] "GET /file.php HTTP/1.1" 200 549 "http://hc-cosmetics.com/file.php" "Go-http-client/2.0"
157.66.54.162 - - [14/Nov/2025:17:49:32 -0500] "GET /flower.php HTTP/1.1" 200 549 "http://hc-cosmetics.com/flower.php" "Go-http-client/2.0"
157.66.54.162 - - [14/Nov/2025:17:49:32 -0500] "GET /gifclass.php HTTP/1.1" 200 549 "http://hc-cosmetics.com/gifclass.php#888xyz999" "Go-http-client/2.0"
157.66.54.162 - - [14/Nov/2025:17:49:33 -0500] "GET /bless.php HTTP/1.1" 200 549 "http://hc-cosmetics.com/bless.php#888xyz999" "Go-http-client/2.0"
157.66.54.162 - - [14/Nov/2025:17:49:33 -0500] "GET /class-t.api.php HTTP/1.1" 200 549 "http://hc-cosmetics.com/class-t.api.php#888xyz999" "Go-http-client/2.0"
157.66.54.162 - - [14/Nov/2025:17:49:34 -0500] "GET /blurbs.php HTTP/1.1" 200 549 "http://hc-cosmetics.com/blurbs.php#888xyz999" "Go-http-client/2.0"
157.66.54.162 - - [14/Nov/2025:17:49:34 -0500] "GET /akcc.php HTTP/1.1" 200 549 "http://hc-cosmetics.com/akcc.php" "Go-http-client/2.0"
157.66.54.162 - - [14/Nov/2025:17:49:35 -0500] "GET /abcd.php HTTP/1.1" 200 549 "http://hc-cosmetics.com/abcd.php" "Go-http-client/2.0"
157.66.54.162 - - [14/Nov/2025:17:49:35 -0500] "GET /shelp.php HTTP/1.1" 200 549 "http://hc-cosmetics.com/shelp.php" "Go-http-client/2.0"
157.66.54.162 - - [14/Nov/2025:17:49:36 -0500] "GET /cord.php HTTP/1.1" 200 549 "http://hc-cosmetics.com/cord.php" "Go-http-client/2.0"
157.66.54.162 - - [14/Nov/2025:17:49:36 -0500] "GET /dex.php HTTP/1.1" 200 549 "http://hc-cosmetics.com/dex.php" "Go-http-client/2.0"
162.0.217.77 - - [14/Nov/2025:17:49:42 -0500] "POST /wp-cron.php?doing_wp_cron=1763160582.6550219058990478515625 HTTP/1.1" 403 1242 "-" "WordPress/6.8.3; https://hc-cosmetics.com"
162.0.217.77 - - [14/Nov/2025:17:49:42 -0500] "POST /wp-admin/admin-ajax.php?action=as_async_request_queue_runner&nonce=f2d88436e2 HTTP/1.1" 200 0 "-" "WordPress/6.8.3; https://hc-cosmetics.com"
157.66.54.162 - - [14/Nov/2025:17:49:37 -0500] "GET /wp-admin/admin-ajax.php HTTP/1.1" 400 21 "http://hc-cosmetics.com/wp-admin/admin-ajax.php" "Go-http-client/2.0"
157.66.54.162 - - [14/Nov/2025:17:49:44 -0500] "GET /file2.php HTTP/1.1" 200 549 "http://hc-cosmetics.com/file2.php#tabFM" "Go-http-client/2.0"
157.66.54.162 - - [14/Nov/2025:17:49:45 -0500] "GET /zwso.php HTTP/1.1" 200 549 "http://hc-cosmetics.com//zwso.php" "Go-http-client/2.0"
157.66.54.162 - - [14/Nov/2025:17:49:46 -0500] "GET /wp-admin/zwso.php HTTP/1.1" 200 549 "http://hc-cosmetics.com/wp-admin/zwso.php" "Go-http-client/2.0"
157.66.54.162 - - [14/Nov/2025:17:49:47 -0500] "GET /wp-content/plugins/hellopress/wp_mna.php HTTP/1.1" 200 549 "http://hc-cosmetics.com/wp-content/plugins/hellopress/wp_mna.php" "Go-http-client/2.0"
157.66.54.162 - - [14/Nov/2025:17:49:48 -0500] "GET /bolt.php HTTP/1.1" 200 549 "http://hc-cosmetics.com/bolt.php" "Go-http-client/2.0"
157.66.54.162 - - [14/Nov/2025:17:49:49 -0500] "GET /shlo.php HTTP/1.1" 200 549 "http://hc-cosmetics.com/shlo.php#lufix" "Go-http-client/2.0"
157.66.54.162 - - [14/Nov/2025:17:49:50 -0500] "GET /133.php HTTP/1.1" 200 549 "http://hc-cosmetics.com/133.php" "Go-http-client/2.0"
157.66.54.162 - - [14/Nov/2025:17:49:52 -0500] "GET /ahax.php HTTP/1.1" 200 549 "http://hc-cosmetics.com/ahax.php" "Go-http-client/2.0"
17.246.15.54 - - [14/Nov/2025:17:49:52 -0500] "GET /robots.txt HTTP/1.1" 200 15 "-" "Mozilla/5.0 (Macintosh; Intel Mac OS X 10_15_7) AppleWebKit/605.1.15 (KHTML, like Gecko) Version/17.4 Safari/605.1.15 (Applebot/0.1; +http://www.apple.com/go/applebot)"
17.246.15.54 - - [14/Nov/2025:17:49:52 -0500] "GET / HTTP/1.1" 200 549 "-" "Mozilla/5.0 (Macintosh; Intel Mac OS X 10_15_7) AppleWebKit/605.1.15 (KHTML, like Gecko) Version/17.4 Safari/605.1.15 (Applebot/0.1; +http://www.apple.com/go/applebot)"
157.66.54.162 - - [14/Nov/2025:17:49:53 -0500] "GET /php8.php HTTP/1.1" 200 549 "http://hc-cosmetics.com/php8.php#xleet" "Go-http-client/2.0"
157.66.54.162 - - [14/Nov/2025:17:49:54 -0500] "GET /lufix1.php HTTP/1.1" 200 549 "http://hc-cosmetics.com/lufix1.php#lufix" "Go-http-client/2.0"
157.66.54.162 - - [14/Nov/2025:17:49:55 -0500] "GET /witmm.php HTTP/1.1" 200 549 "http://hc-cosmetics.com/witmm.php#lufix" "Go-http-client/2.0"
157.66.54.162 - - [14/Nov/2025:17:49:56 -0500] "GET /wp-admin/css/index.php HTTP/1.1" 200 549 "http://hc-cosmetics.com/wp-admin/css/index.php" "Go-http-client/2.0"
157.66.54.162 - - [14/Nov/2025:17:49:57 -0500] "GET /wp-content/plugins/index.php HTTP/1.1" 200 0 "http://hc-cosmetics.com/wp-content/plugins/index.php" "Go-http-client/2.0"
157.66.54.162 - - [14/Nov/2025:17:49:58 -0500] "GET /wp-content/index.php HTTP/1.1" 200 0 "http://hc-cosmetics.com/wp-content/index.php" "Go-http-client/2.0"
157.66.54.162 - - [14/Nov/2025:17:49:59 -0500] "GET /ioxi-o.php HTTP/1.1" 200 549 "http://hc-cosmetics.com/ioxi-o.php" "Go-http-client/2.0"
157.66.54.162 - - [14/Nov/2025:17:50:01 -0500] "GET /222.php HTTP/1.1" 200 549 "http://hc-cosmetics.com/222.php" "Go-http-client/2.0"
157.66.54.162 - - [14/Nov/2025:17:50:02 -0500] "GET /files.php HTTP/1.1" 200 549 "http://hc-cosmetics.com/files.php#admin@3tu/T?TJ8v?N" "Go-http-client/2.0"
157.66.54.162 - - [14/Nov/2025:17:50:03 -0500] "GET /wp-editor.php HTTP/1.1" 200 549 "http://hc-cosmetics.com/wp-editor.php#lufix" "Go-http-client/2.0"
45.61.149.134 - - [14/Nov/2025:17:54:06 -0500] "GET / HTTP/1.1" 200 497 "https://www.bing.com/" "Mozilla/5.0 (Windows NT 11.0; Win64; x64) AppleWebKit/537.36 (KHTML, like Gecko) Chrome/129.0.0.0 Safari/537.36"
45.61.149.134 - - [14/Nov/2025:17:54:07 -0500] "GET /wp-login.php HTTP/1.1" 200 1950 "https://www.bing.com/" "Mozilla/5.0 (Windows NT 11.0; Win64; x64) AppleWebKit/537.36 (KHTML, like Gecko) Chrome/129.0.0.0 Safari/537.36"
216.73.216.109 - - [14/Nov/2025:17:54:19 -0500] "GET /robots.txt HTTP/1.1" 200 15 "-" "Mozilla/5.0 AppleWebKit/537.36 (KHTML, like Gecko; compatible; ClaudeBot/1.0; [email protected])"
216.73.216.109 - - [14/Nov/2025:17:54:19 -0500] "GET /sitemap.xml HTTP/1.1" 200 497 "-" "Mozilla/5.0 AppleWebKit/537.36 (KHTML, like Gecko; compatible; ClaudeBot/1.0; [email protected])"
66.249.72.68 - - [14/Nov/2025:18:06:17 -0500] "GET /product/silky-feel-good-conditioner/ HTTP/1.1" 200 497 "-" "Mozilla/5.0 (Linux; Android 6.0.1; Nexus 5X Build/MMB29P) AppleWebKit/537.36 (KHTML, like Gecko) Chrome/141.0.7390.122 Mobile Safari/537.36 (compatible; Googlebot/2.1; +http://www.google.com/bot.html)"
66.249.72.67 - - [14/Nov/2025:18:07:21 -0500] "GET /product/silky-feel-good-serum/?add-to-cart=1091&action=yith-woocompare-add-product&id=993&_wpnonce=668ed96b0d HTTP/1.1" 200 497 "-" "Mozilla/5.0 (Linux; Android 6.0.1; Nexus 5X Build/MMB29P) AppleWebKit/537.36 (KHTML, like Gecko) Chrome/141.0.7390.122 Mobile Safari/537.36 (compatible; Googlebot/2.1; +http://www.google.com/bot.html)"
54.37.86.225 - - [14/Nov/2025:18:10:54 -0500] "GET /robots.txt HTTP/1.1" 403 1242 "-" "Mozilla/5.0 (compatible; MJ12bot/v1.4.8; http://mj12bot.com/)"
216.73.216.109 - - [14/Nov/2025:18:13:59 -0500] "GET /sitemap.xml HTTP/1.1" 200 497 "-" "Mozilla/5.0 AppleWebKit/537.36 (KHTML, like Gecko; compatible; ClaudeBot/1.0; [email protected])"
87.236.176.162 - - [14/Nov/2025:18:15:44 -0500] "GET / HTTP/1.1" 200 549 "http://www.hc-cosmetics.com" "Mozilla/5.0 (compatible; InternetMeasurement/1.0; +https://internet-measurement.com/)"
185.247.137.168 - - [14/Nov/2025:18:15:44 -0500] "GET /favicon.ico HTTP/1.1" 404 1251 "-" "Mozilla/5.0 (compatible; InternetMeasurement/1.0; +https://internet-measurement.com/)"
66.249.72.68 - - [14/Nov/2025:18:15:45 -0500] "GET /cart/?remove_item=20d135f0f28185b84a4cf7aa51f29500&_wpnonce=dfa166b5cf HTTP/1.1" 200 497 "-" "Mozilla/5.0 (Linux; Android 6.0.1; Nexus 5X Build/MMB29P) AppleWebKit/537.36 (KHTML, like Gecko) Chrome/141.0.7390.122 Mobile Safari/537.36 (compatible; Googlebot/2.1; +http://www.google.com/bot.html)"
167.99.234.119 - - [14/Nov/2025:18:15:45 -0500] "GET /favicon.ico HTTP/1.1" 404 1251 "-" "Mozilla/5.0 (compatible; InternetMeasurement/1.0; +https://internet-measurement.com/)"
74.125.216.67 - - [14/Nov/2025:18:17:36 -0500] "GET /product/nouvelle-mousse-strong-hold/ HTTP/1.1" 200 497 "-" "Mozilla/5.0 (X11; Linux x86_64) AppleWebKit/537.36 (KHTML, like Gecko) Chrome/141.0.7390.122 Safari/537.36"
49.51.203.164 - - [14/Nov/2025:18:29:03 -0500] "GET / HTTP/1.1" 200 549 "http://hc-cosmetics.com" "Mozilla/5.0 (iPhone; CPU iPhone OS 13_2_3 like Mac OS X) AppleWebKit/605.1.15 (KHTML, like Gecko) Version/13.0.3 Mobile/15E148 Safari/604.1"
66.249.72.68 - - [14/Nov/2025:18:39:27 -0500] "GET /cart/?remove_item=c21002f464c5fc5bee3b98ced83963b8&_wpnonce=f22dab833e HTTP/1.1" 200 497 "-" "Mozilla/5.0 (Linux; Android 6.0.1; Nexus 5X Build/MMB29P) AppleWebKit/537.36 (KHTML, like Gecko) Chrome/141.0.7390.122 Mobile Safari/537.36 (compatible; Googlebot/2.1; +http://www.google.com/bot.html)"
66.249.72.68 - - [14/Nov/2025:18:41:44 -0500] "GET /product/silky-crystal-serum/?add-to-cart=1070&action=yith-woocompare-add-product&id=1073&_wpnonce=59d68063fe HTTP/1.1" 200 497 "-" "Mozilla/5.0 (Linux; Android 6.0.1; Nexus 5X Build/MMB29P) AppleWebKit/537.36 (KHTML, like Gecko) Chrome/141.0.7390.122 Mobile Safari/537.36 (compatible; Googlebot/2.1; +http://www.google.com/bot.html)"
66.249.72.67 - - [14/Nov/2025:18:43:24 -0500] "GET /cart/?remove_item=678a1491514b7f1006d605e9161946b1&_wpnonce=f51181d0d6 HTTP/1.1" 200 497 "-" "Mozilla/5.0 (Linux; Android 6.0.1; Nexus 5X Build/MMB29P) AppleWebKit/537.36 (KHTML, like Gecko) Chrome/141.0.7390.122 Mobile Safari/537.36 (compatible; Googlebot/2.1; +http://www.google.com/bot.html)"
204.111.206.104 - - [14/Nov/2025:18:51:58 -0500] "GET /sitemap.xml HTTP/1.1" 200 549 "www.zaldamo.com" "ZaldamoSearchBot"
66.249.72.69 - - [14/Nov/2025:19:00:12 -0500] "GET /product/silky-x-trim-shampoo-anti-dandruff-shampoo/feed/ HTTP/1.1" 200 497 "-" "Mozilla/5.0 (Linux; Android 6.0.1; Nexus 5X Build/MMB29P) AppleWebKit/537.36 (KHTML, like Gecko) Chrome/141.0.7390.122 Mobile Safari/537.36 (compatible; Googlebot/2.1; +http://www.google.com/bot.html)"
123.18.99.122 - - [14/Nov/2025:19:04:48 -0500] "GET / HTTP/1.1" 200 497 "-" "Mozilla/5.0 (Windows NT 11.0; Win64; x64) AppleWebKit/537.36 (KHTML, like Gecko) Chrome/138.0.7204.158 Safari/537.36"
66.249.72.69 - - [14/Nov/2025:19:08:05 -0500] "GET /cart/?remove_item=390e982518a50e280d8e2b535462ec1f&_wpnonce=a12c513a54 HTTP/1.1" 200 497 "-" "Mozilla/5.0 (Linux; Android 6.0.1; Nexus 5X Build/MMB29P) AppleWebKit/537.36 (KHTML, like Gecko) Chrome/141.0.7390.122 Mobile Safari/537.36 (compatible; Googlebot/2.1; +http://www.google.com/bot.html)"
85.208.96.198 - - [14/Nov/2025:19:23:17 -0500] "GET /robots.txt HTTP/1.1" 403 1242 "-" "Mozilla/5.0 (compatible; SemrushBot/7~bl; +http://www.semrush.com/bot.html)"
185.191.171.13 - - [14/Nov/2025:19:23:19 -0500] "GET /tag/news/ HTTP/1.1" 403 1242 "-" "Mozilla/5.0 (compatible; SemrushBot/7~bl; +http://www.semrush.com/bot.html)"
66.249.72.68 - - [14/Nov/2025:19:28:45 -0500] "GET /cart/?remove_item=fed33392d3a48aa149a87a38b875ba4a&_wpnonce=bb4aa6cf13 HTTP/1.1" 200 497 "-" "Mozilla/5.0 (Linux; Android 6.0.1; Nexus 5X Build/MMB29P) AppleWebKit/537.36 (KHTML, like Gecko) Chrome/141.0.7390.122 Mobile Safari/537.36 (compatible; Googlebot/2.1; +http://www.google.com/bot.html)"
65.109.76.58 - - [14/Nov/2025:19:49:53 -0500] "GET /wp-config.php HTTP/1.1" 403 1242 "-" "Mozilla/5.0 (Windows NT 10.0; Win64; x64) AppleWebKit/537.36"
65.109.76.58 - - [14/Nov/2025:19:49:53 -0500] "GET /wp-config.php HTTP/1.1" 403 1242 "http://hc-cosmetics.com/wp-config.php" "Mozilla/5.0 (Windows NT 10.0; Win64; x64) AppleWebKit/537.36"
66.249.72.69 - - [14/Nov/2025:19:55:52 -0500] "GET /?_wpnonce=03f8b0eb62&add-to-cart=1077&action=yith-woocompare-add-product&id=1068 HTTP/1.1" 200 497 "-" "Mozilla/5.0 (Linux; Android 6.0.1; Nexus 5X Build/MMB29P) AppleWebKit/537.36 (KHTML, like Gecko) Chrome/141.0.7390.122 Mobile Safari/537.36 (compatible; Googlebot/2.1; +http://www.google.com/bot.html)"
54.37.84.47 - - [14/Nov/2025:19:59:03 -0500] "GET /robots.txt HTTP/1.1" 403 1242 "-" "Mozilla/5.0 (compatible; MJ12bot/v1.4.8; http://mj12bot.com/)"
107.189.14.25 - - [14/Nov/2025:20:12:32 -0500] "GET /wp-login.php HTTP/1.1" 200 1950 "https://www.google.com/" "Mozilla/5.0 (Windows NT 10.0; Win64; x64; rv:120.0) Gecko/20100101 Firefox/120.0"
167.71.237.44 - - [14/Nov/2025:20:25:10 -0500] "GET / HTTP/1.1" 200 549 "-" "Mozilla/5.0 (X11; Linux x86_64) AppleWebKit/537.36 (KHTML, like Gecko) Chrome/139.0.0.0 Safari/537.36"
167.71.237.44 - - [14/Nov/2025:20:25:15 -0500] "GET /favicon.ico HTTP/1.1" 404 1251 "https://hc-cosmetics.com/" "Mozilla/5.0 (X11; Linux x86_64) AppleWebKit/537.36 (KHTML, like Gecko) Chrome/139.0.0.0 Safari/537.36"
34.244.224.37 - - [14/Nov/2025:20:26:11 -0500] "GET / HTTP/1.0" 200 1010 "-" "Mozilla/5.0 (compatible; NetcraftSurveyAgent/1.0; [email protected])"
66.249.72.68 - - [14/Nov/2025:20:31:34 -0500] "GET /?add-to-cart=45&action=yith-woocompare-add-product&id=989&_wpnonce=937abf09b8 HTTP/1.1" 200 497 "-" "Mozilla/5.0 (Linux; Android 6.0.1; Nexus 5X Build/MMB29P) AppleWebKit/537.36 (KHTML, like Gecko) Chrome/141.0.7390.122 Mobile Safari/537.36 (compatible; Googlebot/2.1; +http://www.google.com/bot.html)"
216.73.216.143 - - [14/Nov/2025:21:02:24 -0500] "GET /robots.txt HTTP/1.1" 200 15 "-" "Mozilla/5.0 AppleWebKit/537.36 (KHTML, like Gecko; compatible; ClaudeBot/1.0; [email protected])"
216.73.216.143 - - [14/Nov/2025:21:02:24 -0500] "GET /sitemap.xml HTTP/1.1" 200 497 "-" "Mozilla/5.0 AppleWebKit/537.36 (KHTML, like Gecko; compatible; ClaudeBot/1.0; [email protected])"
27.115.124.38 - - [14/Nov/2025:21:23:05 -0500] "GET / HTTP/1.1" 200 549 "-" "Mozilla/5.0 (Linux; Android 11; CPH2185) AppleWebKit/537.36 (KHTML, like Gecko) Chrome/91.0.4472.101 Mobile Safari/537.36"
27.115.124.53 - - [14/Nov/2025:21:23:09 -0500] "GET /favicon.ico HTTP/1.1" 404 1251 "-" "Mozilla/5.0 (Windows NT 10.0; WOW64) AppleWebKit/537.36 (KHTML, like Gecko) Chrome/78.0.3904.108 Safari/537.36"
27.115.124.53 - - [14/Nov/2025:21:23:10 -0500] "GET /favicon.ico HTTP/1.1" 404 1251 "-" "Mozilla/5.0 (Windows NT 10.0; WOW64) AppleWebKit/537.36 (KHTML, like Gecko) Chrome/78.0.3904.108 Safari/537.36"
203.2.64.59 - - [14/Nov/2025:21:28:42 -0500] "GET / HTTP/1.1" 200 549 "http://www.hc-cosmetics.com" "Mozilla/5.0 (iPhone; CPU iPhone OS 13_2_3 like Mac OS X) AppleWebKit/605.1.15 (KHTML, like Gecko) Version/13.0.3 Mobile/15E148 Safari/604.1"
52.17.125.241 - - [14/Nov/2025:21:47:13 -0500] "GET / HTTP/1.0" 200 1010 "-" "Mozilla/5.0 (compatible; NetcraftSurveyAgent/1.0; [email protected])"
27.115.124.40 - - [14/Nov/2025:21:50:00 -0500] "GET /favicon.ico HTTP/1.1" 404 1251 "-" "Mozilla/5.0 (Macintosh; Intel Mac OS X 10_7_0) AppleWebKit/535.11 (KHTML, like Gecko) Chrome/17.0.963.56 Safari/535.11"
74.125.216.67 - - [14/Nov/2025:21:52:20 -0500] "GET /product/silky-x-trim-shampoo-anti-dandruff-shampoo/ HTTP/1.1" 200 497 "-" "Mozilla/5.0 (X11; Linux x86_64) AppleWebKit/537.36 (KHTML, like Gecko) Chrome/141.0.7390.122 Safari/537.36"
209.141.60.77 - - [14/Nov/2025:21:59:00 -0500] "GET /wp-login.php HTTP/1.1" 200 1950 "-" "Mozilla/5.0 (iPhone; CPU iPhone OS 17_0 like Mac OS X) AppleWebKit/605.1.15 (KHTML, like Gecko) Version/17.0 Mobile/15E148 Safari/604.1"
43.130.101.151 - - [14/Nov/2025:22:11:47 -0500] "GET / HTTP/1.1" 200 549 "http://www.hc-cosmetics.com" "Mozilla/5.0 (iPhone; CPU iPhone OS 13_2_3 like Mac OS X) AppleWebKit/605.1.15 (KHTML, like Gecko) Version/13.0.3 Mobile/15E148 Safari/604.1"
74.125.216.69 - - [14/Nov/2025:22:20:59 -0500] "GET /product/silky-x-trim-shampoo-anti-dandruff-shampoo/ HTTP/1.1" 200 497 "-" "Mozilla/5.0 (X11; Linux x86_64) AppleWebKit/537.36 (KHTML, like Gecko) Chrome/141.0.7390.122 Safari/537.36"
74.125.216.67 - - [14/Nov/2025:22:33:10 -0500] "GET /product/silky-feel-good-mist/ HTTP/1.1" 200 497 "-" "Mozilla/5.0 (X11; Linux x86_64) AppleWebKit/537.36 (KHTML, like Gecko) Chrome/141.0.7390.122 Safari/537.36"
216.73.216.143 - - [14/Nov/2025:22:40:24 -0500] "GET /robots.txt HTTP/1.1" 200 15 "-" "Mozilla/5.0 AppleWebKit/537.36 (KHTML, like Gecko; compatible; ClaudeBot/1.0; [email protected])"
216.73.216.143 - - [14/Nov/2025:22:40:24 -0500] "GET /sitemap.xml HTTP/1.1" 200 497 "-" "Mozilla/5.0 AppleWebKit/537.36 (KHTML, like Gecko; compatible; ClaudeBot/1.0; [email protected])"
66.249.72.69 - - [14/Nov/2025:22:41:33 -0500] "GET /robots.txt HTTP/1.1" 200 15 "-" "Mozilla/5.0 (compatible; Googlebot/2.1; +http://www.google.com/bot.html)"
66.249.72.68 - - [14/Nov/2025:22:41:33 -0500] "GET /product/silky-feel-good-mist/?action=yith-woocompare-add-product&id=1103&_wpnonce=c5243d8401 HTTP/1.1" 200 497 "-" "Mozilla/5.0 (Linux; Android 6.0.1; Nexus 5X Build/MMB29P) AppleWebKit/537.36 (KHTML, like Gecko) Chrome/141.0.7390.122 Mobile Safari/537.36 (compatible; Googlebot/2.1; +http://www.google.com/bot.html)"
104.210.140.129 - - [14/Nov/2025:22:46:45 -0500] "GET /robots.txt HTTP/1.1" 200 15 "-" "Mozilla/5.0 (Macintosh; Intel Mac OS X 10_15_7) AppleWebKit/537.36 (KHTML, like Gecko) Chrome/131.0.0.0 Safari/537.36; compatible; OAI-SearchBot/1.0; +https://openai.com/searchbot"
54.83.56.1 - - [14/Nov/2025:22:51:01 -0500] "GET /privacy-policy/ HTTP/1.1" 200 549 "-" "Mozilla/5.0 AppleWebKit/537.36 (KHTML, like Gecko; compatible; Amazonbot/0.1; +https://developer.amazon.com/support/amazonbot) Chrome/119.0.6045.214 Safari/537.36"
23.21.148.226 - - [14/Nov/2025:22:51:05 -0500] "GET /product/silky-feel-good-conditioner/ HTTP/1.1" 200 549 "-" "Mozilla/5.0 AppleWebKit/537.36 (KHTML, like Gecko; compatible; Amazonbot/0.1; +https://developer.amazon.com/support/amazonbot) Chrome/119.0.6045.214 Safari/537.36"
