167.172.89.14 - - [15/Nov/2025:04:34:53 -0500] "GET //2020/wp-includes/wlwmanifest.xml HTTP/1.1" 200 1010 "-" "Mozilla/5.0 (Windows NT 10.0; Win64; x64) AppleWebKit/537.36 (KHTML, like Gecko) Chrome/88.0.4240.193 Safari/537.36"
167.172.89.14 - - [15/Nov/2025:04:34:53 -0500] "GET //2019/wp-includes/wlwmanifest.xml HTTP/1.1" 200 1010 "-" "Mozilla/5.0 (Windows NT 10.0; Win64; x64) AppleWebKit/537.36 (KHTML, like Gecko) Chrome/88.0.4240.193 Safari/537.36"
167.172.89.14 - - [15/Nov/2025:04:34:53 -0500] "GET //shop/wp-includes/wlwmanifest.xml HTTP/1.1" 200 1010 "-" "Mozilla/5.0 (Windows NT 10.0; Win64; x64) AppleWebKit/537.36 (KHTML, like Gecko) Chrome/88.0.4240.193 Safari/537.36"
167.172.89.14 - - [15/Nov/2025:04:34:53 -0500] "GET //wp1/wp-includes/wlwmanifest.xml HTTP/1.1" 200 1010 "-" "Mozilla/5.0 (Windows NT 10.0; Win64; x64) AppleWebKit/537.36 (KHTML, like Gecko) Chrome/88.0.4240.193 Safari/537.36"
167.172.89.14 - - [15/Nov/2025:04:34:53 -0500] "GET //test/wp-includes/wlwmanifest.xml HTTP/1.1" 200 1010 "-" "Mozilla/5.0 (Windows NT 10.0; Win64; x64) AppleWebKit/537.36 (KHTML, like Gecko) Chrome/88.0.4240.193 Safari/537.36"
167.172.89.14 - - [15/Nov/2025:04:34:54 -0500] "GET //wp2/wp-includes/wlwmanifest.xml HTTP/1.1" 200 1010 "-" "Mozilla/5.0 (Windows NT 10.0; Win64; x64) AppleWebKit/537.36 (KHTML, like Gecko) Chrome/88.0.4240.193 Safari/537.36"
167.172.89.14 - - [15/Nov/2025:04:34:54 -0500] "GET //site/wp-includes/wlwmanifest.xml HTTP/1.1" 200 1010 "-" "Mozilla/5.0 (Windows NT 10.0; Win64; x64) AppleWebKit/537.36 (KHTML, like Gecko) Chrome/88.0.4240.193 Safari/537.36"
167.172.89.14 - - [15/Nov/2025:04:34:54 -0500] "GET //cms/wp-includes/wlwmanifest.xml HTTP/1.1" 200 1010 "-" "Mozilla/5.0 (Windows NT 10.0; Win64; x64) AppleWebKit/537.36 (KHTML, like Gecko) Chrome/88.0.4240.193 Safari/537.36"
167.172.89.14 - - [15/Nov/2025:04:34:55 -0500] "GET //sito/wp-includes/wlwmanifest.xml HTTP/1.1" 200 1010 "-" "Mozilla/5.0 (Windows NT 10.0; Win64; x64) AppleWebKit/537.36 (KHTML, like Gecko) Chrome/88.0.4240.193 Safari/537.36"
162.0.217.77 - - [15/Nov/2025:04:35:47 -0500] "POST /wp-cron.php?doing_wp_cron=1763199347.2559909820556640625000 HTTP/1.1" 403 1242 "-" "WordPress/6.8.3; https://hc-cosmetics.com"
223.185.130.192 - - [15/Nov/2025:04:35:46 -0500] "POST /xmlrpc.php HTTP/1.1" 200 403 "-" "Mozilla/5.0 (Macintosh; Intel Mac OS X 10_15_7; x64) AppleWebKit/537.36 (KHTML, like Gecko) Safari/10.0.0.0 Safari/537.36"
162.0.217.77 - - [15/Nov/2025:04:37:04 -0500] "POST /wp-cron.php?doing_wp_cron=1763199424.8497910499572753906250 HTTP/1.1" 403 1242 "-" "WordPress/6.8.3; https://hc-cosmetics.com"
223.185.130.192 - - [15/Nov/2025:04:37:04 -0500] "POST /xmlrpc.php HTTP/1.1" 200 403 "-" "Mozilla/5.0 (Windows NT 6.2; x64) AppleWebKit/537.36 (KHTML, like Gecko) Edge/99.0.0.0 Safari/537.36"
162.0.217.77 - - [15/Nov/2025:04:38:33 -0500] "POST /wp-cron.php?doing_wp_cron=1763199513.6399569511413574218750 HTTP/1.1" 403 1242 "-" "WordPress/6.8.3; https://hc-cosmetics.com"
223.185.130.192 - - [15/Nov/2025:04:38:28 -0500] "POST /xmlrpc.php HTTP/1.1" 200 0 "-" "Mozilla/5.0 (Linux; Android 10; x64) AppleWebKit/537.36 (KHTML, like Gecko) Edge/90.0.0.0 Safari/537.36"
106.215.180.195 - - [15/Nov/2025:04:38:57 -0500] "POST /xmlrpc.php HTTP/1.1" 200 403 "-" "Mozilla/5.0 (Macintosh; Intel Mac OS X 10_15_7; x64) AppleWebKit/537.36 (KHTML, like Gecko) Edge/99.0.0.0 Safari/537.36"
162.0.217.77 - - [15/Nov/2025:04:39:58 -0500] "POST /wp-cron.php?doing_wp_cron=1763199598.4261560440063476562500 HTTP/1.1" 403 1242 "-" "WordPress/6.8.3; https://hc-cosmetics.com"
223.185.130.192 - - [15/Nov/2025:04:39:58 -0500] "POST /xmlrpc.php HTTP/1.1" 200 403 "-" "Mozilla/5.0 (X11; Ubuntu; Linux x86_64; arm64) AppleWebKit/537.36 (KHTML, like Gecko) Opera/65.0.0.0 Safari/537.36"
223.185.130.192 - - [15/Nov/2025:04:41:25 -0500] "POST /xmlrpc.php HTTP/1.1" 200 0 "-" "Mozilla/5.0 (X11; Ubuntu; Linux x86_64; x64) AppleWebKit/537.36 (KHTML, like Gecko) Safari/12.0.0.0 Safari/537.36"
162.0.217.77 - - [15/Nov/2025:04:41:29 -0500] "POST /wp-cron.php?doing_wp_cron=1763199689.9127380847930908203125 HTTP/1.1" 403 1242 "-" "WordPress/6.8.3; https://hc-cosmetics.com"
66.249.72.68 - - [15/Nov/2025:04:41:59 -0500] "GET /product-tag/hair-treatment-ampules/?action=yith-woocompare-add-product&id=1002&_wpnonce=b8c3bebd9f HTTP/1.1" 200 497 "-" "Mozilla/5.0 (Linux; Android 6.0.1; Nexus 5X Build/MMB29P) AppleWebKit/537.36 (KHTML, like Gecko) Chrome/141.0.7390.122 Mobile Safari/537.36 (compatible; Googlebot/2.1; +http://www.google.com/bot.html)"
162.0.217.77 - - [15/Nov/2025:04:42:50 -0500] "POST /wp-cron.php?doing_wp_cron=1763199770.1960239410400390625000 HTTP/1.1" 403 1242 "-" "WordPress/6.8.3; https://hc-cosmetics.com"
223.185.130.192 - - [15/Nov/2025:04:42:49 -0500] "POST /xmlrpc.php HTTP/1.1" 200 403 "-" "Mozilla/5.0 (Macintosh; Intel Mac OS X 10_15_7; x86) AppleWebKit/537.36 (KHTML, like Gecko) Edge/92.0.0.0 Safari/537.36"
66.249.72.67 - - [15/Nov/2025:04:43:43 -0500] "GET /cart/?remove_item=a0160709701140704575d499c997b6ca&_wpnonce=9ccd01f376 HTTP/1.1" 200 497 "-" "Mozilla/5.0 (Linux; Android 6.0.1; Nexus 5X Build/MMB29P) AppleWebKit/537.36 (KHTML, like Gecko) Chrome/141.0.7390.122 Mobile Safari/537.36 (compatible; Googlebot/2.1; +http://www.google.com/bot.html)"
106.215.180.195 - - [15/Nov/2025:04:43:48 -0500] "POST /xmlrpc.php HTTP/1.1" 200 403 "-" "Mozilla/5.0 (Windows NT 6.3; arm64) AppleWebKit/537.36 (KHTML, like Gecko) Edge/86.0.0.0 Safari/537.36"
162.0.217.77 - - [15/Nov/2025:04:44:09 -0500] "POST /wp-cron.php?doing_wp_cron=1763199849.3757040500640869140625 HTTP/1.1" 403 1242 "-" "WordPress/6.8.3; https://hc-cosmetics.com"
223.185.130.192 - - [15/Nov/2025:04:44:09 -0500] "POST /xmlrpc.php HTTP/1.1" 200 403 "-" "Mozilla/5.0 (Macintosh; Intel Mac OS X 10_15_7; x64) AppleWebKit/537.36 (KHTML, like Gecko) Firefox/89.0.0.0 Safari/537.36"
162.0.217.77 - - [15/Nov/2025:04:45:29 -0500] "POST /wp-cron.php?doing_wp_cron=1763199929.9206569194793701171875 HTTP/1.1" 403 1242 "-" "WordPress/6.8.3; https://hc-cosmetics.com"
223.185.130.192 - - [15/Nov/2025:04:45:29 -0500] "POST /xmlrpc.php HTTP/1.1" 200 403 "-" "Mozilla/5.0 (Windows NT 6.3; x64) AppleWebKit/537.36 (KHTML, like Gecko) Safari/14.0.0.0 Safari/537.36"
162.0.217.77 - - [15/Nov/2025:04:46:49 -0500] "POST /wp-cron.php?doing_wp_cron=1763200009.2428228855133056640625 HTTP/1.1" 403 1242 "-" "WordPress/6.8.3; https://hc-cosmetics.com"
223.185.130.192 - - [15/Nov/2025:04:46:48 -0500] "POST /xmlrpc.php HTTP/1.1" 200 403 "-" "Mozilla/5.0 (Macintosh; Intel Mac OS X 10_15_7; x64) AppleWebKit/537.36 (KHTML, like Gecko) Safari/15.0.0.0 Safari/537.36"
162.0.217.77 - - [15/Nov/2025:04:48:02 -0500] "POST /wp-cron.php?doing_wp_cron=1763200082.9046170711517333984375 HTTP/1.1" 403 1242 "-" "WordPress/6.8.3; https://hc-cosmetics.com"
223.185.130.192 - - [15/Nov/2025:04:48:02 -0500] "POST /xmlrpc.php HTTP/1.1" 200 403 "-" "Mozilla/5.0 (Linux; Android 10; x86) AppleWebKit/537.36 (KHTML, like Gecko) Firefox/98.0.0.0 Safari/537.36"
62.84.178.152 - - [15/Nov/2025:04:48:50 -0500] "GET /robots.txt HTTP/1.1" 403 1242 "-" "Mozilla/5.0 (compatible; MJ12bot/v1.4.8; http://mj12bot.com/)"
162.0.217.77 - - [15/Nov/2025:04:49:15 -0500] "POST /wp-cron.php?doing_wp_cron=1763200155.9840729236602783203125 HTTP/1.1" 403 1242 "-" "WordPress/6.8.3; https://hc-cosmetics.com"
223.185.130.192 - - [15/Nov/2025:04:49:15 -0500] "POST /xmlrpc.php HTTP/1.1" 200 403 "-" "Mozilla/5.0 (Windows NT 6.3; x64) AppleWebKit/537.36 (KHTML, like Gecko) Safari/12.0.0.0 Safari/537.36"
162.0.217.77 - - [15/Nov/2025:04:50:31 -0500] "POST /wp-cron.php?doing_wp_cron=1763200231.8969039916992187500000 HTTP/1.1" 403 1242 "-" "WordPress/6.8.3; https://hc-cosmetics.com"
223.185.130.192 - - [15/Nov/2025:04:50:31 -0500] "POST /xmlrpc.php HTTP/1.1" 200 403 "-" "Mozilla/5.0 (Windows NT 6.2; x86) AppleWebKit/537.36 (KHTML, like Gecko) Safari/12.0.0.0 Safari/537.36"
162.0.217.77 - - [15/Nov/2025:04:51:41 -0500] "POST /wp-cron.php?doing_wp_cron=1763200301.2758600711822509765625 HTTP/1.1" 403 1242 "-" "WordPress/6.8.3; https://hc-cosmetics.com"
223.185.130.192 - - [15/Nov/2025:04:51:41 -0500] "POST /xmlrpc.php HTTP/1.1" 200 403 "-" "Mozilla/5.0 (Windows NT 6.2; arm64) AppleWebKit/537.36 (KHTML, like Gecko) Firefox/81.0.0.0 Safari/537.36"
223.185.130.192 - - [15/Nov/2025:04:52:37 -0500] "POST /xmlrpc.php HTTP/1.1" 200 403 "-" "Mozilla/5.0 (Windows NT 6.2; x86) AppleWebKit/537.36 (KHTML, like Gecko) Opera/72.0.0.0 Safari/537.36"
162.0.217.77 - - [15/Nov/2025:04:53:37 -0500] "POST /wp-cron.php?doing_wp_cron=1763200417.8489658832550048828125 HTTP/1.1" 403 1242 "-" "WordPress/6.8.3; https://hc-cosmetics.com"
223.185.130.192 - - [15/Nov/2025:04:53:37 -0500] "POST /xmlrpc.php HTTP/1.1" 200 403 "-" "Mozilla/5.0 (Windows NT 10.0; arm64) AppleWebKit/537.36 (KHTML, like Gecko) Opera/72.0.0.0 Safari/537.36"
162.0.217.77 - - [15/Nov/2025:04:54:39 -0500] "POST /wp-cron.php?doing_wp_cron=1763200479.7172410488128662109375 HTTP/1.1" 403 1242 "-" "WordPress/6.8.3; https://hc-cosmetics.com"
223.185.130.192 - - [15/Nov/2025:04:54:39 -0500] "POST /xmlrpc.php HTTP/1.1" 200 403 "-" "Mozilla/5.0 (X11; Ubuntu; Linux x86_64; x86) AppleWebKit/537.36 (KHTML, like Gecko) Chrome/90.0.0.0 Safari/537.36"
162.0.217.77 - - [15/Nov/2025:04:55:45 -0500] "POST /wp-cron.php?doing_wp_cron=1763200545.9569900035858154296875 HTTP/1.1" 403 1242 "-" "WordPress/6.8.3; https://hc-cosmetics.com"
223.185.130.192 - - [15/Nov/2025:04:55:45 -0500] "POST /xmlrpc.php HTTP/1.1" 200 403 "-" "Mozilla/5.0 (Linux; Android 10; arm64) AppleWebKit/537.36 (KHTML, like Gecko) Edge/86.0.0.0 Safari/537.36"
162.0.217.77 - - [15/Nov/2025:04:56:46 -0500] "POST /wp-cron.php?doing_wp_cron=1763200606.8148179054260253906250 HTTP/1.1" 403 1242 "-" "WordPress/6.8.3; https://hc-cosmetics.com"
223.185.130.192 - - [15/Nov/2025:04:56:46 -0500] "POST /xmlrpc.php HTTP/1.1" 200 403 "-" "Mozilla/5.0 (Windows NT 6.3; x64) AppleWebKit/537.36 (KHTML, like Gecko) Opera/67.0.0.0 Safari/537.36"
223.185.130.192 - - [15/Nov/2025:04:57:46 -0500] "POST /xmlrpc.php HTTP/1.1" 200 403 "-" "Mozilla/5.0 (Macintosh; Intel Mac OS X 10_15_7; arm64) AppleWebKit/537.36 (KHTML, like Gecko) Firefox/79.0.0.0 Safari/537.36"
66.249.72.67 - - [15/Nov/2025:04:58:02 -0500] "GET /product/silky-feel-good-mist/?add-to-cart=1068&action=yith-woocompare-add-product&id=1127&_wpnonce=5fd5488c2d HTTP/1.1" 200 497 "-" "Mozilla/5.0 (Linux; Android 6.0.1; Nexus 5X Build/MMB29P) AppleWebKit/537.36 (KHTML, like Gecko) Chrome/141.0.7390.122 Mobile Safari/537.36 (compatible; Googlebot/2.1; +http://www.google.com/bot.html)"
223.185.130.192 - - [15/Nov/2025:04:58:45 -0500] "POST /xmlrpc.php HTTP/1.1" 200 0 "-" "Mozilla/5.0 (Windows NT 6.3; x86) AppleWebKit/537.36 (KHTML, like Gecko) Safari/13.0.0.0 Safari/537.36"
162.0.217.77 - - [15/Nov/2025:04:58:53 -0500] "POST /wp-cron.php?doing_wp_cron=1763200733.4635388851165771484375 HTTP/1.1" 403 1242 "-" "WordPress/6.8.3; https://hc-cosmetics.com"
223.185.130.192 - - [15/Nov/2025:04:59:52 -0500] "POST /xmlrpc.php HTTP/1.1" 200 403 "-" "Mozilla/5.0 (Macintosh; Intel Mac OS X 10_15_7; x86) AppleWebKit/537.36 (KHTML, like Gecko) Firefox/82.0.0.0 Safari/537.36"
162.0.217.77 - - [15/Nov/2025:05:00:58 -0500] "POST /wp-cron.php?doing_wp_cron=1763200858.8212740421295166015625 HTTP/1.1" 403 1242 "-" "WordPress/6.8.3; https://hc-cosmetics.com"
223.185.130.192 - - [15/Nov/2025:05:00:58 -0500] "POST /xmlrpc.php HTTP/1.1" 200 403 "-" "Mozilla/5.0 (Macintosh; Intel Mac OS X 10_15_7; arm64) AppleWebKit/537.36 (KHTML, like Gecko) Opera/62.0.0.0 Safari/537.36"
162.0.217.77 - - [15/Nov/2025:05:01:59 -0500] "POST /wp-cron.php?doing_wp_cron=1763200919.6477499008178710937500 HTTP/1.1" 403 1242 "-" "WordPress/6.8.3; https://hc-cosmetics.com"
223.185.130.192 - - [15/Nov/2025:05:01:59 -0500] "POST /xmlrpc.php HTTP/1.1" 200 403 "-" "Mozilla/5.0 (Macintosh; Intel Mac OS X 10_15_7; x64) AppleWebKit/537.36 (KHTML, like Gecko) Edge/80.0.0.0 Safari/537.36"
223.185.130.192 - - [15/Nov/2025:05:02:56 -0500] "POST /xmlrpc.php HTTP/1.1" 200 403 "-" "Mozilla/5.0 (Windows NT 6.2; x64) AppleWebKit/537.36 (KHTML, like Gecko) Edge/92.0.0.0 Safari/537.36"
162.0.217.77 - - [15/Nov/2025:05:03:56 -0500] "POST /wp-cron.php?doing_wp_cron=1763201036.3697769641876220703125 HTTP/1.1" 403 1242 "-" "WordPress/6.8.3; https://hc-cosmetics.com"
223.185.130.192 - - [15/Nov/2025:05:03:55 -0500] "POST /xmlrpc.php HTTP/1.1" 200 403 "-" "Mozilla/5.0 (Macintosh; Intel Mac OS X 10_15_7; x86) AppleWebKit/537.36 (KHTML, like Gecko) Edge/87.0.0.0 Safari/537.36"
162.0.217.77 - - [15/Nov/2025:05:04:56 -0500] "POST /wp-cron.php?doing_wp_cron=1763201096.5588049888610839843750 HTTP/1.1" 403 1242 "-" "WordPress/6.8.3; https://hc-cosmetics.com"
223.185.130.192 - - [15/Nov/2025:05:04:55 -0500] "POST /xmlrpc.php HTTP/1.1" 200 403 "-" "Mozilla/5.0 (Linux; Android 10; arm64) AppleWebKit/537.36 (KHTML, like Gecko) Opera/64.0.0.0 Safari/537.36"
66.249.72.68 - - [15/Nov/2025:05:05:08 -0500] "GET /cart/?remove_item=390e982518a50e280d8e2b535462ec1f&_wpnonce=fce642340d HTTP/1.1" 200 497 "-" "Mozilla/5.0 (Linux; Android 6.0.1; Nexus 5X Build/MMB29P) AppleWebKit/537.36 (KHTML, like Gecko) Chrome/141.0.7390.122 Mobile Safari/537.36 (compatible; Googlebot/2.1; +http://www.google.com/bot.html)"
223.185.130.192 - - [15/Nov/2025:05:05:55 -0500] "POST /xmlrpc.php HTTP/1.1" 200 403 "-" "Mozilla/5.0 (Windows NT 10.0; x64) AppleWebKit/537.36 (KHTML, like Gecko) Firefox/85.0.0.0 Safari/537.36"
162.0.217.77 - - [15/Nov/2025:05:07:02 -0500] "POST /wp-cron.php?doing_wp_cron=1763201222.1354839801788330078125 HTTP/1.1" 403 1242 "-" "WordPress/6.8.3; https://hc-cosmetics.com"
223.185.130.192 - - [15/Nov/2025:05:07:01 -0500] "POST /xmlrpc.php HTTP/1.1" 200 403 "-" "Mozilla/5.0 (Windows NT 6.3; arm64) AppleWebKit/537.36 (KHTML, like Gecko) Safari/12.0.0.0 Safari/537.36"
66.249.72.68 - - [15/Nov/2025:05:07:34 -0500] "GET /product/silky-crystal-serum/?add-to-cart=1080&action=yith-woocompare-add-product&id=1103&_wpnonce=59d68063fe HTTP/1.1" 200 497 "-" "Mozilla/5.0 (Linux; Android 6.0.1; Nexus 5X Build/MMB29P) AppleWebKit/537.36 (KHTML, like Gecko) Chrome/141.0.7390.122 Mobile Safari/537.36 (compatible; Googlebot/2.1; +http://www.google.com/bot.html)"
223.185.130.192 - - [15/Nov/2025:05:07:58 -0500] "POST /xmlrpc.php HTTP/1.1" 200 403 "-" "Mozilla/5.0 (Windows NT 6.3; arm64) AppleWebKit/537.36 (KHTML, like Gecko) Opera/71.0.0.0 Safari/537.36"
162.0.217.77 - - [15/Nov/2025:05:08:58 -0500] "POST /wp-cron.php?doing_wp_cron=1763201338.1319200992584228515625 HTTP/1.1" 403 1242 "-" "WordPress/6.8.3; https://hc-cosmetics.com"
223.185.130.192 - - [15/Nov/2025:05:08:57 -0500] "POST /xmlrpc.php HTTP/1.1" 200 403 "-" "Mozilla/5.0 (X11; Ubuntu; Linux x86_64; arm64) AppleWebKit/537.36 (KHTML, like Gecko) Firefox/70.0.0.0 Safari/537.36"
162.0.217.77 - - [15/Nov/2025:05:09:59 -0500] "POST /wp-cron.php?doing_wp_cron=1763201399.9211549758911132812500 HTTP/1.1" 403 1242 "-" "WordPress/6.8.3; https://hc-cosmetics.com"
223.185.130.192 - - [15/Nov/2025:05:09:59 -0500] "POST /xmlrpc.php HTTP/1.1" 200 403 "-" "Mozilla/5.0 (Macintosh; Intel Mac OS X 10_15_7; arm64) AppleWebKit/537.36 (KHTML, like Gecko) Firefox/90.0.0.0 Safari/537.36"
162.0.217.77 - - [15/Nov/2025:05:11:01 -0500] "POST /wp-cron.php?doing_wp_cron=1763201461.2775840759277343750000 HTTP/1.1" 403 1242 "-" "WordPress/6.8.3; https://hc-cosmetics.com"
223.185.130.192 - - [15/Nov/2025:05:11:01 -0500] "POST /xmlrpc.php HTTP/1.1" 200 403 "-" "Mozilla/5.0 (Windows NT 10.0; x64) AppleWebKit/537.36 (KHTML, like Gecko) Firefox/91.0.0.0 Safari/537.36"
106.215.180.195 - - [15/Nov/2025:05:11:48 -0500] "POST /xmlrpc.php HTTP/1.1" 200 403 "-" "Mozilla/5.0 (X11; Ubuntu; Linux x86_64; x86) AppleWebKit/537.36 (KHTML, like Gecko) Firefox/77.0.0.0 Safari/537.36"
223.185.130.192 - - [15/Nov/2025:05:11:57 -0500] "POST /xmlrpc.php HTTP/1.1" 200 403 "-" "Mozilla/5.0 (Linux; Android 10; x86) AppleWebKit/537.36 (KHTML, like Gecko) Chrome/105.0.0.0 Safari/537.36"
162.0.217.77 - - [15/Nov/2025:05:12:58 -0500] "POST /wp-cron.php?doing_wp_cron=1763201578.2021589279174804687500 HTTP/1.1" 403 1242 "-" "WordPress/6.8.3; https://hc-cosmetics.com"
223.185.130.192 - - [15/Nov/2025:05:12:57 -0500] "POST /xmlrpc.php HTTP/1.1" 200 403 "-" "Mozilla/5.0 (Windows NT 10.0; x86) AppleWebKit/537.36 (KHTML, like Gecko) Chrome/80.0.0.0 Safari/537.36"
162.0.217.77 - - [15/Nov/2025:05:14:03 -0500] "POST /wp-cron.php?doing_wp_cron=1763201643.0394859313964843750000 HTTP/1.1" 403 1242 "-" "WordPress/6.8.3; https://hc-cosmetics.com"
223.185.130.192 - - [15/Nov/2025:05:14:02 -0500] "POST /xmlrpc.php HTTP/1.1" 200 403 "-" "Mozilla/5.0 (Macintosh; Intel Mac OS X 10_15_7; x64) AppleWebKit/537.36 (KHTML, like Gecko) Edge/91.0.0.0 Safari/537.36"
162.0.217.77 - - [15/Nov/2025:05:15:04 -0500] "POST /wp-cron.php?doing_wp_cron=1763201704.8102629184722900390625 HTTP/1.1" 403 1242 "-" "WordPress/6.8.3; https://hc-cosmetics.com"
223.185.130.192 - - [15/Nov/2025:05:15:04 -0500] "POST /xmlrpc.php HTTP/1.1" 200 403 "-" "Mozilla/5.0 (Windows NT 6.2; x86) AppleWebKit/537.36 (KHTML, like Gecko) Chrome/101.0.0.0 Safari/537.36"
162.0.217.77 - - [15/Nov/2025:05:16:52 -0500] "POST /wp-cron.php?doing_wp_cron=1763201812.7614719867706298828125 HTTP/1.1" 403 1242 "-" "WordPress/6.8.3; https://hc-cosmetics.com"
106.215.180.195 - - [15/Nov/2025:05:16:48 -0500] "POST /xmlrpc.php HTTP/1.1" 200 403 "-" "Mozilla/5.0 (Windows NT 6.3; arm64) AppleWebKit/537.36 (KHTML, like Gecko) Chrome/112.0.0.0 Safari/537.36"
5.44.169.25 - - [15/Nov/2025:05:17:31 -0500] "GET /.tmb/wp-login.php HTTP/1.1" 200 549 "-" "Mozlila/5.0 (Linux; Android 7.0; SM-G892A Bulid/NRD90M; wv) AppleWebKit/537.36 (KHTML, like Gecko) Version/4.0 Chrome/60.0.3112.107 Moblie Safari/537.36"
5.44.169.25 - - [15/Nov/2025:05:17:47 -0500] "GET /wp-admin/user/wp-login.php HTTP/1.1" 200 549 "-" "Mozlila/5.0 (Linux; Android 7.0; SM-G892A Bulid/NRD90M; wv) AppleWebKit/537.36 (KHTML, like Gecko) Version/4.0 Chrome/60.0.3112.107 Moblie Safari/537.36"
5.44.169.25 - - [15/Nov/2025:05:18:00 -0500] "GET /wp-content/plugins/classic-editor/wp-login.php HTTP/1.1" 200 549 "-" "Mozlila/5.0 (Linux; Android 7.0; SM-G892A Bulid/NRD90M; wv) AppleWebKit/537.36 (KHTML, like Gecko) Version/4.0 Chrome/60.0.3112.107 Moblie Safari/537.36"
5.44.169.25 - - [15/Nov/2025:05:18:17 -0500] "GET /wp-admin/images/wp-login.php HTTP/1.1" 200 549 "-" "Mozlila/5.0 (Linux; Android 7.0; SM-G892A Bulid/NRD90M; wv) AppleWebKit/537.36 (KHTML, like Gecko) Version/4.0 Chrome/60.0.3112.107 Moblie Safari/537.36"
162.0.217.77 - - [15/Nov/2025:05:22:54 -0500] "POST /wp-cron.php?doing_wp_cron=1763202174.9142990112304687500000 HTTP/1.1" 403 1242 "-" "WordPress/6.8.3; https://hc-cosmetics.com"
106.215.180.195 - - [15/Nov/2025:05:22:50 -0500] "POST /xmlrpc.php HTTP/1.1" 200 403 "-" "Mozilla/5.0 (Windows NT 6.2; x86) AppleWebKit/537.36 (KHTML, like Gecko) Edge/94.0.0.0 Safari/537.36"
66.249.72.69 - - [15/Nov/2025:05:24:49 -0500] "GET /product/silky-x-trim-shampoo-anti-dandruff-shampoo/?action=yith-woocompare-add-product&id=1073&_wpnonce=9e21caafd4 HTTP/1.1" 200 497 "-" "Mozilla/5.0 (Linux; Android 6.0.1; Nexus 5X Build/MMB29P) AppleWebKit/537.36 (KHTML, like Gecko) Chrome/141.0.7390.122 Mobile Safari/537.36 (compatible; Googlebot/2.1; +http://www.google.com/bot.html)"
103.130.18.56 - - [15/Nov/2025:05:27:34 -0500] "GET / HTTP/1.1" 200 497 "-" "Mozilla/5.0 (Linux; Android 13; K) AppleWebKit/537.36 (KHTML, like Gecko) Chrome/141.0.7390.122 Mobile Safari/537.36"
103.130.18.56 - - [15/Nov/2025:05:27:35 -0500] "GET /favicon.ico HTTP/1.1" 404 1251 "https://hc-cosmetics.com/" "Mozilla/5.0 (Linux; Android 13; K) AppleWebKit/537.36 (KHTML, like Gecko) Chrome/141.0.7390.122 Mobile Safari/537.36"
103.130.18.56 - - [15/Nov/2025:05:29:41 -0500] "GET / HTTP/1.1" 200 1010 "-" "Dalvik/2.1.0 (Linux; U; Android 13; V2110 Build/TP1A.220624.014)"
106.215.180.195 - - [15/Nov/2025:05:29:52 -0500] "POST /xmlrpc.php HTTP/1.1" 200 0 "-" "Mozilla/5.0 (X11; Ubuntu; Linux x86_64; x86) AppleWebKit/537.36 (KHTML, like Gecko) Safari/11.0.0.0 Safari/537.36"
162.0.217.77 - - [15/Nov/2025:05:29:59 -0500] "POST /wp-cron.php?doing_wp_cron=1763202599.4750049114227294921875 HTTP/1.1" 403 1242 "-" "WordPress/6.8.3; https://hc-cosmetics.com"
106.215.180.195 - - [15/Nov/2025:05:35:30 -0500] "POST /xmlrpc.php HTTP/1.1" 200 0 "-" "Mozilla/5.0 (Windows NT 10.0; x64) AppleWebKit/537.36 (KHTML, like Gecko) Firefox/82.0.0.0 Safari/537.36"
162.0.217.77 - - [15/Nov/2025:05:35:37 -0500] "POST /wp-cron.php?doing_wp_cron=1763202937.0799860954284667968750 HTTP/1.1" 403 1242 "-" "WordPress/6.8.3; https://hc-cosmetics.com"
42.83.147.55 - - [15/Nov/2025:05:35:41 -0500] "GET / HTTP/1.1" 200 549 "-" "Mozilla/5.0 (Windows NT 6.1; Win64; x64) AppleWebKit/537.36 (KHTML, like Gecko)Chrome/74.0.3729.169 Safari/537.36"
42.83.147.55 - - [15/Nov/2025:05:35:41 -0500] "GET / HTTP/1.1" 200 549 "-" "Mozilla/5.0 (Windows NT 6.1; Win64; x64) AppleWebKit/537.36 (KHTML, like Gecko)Chrome/74.0.3729.169 Safari/537.36"