92.204.54.123 - - [14/Nov/2025:10:43:38 -0500] "GET /product/beauty-blender-2/?add-to-cart=1121&action=yith-woocompare-add-product&id=1121&_wpnonce=ea7061fc06 HTTP/1.1" 200 544 "-" "Mozilla/5.0 (Windows NT 10.0; Win64; x64) AppleWebKit/537.36 (KHTML, like Gecko) Chrome/128.0.0.0 Safari/537.36 OPR/114.0.0."
92.204.54.123 - - [14/Nov/2025:10:43:40 -0500] "GET /product/echo-jasper-mascara/?_wpnonce=a5b392c33b HTTP/1.1" 200 544 "-" "Mozilla/5.0 (Windows NT 10.0; Win64; x64) AppleWebKit/537.36 (KHTML, like Gecko) Chrome/128.0.0.0 Safari/537.36 OPR/114.0.0."
92.204.54.123 - - [14/Nov/2025:10:43:42 -0500] "GET /product/echo-jasper-mascara/?add-to-cart=1121&action=yith-woocompare-add-product&id=1112&_wpnonce=ea7061fc06 HTTP/1.1" 200 544 "-" "Mozilla/5.0 (Windows NT 10.0; Win64; x64) AppleWebKit/537.36 (KHTML, like Gecko) Chrome/128.0.0.0 Safari/537.36 OPR/114.0.0."
92.204.54.123 - - [14/Nov/2025:10:43:44 -0500] "GET /product/echo-jasper-mascara/?add-to-cart=1121&action=yith-woocompare-add-product&id=1121&_wpnonce=ea7061fc06 HTTP/1.1" 200 544 "-" "Mozilla/5.0 (Windows NT 10.0; Win64; x64) AppleWebKit/537.36 (KHTML, like Gecko) Chrome/128.0.0.0 Safari/537.36 OPR/114.0.0."
92.204.54.123 - - [14/Nov/2025:10:43:46 -0500] "GET /product/echo-jasper-mascara/?add-to-cart=1121&action=yith-woocompare-add-product&id=1107&_wpnonce=ea7061fc06 HTTP/1.1" 200 544 "-" "Mozilla/5.0 (Windows NT 10.0; Win64; x64) AppleWebKit/537.36 (KHTML, like Gecko) Chrome/128.0.0.0 Safari/537.36 OPR/114.0.0."
92.204.54.123 - - [14/Nov/2025:10:43:48 -0500] "GET /product/echo-jasper-mascara/?add-to-cart=1112&action=yith-woocompare-add-product&id=1121&_wpnonce=ea7061fc06 HTTP/1.1" 200 544 "-" "Mozilla/5.0 (Windows NT 10.0; Win64; x64) AppleWebKit/537.36 (KHTML, like Gecko) Chrome/128.0.0.0 Safari/537.36 OPR/114.0.0."
92.204.54.123 - - [14/Nov/2025:10:43:50 -0500] "GET /product/echo-jasper-mascara/?add-to-cart=1112&action=yith-woocompare-add-product&id=1107&_wpnonce=ea7061fc06 HTTP/1.1" 200 544 "-" "Mozilla/5.0 (Windows NT 10.0; Win64; x64) AppleWebKit/537.36 (KHTML, like Gecko) Chrome/128.0.0.0 Safari/537.36 OPR/114.0.0."
92.204.54.123 - - [14/Nov/2025:10:43:53 -0500] "GET /product/echo-jasper-mascara/?add-to-cart=1112&action=yith-woocompare-add-product&id=1112&_wpnonce=ea7061fc06 HTTP/1.1" 200 544 "-" "Mozilla/5.0 (Windows NT 10.0; Win64; x64) AppleWebKit/537.36 (KHTML, like Gecko) Chrome/128.0.0.0 Safari/537.36 OPR/114.0.0."
92.204.54.123 - - [14/Nov/2025:10:43:55 -0500] "GET /product/echo-jasper-mascara/?add-to-cart=1107&action=yith-woocompare-add-product&id=1107&_wpnonce=ea7061fc06 HTTP/1.1" 200 544 "-" "Mozilla/5.0 (Windows NT 10.0; Win64; x64) AppleWebKit/537.36 (KHTML, like Gecko) Chrome/128.0.0.0 Safari/537.36 OPR/114.0.0."
92.204.54.123 - - [14/Nov/2025:10:43:57 -0500] "GET /product/echo-jasper-mascara/?add-to-cart=1107&action=yith-woocompare-add-product&id=1112&_wpnonce=ea7061fc06 HTTP/1.1" 200 544 "-" "Mozilla/5.0 (Windows NT 10.0; Win64; x64) AppleWebKit/537.36 (KHTML, like Gecko) Chrome/128.0.0.0 Safari/537.36 OPR/114.0.0."
45.8.25.17 - - [14/Nov/2025:10:43:58 -0500] "GET /template HTTP/1.1" 200 544 "https://search.yahoo.com/" "Mozilla/5.0 (Windows NT 10.0; Win64; x64) AppleWebKit/537.36 (KHTML, like Gecko) Chrome/130.0.0.0 Safari/537.36 Edg/130.0.0.0"
92.204.54.123 - - [14/Nov/2025:10:43:59 -0500] "GET /product/echo-jasper-mascara/?add-to-cart=1107&action=yith-woocompare-add-product&id=1121&_wpnonce=ea7061fc06 HTTP/1.1" 200 544 "-" "Mozilla/5.0 (Windows NT 10.0; Win64; x64) AppleWebKit/537.36 (KHTML, like Gecko) Chrome/128.0.0.0 Safari/537.36 OPR/114.0.0."
92.204.54.123 - - [14/Nov/2025:10:44:01 -0500] "GET /product-tag/mascara/?_wpnonce=a5b392c33b HTTP/1.1" 200 544 "-" "Mozilla/5.0 (Windows NT 10.0; Win64; x64) AppleWebKit/537.36 (KHTML, like Gecko) Chrome/128.0.0.0 Safari/537.36 OPR/114.0.0."
92.204.54.123 - - [14/Nov/2025:10:44:03 -0500] "GET /product-tag/mascara/?add-to-cart=1117&action=yith-woocompare-add-product&id=1117&_wpnonce=ea7061fc06 HTTP/1.1" 200 544 "-" "Mozilla/5.0 (Windows NT 10.0; Win64; x64) AppleWebKit/537.36 (KHTML, like Gecko) Chrome/128.0.0.0 Safari/537.36 OPR/114.0.0."
92.204.54.123 - - [14/Nov/2025:10:44:05 -0500] "GET /product/marker-eyeliner/?_wpnonce=a5b392c33b HTTP/1.1" 200 544 "-" "Mozilla/5.0 (Windows NT 10.0; Win64; x64) AppleWebKit/537.36 (KHTML, like Gecko) Chrome/128.0.0.0 Safari/537.36 OPR/114.0.0."
92.204.54.123 - - [14/Nov/2025:10:44:07 -0500] "GET /product/marker-eyeliner/?add-to-cart=1107&action=yith-woocompare-add-product&id=1117&_wpnonce=ea7061fc06 HTTP/1.1" 200 544 "-" "Mozilla/5.0 (Windows NT 10.0; Win64; x64) AppleWebKit/537.36 (KHTML, like Gecko) Chrome/128.0.0.0 Safari/537.36 OPR/114.0.0."
92.204.54.123 - - [14/Nov/2025:10:44:11 -0500] "GET /product/marker-eyeliner/?add-to-cart=1107&action=yith-woocompare-add-product&id=1112&_wpnonce=ea7061fc06 HTTP/1.1" 200 544 "-" "Mozilla/5.0 (Windows NT 10.0; Win64; x64) AppleWebKit/537.36 (KHTML, like Gecko) Chrome/128.0.0.0 Safari/537.36 OPR/114.0.0."
103.131.71.206 - - [14/Nov/2025:10:44:12 -0500] "GET /robots.txt HTTP/1.1" 200 15 "-" "Mozilla/5.0 (compatible; coccocbot-image/1.0; +http://help.coccoc.com/searchengine)"
45.8.25.17 - - [14/Nov/2025:10:44:12 -0500] "GET /themes HTTP/1.1" 200 544 "https://yandex.com/" "Mozilla/5.0 (Macintosh; Intel Mac OS X 10_15_7) AppleWebKit/605.1.15 (KHTML, like Gecko) Version/18.1 Safari/605.1.15"
92.204.54.123 - - [14/Nov/2025:10:44:15 -0500] "GET /product/marker-eyeliner/?add-to-cart=1107&action=yith-woocompare-add-product&id=1107&_wpnonce=ea7061fc06 HTTP/1.1" 200 544 "-" "Mozilla/5.0 (Windows NT 10.0; Win64; x64) AppleWebKit/537.36 (KHTML, like Gecko) Chrome/128.0.0.0 Safari/537.36 OPR/114.0.0."
92.204.54.123 - - [14/Nov/2025:10:44:17 -0500] "GET /product/marker-eyeliner/?add-to-cart=1112&action=yith-woocompare-add-product&id=1107&_wpnonce=ea7061fc06 HTTP/1.1" 200 544 "-" "Mozilla/5.0 (Windows NT 10.0; Win64; x64) AppleWebKit/537.36 (KHTML, like Gecko) Chrome/128.0.0.0 Safari/537.36 OPR/114.0.0."
103.131.71.204 - - [14/Nov/2025:10:44:18 -0500] "GET /favicon.ico HTTP/1.1" 404 1251 "-" "Mozilla/5.0 (compatible; coccocbot-image/1.0; +http://help.coccoc.com/searchengine)"
92.204.54.123 - - [14/Nov/2025:10:44:19 -0500] "GET /product/marker-eyeliner/?add-to-cart=1112&action=yith-woocompare-add-product&id=1112&_wpnonce=ea7061fc06 HTTP/1.1" 200 544 "-" "Mozilla/5.0 (Windows NT 10.0; Win64; x64) AppleWebKit/537.36 (KHTML, like Gecko) Chrome/128.0.0.0 Safari/537.36 OPR/114.0.0."
92.204.54.123 - - [14/Nov/2025:10:44:21 -0500] "GET /product/marker-eyeliner/?add-to-cart=1112&action=yith-woocompare-add-product&id=1117&_wpnonce=ea7061fc06 HTTP/1.1" 200 544 "-" "Mozilla/5.0 (Windows NT 10.0; Win64; x64) AppleWebKit/537.36 (KHTML, like Gecko) Chrome/128.0.0.0 Safari/537.36 OPR/114.0.0."
92.204.54.123 - - [14/Nov/2025:10:44:23 -0500] "GET /product/marker-eyeliner/?add-to-cart=1117&action=yith-woocompare-add-product&id=1117&_wpnonce=ea7061fc06 HTTP/1.1" 200 544 "-" "Mozilla/5.0 (Windows NT 10.0; Win64; x64) AppleWebKit/537.36 (KHTML, like Gecko) Chrome/128.0.0.0 Safari/537.36 OPR/114.0.0."
92.204.54.123 - - [14/Nov/2025:10:44:25 -0500] "GET /product/marker-eyeliner/?add-to-cart=1117&action=yith-woocompare-add-product&id=1112&_wpnonce=ea7061fc06 HTTP/1.1" 200 544 "-" "Mozilla/5.0 (Windows NT 10.0; Win64; x64) AppleWebKit/537.36 (KHTML, like Gecko) Chrome/128.0.0.0 Safari/537.36 OPR/114.0.0."
92.204.54.123 - - [14/Nov/2025:10:44:27 -0500] "GET /product/marker-eyeliner/?add-to-cart=1117&action=yith-woocompare-add-product&id=1107&_wpnonce=ea7061fc06 HTTP/1.1" 200 544 "-" "Mozilla/5.0 (Windows NT 10.0; Win64; x64) AppleWebKit/537.36 (KHTML, like Gecko) Chrome/128.0.0.0 Safari/537.36 OPR/114.0.0."
92.204.54.123 - - [14/Nov/2025:10:44:29 -0500] "GET /product-tag/eyeliner/?_wpnonce=a5b392c33b HTTP/1.1" 200 544 "-" "Mozilla/5.0 (Windows NT 10.0; Win64; x64) AppleWebKit/537.36 (KHTML, like Gecko) Chrome/128.0.0.0 Safari/537.36 OPR/114.0.0."
92.204.54.123 - - [14/Nov/2025:10:44:31 -0500] "GET /product-tag/eyeliner/?add-to-cart=1121&action=yith-woocompare-add-product&id=1121&_wpnonce=ea7061fc06 HTTP/1.1" 200 544 "-" "Mozilla/5.0 (Windows NT 10.0; Win64; x64) AppleWebKit/537.36 (KHTML, like Gecko) Chrome/128.0.0.0 Safari/537.36 OPR/114.0.0."
92.204.54.123 - - [14/Nov/2025:10:44:33 -0500] "GET /product/castledew-hair-spray/?_wpnonce=a5b392c33b HTTP/1.1" 200 544 "-" "Mozilla/5.0 (Windows NT 10.0; Win64; x64) AppleWebKit/537.36 (KHTML, like Gecko) Chrome/128.0.0.0 Safari/537.36 OPR/114.0.0."
92.204.54.123 - - [14/Nov/2025:10:44:35 -0500] "GET /product/castledew-hair-spray/?add-to-cart=993&action=yith-woocompare-add-product&id=1077&_wpnonce=ea7061fc06 HTTP/1.1" 200 544 "-" "Mozilla/5.0 (Windows NT 10.0; Win64; x64) AppleWebKit/537.36 (KHTML, like Gecko) Chrome/128.0.0.0 Safari/537.36 OPR/114.0.0."
92.204.54.123 - - [14/Nov/2025:10:44:37 -0500] "GET /product/castledew-hair-spray/?add-to-cart=1077 HTTP/1.1" 200 544 "-" "Mozilla/5.0 (Windows NT 10.0; Win64; x64) AppleWebKit/537.36 (KHTML, like Gecko) Chrome/128.0.0.0 Safari/537.36 OPR/114.0.0."
92.204.54.123 - - [14/Nov/2025:10:44:39 -0500] "GET /product/castledew-hair-spray/?add-to-cart=993&action=yith-woocompare-add-product&id=989&_wpnonce=ea7061fc06 HTTP/1.1" 200 544 "-" "Mozilla/5.0 (Windows NT 10.0; Win64; x64) AppleWebKit/537.36 (KHTML, like Gecko) Chrome/128.0.0.0 Safari/537.36 OPR/114.0.0."
92.204.54.123 - - [14/Nov/2025:10:44:41 -0500] "GET /product/castledew-hair-spray/?add-to-cart=993&action=yith-woocompare-add-product&id=1099&_wpnonce=ea7061fc06 HTTP/1.1" 200 544 "-" "Mozilla/5.0 (Windows NT 10.0; Win64; x64) AppleWebKit/537.36 (KHTML, like Gecko) Chrome/128.0.0.0 Safari/537.36 OPR/114.0.0."
92.204.54.123 - - [14/Nov/2025:10:44:43 -0500] "GET /product/castledew-hair-spray/?add-to-cart=993&action=yith-woocompare-add-product&id=997&_wpnonce=ea7061fc06 HTTP/1.1" 200 544 "-" "Mozilla/5.0 (Windows NT 10.0; Win64; x64) AppleWebKit/537.36 (KHTML, like Gecko) Chrome/128.0.0.0 Safari/537.36 OPR/114.0.0."
92.204.54.123 - - [14/Nov/2025:10:44:45 -0500] "GET /product/castledew-hair-spray/?add-to-cart=993&action=yith-woocompare-add-product&id=1075&_wpnonce=ea7061fc06 HTTP/1.1" 200 544 "-" "Mozilla/5.0 (Windows NT 10.0; Win64; x64) AppleWebKit/537.36 (KHTML, like Gecko) Chrome/128.0.0.0 Safari/537.36 OPR/114.0.0."
92.204.54.123 - - [14/Nov/2025:10:44:47 -0500] "GET /product/castledew-hair-spray/?add-to-cart=993&action=yith-woocompare-add-product&id=1091&_wpnonce=ea7061fc06 HTTP/1.1" 200 544 "-" "Mozilla/5.0 (Windows NT 10.0; Win64; x64) AppleWebKit/537.36 (KHTML, like Gecko) Chrome/128.0.0.0 Safari/537.36 OPR/114.0.0."
92.204.54.123 - - [14/Nov/2025:10:44:49 -0500] "GET /product/castledew-hair-spray/?add-to-cart=1070&action=yith-woocompare-add-product&id=1004&_wpnonce=ea7061fc06 HTTP/1.1" 200 544 "-" "Mozilla/5.0 (Windows NT 10.0; Win64; x64) AppleWebKit/537.36 (KHTML, like Gecko) Chrome/128.0.0.0 Safari/537.36 OPR/114.0.0."
92.204.54.123 - - [14/Nov/2025:10:44:51 -0500] "GET /product/castledew-hair-spray/?add-to-cart=1004 HTTP/1.1" 200 544 "-" "Mozilla/5.0 (Windows NT 10.0; Win64; x64) AppleWebKit/537.36 (KHTML, like Gecko) Chrome/128.0.0.0 Safari/537.36 OPR/114.0.0."
92.204.54.123 - - [14/Nov/2025:10:44:53 -0500] "GET /product/castledew-hair-spray/?add-to-cart=1070&action=yith-woocompare-add-product&id=993&_wpnonce=ea7061fc06 HTTP/1.1" 200 544 "-" "Mozilla/5.0 (Windows NT 10.0; Win64; x64) AppleWebKit/537.36 (KHTML, like Gecko) Chrome/128.0.0.0 Safari/537.36 OPR/114.0.0."
92.204.54.123 - - [14/Nov/2025:10:44:56 -0500] "GET /product/castledew-hair-spray/?add-to-cart=1070&action=yith-woocompare-add-product&id=1002&_wpnonce=ea7061fc06 HTTP/1.1" 200 544 "-" "Mozilla/5.0 (Windows NT 10.0; Win64; x64) AppleWebKit/537.36 (KHTML, like Gecko) Chrome/128.0.0.0 Safari/537.36 OPR/114.0.0."
92.204.54.123 - - [14/Nov/2025:10:44:58 -0500] "GET /product/castledew-hair-spray/?add-to-cart=1002 HTTP/1.1" 200 544 "-" "Mozilla/5.0 (Windows NT 10.0; Win64; x64) AppleWebKit/537.36 (KHTML, like Gecko) Chrome/128.0.0.0 Safari/537.36 OPR/114.0.0."
92.204.54.123 - - [14/Nov/2025:10:45:00 -0500] "GET /product/castledew-hair-spray/?add-to-cart=1070&action=yith-woocompare-add-product&id=1099&_wpnonce=ea7061fc06 HTTP/1.1" 200 544 "-" "Mozilla/5.0 (Windows NT 10.0; Win64; x64) AppleWebKit/537.36 (KHTML, like Gecko) Chrome/128.0.0.0 Safari/537.36 OPR/114.0.0."
92.204.54.123 - - [14/Nov/2025:10:45:03 -0500] "GET /product/castledew-hair-spray/?add-to-cart=1070&action=yith-woocompare-add-product&id=997&_wpnonce=ea7061fc06 HTTP/1.1" 200 544 "-" "Mozilla/5.0 (Windows NT 10.0; Win64; x64) AppleWebKit/537.36 (KHTML, like Gecko) Chrome/128.0.0.0 Safari/537.36 OPR/114.0.0."
92.204.54.123 - - [14/Nov/2025:10:45:05 -0500] "GET /product/castledew-hair-spray/?add-to-cart=1070&action=yith-woocompare-add-product&id=1080&_wpnonce=ea7061fc06 HTTP/1.1" 200 544 "-" "Mozilla/5.0 (Windows NT 10.0; Win64; x64) AppleWebKit/537.36 (KHTML, like Gecko) Chrome/128.0.0.0 Safari/537.36 OPR/114.0.0."
92.204.54.123 - - [14/Nov/2025:10:45:07 -0500] "GET /product/castledew-hair-spray/?add-to-cart=1127&action=yith-woocompare-add-product&id=997&_wpnonce=ea7061fc06 HTTP/1.1" 200 544 "-" "Mozilla/5.0 (Windows NT 10.0; Win64; x64) AppleWebKit/537.36 (KHTML, like Gecko) Chrome/128.0.0.0 Safari/537.36 OPR/114.0.0."
92.204.54.123 - - [14/Nov/2025:10:45:09 -0500] "GET /product/castledew-hair-spray/?add-to-cart=1127&action=yith-woocompare-add-product&id=1073&_wpnonce=ea7061fc06 HTTP/1.1" 200 544 "-" "Mozilla/5.0 (Windows NT 10.0; Win64; x64) AppleWebKit/537.36 (KHTML, like Gecko) Chrome/128.0.0.0 Safari/537.36 OPR/114.0.0."
92.204.54.123 - - [14/Nov/2025:10:45:11 -0500] "GET /product/castledew-hair-spray/?add-to-cart=1073 HTTP/1.1" 200 544 "-" "Mozilla/5.0 (Windows NT 10.0; Win64; x64) AppleWebKit/537.36 (KHTML, like Gecko) Chrome/128.0.0.0 Safari/537.36 OPR/114.0.0."
92.204.54.123 - - [14/Nov/2025:10:45:13 -0500] "GET /product/castledew-hair-spray/?add-to-cart=1127&action=yith-woocompare-add-product&id=1077&_wpnonce=ea7061fc06 HTTP/1.1" 200 544 "-" "Mozilla/5.0 (Windows NT 10.0; Win64; x64) AppleWebKit/537.36 (KHTML, like Gecko) Chrome/128.0.0.0 Safari/537.36 OPR/114.0.0."
92.204.54.123 - - [14/Nov/2025:10:45:15 -0500] "GET /product/castledew-hair-spray/?add-to-cart=1127&action=yith-woocompare-add-product&id=1099&_wpnonce=ea7061fc06 HTTP/1.1" 200 544 "-" "Mozilla/5.0 (Windows NT 10.0; Win64; x64) AppleWebKit/537.36 (KHTML, like Gecko) Chrome/128.0.0.0 Safari/537.36 OPR/114.0.0."
92.204.54.123 - - [14/Nov/2025:10:45:17 -0500] "GET /product/castledew-hair-spray/?add-to-cart=1127&action=yith-woocompare-add-product&id=1103&_wpnonce=ea7061fc06 HTTP/1.1" 200 544 "-" "Mozilla/5.0 (Windows NT 10.0; Win64; x64) AppleWebKit/537.36 (KHTML, like Gecko) Chrome/128.0.0.0 Safari/537.36 OPR/114.0.0."
92.204.54.123 - - [14/Nov/2025:10:45:19 -0500] "GET /product/castledew-hair-spray/?add-to-cart=1127&action=yith-woocompare-add-product&id=1075&_wpnonce=ea7061fc06 HTTP/1.1" 200 544 "-" "Mozilla/5.0 (Windows NT 10.0; Win64; x64) AppleWebKit/537.36 (KHTML, like Gecko) Chrome/128.0.0.0 Safari/537.36 OPR/114.0.0."
92.204.54.123 - - [14/Nov/2025:10:45:21 -0500] "GET /product/castledew-hair-spray/?add-to-cart=1099&action=yith-woocompare-add-product&id=993&_wpnonce=ea7061fc06 HTTP/1.1" 200 544 "-" "Mozilla/5.0 (Windows NT 10.0; Win64; x64) AppleWebKit/537.36 (KHTML, like Gecko) Chrome/128.0.0.0 Safari/537.36 OPR/114.0.0."
92.204.54.123 - - [14/Nov/2025:10:45:23 -0500] "GET /product/castledew-hair-spray/?add-to-cart=1099&action=yith-woocompare-add-product&id=1127&_wpnonce=ea7061fc06 HTTP/1.1" 200 544 "-" "Mozilla/5.0 (Windows NT 10.0; Win64; x64) AppleWebKit/537.36 (KHTML, like Gecko) Chrome/128.0.0.0 Safari/537.36 OPR/114.0.0."
92.204.54.123 - - [14/Nov/2025:10:45:25 -0500] "GET /product/castledew-hair-spray/?add-to-cart=1099&action=yith-woocompare-add-product&id=1002&_wpnonce=ea7061fc06 HTTP/1.1" 200 544 "-" "Mozilla/5.0 (Windows NT 10.0; Win64; x64) AppleWebKit/537.36 (KHTML, like Gecko) Chrome/128.0.0.0 Safari/537.36 OPR/114.0.0."
92.204.54.123 - - [14/Nov/2025:10:45:27 -0500] "GET /product/castledew-hair-spray/?add-to-cart=1099&action=yith-woocompare-add-product&id=989&_wpnonce=ea7061fc06 HTTP/1.1" 200 544 "-" "Mozilla/5.0 (Windows NT 10.0; Win64; x64) AppleWebKit/537.36 (KHTML, like Gecko) Chrome/128.0.0.0 Safari/537.36 OPR/114.0.0."
92.204.54.123 - - [14/Nov/2025:10:45:29 -0500] "GET /product/castledew-hair-spray/?add-to-cart=1099&action=yith-woocompare-add-product&id=1070&_wpnonce=ea7061fc06 HTTP/1.1" 200 544 "-" "Mozilla/5.0 (Windows NT 10.0; Win64; x64) AppleWebKit/537.36 (KHTML, like Gecko) Chrome/128.0.0.0 Safari/537.36 OPR/114.0.0."
92.204.54.123 - - [14/Nov/2025:10:45:32 -0500] "GET /product/castledew-hair-spray/?add-to-cart=1099&action=yith-woocompare-add-product&id=1091&_wpnonce=ea7061fc06 HTTP/1.1" 200 544 "-" "Mozilla/5.0 (Windows NT 10.0; Win64; x64) AppleWebKit/537.36 (KHTML, like Gecko) Chrome/128.0.0.0 Safari/537.36 OPR/114.0.0."
92.204.54.123 - - [14/Nov/2025:10:45:34 -0500] "GET /product/castledew-hair-spray/?add-to-cart=1103&action=yith-woocompare-add-product&id=1068&_wpnonce=ea7061fc06 HTTP/1.1" 200 544 "-" "Mozilla/5.0 (Windows NT 10.0; Win64; x64) AppleWebKit/537.36 (KHTML, like Gecko) Chrome/128.0.0.0 Safari/537.36 OPR/114.0.0."
92.204.54.123 - - [14/Nov/2025:10:45:36 -0500] "GET /product/castledew-hair-spray/?add-to-cart=1068 HTTP/1.1" 200 544 "-" "Mozilla/5.0 (Windows NT 10.0; Win64; x64) AppleWebKit/537.36 (KHTML, like Gecko) Chrome/128.0.0.0 Safari/537.36 OPR/114.0.0."
92.204.54.123 - - [14/Nov/2025:10:45:38 -0500] "GET /product/castledew-hair-spray/?add-to-cart=1103&action=yith-woocompare-add-product&id=1075&_wpnonce=ea7061fc06 HTTP/1.1" 200 544 "-" "Mozilla/5.0 (Windows NT 10.0; Win64; x64) AppleWebKit/537.36 (KHTML, like Gecko) Chrome/128.0.0.0 Safari/537.36 OPR/114.0.0."
92.204.54.123 - - [14/Nov/2025:10:45:40 -0500] "GET /product/castledew-hair-spray/?add-to-cart=1103&action=yith-woocompare-add-product&id=1127&_wpnonce=ea7061fc06 HTTP/1.1" 200 544 "-" "Mozilla/5.0 (Windows NT 10.0; Win64; x64) AppleWebKit/537.36 (KHTML, like Gecko) Chrome/128.0.0.0 Safari/537.36 OPR/114.0.0."
45.8.25.10 - - [14/Nov/2025:10:45:41 -0500] "GET /layout HTTP/1.1" 200 544 "https://duckduckgo.com/" "Mozilla/5.0 (Macintosh; Intel Mac OS X 10.15; rv:131.0) Gecko/20100101 Firefox/131.0"
92.204.54.123 - - [14/Nov/2025:10:45:42 -0500] "GET /product/castledew-hair-spray/?add-to-cart=1103&action=yith-woocompare-add-product&id=993&_wpnonce=ea7061fc06 HTTP/1.1" 200 544 "-" "Mozilla/5.0 (Windows NT 10.0; Win64; x64) AppleWebKit/537.36 (KHTML, like Gecko) Chrome/128.0.0.0 Safari/537.36 OPR/114.0.0."
92.204.54.123 - - [14/Nov/2025:10:45:44 -0500] "GET /product/castledew-hair-spray/?add-to-cart=1103&action=yith-woocompare-add-product&id=1099&_wpnonce=ea7061fc06 HTTP/1.1" 200 544 "-" "Mozilla/5.0 (Windows NT 10.0; Win64; x64) AppleWebKit/537.36 (KHTML, like Gecko) Chrome/128.0.0.0 Safari/537.36 OPR/114.0.0."
92.204.54.123 - - [14/Nov/2025:10:45:46 -0500] "GET /product/castledew-hair-spray/?add-to-cart=1103&action=yith-woocompare-add-product&id=1004&_wpnonce=ea7061fc06 HTTP/1.1" 200 544 "-" "Mozilla/5.0 (Windows NT 10.0; Win64; x64) AppleWebKit/537.36 (KHTML, like Gecko) Chrome/128.0.0.0 Safari/537.36 OPR/114.0.0."
92.204.54.123 - - [14/Nov/2025:10:45:49 -0500] "GET /product/castledew-hair-spray/?add-to-cart=989&action=yith-woocompare-add-product&id=1075&_wpnonce=ea7061fc06 HTTP/1.1" 200 544 "-" "Mozilla/5.0 (Windows NT 10.0; Win64; x64) AppleWebKit/537.36 (KHTML, like Gecko) Chrome/128.0.0.0 Safari/537.36 OPR/114.0.0."
92.204.54.123 - - [14/Nov/2025:10:45:51 -0500] "GET /product/castledew-hair-spray/?add-to-cart=989&action=yith-woocompare-add-product&id=1091&_wpnonce=ea7061fc06 HTTP/1.1" 200 544 "-" "Mozilla/5.0 (Windows NT 10.0; Win64; x64) AppleWebKit/537.36 (KHTML, like Gecko) Chrome/128.0.0.0 Safari/537.36 OPR/114.0.0."
92.204.54.123 - - [14/Nov/2025:10:45:53 -0500] "GET /product/castledew-hair-spray/?add-to-cart=989&action=yith-woocompare-add-product&id=1002&_wpnonce=ea7061fc06 HTTP/1.1" 200 544 "-" "Mozilla/5.0 (Windows NT 10.0; Win64; x64) AppleWebKit/537.36 (KHTML, like Gecko) Chrome/128.0.0.0 Safari/537.36 OPR/114.0.0."
92.204.54.123 - - [14/Nov/2025:10:45:55 -0500] "GET /product/castledew-hair-spray/?add-to-cart=989&action=yith-woocompare-add-product&id=989&_wpnonce=ea7061fc06 HTTP/1.1" 200 544 "-" "Mozilla/5.0 (Windows NT 10.0; Win64; x64) AppleWebKit/537.36 (KHTML, like Gecko) Chrome/128.0.0.0 Safari/537.36 OPR/114.0.0."
92.204.54.123 - - [14/Nov/2025:10:45:57 -0500] "GET /product/castledew-hair-spray/?add-to-cart=989&action=yith-woocompare-add-product&id=1004&_wpnonce=ea7061fc06 HTTP/1.1" 200 544 "-" "Mozilla/5.0 (Windows NT 10.0; Win64; x64) AppleWebKit/537.36 (KHTML, like Gecko) Chrome/128.0.0.0 Safari/537.36 OPR/114.0.0."
45.8.25.38 - - [14/Nov/2025:10:45:57 -0500] "GET /skins HTTP/1.1" 200 544 "https://www.google.com/" "Mozilla/5.0 (Windows NT 10.0; Win64; x64) AppleWebKit/537.36 (KHTML, like Gecko) Chrome/129.0.0.0 Safari/537.36"
92.204.54.123 - - [14/Nov/2025:10:45:59 -0500] "GET /product/castledew-hair-spray/?add-to-cart=989&action=yith-woocompare-add-product&id=1077&_wpnonce=ea7061fc06 HTTP/1.1" 200 544 "-" "Mozilla/5.0 (Windows NT 10.0; Win64; x64) AppleWebKit/537.36 (KHTML, like Gecko) Chrome/128.0.0.0 Safari/537.36 OPR/114.0.0."
92.204.54.123 - - [14/Nov/2025:10:46:01 -0500] "GET /product/iron-hair-bursh/?_wpnonce=a5b392c33b HTTP/1.1" 200 544 "-" "Mozilla/5.0 (Windows NT 10.0; Win64; x64) AppleWebKit/537.36 (KHTML, like Gecko) Chrome/128.0.0.0 Safari/537.36 OPR/114.0.0."
92.204.54.123 - - [14/Nov/2025:10:46:03 -0500] "GET /product/iron-hair-bursh/?add-to-cart=1103&action=yith-woocompare-add-product&id=1075&_wpnonce=ea7061fc06 HTTP/1.1" 200 544 "-" "Mozilla/5.0 (Windows NT 10.0; Win64; x64) AppleWebKit/537.36 (KHTML, like Gecko) Chrome/128.0.0.0 Safari/537.36 OPR/114.0.0."
92.204.54.123 - - [14/Nov/2025:10:46:05 -0500] "GET /product/iron-hair-bursh/?add-to-cart=1103&action=yith-woocompare-add-product&id=1080&_wpnonce=ea7061fc06 HTTP/1.1" 200 544 "-" "Mozilla/5.0 (Windows NT 10.0; Win64; x64) AppleWebKit/537.36 (KHTML, like Gecko) Chrome/128.0.0.0 Safari/537.36 OPR/114.0.0."
92.204.54.123 - - [14/Nov/2025:10:46:07 -0500] "GET /product/iron-hair-bursh/?add-to-cart=1103&action=yith-woocompare-add-product&id=1068&_wpnonce=ea7061fc06 HTTP/1.1" 200 544 "-" "Mozilla/5.0 (Windows NT 10.0; Win64; x64) AppleWebKit/537.36 (KHTML, like Gecko) Chrome/128.0.0.0 Safari/537.36 OPR/114.0.0."
92.204.54.123 - - [14/Nov/2025:10:46:09 -0500] "GET /product/iron-hair-bursh/?add-to-cart=1068 HTTP/1.1" 200 544 "-" "Mozilla/5.0 (Windows NT 10.0; Win64; x64) AppleWebKit/537.36 (KHTML, like Gecko) Chrome/128.0.0.0 Safari/537.36 OPR/114.0.0."
92.204.54.123 - - [14/Nov/2025:10:46:11 -0500] "GET /product/iron-hair-bursh/?add-to-cart=1103&action=yith-woocompare-add-product&id=1125&_wpnonce=ea7061fc06 HTTP/1.1" 200 544 "-" "Mozilla/5.0 (Windows NT 10.0; Win64; x64) AppleWebKit/537.36 (KHTML, like Gecko) Chrome/128.0.0.0 Safari/537.36 OPR/114.0.0."
92.204.54.123 - - [14/Nov/2025:10:46:13 -0500] "GET /product/iron-hair-bursh/?add-to-cart=1103&action=yith-woocompare-add-product&id=1091&_wpnonce=ea7061fc06 HTTP/1.1" 200 544 "-" "Mozilla/5.0 (Windows NT 10.0; Win64; x64) AppleWebKit/537.36 (KHTML, like Gecko) Chrome/128.0.0.0 Safari/537.36 OPR/114.0.0."
92.204.54.123 - - [14/Nov/2025:10:46:15 -0500] "GET /product/iron-hair-bursh/?add-to-cart=1091 HTTP/1.1" 200 544 "-" "Mozilla/5.0 (Windows NT 10.0; Win64; x64) AppleWebKit/537.36 (KHTML, like Gecko) Chrome/128.0.0.0 Safari/537.36 OPR/114.0.0."
92.204.54.123 - - [14/Nov/2025:10:46:17 -0500] "GET /product/iron-hair-bursh/?add-to-cart=1103&action=yith-woocompare-add-product&id=993&_wpnonce=ea7061fc06 HTTP/1.1" 200 544 "-" "Mozilla/5.0 (Windows NT 10.0; Win64; x64) AppleWebKit/537.36 (KHTML, like Gecko) Chrome/128.0.0.0 Safari/537.36 OPR/114.0.0."
92.204.54.123 - - [14/Nov/2025:10:46:21 -0500] "GET /product/iron-hair-bursh/?add-to-cart=1073&action=yith-woocompare-add-product&id=1004&_wpnonce=ea7061fc06 HTTP/1.1" 200 544 "-" "Mozilla/5.0 (Windows NT 10.0; Win64; x64) AppleWebKit/537.36 (KHTML, like Gecko) Chrome/128.0.0.0 Safari/537.36 OPR/114.0.0."
92.204.54.123 - - [14/Nov/2025:10:46:23 -0500] "GET /product/iron-hair-bursh/?add-to-cart=1073&action=yith-woocompare-add-product&id=1103&_wpnonce=ea7061fc06 HTTP/1.1" 200 544 "-" "Mozilla/5.0 (Windows NT 10.0; Win64; x64) AppleWebKit/537.36 (KHTML, like Gecko) Chrome/128.0.0.0 Safari/537.36 OPR/114.0.0."
92.204.54.123 - - [14/Nov/2025:10:46:25 -0500] "GET /product/iron-hair-bursh/?add-to-cart=1073&action=yith-woocompare-add-product&id=1073&_wpnonce=ea7061fc06 HTTP/1.1" 200 544 "-" "Mozilla/5.0 (Windows NT 10.0; Win64; x64) AppleWebKit/537.36 (KHTML, like Gecko) Chrome/128.0.0.0 Safari/537.36 OPR/114.0.0."
92.204.54.123 - - [14/Nov/2025:10:46:27 -0500] "GET /product/iron-hair-bursh/?add-to-cart=1073&action=yith-woocompare-add-product&id=1091&_wpnonce=ea7061fc06 HTTP/1.1" 200 544 "-" "Mozilla/5.0 (Windows NT 10.0; Win64; x64) AppleWebKit/537.36 (KHTML, like Gecko) Chrome/128.0.0.0 Safari/537.36 OPR/114.0.0."
92.204.54.123 - - [14/Nov/2025:10:46:29 -0500] "GET /product/iron-hair-bursh/?add-to-cart=1073&action=yith-woocompare-add-product&id=1099&_wpnonce=ea7061fc06 HTTP/1.1" 200 544 "-" "Mozilla/5.0 (Windows NT 10.0; Win64; x64) AppleWebKit/537.36 (KHTML, like Gecko) Chrome/128.0.0.0 Safari/537.36 OPR/114.0.0."
92.204.54.123 - - [14/Nov/2025:10:46:31 -0500] "GET /product/iron-hair-bursh/?add-to-cart=1099 HTTP/1.1" 200 544 "-" "Mozilla/5.0 (Windows NT 10.0; Win64; x64) AppleWebKit/537.36 (KHTML, like Gecko) Chrome/128.0.0.0 Safari/537.36 OPR/114.0.0."
92.204.54.123 - - [14/Nov/2025:10:46:33 -0500] "GET /product/iron-hair-bursh/?add-to-cart=1073&action=yith-woocompare-add-product&id=997&_wpnonce=ea7061fc06 HTTP/1.1" 200 544 "-" "Mozilla/5.0 (Windows NT 10.0; Win64; x64) AppleWebKit/537.36 (KHTML, like Gecko) Chrome/128.0.0.0 Safari/537.36 OPR/114.0.0."
92.204.54.123 - - [14/Nov/2025:10:46:35 -0500] "GET /product/iron-hair-bursh/?add-to-cart=997 HTTP/1.1" 200 544 "-" "Mozilla/5.0 (Windows NT 10.0; Win64; x64) AppleWebKit/537.36 (KHTML, like Gecko) Chrome/128.0.0.0 Safari/537.36 OPR/114.0.0."
92.204.54.123 - - [14/Nov/2025:10:46:37 -0500] "GET /product/iron-hair-bursh/?add-to-cart=1125&action=yith-woocompare-add-product&id=1002&_wpnonce=ea7061fc06 HTTP/1.1" 200 544 "-" "Mozilla/5.0 (Windows NT 10.0; Win64; x64) AppleWebKit/537.36 (KHTML, like Gecko) Chrome/128.0.0.0 Safari/537.36 OPR/114.0.0."
92.204.54.123 - - [14/Nov/2025:10:46:39 -0500] "GET /product/iron-hair-bursh/?add-to-cart=1002 HTTP/1.1" 200 544 "-" "Mozilla/5.0 (Windows NT 10.0; Win64; x64) AppleWebKit/537.36 (KHTML, like Gecko) Chrome/128.0.0.0 Safari/537.36 OPR/114.0.0."
92.204.54.123 - - [14/Nov/2025:10:46:41 -0500] "GET /product/iron-hair-bursh/?add-to-cart=1125&action=yith-woocompare-add-product&id=1073&_wpnonce=ea7061fc06 HTTP/1.1" 200 544 "-" "Mozilla/5.0 (Windows NT 10.0; Win64; x64) AppleWebKit/537.36 (KHTML, like Gecko) Chrome/128.0.0.0 Safari/537.36 OPR/114.0.0."
92.204.54.123 - - [14/Nov/2025:10:46:43 -0500] "GET /product/iron-hair-bursh/?add-to-cart=1125&action=yith-woocompare-add-product&id=1070&_wpnonce=ea7061fc06 HTTP/1.1" 200 544 "-" "Mozilla/5.0 (Windows NT 10.0; Win64; x64) AppleWebKit/537.36 (KHTML, like Gecko) Chrome/128.0.0.0 Safari/537.36 OPR/114.0.0."
92.204.54.123 - - [14/Nov/2025:10:46:45 -0500] "GET /product/iron-hair-bursh/?add-to-cart=1125&action=yith-woocompare-add-product&id=1068&_wpnonce=ea7061fc06 HTTP/1.1" 200 544 "-" "Mozilla/5.0 (Windows NT 10.0; Win64; x64) AppleWebKit/537.36 (KHTML, like Gecko) Chrome/128.0.0.0 Safari/537.36 OPR/114.0.0."
92.204.54.123 - - [14/Nov/2025:10:46:47 -0500] "GET /product/iron-hair-bursh/?add-to-cart=1125&action=yith-woocompare-add-product&id=1077&_wpnonce=ea7061fc06 HTTP/1.1" 200 544 "-" "Mozilla/5.0 (Windows NT 10.0; Win64; x64) AppleWebKit/537.36 (KHTML, like Gecko) Chrome/128.0.0.0 Safari/537.36 OPR/114.0.0."
92.204.54.123 - - [14/Nov/2025:10:46:51 -0500] "GET /product/iron-hair-bursh/?add-to-cart=1125&action=yith-woocompare-add-product&id=1103&_wpnonce=ea7061fc06 HTTP/1.1" 200 544 "-" "Mozilla/5.0 (Windows NT 10.0; Win64; x64) AppleWebKit/537.36 (KHTML, like Gecko) Chrome/128.0.0.0 Safari/537.36 OPR/114.0.0."
92.204.54.123 - - [14/Nov/2025:10:46:53 -0500] "GET /product/iron-hair-bursh/?add-to-cart=1004&action=yith-woocompare-add-product&id=997&_wpnonce=ea7061fc06 HTTP/1.1" 200 544 "-" "Mozilla/5.0 (Windows NT 10.0; Win64; x64) AppleWebKit/537.36 (KHTML, like Gecko) Chrome/128.0.0.0 Safari/537.36 OPR/114.0.0."
92.204.54.123 - - [14/Nov/2025:10:46:55 -0500] "GET /product/iron-hair-bursh/?add-to-cart=1004&action=yith-woocompare-add-product&id=1099&_wpnonce=ea7061fc06 HTTP/1.1" 200 544 "-" "Mozilla/5.0 (Windows NT 10.0; Win64; x64) AppleWebKit/537.36 (KHTML, like Gecko) Chrome/128.0.0.0 Safari/537.36 OPR/114.0.0."
92.204.54.123 - - [14/Nov/2025:10:46:57 -0500] "GET /product/iron-hair-bursh/?add-to-cart=1004&action=yith-woocompare-add-product&id=993&_wpnonce=ea7061fc06 HTTP/1.1" 200 544 "-" "Mozilla/5.0 (Windows NT 10.0; Win64; x64) AppleWebKit/537.36 (KHTML, like Gecko) Chrome/128.0.0.0 Safari/537.36 OPR/114.0.0."
92.204.54.123 - - [14/Nov/2025:10:46:59 -0500] "GET /product/iron-hair-bursh/?add-to-cart=1004&action=yith-woocompare-add-product&id=1073&_wpnonce=ea7061fc06 HTTP/1.1" 200 544 "-" "Mozilla/5.0 (Windows NT 10.0; Win64; x64) AppleWebKit/537.36 (KHTML, like Gecko) Chrome/128.0.0.0 Safari/537.36 OPR/114.0.0."
92.204.54.123 - - [14/Nov/2025:10:47:01 -0500] "GET /product/iron-hair-bursh/?add-to-cart=1004&action=yith-woocompare-add-product&id=1070&_wpnonce=ea7061fc06 HTTP/1.1" 200 544 "-" "Mozilla/5.0 (Windows NT 10.0; Win64; x64) AppleWebKit/537.36 (KHTML, like Gecko) Chrome/128.0.0.0 Safari/537.36 OPR/114.0.0."
92.204.54.123 - - [14/Nov/2025:10:47:03 -0500] "GET /product/iron-hair-bursh/?add-to-cart=1004&action=yith-woocompare-add-product&id=1103&_wpnonce=ea7061fc06 HTTP/1.1" 200 544 "-" "Mozilla/5.0 (Windows NT 10.0; Win64; x64) AppleWebKit/537.36 (KHTML, like Gecko) Chrome/128.0.0.0 Safari/537.36 OPR/114.0.0."
92.204.54.123 - - [14/Nov/2025:10:47:05 -0500] "GET /product/iron-hair-bursh/?add-to-cart=1070&action=yith-woocompare-add-product&id=1075&_wpnonce=ea7061fc06 HTTP/1.1" 200 544 "-" "Mozilla/5.0 (Windows NT 10.0; Win64; x64) AppleWebKit/537.36 (KHTML, like Gecko) Chrome/128.0.0.0 Safari/537.36 OPR/114.0.0."
45.8.25.53 - - [14/Nov/2025:10:47:07 -0500] "GET /widgets HTTP/1.1" 200 544 "https://www.google.com/" "Mozilla/5.0 (Windows NT 10.0; Win64; x64) AppleWebKit/537.36 (KHTML, like Gecko) Chrome/130.0.0.0 Safari/537.36"
92.204.54.123 - - [14/Nov/2025:10:47:07 -0500] "GET /product/iron-hair-bursh/?add-to-cart=1070&action=yith-woocompare-add-product&id=1099&_wpnonce=ea7061fc06 HTTP/1.1" 200 544 "-" "Mozilla/5.0 (Windows NT 10.0; Win64; x64) AppleWebKit/537.36 (KHTML, like Gecko) Chrome/128.0.0.0 Safari/537.36 OPR/114.0.0."
92.204.54.123 - - [14/Nov/2025:10:47:09 -0500] "GET /product/iron-hair-bursh/?add-to-cart=1070&action=yith-woocompare-add-product&id=1091&_wpnonce=ea7061fc06 HTTP/1.1" 200 544 "-" "Mozilla/5.0 (Windows NT 10.0; Win64; x64) AppleWebKit/537.36 (KHTML, like Gecko) Chrome/128.0.0.0 Safari/537.36 OPR/114.0.0."
92.204.54.123 - - [14/Nov/2025:10:47:11 -0500] "GET /product/iron-hair-bursh/?add-to-cart=1070&action=yith-woocompare-add-product&id=1103&_wpnonce=ea7061fc06 HTTP/1.1" 200 544 "-" "Mozilla/5.0 (Windows NT 10.0; Win64; x64) AppleWebKit/537.36 (KHTML, like Gecko) Chrome/128.0.0.0 Safari/537.36 OPR/114.0.0."
100.28.57.133 - - [14/Nov/2025:10:47:11 -0500] "GET /product/castledew-hair-spray/ HTTP/1.1" 200 544 "-" "Mozilla/5.0 AppleWebKit/537.36 (KHTML, like Gecko; compatible; Amazonbot/0.1; +https://developer.amazon.com/support/amazonbot) Chrome/119.0.6045.214 Safari/537.36"
92.204.54.123 - - [14/Nov/2025:10:47:13 -0500] "GET /product/iron-hair-bursh/?add-to-cart=1070&action=yith-woocompare-add-product&id=1077&_wpnonce=ea7061fc06 HTTP/1.1" 200 544 "-" "Mozilla/5.0 (Windows NT 10.0; Win64; x64) AppleWebKit/537.36 (KHTML, like Gecko) Chrome/128.0.0.0 Safari/537.36 OPR/114.0.0."
92.204.54.123 - - [14/Nov/2025:10:47:15 -0500] "GET /product/iron-hair-bursh/?add-to-cart=1070&action=yith-woocompare-add-product&id=1002&_wpnonce=ea7061fc06 HTTP/1.1" 200 544 "-" "Mozilla/5.0 (Windows NT 10.0; Win64; x64) AppleWebKit/537.36 (KHTML, like Gecko) Chrome/128.0.0.0 Safari/537.36 OPR/114.0.0."
35.173.38.202 - - [14/Nov/2025:10:47:16 -0500] "GET /category/beauty-news/ HTTP/1.1" 200 544 "-" "Mozilla/5.0 AppleWebKit/537.36 (KHTML, like Gecko; compatible; Amazonbot/0.1; +https://developer.amazon.com/support/amazonbot) Chrome/119.0.6045.214 Safari/537.36"
92.204.54.123 - - [14/Nov/2025:10:47:17 -0500] "GET /product/iron-hair-bursh/?add-to-cart=993&action=yith-woocompare-add-product&id=993&_wpnonce=ea7061fc06 HTTP/1.1" 200 544 "-" "Mozilla/5.0 (Windows NT 10.0; Win64; x64) AppleWebKit/537.36 (KHTML, like Gecko) Chrome/128.0.0.0 Safari/537.36 OPR/114.0.0."
92.204.54.123 - - [14/Nov/2025:10:47:19 -0500] "GET /product/iron-hair-bursh/?add-to-cart=993&action=yith-woocompare-add-product&id=1068&_wpnonce=ea7061fc06 HTTP/1.1" 200 544 "-" "Mozilla/5.0 (Windows NT 10.0; Win64; x64) AppleWebKit/537.36 (KHTML, like Gecko) Chrome/128.0.0.0 Safari/537.36 OPR/114.0.0."
45.8.25.53 - - [14/Nov/2025:10:47:21 -0500] "GET /widget HTTP/1.1" 200 544 "https://www.bing.com/" "Mozilla/5.0 (Macintosh; Intel Mac OS X 10_15_7) AppleWebKit/537.36 (KHTML, like Gecko) Chrome/130.0.0.0 Safari/537.36"
92.204.54.123 - - [14/Nov/2025:10:47:21 -0500] "GET /product/iron-hair-bursh/?add-to-cart=993&action=yith-woocompare-add-product&id=1125&_wpnonce=ea7061fc06 HTTP/1.1" 200 544 "-" "Mozilla/5.0 (Windows NT 10.0; Win64; x64) AppleWebKit/537.36 (KHTML, like Gecko) Chrome/128.0.0.0 Safari/537.36 OPR/114.0.0."
92.204.54.123 - - [14/Nov/2025:10:47:23 -0500] "GET /product/iron-hair-bursh/?add-to-cart=993&action=yith-woocompare-add-product&id=1080&_wpnonce=ea7061fc06 HTTP/1.1" 200 544 "-" "Mozilla/5.0 (Windows NT 10.0; Win64; x64) AppleWebKit/537.36 (KHTML, like Gecko) Chrome/128.0.0.0 Safari/537.36 OPR/114.0.0."
92.204.54.123 - - [14/Nov/2025:10:47:25 -0500] "GET /product/iron-hair-bursh/?add-to-cart=993&action=yith-woocompare-add-product&id=1077&_wpnonce=ea7061fc06 HTTP/1.1" 200 544 "-" "Mozilla/5.0 (Windows NT 10.0; Win64; x64) AppleWebKit/537.36 (KHTML, like Gecko) Chrome/128.0.0.0 Safari/537.36 OPR/114.0.0."
92.204.54.123 - - [14/Nov/2025:10:47:27 -0500] "GET /product/iron-hair-bursh/?add-to-cart=993&action=yith-woocompare-add-product&id=1103&_wpnonce=ea7061fc06 HTTP/1.1" 200 544 "-" "Mozilla/5.0 (Windows NT 10.0; Win64; x64) AppleWebKit/537.36 (KHTML, like Gecko) Chrome/128.0.0.0 Safari/537.36 OPR/114.0.0."
92.204.54.123 - - [14/Nov/2025:10:47:29 -0500] "GET /product-tag/haircare/?_wpnonce=a5b392c33b HTTP/1.1" 200 544 "-" "Mozilla/5.0 (Windows NT 10.0; Win64; x64) AppleWebKit/537.36 (KHTML, like Gecko) Chrome/128.0.0.0 Safari/537.36 OPR/114.0.0."
92.204.54.123 - - [14/Nov/2025:10:47:31 -0500] "GET /product-tag/haircare/?add-to-cart=1127&action=yith-woocompare-add-product&id=1127&_wpnonce=ea7061fc06 HTTP/1.1" 200 544 "-" "Mozilla/5.0 (Windows NT 10.0; Win64; x64) AppleWebKit/537.36 (KHTML, like Gecko) Chrome/128.0.0.0 Safari/537.36 OPR/114.0.0."
92.204.54.123 - - [14/Nov/2025:10:47:34 -0500] "GET /product-tag/hair-brush/?_wpnonce=a5b392c33b HTTP/1.1" 200 544 "-" "Mozilla/5.0 (Windows NT 10.0; Win64; x64) AppleWebKit/537.36 (KHTML, like Gecko) Chrome/128.0.0.0 Safari/537.36 OPR/114.0.0."
45.8.25.53 - - [14/Nov/2025:10:47:35 -0500] "GET /modules HTTP/1.1" 200 544 "https://www.google.com/" "Mozilla/5.0 (Macintosh; Intel Mac OS X 10.15; rv:131.0) Gecko/20100101 Firefox/131.0"
92.204.54.123 - - [14/Nov/2025:10:47:37 -0500] "GET /product-tag/hair-brush/?add-to-cart=1127&action=yith-woocompare-add-product&id=1127&_wpnonce=ea7061fc06 HTTP/1.1" 200 544 "-" "Mozilla/5.0 (Windows NT 10.0; Win64; x64) AppleWebKit/537.36 (KHTML, like Gecko) Chrome/128.0.0.0 Safari/537.36 OPR/114.0.0."
92.204.54.123 - - [14/Nov/2025:10:47:39 -0500] "GET /brand/silky/?_wpnonce=a5b392c33b HTTP/1.1" 200 544 "-" "Mozilla/5.0 (Windows NT 10.0; Win64; x64) AppleWebKit/537.36 (KHTML, like Gecko) Chrome/128.0.0.0 Safari/537.36 OPR/114.0.0."
92.204.54.123 - - [14/Nov/2025:10:47:42 -0500] "GET /brand/silky/?add-to-cart=1070&action=yith-woocompare-add-product&id=1070&_wpnonce=ea7061fc06 HTTP/1.1" 200 544 "-" "Mozilla/5.0 (Windows NT 10.0; Win64; x64) AppleWebKit/537.36 (KHTML, like Gecko) Chrome/128.0.0.0 Safari/537.36 OPR/114.0.0."
92.204.54.123 - - [14/Nov/2025:10:47:44 -0500] "GET /brand/silky/?add-to-cart=1070&action=yith-woocompare-add-product&id=1068&_wpnonce=ea7061fc06 HTTP/1.1" 200 544 "-" "Mozilla/5.0 (Windows NT 10.0; Win64; x64) AppleWebKit/537.36 (KHTML, like Gecko) Chrome/128.0.0.0 Safari/537.36 OPR/114.0.0."
92.204.54.123 - - [14/Nov/2025:10:47:46 -0500] "GET /brand/silky/?add-to-cart=1070&action=yith-woocompare-add-product&id=1004&_wpnonce=ea7061fc06 HTTP/1.1" 200 544 "-" "Mozilla/5.0 (Windows NT 10.0; Win64; x64) AppleWebKit/537.36 (KHTML, like Gecko) Chrome/128.0.0.0 Safari/537.36 OPR/114.0.0."
92.204.54.123 - - [14/Nov/2025:10:47:48 -0500] "GET /brand/silky/?add-to-cart=1070&action=yith-woocompare-add-product&id=1075&_wpnonce=ea7061fc06 HTTP/1.1" 200 544 "-" "Mozilla/5.0 (Windows NT 10.0; Win64; x64) AppleWebKit/537.36 (KHTML, like Gecko) Chrome/128.0.0.0 Safari/537.36 OPR/114.0.0."
45.8.25.53 - - [14/Nov/2025:10:47:48 -0500] "GET /module HTTP/1.1" 200 544 "https://yandex.com/" "Mozilla/5.0 (Windows NT 10.0; Win64; x64) AppleWebKit/537.36 (KHTML, like Gecko) Chrome/130.0.0.0 Safari/537.36"
92.204.54.123 - - [14/Nov/2025:10:47:50 -0500] "GET /brand/silky/?add-to-cart=1070&action=yith-woocompare-add-product&id=1080&_wpnonce=ea7061fc06 HTTP/1.1" 200 544 "-" "Mozilla/5.0 (Windows NT 10.0; Win64; x64) AppleWebKit/537.36 (KHTML, like Gecko) Chrome/128.0.0.0 Safari/537.36 OPR/114.0.0."
92.204.54.123 - - [14/Nov/2025:10:47:52 -0500] "GET /brand/silky/?add-to-cart=1070&action=yith-woocompare-add-product&id=1077&_wpnonce=ea7061fc06 HTTP/1.1" 200 544 "-" "Mozilla/5.0 (Windows NT 10.0; Win64; x64) AppleWebKit/537.36 (KHTML, like Gecko) Chrome/128.0.0.0 Safari/537.36 OPR/114.0.0."
92.204.54.123 - - [14/Nov/2025:10:47:54 -0500] "GET /brand/silky/?add-to-cart=1070&action=yith-woocompare-add-product&id=1073&_wpnonce=ea7061fc06 HTTP/1.1" 200 544 "-" "Mozilla/5.0 (Windows NT 10.0; Win64; x64) AppleWebKit/537.36 (KHTML, like Gecko) Chrome/128.0.0.0 Safari/537.36 OPR/114.0.0."
92.204.54.123 - - [14/Nov/2025:10:47:56 -0500] "GET /brand/silky/?add-to-cart=1070&action=yith-woocompare-add-product&id=993&_wpnonce=ea7061fc06 HTTP/1.1" 200 544 "-" "Mozilla/5.0 (Windows NT 10.0; Win64; x64) AppleWebKit/537.36 (KHTML, like Gecko) Chrome/128.0.0.0 Safari/537.36 OPR/114.0.0."
92.204.54.123 - - [14/Nov/2025:10:47:58 -0500] "GET /brand/silky/?add-to-cart=1070&action=yith-woocompare-add-product&id=989&_wpnonce=ea7061fc06 HTTP/1.1" 200 544 "-" "Mozilla/5.0 (Windows NT 10.0; Win64; x64) AppleWebKit/537.36 (KHTML, like Gecko) Chrome/128.0.0.0 Safari/537.36 OPR/114.0.0."
92.204.54.123 - - [14/Nov/2025:10:48:00 -0500] "GET /brand/silky/?add-to-cart=1068&action=yith-woocompare-add-product&id=1070&_wpnonce=ea7061fc06 HTTP/1.1" 200 544 "-" "Mozilla/5.0 (Windows NT 10.0; Win64; x64) AppleWebKit/537.36 (KHTML, like Gecko) Chrome/128.0.0.0 Safari/537.36 OPR/114.0.0."
45.8.25.53 - - [14/Nov/2025:10:48:02 -0500] "GET /Modules HTTP/1.1" 200 544 "https://www.bing.com/" "Mozilla/5.0 (Windows NT 10.0; Win64; x64) AppleWebKit/537.36 (KHTML, like Gecko) Chrome/130.0.0.0 Safari/537.36 Edg/130.0.0.0"
92.204.54.123 - - [14/Nov/2025:10:48:02 -0500] "GET /brand/silky/?add-to-cart=1068&action=yith-woocompare-add-product&id=1068&_wpnonce=ea7061fc06 HTTP/1.1" 200 544 "-" "Mozilla/5.0 (Windows NT 10.0; Win64; x64) AppleWebKit/537.36 (KHTML, like Gecko) Chrome/128.0.0.0 Safari/537.36 OPR/114.0.0."
92.204.54.123 - - [14/Nov/2025:10:48:04 -0500] "GET /brand/silky/?add-to-cart=1068&action=yith-woocompare-add-product&id=1004&_wpnonce=ea7061fc06 HTTP/1.1" 200 544 "-" "Mozilla/5.0 (Windows NT 10.0; Win64; x64) AppleWebKit/537.36 (KHTML, like Gecko) Chrome/128.0.0.0 Safari/537.36 OPR/114.0.0."
92.204.54.123 - - [14/Nov/2025:10:48:06 -0500] "GET /brand/silky/?add-to-cart=1068&action=yith-woocompare-add-product&id=1075&_wpnonce=ea7061fc06 HTTP/1.1" 200 544 "-" "Mozilla/5.0 (Windows NT 10.0; Win64; x64) AppleWebKit/537.36 (KHTML, like Gecko) Chrome/128.0.0.0 Safari/537.36 OPR/114.0.0."
92.204.54.123 - - [14/Nov/2025:10:48:08 -0500] "GET /brand/silky/?add-to-cart=1068&action=yith-woocompare-add-product&id=1080&_wpnonce=ea7061fc06 HTTP/1.1" 200 544 "-" "Mozilla/5.0 (Windows NT 10.0; Win64; x64) AppleWebKit/537.36 (KHTML, like Gecko) Chrome/128.0.0.0 Safari/537.36 OPR/114.0.0."
92.204.54.123 - - [14/Nov/2025:10:48:10 -0500] "GET /brand/silky/?add-to-cart=1068&action=yith-woocompare-add-product&id=1077&_wpnonce=ea7061fc06 HTTP/1.1" 200 544 "-" "Mozilla/5.0 (Windows NT 10.0; Win64; x64) AppleWebKit/537.36 (KHTML, like Gecko) Chrome/128.0.0.0 Safari/537.36 OPR/114.0.0."
92.204.54.123 - - [14/Nov/2025:10:48:12 -0500] "GET /brand/silky/?add-to-cart=1068&action=yith-woocompare-add-product&id=1073&_wpnonce=ea7061fc06 HTTP/1.1" 200 544 "-" "Mozilla/5.0 (Windows NT 10.0; Win64; x64) AppleWebKit/537.36 (KHTML, like Gecko) Chrome/128.0.0.0 Safari/537.36 OPR/114.0.0."
92.204.54.123 - - [14/Nov/2025:10:48:14 -0500] "GET /brand/silky/?add-to-cart=1068&action=yith-woocompare-add-product&id=993&_wpnonce=ea7061fc06 HTTP/1.1" 200 544 "-" "Mozilla/5.0 (Windows NT 10.0; Win64; x64) AppleWebKit/537.36 (KHTML, like Gecko) Chrome/128.0.0.0 Safari/537.36 OPR/114.0.0."
45.8.25.53 - - [14/Nov/2025:10:48:15 -0500] "GET /plugins HTTP/1.1" 200 544 "https://duckduckgo.com/" "Mozilla/5.0 (Macintosh; Intel Mac OS X 10_15_7) AppleWebKit/605.1.15 (KHTML, like Gecko) Version/18.1 Safari/605.1.15"
92.204.54.123 - - [14/Nov/2025:10:48:16 -0500] "GET /brand/silky/?add-to-cart=1068&action=yith-woocompare-add-product&id=989&_wpnonce=ea7061fc06 HTTP/1.1" 200 544 "-" "Mozilla/5.0 (Windows NT 10.0; Win64; x64) AppleWebKit/537.36 (KHTML, like Gecko) Chrome/128.0.0.0 Safari/537.36 OPR/114.0.0."
92.204.54.123 - - [14/Nov/2025:10:48:18 -0500] "GET /brand/silky/?add-to-cart=1004&action=yith-woocompare-add-product&id=1070&_wpnonce=ea7061fc06 HTTP/1.1" 200 544 "-" "Mozilla/5.0 (Windows NT 10.0; Win64; x64) AppleWebKit/537.36 (KHTML, like Gecko) Chrome/128.0.0.0 Safari/537.36 OPR/114.0.0."
92.204.54.123 - - [14/Nov/2025:10:48:20 -0500] "GET /brand/silky/?add-to-cart=1004&action=yith-woocompare-add-product&id=1068&_wpnonce=ea7061fc06 HTTP/1.1" 200 544 "-" "Mozilla/5.0 (Windows NT 10.0; Win64; x64) AppleWebKit/537.36 (KHTML, like Gecko) Chrome/128.0.0.0 Safari/537.36 OPR/114.0.0."
92.204.54.123 - - [14/Nov/2025:10:48:22 -0500] "GET /brand/silky/?add-to-cart=1004&action=yith-woocompare-add-product&id=1004&_wpnonce=ea7061fc06 HTTP/1.1" 200 544 "-" "Mozilla/5.0 (Windows NT 10.0; Win64; x64) AppleWebKit/537.36 (KHTML, like Gecko) Chrome/128.0.0.0 Safari/537.36 OPR/114.0.0."
92.204.54.123 - - [14/Nov/2025:10:48:24 -0500] "GET /brand/silky/?add-to-cart=1004&action=yith-woocompare-add-product&id=1075&_wpnonce=ea7061fc06 HTTP/1.1" 200 544 "-" "Mozilla/5.0 (Windows NT 10.0; Win64; x64) AppleWebKit/537.36 (KHTML, like Gecko) Chrome/128.0.0.0 Safari/537.36 OPR/114.0.0."
92.204.54.123 - - [14/Nov/2025:10:48:26 -0500] "GET /brand/silky/?add-to-cart=1004&action=yith-woocompare-add-product&id=1080&_wpnonce=ea7061fc06 HTTP/1.1" 200 544 "-" "Mozilla/5.0 (Windows NT 10.0; Win64; x64) AppleWebKit/537.36 (KHTML, like Gecko) Chrome/128.0.0.0 Safari/537.36 OPR/114.0.0."
92.204.54.123 - - [14/Nov/2025:10:48:28 -0500] "GET /brand/silky/?add-to-cart=1004&action=yith-woocompare-add-product&id=1077&_wpnonce=ea7061fc06 HTTP/1.1" 200 544 "-" "Mozilla/5.0 (Windows NT 10.0; Win64; x64) AppleWebKit/537.36 (KHTML, like Gecko) Chrome/128.0.0.0 Safari/537.36 OPR/114.0.0."
45.8.25.53 - - [14/Nov/2025:10:48:28 -0500] "GET /plugin HTTP/1.1" 200 544 "https://search.yahoo.com/" "Mozilla/5.0 (Windows NT 10.0; Win64; x64; rv:131.0) Gecko/20100101 Firefox/131.0"
92.204.54.123 - - [14/Nov/2025:10:48:30 -0500] "GET /brand/silky/?add-to-cart=1004&action=yith-woocompare-add-product&id=1073&_wpnonce=ea7061fc06 HTTP/1.1" 200 544 "-" "Mozilla/5.0 (Windows NT 10.0; Win64; x64) AppleWebKit/537.36 (KHTML, like Gecko) Chrome/128.0.0.0 Safari/537.36 OPR/114.0.0."
92.204.54.123 - - [14/Nov/2025:10:48:32 -0500] "GET /brand/silky/?add-to-cart=1004&action=yith-woocompare-add-product&id=993&_wpnonce=ea7061fc06 HTTP/1.1" 200 544 "-" "Mozilla/5.0 (Windows NT 10.0; Win64; x64) AppleWebKit/537.36 (KHTML, like Gecko) Chrome/128.0.0.0 Safari/537.36 OPR/114.0.0."
92.204.54.123 - - [14/Nov/2025:10:48:34 -0500] "GET /brand/silky/?add-to-cart=1004&action=yith-woocompare-add-product&id=989&_wpnonce=ea7061fc06 HTTP/1.1" 200 544 "-" "Mozilla/5.0 (Windows NT 10.0; Win64; x64) AppleWebKit/537.36 (KHTML, like Gecko) Chrome/128.0.0.0 Safari/537.36 OPR/114.0.0."
92.204.54.123 - - [14/Nov/2025:10:48:36 -0500] "GET /brand/silky/?add-to-cart=1075&action=yith-woocompare-add-product&id=1070&_wpnonce=ea7061fc06 HTTP/1.1" 200 544 "-" "Mozilla/5.0 (Windows NT 10.0; Win64; x64) AppleWebKit/537.36 (KHTML, like Gecko) Chrome/128.0.0.0 Safari/537.36 OPR/114.0.0."
92.204.54.123 - - [14/Nov/2025:10:48:38 -0500] "GET /brand/silky/?add-to-cart=1075&action=yith-woocompare-add-product&id=1068&_wpnonce=ea7061fc06 HTTP/1.1" 200 544 "-" "Mozilla/5.0 (Windows NT 10.0; Win64; x64) AppleWebKit/537.36 (KHTML, like Gecko) Chrome/128.0.0.0 Safari/537.36 OPR/114.0.0."
92.204.54.123 - - [14/Nov/2025:10:48:40 -0500] "GET /brand/silky/?add-to-cart=1075&action=yith-woocompare-add-product&id=1004&_wpnonce=ea7061fc06 HTTP/1.1" 200 544 "-" "Mozilla/5.0 (Windows NT 10.0; Win64; x64) AppleWebKit/537.36 (KHTML, like Gecko) Chrome/128.0.0.0 Safari/537.36 OPR/114.0.0."
45.8.25.53 - - [14/Nov/2025:10:48:41 -0500] "GET /extensions HTTP/1.1" 200 544 "https://search.yahoo.com/" "Mozilla/5.0 (Windows NT 10.0; Win64; x64) AppleWebKit/537.36 (KHTML, like Gecko) Chrome/130.0.0.0 Safari/537.36 Edg/130.0.0.0"
92.204.54.123 - - [14/Nov/2025:10:48:42 -0500] "GET /brand/silky/?add-to-cart=1075&action=yith-woocompare-add-product&id=1075&_wpnonce=ea7061fc06 HTTP/1.1" 200 544 "-" "Mozilla/5.0 (Windows NT 10.0; Win64; x64) AppleWebKit/537.36 (KHTML, like Gecko) Chrome/128.0.0.0 Safari/537.36 OPR/114.0.0."
92.204.54.123 - - [14/Nov/2025:10:48:44 -0500] "GET /brand/silky/?add-to-cart=1075&action=yith-woocompare-add-product&id=1080&_wpnonce=ea7061fc06 HTTP/1.1" 200 544 "-" "Mozilla/5.0 (Windows NT 10.0; Win64; x64) AppleWebKit/537.36 (KHTML, like Gecko) Chrome/128.0.0.0 Safari/537.36 OPR/114.0.0."
92.204.54.123 - - [14/Nov/2025:10:48:46 -0500] "GET /brand/silky/?add-to-cart=1075&action=yith-woocompare-add-product&id=1077&_wpnonce=ea7061fc06 HTTP/1.1" 200 544 "-" "Mozilla/5.0 (Windows NT 10.0; Win64; x64) AppleWebKit/537.36 (KHTML, like Gecko) Chrome/128.0.0.0 Safari/537.36 OPR/114.0.0."
92.204.54.123 - - [14/Nov/2025:10:48:48 -0500] "GET /brand/silky/?add-to-cart=1075&action=yith-woocompare-add-product&id=1073&_wpnonce=ea7061fc06 HTTP/1.1" 200 544 "-" "Mozilla/5.0 (Windows NT 10.0; Win64; x64) AppleWebKit/537.36 (KHTML, like Gecko) Chrome/128.0.0.0 Safari/537.36 OPR/114.0.0."
92.204.54.123 - - [14/Nov/2025:10:48:50 -0500] "GET /brand/silky/?add-to-cart=1075&action=yith-woocompare-add-product&id=993&_wpnonce=ea7061fc06 HTTP/1.1" 200 544 "-" "Mozilla/5.0 (Windows NT 10.0; Win64; x64) AppleWebKit/537.36 (KHTML, like Gecko) Chrome/128.0.0.0 Safari/537.36 OPR/114.0.0."
92.204.54.123 - - [14/Nov/2025:10:48:52 -0500] "GET /brand/silky/?add-to-cart=1075&action=yith-woocompare-add-product&id=989&_wpnonce=ea7061fc06 HTTP/1.1" 200 544 "-" "Mozilla/5.0 (Windows NT 10.0; Win64; x64) AppleWebKit/537.36 (KHTML, like Gecko) Chrome/128.0.0.0 Safari/537.36 OPR/114.0.0."
45.8.25.53 - - [14/Nov/2025:10:48:53 -0500] "GET /addons HTTP/1.1" 200 544 "https://www.bing.com/" "Mozilla/5.0 (Windows NT 10.0; Win64; x64) AppleWebKit/537.36 (KHTML, like Gecko) Chrome/130.0.0.0 Safari/537.36"
92.204.54.123 - - [14/Nov/2025:10:48:54 -0500] "GET /brand/silky/?add-to-cart=1080&action=yith-woocompare-add-product&id=1070&_wpnonce=ea7061fc06 HTTP/1.1" 200 544 "-" "Mozilla/5.0 (Windows NT 10.0; Win64; x64) AppleWebKit/537.36 (KHTML, like Gecko) Chrome/128.0.0.0 Safari/537.36 OPR/114.0.0."
92.204.54.123 - - [14/Nov/2025:10:48:56 -0500] "GET /brand/silky/?add-to-cart=1080&action=yith-woocompare-add-product&id=1068&_wpnonce=ea7061fc06 HTTP/1.1" 200 544 "-" "Mozilla/5.0 (Windows NT 10.0; Win64; x64) AppleWebKit/537.36 (KHTML, like Gecko) Chrome/128.0.0.0 Safari/537.36 OPR/114.0.0."
92.204.54.123 - - [14/Nov/2025:10:48:58 -0500] "GET /brand/silky/?add-to-cart=1080&action=yith-woocompare-add-product&id=1004&_wpnonce=ea7061fc06 HTTP/1.1" 200 544 "-" "Mozilla/5.0 (Windows NT 10.0; Win64; x64) AppleWebKit/537.36 (KHTML, like Gecko) Chrome/128.0.0.0 Safari/537.36 OPR/114.0.0."
92.204.54.123 - - [14/Nov/2025:10:49:00 -0500] "GET /brand/silky/?add-to-cart=1080&action=yith-woocompare-add-product&id=1075&_wpnonce=ea7061fc06 HTTP/1.1" 200 544 "-" "Mozilla/5.0 (Windows NT 10.0; Win64; x64) AppleWebKit/537.36 (KHTML, like Gecko) Chrome/128.0.0.0 Safari/537.36 OPR/114.0.0."
92.204.54.123 - - [14/Nov/2025:10:49:02 -0500] "GET /brand/silky/?add-to-cart=1080&action=yith-woocompare-add-product&id=1080&_wpnonce=ea7061fc06 HTTP/1.1" 200 544 "-" "Mozilla/5.0 (Windows NT 10.0; Win64; x64) AppleWebKit/537.36 (KHTML, like Gecko) Chrome/128.0.0.0 Safari/537.36 OPR/114.0.0."
