92.204.54.123 - - [14/Nov/2025:11:14:09 -0500] "GET /product/nouvelle-mousse-strong-hold/?add-to-cart=1004&action=yith-woocompare-add-product&id=1002&_wpnonce=da84b49310 HTTP/1.1" 200 544 "-" "Mozilla/5.0 (Windows NT 10.0; Win64; x64) AppleWebKit/537.36 (KHTML, like Gecko) Chrome/128.0.0.0 Safari/537.36 OPR/114.0.0."
45.8.25.23 - - [14/Nov/2025:11:14:10 -0500] "GET /lib/pkp/lib HTTP/1.1" 200 544 "https://yandex.com/" "Mozilla/5.0 (Macintosh; Intel Mac OS X 10.15; rv:131.0) Gecko/20100101 Firefox/131.0"
92.204.54.123 - - [14/Nov/2025:11:14:11 -0500] "GET /product/nouvelle-mousse-strong-hold/?add-to-cart=1004&action=yith-woocompare-add-product&id=1073&_wpnonce=da84b49310 HTTP/1.1" 200 544 "-" "Mozilla/5.0 (Windows NT 10.0; Win64; x64) AppleWebKit/537.36 (KHTML, like Gecko) Chrome/128.0.0.0 Safari/537.36 OPR/114.0.0."
92.204.54.123 - - [14/Nov/2025:11:14:15 -0500] "GET /product/nouvelle-mousse-strong-hold/?add-to-cart=1080&action=yith-woocompare-add-product&id=1004&_wpnonce=da84b49310 HTTP/1.1" 200 544 "-" "Mozilla/5.0 (Windows NT 10.0; Win64; x64) AppleWebKit/537.36 (KHTML, like Gecko) Chrome/128.0.0.0 Safari/537.36 OPR/114.0.0."
92.204.54.123 - - [14/Nov/2025:11:14:17 -0500] "GET /product/nouvelle-mousse-strong-hold/?add-to-cart=1080&action=yith-woocompare-add-product&id=1080&_wpnonce=da84b49310 HTTP/1.1" 200 544 "-" "Mozilla/5.0 (Windows NT 10.0; Win64; x64) AppleWebKit/537.36 (KHTML, like Gecko) Chrome/128.0.0.0 Safari/537.36 OPR/114.0.0."
92.204.54.123 - - [14/Nov/2025:11:14:19 -0500] "GET /product/nouvelle-mousse-strong-hold/?add-to-cart=1080&action=yith-woocompare-add-product&id=1091&_wpnonce=da84b49310 HTTP/1.1" 200 544 "-" "Mozilla/5.0 (Windows NT 10.0; Win64; x64) AppleWebKit/537.36 (KHTML, like Gecko) Chrome/128.0.0.0 Safari/537.36 OPR/114.0.0."
45.8.25.23 - - [14/Nov/2025:11:14:20 -0500] "GET /lib/pkp/classes HTTP/1.1" 200 544 "https://yandex.com/" "Mozilla/5.0 (Windows NT 10.0; Win64; x64) AppleWebKit/537.36 (KHTML, like Gecko) Chrome/130.0.0.0 Safari/537.36"
92.204.54.123 - - [14/Nov/2025:11:14:21 -0500] "GET /product/nouvelle-mousse-strong-hold/?add-to-cart=1080&action=yith-woocompare-add-product&id=1073&_wpnonce=da84b49310 HTTP/1.1" 200 544 "-" "Mozilla/5.0 (Windows NT 10.0; Win64; x64) AppleWebKit/537.36 (KHTML, like Gecko) Chrome/128.0.0.0 Safari/537.36 OPR/114.0.0."
92.204.54.123 - - [14/Nov/2025:11:14:23 -0500] "GET /product/nouvelle-mousse-strong-hold/?add-to-cart=1080&action=yith-woocompare-add-product&id=1068&_wpnonce=da84b49310 HTTP/1.1" 200 544 "-" "Mozilla/5.0 (Windows NT 10.0; Win64; x64) AppleWebKit/537.36 (KHTML, like Gecko) Chrome/128.0.0.0 Safari/537.36 OPR/114.0.0."
92.204.54.123 - - [14/Nov/2025:11:14:25 -0500] "GET /product/nouvelle-mousse-strong-hold/?add-to-cart=1080&action=yith-woocompare-add-product&id=1127&_wpnonce=da84b49310 HTTP/1.1" 200 544 "-" "Mozilla/5.0 (Windows NT 10.0; Win64; x64) AppleWebKit/537.36 (KHTML, like Gecko) Chrome/128.0.0.0 Safari/537.36 OPR/114.0.0."
92.204.54.123 - - [14/Nov/2025:11:14:27 -0500] "GET /product/nouvelle-mousse-strong-hold/?add-to-cart=1127& HTTP/1.1" 200 544 "-" "Mozilla/5.0 (Windows NT 10.0; Win64; x64) AppleWebKit/537.36 (KHTML, like Gecko) Chrome/128.0.0.0 Safari/537.36 OPR/114.0.0."
92.204.54.123 - - [14/Nov/2025:11:14:29 -0500] "GET /product/nouvelle-mousse-strong-hold/?add-to-cart=1068&action=yith-woocompare-add-product&id=1068&_wpnonce=da84b49310 HTTP/1.1" 200 544 "-" "Mozilla/5.0 (Windows NT 10.0; Win64; x64) AppleWebKit/537.36 (KHTML, like Gecko) Chrome/128.0.0.0 Safari/537.36 OPR/114.0.0."
92.204.54.123 - - [14/Nov/2025:11:14:31 -0500] "GET /product/nouvelle-mousse-strong-hold/?add-to-cart=1068&action=yith-woocompare-add-product&id=1004&_wpnonce=da84b49310 HTTP/1.1" 200 544 "-" "Mozilla/5.0 (Windows NT 10.0; Win64; x64) AppleWebKit/537.36 (KHTML, like Gecko) Chrome/128.0.0.0 Safari/537.36 OPR/114.0.0."
45.8.25.23 - - [14/Nov/2025:11:14:31 -0500] "GET /lib/pkp/templates HTTP/1.1" 200 544 "https://yandex.com/" "Mozilla/5.0 (Macintosh; Intel Mac OS X 10.15; rv:131.0) Gecko/20100101 Firefox/131.0"
92.204.54.123 - - [14/Nov/2025:11:14:33 -0500] "GET /product/nouvelle-mousse-strong-hold/?add-to-cart=1068&action=yith-woocompare-add-product&id=1077&_wpnonce=da84b49310 HTTP/1.1" 200 544 "-" "Mozilla/5.0 (Windows NT 10.0; Win64; x64) AppleWebKit/537.36 (KHTML, like Gecko) Chrome/128.0.0.0 Safari/537.36 OPR/114.0.0."
92.204.54.123 - - [14/Nov/2025:11:14:35 -0500] "GET /product/nouvelle-mousse-strong-hold/?add-to-cart=1068&action=yith-woocompare-add-product&id=997&_wpnonce=da84b49310 HTTP/1.1" 200 544 "-" "Mozilla/5.0 (Windows NT 10.0; Win64; x64) AppleWebKit/537.36 (KHTML, like Gecko) Chrome/128.0.0.0 Safari/537.36 OPR/114.0.0."
92.204.54.123 - - [14/Nov/2025:11:14:37 -0500] "GET /product/nouvelle-mousse-strong-hold/?add-to-cart=1068&action=yith-woocompare-add-product&id=1075&_wpnonce=da84b49310 HTTP/1.1" 200 544 "-" "Mozilla/5.0 (Windows NT 10.0; Win64; x64) AppleWebKit/537.36 (KHTML, like Gecko) Chrome/128.0.0.0 Safari/537.36 OPR/114.0.0."
92.204.54.123 - - [14/Nov/2025:11:14:39 -0500] "GET /product/nouvelle-mousse-strong-hold/?add-to-cart=1068&action=yith-woocompare-add-product&id=989&_wpnonce=da84b49310 HTTP/1.1" 200 544 "-" "Mozilla/5.0 (Windows NT 10.0; Win64; x64) AppleWebKit/537.36 (KHTML, like Gecko) Chrome/128.0.0.0 Safari/537.36 OPR/114.0.0."
92.204.54.123 - - [14/Nov/2025:11:14:41 -0500] "GET /product/nouvelle-mousse-strong-hold/?add-to-cart=993&action=yith-woocompare-add-product&id=1070&_wpnonce=da84b49310 HTTP/1.1" 200 544 "-" "Mozilla/5.0 (Windows NT 10.0; Win64; x64) AppleWebKit/537.36 (KHTML, like Gecko) Chrome/128.0.0.0 Safari/537.36 OPR/114.0.0."
92.204.54.123 - - [14/Nov/2025:11:14:43 -0500] "GET /product/nouvelle-mousse-strong-hold/?add-to-cart=993&action=yith-woocompare-add-product&id=1073&_wpnonce=da84b49310 HTTP/1.1" 200 544 "-" "Mozilla/5.0 (Windows NT 10.0; Win64; x64) AppleWebKit/537.36 (KHTML, like Gecko) Chrome/128.0.0.0 Safari/537.36 OPR/114.0.0."
45.8.25.23 - - [14/Nov/2025:11:14:44 -0500] "GET /plugins/importexport HTTP/1.1" 200 544 "https://www.google.com/" "Mozilla/5.0 (Macintosh; Intel Mac OS X 10_15_7) AppleWebKit/605.1.15 (KHTML, like Gecko) Version/18.1 Safari/605.1.15"
92.204.54.123 - - [14/Nov/2025:11:14:45 -0500] "GET /product/nouvelle-mousse-strong-hold/?add-to-cart=993&action=yith-woocompare-add-product&id=989&_wpnonce=da84b49310 HTTP/1.1" 200 544 "-" "Mozilla/5.0 (Windows NT 10.0; Win64; x64) AppleWebKit/537.36 (KHTML, like Gecko) Chrome/128.0.0.0 Safari/537.36 OPR/114.0.0."
92.204.54.123 - - [14/Nov/2025:11:14:47 -0500] "GET /product/nouvelle-mousse-strong-hold/?add-to-cart=993&action=yith-woocompare-add-product&id=1002&_wpnonce=da84b49310 HTTP/1.1" 200 544 "-" "Mozilla/5.0 (Windows NT 10.0; Win64; x64) AppleWebKit/537.36 (KHTML, like Gecko) Chrome/128.0.0.0 Safari/537.36 OPR/114.0.0."
92.204.54.123 - - [14/Nov/2025:11:14:49 -0500] "GET /product/nouvelle-mousse-strong-hold/?add-to-cart=993&action=yith-woocompare-add-product&id=1125&_wpnonce=da84b49310 HTTP/1.1" 200 544 "-" "Mozilla/5.0 (Windows NT 10.0; Win64; x64) AppleWebKit/537.36 (KHTML, like Gecko) Chrome/128.0.0.0 Safari/537.36 OPR/114.0.0."
92.204.54.123 - - [14/Nov/2025:11:14:51 -0500] "GET /product/nouvelle-mousse-strong-hold/?add-to-cart=993&action=yith-woocompare-add-product&id=1099&_wpnonce=da84b49310 HTTP/1.1" 200 544 "-" "Mozilla/5.0 (Windows NT 10.0; Win64; x64) AppleWebKit/537.36 (KHTML, like Gecko) Chrome/128.0.0.0 Safari/537.36 OPR/114.0.0."
92.204.54.123 - - [14/Nov/2025:11:14:53 -0500] "GET /product/nouvelle-mousse-strong-hold/?add-to-cart=1075&action=yith-woocompare-add-product&id=1091&_wpnonce=da84b49310 HTTP/1.1" 200 544 "-" "Mozilla/5.0 (Windows NT 10.0; Win64; x64) AppleWebKit/537.36 (KHTML, like Gecko) Chrome/128.0.0.0 Safari/537.36 OPR/114.0.0."
92.204.54.123 - - [14/Nov/2025:11:14:55 -0500] "GET /product/nouvelle-mousse-strong-hold/?add-to-cart=1075&action=yith-woocompare-add-product&id=1002&_wpnonce=da84b49310 HTTP/1.1" 200 544 "-" "Mozilla/5.0 (Windows NT 10.0; Win64; x64) AppleWebKit/537.36 (KHTML, like Gecko) Chrome/128.0.0.0 Safari/537.36 OPR/114.0.0."
45.8.25.23 - - [14/Nov/2025:11:14:57 -0500] "GET /plugins/generic HTTP/1.1" 200 544 "https://duckduckgo.com/" "Mozilla/5.0 (Windows NT 10.0; Win64; x64) AppleWebKit/537.36 (KHTML, like Gecko) Chrome/130.0.0.0 Safari/537.36 Edg/130.0.0.0"
92.204.54.123 - - [14/Nov/2025:11:14:57 -0500] "GET /product/nouvelle-mousse-strong-hold/?add-to-cart=1075&action=yith-woocompare-add-product&id=1127&_wpnonce=da84b49310 HTTP/1.1" 200 544 "-" "Mozilla/5.0 (Windows NT 10.0; Win64; x64) AppleWebKit/537.36 (KHTML, like Gecko) Chrome/128.0.0.0 Safari/537.36 OPR/114.0.0."
92.204.54.123 - - [14/Nov/2025:11:14:59 -0500] "GET /product/nouvelle-mousse-strong-hold/?add-to-cart=1075&action=yith-woocompare-add-product&id=997&_wpnonce=da84b49310 HTTP/1.1" 200 544 "-" "Mozilla/5.0 (Windows NT 10.0; Win64; x64) AppleWebKit/537.36 (KHTML, like Gecko) Chrome/128.0.0.0 Safari/537.36 OPR/114.0.0."
92.204.54.123 - - [14/Nov/2025:11:15:01 -0500] "GET /product/nouvelle-mousse-strong-hold/?add-to-cart=1075&action=yith-woocompare-add-product&id=1125&_wpnonce=da84b49310 HTTP/1.1" 200 544 "-" "Mozilla/5.0 (Windows NT 10.0; Win64; x64) AppleWebKit/537.36 (KHTML, like Gecko) Chrome/128.0.0.0 Safari/537.36 OPR/114.0.0."
92.204.54.123 - - [14/Nov/2025:11:15:04 -0500] "GET /product/nouvelle-mousse-strong-hold/?add-to-cart=1075&action=yith-woocompare-add-product&id=1073&_wpnonce=da84b49310 HTTP/1.1" 200 544 "-" "Mozilla/5.0 (Windows NT 10.0; Win64; x64) AppleWebKit/537.36 (KHTML, like Gecko) Chrome/128.0.0.0 Safari/537.36 OPR/114.0.0."
92.204.54.123 - - [14/Nov/2025:11:15:06 -0500] "GET /product/nouvelle-mousse-strong-hold/?add-to-cart=989& HTTP/1.1" 200 544 "-" "Mozilla/5.0 (Windows NT 10.0; Win64; x64) AppleWebKit/537.36 (KHTML, like Gecko) Chrome/128.0.0.0 Safari/537.36 OPR/114.0.0."
92.204.54.123 - - [14/Nov/2025:11:15:08 -0500] "GET /product-tag/hair-mousse/?_wpnonce=da84b49310&action=yith-woocompare-add-product&id=1103 HTTP/1.1" 200 544 "-" "Mozilla/5.0 (Windows NT 10.0; Win64; x64) AppleWebKit/537.36 (KHTML, like Gecko) Chrome/128.0.0.0 Safari/537.36 OPR/114.0.0."
92.204.54.123 - - [14/Nov/2025:11:15:10 -0500] "GET /product-tag/hair-mousse/?_wpnonce=a5b392c33b&add-to-cart=1103 HTTP/1.1" 200 544 "-" "Mozilla/5.0 (Windows NT 10.0; Win64; x64) AppleWebKit/537.36 (KHTML, like Gecko) Chrome/128.0.0.0 Safari/537.36 OPR/114.0.0."
45.8.25.23 - - [14/Nov/2025:11:15:12 -0500] "GET /plugins/themes HTTP/1.1" 200 544 "https://yandex.com/" "Mozilla/5.0 (Windows NT 10.0; Win64; x64) AppleWebKit/537.36 (KHTML, like Gecko) Chrome/129.0.0.0 Safari/537.36"
92.204.54.123 - - [14/Nov/2025:11:15:12 -0500] "GET /product/beauty-blender/?_wpnonce=da84b49310&action=yith-woocompare-add-product&id=1121 HTTP/1.1" 200 544 "-" "Mozilla/5.0 (Windows NT 10.0; Win64; x64) AppleWebKit/537.36 (KHTML, like Gecko) Chrome/128.0.0.0 Safari/537.36 OPR/114.0.0."
92.204.54.123 - - [14/Nov/2025:11:15:14 -0500] "GET /product/beauty-blender/?_wpnonce=a5b392c33b&add-to-cart=1121 HTTP/1.1" 200 544 "-" "Mozilla/5.0 (Windows NT 10.0; Win64; x64) AppleWebKit/537.36 (KHTML, like Gecko) Chrome/128.0.0.0 Safari/537.36 OPR/114.0.0."
92.204.54.123 - - [14/Nov/2025:11:15:16 -0500] "GET /product/beauty-blender/?_wpnonce=da84b49310&action=yith-woocompare-add-product&id=1117 HTTP/1.1" 200 544 "-" "Mozilla/5.0 (Windows NT 10.0; Win64; x64) AppleWebKit/537.36 (KHTML, like Gecko) Chrome/128.0.0.0 Safari/537.36 OPR/114.0.0."
92.204.54.123 - - [14/Nov/2025:11:15:18 -0500] "GET /product/beauty-blender/?_wpnonce=a5b392c33b&add-to-cart=1117 HTTP/1.1" 200 544 "-" "Mozilla/5.0 (Windows NT 10.0; Win64; x64) AppleWebKit/537.36 (KHTML, like Gecko) Chrome/128.0.0.0 Safari/537.36 OPR/114.0.0."
92.204.54.123 - - [14/Nov/2025:11:15:20 -0500] "GET /product/beauty-blender/?_wpnonce=da84b49310&action=yith-woocompare-add-product&id=1112 HTTP/1.1" 200 544 "-" "Mozilla/5.0 (Windows NT 10.0; Win64; x64) AppleWebKit/537.36 (KHTML, like Gecko) Chrome/128.0.0.0 Safari/537.36 OPR/114.0.0."
92.204.54.123 - - [14/Nov/2025:11:15:22 -0500] "GET /product/beauty-blender/?_wpnonce=a5b392c33b&add-to-cart=1112 HTTP/1.1" 200 544 "-" "Mozilla/5.0 (Windows NT 10.0; Win64; x64) AppleWebKit/537.36 (KHTML, like Gecko) Chrome/128.0.0.0 Safari/537.36 OPR/114.0.0."
92.204.54.123 - - [14/Nov/2025:11:15:24 -0500] "GET /product/beauty-blender/?add-to-cart=1121& HTTP/1.1" 200 544 "-" "Mozilla/5.0 (Windows NT 10.0; Win64; x64) AppleWebKit/537.36 (KHTML, like Gecko) Chrome/128.0.0.0 Safari/537.36 OPR/114.0.0."
66.249.72.68 - - [14/Nov/2025:11:15:25 -0500] "GET /product-category/hair-care/?action=yith-woocompare-add-product&id=1075&_wpnonce=c5243d8401 HTTP/1.1" 200 494 "-" "Mozilla/5.0 (Linux; Android 6.0.1; Nexus 5X Build/MMB29P) AppleWebKit/537.36 (KHTML, like Gecko) Chrome/141.0.7390.122 Mobile Safari/537.36 (compatible; Googlebot/2.1; +http://www.google.com/bot.html)"
45.8.25.23 - - [14/Nov/2025:11:15:25 -0500] "GET /plugins/blocks HTTP/1.1" 200 544 "https://duckduckgo.com/" "Mozilla/5.0 (Macintosh; Intel Mac OS X 10_15_7) AppleWebKit/537.36 (KHTML, like Gecko) Chrome/130.0.0.0 Safari/537.36"
92.204.54.123 - - [14/Nov/2025:11:15:26 -0500] "GET /product/beauty-blender/?add-to-cart=1112& HTTP/1.1" 200 544 "-" "Mozilla/5.0 (Windows NT 10.0; Win64; x64) AppleWebKit/537.36 (KHTML, like Gecko) Chrome/128.0.0.0 Safari/537.36 OPR/114.0.0."
92.204.54.123 - - [14/Nov/2025:11:15:28 -0500] "GET /product-tag/makeup/?_wpnonce=da84b49310&action=yith-woocompare-add-product&id=1107 HTTP/1.1" 200 544 "-" "Mozilla/5.0 (Windows NT 10.0; Win64; x64) AppleWebKit/537.36 (KHTML, like Gecko) Chrome/128.0.0.0 Safari/537.36 OPR/114.0.0."
92.204.54.123 - - [14/Nov/2025:11:15:30 -0500] "GET /product-tag/makeup/?_wpnonce=a5b392c33b&add-to-cart=1107 HTTP/1.1" 200 544 "-" "Mozilla/5.0 (Windows NT 10.0; Win64; x64) AppleWebKit/537.36 (KHTML, like Gecko) Chrome/128.0.0.0 Safari/537.36 OPR/114.0.0."
92.204.54.123 - - [14/Nov/2025:11:15:32 -0500] "GET /product-tag/makeup/?_wpnonce=da84b49310&action=yith-woocompare-add-product&id=1112 HTTP/1.1" 200 544 "-" "Mozilla/5.0 (Windows NT 10.0; Win64; x64) AppleWebKit/537.36 (KHTML, like Gecko) Chrome/128.0.0.0 Safari/537.36 OPR/114.0.0."
92.204.54.123 - - [14/Nov/2025:11:15:34 -0500] "GET /product-tag/makeup/?_wpnonce=a5b392c33b&add-to-cart=1112 HTTP/1.1" 200 544 "-" "Mozilla/5.0 (Windows NT 10.0; Win64; x64) AppleWebKit/537.36 (KHTML, like Gecko) Chrome/128.0.0.0 Safari/537.36 OPR/114.0.0."
92.204.54.123 - - [14/Nov/2025:11:15:36 -0500] "GET /product-tag/makeup/?_wpnonce=da84b49310&action=yith-woocompare-add-product&id=1117 HTTP/1.1" 200 544 "-" "Mozilla/5.0 (Windows NT 10.0; Win64; x64) AppleWebKit/537.36 (KHTML, like Gecko) Chrome/128.0.0.0 Safari/537.36 OPR/114.0.0."
45.8.25.23 - - [14/Nov/2025:11:15:38 -0500] "GET /plugins/citationFormats HTTP/1.1" 200 544 "https://yandex.com/" "Mozilla/5.0 (Windows NT 10.0; Win64; x64) AppleWebKit/537.36 (KHTML, like Gecko) Chrome/130.0.0.0 Safari/537.36"
92.204.54.123 - - [14/Nov/2025:11:15:38 -0500] "GET /product-tag/makeup/?_wpnonce=a5b392c33b&add-to-cart=1117 HTTP/1.1" 200 544 "-" "Mozilla/5.0 (Windows NT 10.0; Win64; x64) AppleWebKit/537.36 (KHTML, like Gecko) Chrome/128.0.0.0 Safari/537.36 OPR/114.0.0."
92.204.54.123 - - [14/Nov/2025:11:15:40 -0500] "GET /product-tag/makeup/?_wpnonce=da84b49310&action=yith-woocompare-add-product&id=1121 HTTP/1.1" 200 544 "-" "Mozilla/5.0 (Windows NT 10.0; Win64; x64) AppleWebKit/537.36 (KHTML, like Gecko) Chrome/128.0.0.0 Safari/537.36 OPR/114.0.0."
92.204.54.123 - - [14/Nov/2025:11:15:42 -0500] "GET /product-tag/makeup/?_wpnonce=a5b392c33b&add-to-cart=1121 HTTP/1.1" 200 544 "-" "Mozilla/5.0 (Windows NT 10.0; Win64; x64) AppleWebKit/537.36 (KHTML, like Gecko) Chrome/128.0.0.0 Safari/537.36 OPR/114.0.0."
92.204.54.123 - - [14/Nov/2025:11:15:44 -0500] "GET /product-tag/makeup/?add-to-cart=1107& HTTP/1.1" 200 544 "-" "Mozilla/5.0 (Windows NT 10.0; Win64; x64) AppleWebKit/537.36 (KHTML, like Gecko) Chrome/128.0.0.0 Safari/537.36 OPR/114.0.0."
92.204.54.123 - - [14/Nov/2025:11:15:46 -0500] "GET /product-tag/makeup/?add-to-cart=1112& HTTP/1.1" 200 544 "-" "Mozilla/5.0 (Windows NT 10.0; Win64; x64) AppleWebKit/537.36 (KHTML, like Gecko) Chrome/128.0.0.0 Safari/537.36 OPR/114.0.0."
92.204.54.123 - - [14/Nov/2025:11:15:49 -0500] "GET /product-tag/beauty/?_wpnonce=da84b49310&action=yith-woocompare-add-product&id=1107 HTTP/1.1" 200 544 "-" "Mozilla/5.0 (Windows NT 10.0; Win64; x64) AppleWebKit/537.36 (KHTML, like Gecko) Chrome/128.0.0.0 Safari/537.36 OPR/114.0.0."
92.204.54.123 - - [14/Nov/2025:11:15:51 -0500] "GET /product-tag/beauty/?_wpnonce=a5b392c33b&add-to-cart=1107 HTTP/1.1" 200 544 "-" "Mozilla/5.0 (Windows NT 10.0; Win64; x64) AppleWebKit/537.36 (KHTML, like Gecko) Chrome/128.0.0.0 Safari/537.36 OPR/114.0.0."
45.8.25.23 - - [14/Nov/2025:11:15:52 -0500] "GET /plugins/paymethod HTTP/1.1" 200 544 "https://search.yahoo.com/" "Mozilla/5.0 (Windows NT 10.0; Win64; x64) AppleWebKit/537.36 (KHTML, like Gecko) Chrome/130.0.0.0 Safari/537.36 Edg/130.0.0.0"
92.204.54.123 - - [14/Nov/2025:11:15:53 -0500] "GET /product-tag/beauty/?_wpnonce=da84b49310&action=yith-woocompare-add-product&id=1112 HTTP/1.1" 200 544 "-" "Mozilla/5.0 (Windows NT 10.0; Win64; x64) AppleWebKit/537.36 (KHTML, like Gecko) Chrome/128.0.0.0 Safari/537.36 OPR/114.0.0."
92.204.54.123 - - [14/Nov/2025:11:15:55 -0500] "GET /product-tag/beauty/?_wpnonce=a5b392c33b&add-to-cart=1112 HTTP/1.1" 200 544 "-" "Mozilla/5.0 (Windows NT 10.0; Win64; x64) AppleWebKit/537.36 (KHTML, like Gecko) Chrome/128.0.0.0 Safari/537.36 OPR/114.0.0."
92.204.54.123 - - [14/Nov/2025:11:15:57 -0500] "GET /product/beauty-blender-2/?_wpnonce=da84b49310&action=yith-woocompare-add-product&id=1107 HTTP/1.1" 200 544 "-" "Mozilla/5.0 (Windows NT 10.0; Win64; x64) AppleWebKit/537.36 (KHTML, like Gecko) Chrome/128.0.0.0 Safari/537.36 OPR/114.0.0."
92.204.54.123 - - [14/Nov/2025:11:15:59 -0500] "GET /product/beauty-blender-2/?_wpnonce=a5b392c33b&add-to-cart=1107 HTTP/1.1" 200 544 "-" "Mozilla/5.0 (Windows NT 10.0; Win64; x64) AppleWebKit/537.36 (KHTML, like Gecko) Chrome/128.0.0.0 Safari/537.36 OPR/114.0.0."
92.204.54.123 - - [14/Nov/2025:11:16:01 -0500] "GET /product/beauty-blender-2/?_wpnonce=da84b49310&action=yith-woocompare-add-product&id=1121 HTTP/1.1" 200 544 "-" "Mozilla/5.0 (Windows NT 10.0; Win64; x64) AppleWebKit/537.36 (KHTML, like Gecko) Chrome/128.0.0.0 Safari/537.36 OPR/114.0.0."
92.204.54.123 - - [14/Nov/2025:11:16:03 -0500] "GET /product/beauty-blender-2/?_wpnonce=a5b392c33b&add-to-cart=1121 HTTP/1.1" 200 544 "-" "Mozilla/5.0 (Windows NT 10.0; Win64; x64) AppleWebKit/537.36 (KHTML, like Gecko) Chrome/128.0.0.0 Safari/537.36 OPR/114.0.0."
92.204.54.123 - - [14/Nov/2025:11:16:05 -0500] "GET /product/beauty-blender-2/?_wpnonce=da84b49310&action=yith-woocompare-add-product&id=1117 HTTP/1.1" 200 544 "-" "Mozilla/5.0 (Windows NT 10.0; Win64; x64) AppleWebKit/537.36 (KHTML, like Gecko) Chrome/128.0.0.0 Safari/537.36 OPR/114.0.0."
45.8.25.23 - - [14/Nov/2025:11:16:06 -0500] "GET /plugins/reports HTTP/1.1" 200 544 "https://www.bing.com/" "Mozilla/5.0 (Macintosh; Intel Mac OS X 10_15_7) AppleWebKit/537.36 (KHTML, like Gecko) Chrome/130.0.0.0 Safari/537.36"
92.204.54.123 - - [14/Nov/2025:11:16:07 -0500] "GET /product/beauty-blender-2/?_wpnonce=a5b392c33b&add-to-cart=1117 HTTP/1.1" 200 544 "-" "Mozilla/5.0 (Windows NT 10.0; Win64; x64) AppleWebKit/537.36 (KHTML, like Gecko) Chrome/128.0.0.0 Safari/537.36 OPR/114.0.0."
92.204.54.123 - - [14/Nov/2025:11:16:09 -0500] "GET /shop/?_wpnonce=e4232d2ab0 HTTP/1.1" 200 544 "-" "Mozilla/5.0 (Windows NT 10.0; Win64; x64) AppleWebKit/537.36 (KHTML, like Gecko) Chrome/128.0.0.0 Safari/537.36 OPR/114.0.0."
92.204.54.123 - - [14/Nov/2025:11:16:11 -0500] "GET /?_wpnonce=cc4dafcdb8 HTTP/1.1" 200 544 "-" "Mozilla/5.0 (Windows NT 10.0; Win64; x64) AppleWebKit/537.36 (KHTML, like Gecko) Chrome/128.0.0.0 Safari/537.36 OPR/114.0.0."
92.204.54.123 - - [14/Nov/2025:11:16:13 -0500] "GET /product-tag/makeup/?_wpnonce=5cad640ed5 HTTP/1.1" 200 544 "-" "Mozilla/5.0 (Windows NT 10.0; Win64; x64) AppleWebKit/537.36 (KHTML, like Gecko) Chrome/128.0.0.0 Safari/537.36 OPR/114.0.0."
92.204.54.123 - - [14/Nov/2025:11:16:15 -0500] "GET /product-tag/silky/?_wpnonce=0da942779e HTTP/1.1" 200 544 "-" "Mozilla/5.0 (Windows NT 10.0; Win64; x64) AppleWebKit/537.36 (KHTML, like Gecko) Chrome/128.0.0.0 Safari/537.36 OPR/114.0.0."
92.204.54.123 - - [14/Nov/2025:11:16:17 -0500] "GET /product-tag/hair-care/?_wpnonce=e4232d2ab0 HTTP/1.1" 200 544 "-" "Mozilla/5.0 (Windows NT 10.0; Win64; x64) AppleWebKit/537.36 (KHTML, like Gecko) Chrome/128.0.0.0 Safari/537.36 OPR/114.0.0."
92.204.54.123 - - [14/Nov/2025:11:16:19 -0500] "GET /product-tag/hair-shampoos/?_wpnonce=ea7061fc06 HTTP/1.1" 200 544 "-" "Mozilla/5.0 (Windows NT 10.0; Win64; x64) AppleWebKit/537.36 (KHTML, like Gecko) Chrome/128.0.0.0 Safari/537.36 OPR/114.0.0."
92.204.54.123 - - [14/Nov/2025:11:16:21 -0500] "GET /product-tag/hair-treatment-ampules/?_wpnonce=ea7061fc06 HTTP/1.1" 200 544 "-" "Mozilla/5.0 (Windows NT 10.0; Win64; x64) AppleWebKit/537.36 (KHTML, like Gecko) Chrome/128.0.0.0 Safari/537.36 OPR/114.0.0."
92.204.54.123 - - [14/Nov/2025:11:16:23 -0500] "GET /product-tag/hair-serums/?_wpnonce=ea7061fc06 HTTP/1.1" 200 544 "-" "Mozilla/5.0 (Windows NT 10.0; Win64; x64) AppleWebKit/537.36 (KHTML, like Gecko) Chrome/128.0.0.0 Safari/537.36 OPR/114.0.0."
92.204.54.123 - - [14/Nov/2025:11:16:25 -0500] "GET /product-tag/hair-conditioners/?_wpnonce=ea7061fc06 HTTP/1.1" 200 544 "-" "Mozilla/5.0 (Windows NT 10.0; Win64; x64) AppleWebKit/537.36 (KHTML, like Gecko) Chrome/128.0.0.0 Safari/537.36 OPR/114.0.0."
92.204.54.123 - - [14/Nov/2025:11:16:27 -0500] "GET /product-tag/hair-mists/?_wpnonce=ea7061fc06 HTTP/1.1" 200 544 "-" "Mozilla/5.0 (Windows NT 10.0; Win64; x64) AppleWebKit/537.36 (KHTML, like Gecko) Chrome/128.0.0.0 Safari/537.36 OPR/114.0.0."
92.204.54.123 - - [14/Nov/2025:11:16:29 -0500] "GET /product-tag/butterfly/?_wpnonce=ea7061fc06 HTTP/1.1" 200 544 "-" "Mozilla/5.0 (Windows NT 10.0; Win64; x64) AppleWebKit/537.36 (KHTML, like Gecko) Chrome/128.0.0.0 Safari/537.36 OPR/114.0.0."
92.204.54.123 - - [14/Nov/2025:11:16:31 -0500] "GET /product-tag/hair-spray/?_wpnonce=ea7061fc06 HTTP/1.1" 200 544 "-" "Mozilla/5.0 (Windows NT 10.0; Win64; x64) AppleWebKit/537.36 (KHTML, like Gecko) Chrome/128.0.0.0 Safari/537.36 OPR/114.0.0."
92.204.54.123 - - [14/Nov/2025:11:16:33 -0500] "GET /product-tag/nouvelle/?_wpnonce=b8b6f713cc HTTP/1.1" 200 544 "-" "Mozilla/5.0 (Windows NT 10.0; Win64; x64) AppleWebKit/537.36 (KHTML, like Gecko) Chrome/128.0.0.0 Safari/537.36 OPR/114.0.0."
92.204.54.123 - - [14/Nov/2025:11:16:35 -0500] "GET /product-tag/hair-gel/?_wpnonce=716a37727b HTTP/1.1" 200 544 "-" "Mozilla/5.0 (Windows NT 10.0; Win64; x64) AppleWebKit/537.36 (KHTML, like Gecko) Chrome/128.0.0.0 Safari/537.36 OPR/114.0.0."
92.204.54.123 - - [14/Nov/2025:11:16:37 -0500] "GET /product-tag/hair-mousse/?_wpnonce=ea7061fc06 HTTP/1.1" 200 544 "-" "Mozilla/5.0 (Windows NT 10.0; Win64; x64) AppleWebKit/537.36 (KHTML, like Gecko) Chrome/128.0.0.0 Safari/537.36 OPR/114.0.0."
92.204.54.123 - - [14/Nov/2025:11:16:39 -0500] "GET /product-tag/beauty/?_wpnonce=0da942779e HTTP/1.1" 200 544 "-" "Mozilla/5.0 (Windows NT 10.0; Win64; x64) AppleWebKit/537.36 (KHTML, like Gecko) Chrome/128.0.0.0 Safari/537.36 OPR/114.0.0."
92.204.54.123 - - [14/Nov/2025:11:16:41 -0500] "GET /product-tag/mascara/?_wpnonce=ea7061fc06 HTTP/1.1" 200 544 "-" "Mozilla/5.0 (Windows NT 10.0; Win64; x64) AppleWebKit/537.36 (KHTML, like Gecko) Chrome/128.0.0.0 Safari/537.36 OPR/114.0.0."
92.204.54.123 - - [14/Nov/2025:11:16:43 -0500] "GET /product-tag/eyeliner/?_wpnonce=ea7061fc06 HTTP/1.1" 200 544 "-" "Mozilla/5.0 (Windows NT 10.0; Win64; x64) AppleWebKit/537.36 (KHTML, like Gecko) Chrome/128.0.0.0 Safari/537.36 OPR/114.0.0."
92.204.54.123 - - [14/Nov/2025:11:16:45 -0500] "GET /shop/?action=yith-woocompare-add-product&id=1107&_wpnonce=3fc98d20b7 HTTP/1.1" 200 544 "-" "Mozilla/5.0 (Windows NT 10.0; Win64; x64) AppleWebKit/537.36 (KHTML, like Gecko) Chrome/128.0.0.0 Safari/537.36 OPR/114.0.0."
92.204.54.123 - - [14/Nov/2025:11:16:47 -0500] "GET /shop/?action=yith-woocompare-add-product&id=1112&_wpnonce=3fc98d20b7 HTTP/1.1" 200 544 "-" "Mozilla/5.0 (Windows NT 10.0; Win64; x64) AppleWebKit/537.36 (KHTML, like Gecko) Chrome/128.0.0.0 Safari/537.36 OPR/114.0.0."
92.204.54.123 - - [14/Nov/2025:11:16:50 -0500] "GET /shop/?action=yith-woocompare-add-product&id=1091&_wpnonce=3fc98d20b7 HTTP/1.1" 200 544 "-" "Mozilla/5.0 (Windows NT 10.0; Win64; x64) AppleWebKit/537.36 (KHTML, like Gecko) Chrome/128.0.0.0 Safari/537.36 OPR/114.0.0."
92.204.54.123 - - [14/Nov/2025:11:16:52 -0500] "GET /shop/?action=yith-woocompare-add-product&id=1125&_wpnonce=3fc98d20b7 HTTP/1.1" 200 544 "-" "Mozilla/5.0 (Windows NT 10.0; Win64; x64) AppleWebKit/537.36 (KHTML, like Gecko) Chrome/128.0.0.0 Safari/537.36 OPR/114.0.0."
92.204.54.123 - - [14/Nov/2025:11:16:54 -0500] "GET /shop/?action=yith-woocompare-add-product&id=1117&_wpnonce=3fc98d20b7 HTTP/1.1" 200 544 "-" "Mozilla/5.0 (Windows NT 10.0; Win64; x64) AppleWebKit/537.36 (KHTML, like Gecko) Chrome/128.0.0.0 Safari/537.36 OPR/114.0.0."
92.204.54.123 - - [14/Nov/2025:11:16:56 -0500] "GET /shop/?action=yith-woocompare-add-product&id=1127&_wpnonce=3fc98d20b7 HTTP/1.1" 200 544 "-" "Mozilla/5.0 (Windows NT 10.0; Win64; x64) AppleWebKit/537.36 (KHTML, like Gecko) Chrome/128.0.0.0 Safari/537.36 OPR/114.0.0."
92.204.54.123 - - [14/Nov/2025:11:16:58 -0500] "GET /shop/?action=yith-woocompare-add-product&id=1121&_wpnonce=3fc98d20b7 HTTP/1.1" 200 544 "-" "Mozilla/5.0 (Windows NT 10.0; Win64; x64) AppleWebKit/537.36 (KHTML, like Gecko) Chrome/128.0.0.0 Safari/537.36 OPR/114.0.0."
92.204.54.123 - - [14/Nov/2025:11:17:00 -0500] "GET /shop/?action=yith-woocompare-add-product&id=1103&_wpnonce=3fc98d20b7 HTTP/1.1" 200 544 "-" "Mozilla/5.0 (Windows NT 10.0; Win64; x64) AppleWebKit/537.36 (KHTML, like Gecko) Chrome/128.0.0.0 Safari/537.36 OPR/114.0.0."
92.204.54.123 - - [14/Nov/2025:11:17:02 -0500] "GET /shop/?action=yith-woocompare-add-product&id=1099&_wpnonce=3fc98d20b7 HTTP/1.1" 200 544 "-" "Mozilla/5.0 (Windows NT 10.0; Win64; x64) AppleWebKit/537.36 (KHTML, like Gecko) Chrome/128.0.0.0 Safari/537.36 OPR/114.0.0."
92.204.54.123 - - [14/Nov/2025:11:17:04 -0500] "GET /?action=yith-woocompare-add-product&id=1127&_wpnonce=3fc98d20b7 HTTP/1.1" 200 544 "-" "Mozilla/5.0 (Windows NT 10.0; Win64; x64) AppleWebKit/537.36 (KHTML, like Gecko) Chrome/128.0.0.0 Safari/537.36 OPR/114.0.0."
92.204.54.123 - - [14/Nov/2025:11:17:06 -0500] "GET /?action=yith-woocompare-add-product&id=1125&_wpnonce=3fc98d20b7 HTTP/1.1" 200 544 "-" "Mozilla/5.0 (Windows NT 10.0; Win64; x64) AppleWebKit/537.36 (KHTML, like Gecko) Chrome/128.0.0.0 Safari/537.36 OPR/114.0.0."
92.204.54.123 - - [14/Nov/2025:11:17:09 -0500] "GET /?action=yith-woocompare-add-product&id=1121&_wpnonce=3fc98d20b7 HTTP/1.1" 200 544 "-" "Mozilla/5.0 (Windows NT 10.0; Win64; x64) AppleWebKit/537.36 (KHTML, like Gecko) Chrome/128.0.0.0 Safari/537.36 OPR/114.0.0."
92.204.54.123 - - [14/Nov/2025:11:17:11 -0500] "GET /?action=yith-woocompare-add-product&id=1117&_wpnonce=3fc98d20b7 HTTP/1.1" 200 544 "-" "Mozilla/5.0 (Windows NT 10.0; Win64; x64) AppleWebKit/537.36 (KHTML, like Gecko) Chrome/128.0.0.0 Safari/537.36 OPR/114.0.0."
92.204.54.123 - - [14/Nov/2025:11:17:13 -0500] "GET /?action=yith-woocompare-add-product&id=1107&_wpnonce=3fc98d20b7 HTTP/1.1" 200 544 "-" "Mozilla/5.0 (Windows NT 10.0; Win64; x64) AppleWebKit/537.36 (KHTML, like Gecko) Chrome/128.0.0.0 Safari/537.36 OPR/114.0.0."
92.204.54.123 - - [14/Nov/2025:11:17:15 -0500] "GET /?action=yith-woocompare-add-product&id=1112&_wpnonce=3fc98d20b7 HTTP/1.1" 200 544 "-" "Mozilla/5.0 (Windows NT 10.0; Win64; x64) AppleWebKit/537.36 (KHTML, like Gecko) Chrome/128.0.0.0 Safari/537.36 OPR/114.0.0."
92.204.54.123 - - [14/Nov/2025:11:17:17 -0500] "GET /?action=yith-woocompare-add-product&id=1091&_wpnonce=3fc98d20b7 HTTP/1.1" 200 544 "-" "Mozilla/5.0 (Windows NT 10.0; Win64; x64) AppleWebKit/537.36 (KHTML, like Gecko) Chrome/128.0.0.0 Safari/537.36 OPR/114.0.0."
92.204.54.123 - - [14/Nov/2025:11:17:19 -0500] "GET /?action=yith-woocompare-add-product&id=1103&_wpnonce=3fc98d20b7 HTTP/1.1" 200 544 "-" "Mozilla/5.0 (Windows NT 10.0; Win64; x64) AppleWebKit/537.36 (KHTML, like Gecko) Chrome/128.0.0.0 Safari/537.36 OPR/114.0.0."
92.204.54.123 - - [14/Nov/2025:11:17:21 -0500] "GET /?action=yith-woocompare-add-product&id=1099&_wpnonce=3fc98d20b7 HTTP/1.1" 200 544 "-" "Mozilla/5.0 (Windows NT 10.0; Win64; x64) AppleWebKit/537.36 (KHTML, like Gecko) Chrome/128.0.0.0 Safari/537.36 OPR/114.0.0."
92.204.54.123 - - [14/Nov/2025:11:17:23 -0500] "GET /?action=yith-woocompare-add-product&id=1004&_wpnonce=3fc98d20b7 HTTP/1.1" 200 544 "-" "Mozilla/5.0 (Windows NT 10.0; Win64; x64) AppleWebKit/537.36 (KHTML, like Gecko) Chrome/128.0.0.0 Safari/537.36 OPR/114.0.0."
92.204.54.123 - - [14/Nov/2025:11:17:25 -0500] "GET /?action=yith-woocompare-add-product&id=1068&_wpnonce=3fc98d20b7 HTTP/1.1" 200 544 "-" "Mozilla/5.0 (Windows NT 10.0; Win64; x64) AppleWebKit/537.36 (KHTML, like Gecko) Chrome/128.0.0.0 Safari/537.36 OPR/114.0.0."
92.204.54.123 - - [14/Nov/2025:11:17:27 -0500] "GET /?action=yith-woocompare-add-product&id=1070&_wpnonce=3fc98d20b7 HTTP/1.1" 200 544 "-" "Mozilla/5.0 (Windows NT 10.0; Win64; x64) AppleWebKit/537.36 (KHTML, like Gecko) Chrome/128.0.0.0 Safari/537.36 OPR/114.0.0."
92.204.54.123 - - [14/Nov/2025:11:17:30 -0500] "GET /?action=yith-woocompare-add-product&id=989&_wpnonce=3fc98d20b7 HTTP/1.1" 200 544 "-" "Mozilla/5.0 (Windows NT 10.0; Win64; x64) AppleWebKit/537.36 (KHTML, like Gecko) Chrome/128.0.0.0 Safari/537.36 OPR/114.0.0."
92.204.54.123 - - [14/Nov/2025:11:17:32 -0500] "GET /?action=yith-woocompare-add-product&id=993&_wpnonce=3fc98d20b7 HTTP/1.1" 200 544 "-" "Mozilla/5.0 (Windows NT 10.0; Win64; x64) AppleWebKit/537.36 (KHTML, like Gecko) Chrome/128.0.0.0 Safari/537.36 OPR/114.0.0."
92.204.54.123 - - [14/Nov/2025:11:17:34 -0500] "GET /?action=yith-woocompare-add-product&id=997&_wpnonce=3fc98d20b7 HTTP/1.1" 200 544 "-" "Mozilla/5.0 (Windows NT 10.0; Win64; x64) AppleWebKit/537.36 (KHTML, like Gecko) Chrome/128.0.0.0 Safari/537.36 OPR/114.0.0."
92.204.54.123 - - [14/Nov/2025:11:17:36 -0500] "GET /?action=yith-woocompare-add-product&id=1002&_wpnonce=3fc98d20b7 HTTP/1.1" 200 544 "-" "Mozilla/5.0 (Windows NT 10.0; Win64; x64) AppleWebKit/537.36 (KHTML, like Gecko) Chrome/128.0.0.0 Safari/537.36 OPR/114.0.0."
92.204.54.123 - - [14/Nov/2025:11:17:38 -0500] "GET /?action=yith-woocompare-add-product&id=1073&_wpnonce=3fc98d20b7 HTTP/1.1" 200 544 "-" "Mozilla/5.0 (Windows NT 10.0; Win64; x64) AppleWebKit/537.36 (KHTML, like Gecko) Chrome/128.0.0.0 Safari/537.36 OPR/114.0.0."
92.204.54.123 - - [14/Nov/2025:11:17:40 -0500] "GET /?action=yith-woocompare-add-product&id=1075&_wpnonce=3fc98d20b7 HTTP/1.1" 200 544 "-" "Mozilla/5.0 (Windows NT 10.0; Win64; x64) AppleWebKit/537.36 (KHTML, like Gecko) Chrome/128.0.0.0 Safari/537.36 OPR/114.0.0."
92.204.54.123 - - [14/Nov/2025:11:17:42 -0500] "GET /?action=yith-woocompare-add-product&id=1077&_wpnonce=3fc98d20b7 HTTP/1.1" 200 544 "-" "Mozilla/5.0 (Windows NT 10.0; Win64; x64) AppleWebKit/537.36 (KHTML, like Gecko) Chrome/128.0.0.0 Safari/537.36 OPR/114.0.0."
92.204.54.123 - - [14/Nov/2025:11:17:44 -0500] "GET /?action=yith-woocompare-add-product&id=1080&_wpnonce=3fc98d20b7 HTTP/1.1" 200 544 "-" "Mozilla/5.0 (Windows NT 10.0; Win64; x64) AppleWebKit/537.36 (KHTML, like Gecko) Chrome/128.0.0.0 Safari/537.36 OPR/114.0.0."
92.204.54.123 - - [14/Nov/2025:11:17:46 -0500] "GET /product-tag/makeup/?action=yith-woocompare-add-product&id=1107&_wpnonce=28c3b5dc29 HTTP/1.1" 200 544 "-" "Mozilla/5.0 (Windows NT 10.0; Win64; x64) AppleWebKit/537.36 (KHTML, like Gecko) Chrome/128.0.0.0 Safari/537.36 OPR/114.0.0."
92.204.54.123 - - [14/Nov/2025:11:17:48 -0500] "GET /product-tag/makeup/?action=yith-woocompare-add-product&id=1112&_wpnonce=28c3b5dc29 HTTP/1.1" 200 544 "-" "Mozilla/5.0 (Windows NT 10.0; Win64; x64) AppleWebKit/537.36 (KHTML, like Gecko) Chrome/128.0.0.0 Safari/537.36 OPR/114.0.0."
92.204.54.123 - - [14/Nov/2025:11:17:50 -0500] "GET /product-tag/makeup/?action=yith-woocompare-add-product&id=1117&_wpnonce=28c3b5dc29 HTTP/1.1" 200 544 "-" "Mozilla/5.0 (Windows NT 10.0; Win64; x64) AppleWebKit/537.36 (KHTML, like Gecko) Chrome/128.0.0.0 Safari/537.36 OPR/114.0.0."
92.204.54.123 - - [14/Nov/2025:11:17:52 -0500] "GET /product-tag/makeup/?action=yith-woocompare-add-product&id=1121&_wpnonce=28c3b5dc29 HTTP/1.1" 200 544 "-" "Mozilla/5.0 (Windows NT 10.0; Win64; x64) AppleWebKit/537.36 (KHTML, like Gecko) Chrome/128.0.0.0 Safari/537.36 OPR/114.0.0."
92.204.54.123 - - [14/Nov/2025:11:17:54 -0500] "GET /product-tag/silky/?action=yith-woocompare-add-product&id=1070&_wpnonce=d2ca8f03af HTTP/1.1" 200 544 "-" "Mozilla/5.0 (Windows NT 10.0; Win64; x64) AppleWebKit/537.36 (KHTML, like Gecko) Chrome/128.0.0.0 Safari/537.36 OPR/114.0.0."
92.204.54.123 - - [14/Nov/2025:11:17:56 -0500] "GET /product-tag/silky/?action=yith-woocompare-add-product&id=1068&_wpnonce=d2ca8f03af HTTP/1.1" 200 544 "-" "Mozilla/5.0 (Windows NT 10.0; Win64; x64) AppleWebKit/537.36 (KHTML, like Gecko) Chrome/128.0.0.0 Safari/537.36 OPR/114.0.0."
92.204.54.123 - - [14/Nov/2025:11:17:58 -0500] "GET /product-tag/silky/?action=yith-woocompare-add-product&id=1004&_wpnonce=d2ca8f03af HTTP/1.1" 200 544 "-" "Mozilla/5.0 (Windows NT 10.0; Win64; x64) AppleWebKit/537.36 (KHTML, like Gecko) Chrome/128.0.0.0 Safari/537.36 OPR/114.0.0."
92.204.54.123 - - [14/Nov/2025:11:18:00 -0500] "GET /product-tag/silky/?action=yith-woocompare-add-product&id=1075&_wpnonce=d2ca8f03af HTTP/1.1" 200 544 "-" "Mozilla/5.0 (Windows NT 10.0; Win64; x64) AppleWebKit/537.36 (KHTML, like Gecko) Chrome/128.0.0.0 Safari/537.36 OPR/114.0.0."
92.204.54.123 - - [14/Nov/2025:11:18:02 -0500] "GET /product-tag/silky/?action=yith-woocompare-add-product&id=1080&_wpnonce=d2ca8f03af HTTP/1.1" 200 544 "-" "Mozilla/5.0 (Windows NT 10.0; Win64; x64) AppleWebKit/537.36 (KHTML, like Gecko) Chrome/128.0.0.0 Safari/537.36 OPR/114.0.0."
92.204.54.123 - - [14/Nov/2025:11:18:04 -0500] "GET /product-tag/silky/?action=yith-woocompare-add-product&id=1077&_wpnonce=d2ca8f03af HTTP/1.1" 200 544 "-" "Mozilla/5.0 (Windows NT 10.0; Win64; x64) AppleWebKit/537.36 (KHTML, like Gecko) Chrome/128.0.0.0 Safari/537.36 OPR/114.0.0."
92.204.54.123 - - [14/Nov/2025:11:18:06 -0500] "GET /product-tag/silky/?action=yith-woocompare-add-product&id=1073&_wpnonce=d2ca8f03af HTTP/1.1" 200 544 "-" "Mozilla/5.0 (Windows NT 10.0; Win64; x64) AppleWebKit/537.36 (KHTML, like Gecko) Chrome/128.0.0.0 Safari/537.36 OPR/114.0.0."
92.204.54.123 - - [14/Nov/2025:11:18:09 -0500] "GET /product-tag/silky/?action=yith-woocompare-add-product&id=993&_wpnonce=d2ca8f03af HTTP/1.1" 200 544 "-" "Mozilla/5.0 (Windows NT 10.0; Win64; x64) AppleWebKit/537.36 (KHTML, like Gecko) Chrome/128.0.0.0 Safari/537.36 OPR/114.0.0."
92.204.54.123 - - [14/Nov/2025:11:18:12 -0500] "GET /product-tag/silky/?action=yith-woocompare-add-product&id=989&_wpnonce=d2ca8f03af HTTP/1.1" 200 544 "-" "Mozilla/5.0 (Windows NT 10.0; Win64; x64) AppleWebKit/537.36 (KHTML, like Gecko) Chrome/128.0.0.0 Safari/537.36 OPR/114.0.0."
92.204.54.123 - - [14/Nov/2025:11:18:14 -0500] "GET /product-tag/hair-care/?action=yith-woocompare-add-product&id=1091&_wpnonce=3fc98d20b7 HTTP/1.1" 200 544 "-" "Mozilla/5.0 (Windows NT 10.0; Win64; x64) AppleWebKit/537.36 (KHTML, like Gecko) Chrome/128.0.0.0 Safari/537.36 OPR/114.0.0."
92.204.54.123 - - [14/Nov/2025:11:18:16 -0500] "GET /product-tag/hair-care/?action=yith-woocompare-add-product&id=1125&_wpnonce=3fc98d20b7 HTTP/1.1" 200 544 "-" "Mozilla/5.0 (Windows NT 10.0; Win64; x64) AppleWebKit/537.36 (KHTML, like Gecko) Chrome/128.0.0.0 Safari/537.36 OPR/114.0.0."
45.8.25.4 - - [14/Nov/2025:11:18:16 -0500] "GET /storage HTTP/1.1" 200 544 "https://www.google.com/" "Mozilla/5.0 (Macintosh; Intel Mac OS X 10.15; rv:131.0) Gecko/20100101 Firefox/131.0"
92.204.54.123 - - [14/Nov/2025:11:18:18 -0500] "GET /product-tag/hair-care/?action=yith-woocompare-add-product&id=1103&_wpnonce=3fc98d20b7 HTTP/1.1" 200 544 "-" "Mozilla/5.0 (Windows NT 10.0; Win64; x64) AppleWebKit/537.36 (KHTML, like Gecko) Chrome/128.0.0.0 Safari/537.36 OPR/114.0.0."
92.204.54.123 - - [14/Nov/2025:11:18:20 -0500] "GET /product-tag/hair-care/?action=yith-woocompare-add-product&id=1099&_wpnonce=3fc98d20b7 HTTP/1.1" 200 544 "-" "Mozilla/5.0 (Windows NT 10.0; Win64; x64) AppleWebKit/537.36 (KHTML, like Gecko) Chrome/128.0.0.0 Safari/537.36 OPR/114.0.0."
92.204.54.123 - - [14/Nov/2025:11:18:22 -0500] "GET /product-tag/hair-care/?action=yith-woocompare-add-product&id=1070&_wpnonce=3fc98d20b7 HTTP/1.1" 200 544 "-" "Mozilla/5.0 (Windows NT 10.0; Win64; x64) AppleWebKit/537.36 (KHTML, like Gecko) Chrome/128.0.0.0 Safari/537.36 OPR/114.0.0."
92.204.54.123 - - [14/Nov/2025:11:18:24 -0500] "GET /product-tag/hair-care/?action=yith-woocompare-add-product&id=1068&_wpnonce=3fc98d20b7 HTTP/1.1" 200 544 "-" "Mozilla/5.0 (Windows NT 10.0; Win64; x64) AppleWebKit/537.36 (KHTML, like Gecko) Chrome/128.0.0.0 Safari/537.36 OPR/114.0.0."
92.204.54.123 - - [14/Nov/2025:11:18:26 -0500] "GET /product-tag/hair-care/?action=yith-woocompare-add-product&id=1004&_wpnonce=3fc98d20b7 HTTP/1.1" 200 544 "-" "Mozilla/5.0 (Windows NT 10.0; Win64; x64) AppleWebKit/537.36 (KHTML, like Gecko) Chrome/128.0.0.0 Safari/537.36 OPR/114.0.0."
45.8.25.4 - - [14/Nov/2025:11:18:27 -0500] "GET /tests HTTP/1.1" 200 544 "https://duckduckgo.com/" "Mozilla/5.0 (Windows NT 10.0; Win64; x64) AppleWebKit/537.36 (KHTML, like Gecko) Chrome/130.0.0.0 Safari/537.36 Edg/130.0.0.0"
92.204.54.123 - - [14/Nov/2025:11:18:28 -0500] "GET /product-tag/hair-care/?action=yith-woocompare-add-product&id=1075&_wpnonce=3fc98d20b7 HTTP/1.1" 200 544 "-" "Mozilla/5.0 (Windows NT 10.0; Win64; x64) AppleWebKit/537.36 (KHTML, like Gecko) Chrome/128.0.0.0 Safari/537.36 OPR/114.0.0."
92.204.54.123 - - [14/Nov/2025:11:18:30 -0500] "GET /product-tag/hair-care/?action=yith-woocompare-add-product&id=1080&_wpnonce=3fc98d20b7 HTTP/1.1" 200 544 "-" "Mozilla/5.0 (Windows NT 10.0; Win64; x64) AppleWebKit/537.36 (KHTML, like Gecko) Chrome/128.0.0.0 Safari/537.36 OPR/114.0.0."
92.204.54.123 - - [14/Nov/2025:11:18:32 -0500] "GET /product-tag/hair-shampoos/?action=yith-woocompare-add-product&id=1068&_wpnonce=d2ca8f03af HTTP/1.1" 200 544 "-" "Mozilla/5.0 (Windows NT 10.0; Win64; x64) AppleWebKit/537.36 (KHTML, like Gecko) Chrome/128.0.0.0 Safari/537.36 OPR/114.0.0."
92.204.54.123 - - [14/Nov/2025:11:18:34 -0500] "GET /product-tag/hair-shampoos/?action=yith-woocompare-add-product&id=1073&_wpnonce=d2ca8f03af HTTP/1.1" 200 544 "-" "Mozilla/5.0 (Windows NT 10.0; Win64; x64) AppleWebKit/537.36 (KHTML, like Gecko) Chrome/128.0.0.0 Safari/537.36 OPR/114.0.0."
92.204.54.123 - - [14/Nov/2025:11:18:36 -0500] "GET /product-tag/hair-shampoos/?action=yith-woocompare-add-product&id=989&_wpnonce=d2ca8f03af HTTP/1.1" 200 544 "-" "Mozilla/5.0 (Windows NT 10.0; Win64; x64) AppleWebKit/537.36 (KHTML, like Gecko) Chrome/128.0.0.0 Safari/537.36 OPR/114.0.0."
92.204.54.123 - - [14/Nov/2025:11:18:38 -0500] "GET /product-tag/hair-shampoos/?action=yith-woocompare-add-product&id=997&_wpnonce=d2ca8f03af HTTP/1.1" 200 544 "-" "Mozilla/5.0 (Windows NT 10.0; Win64; x64) AppleWebKit/537.36 (KHTML, like Gecko) Chrome/128.0.0.0 Safari/537.36 OPR/114.0.0."
45.8.25.4 - - [14/Nov/2025:11:18:39 -0500] "GET /vendor HTTP/1.1" 200 544 "https://yandex.com/" "Mozilla/5.0 (Macintosh; Intel Mac OS X 10_15_7) AppleWebKit/605.1.15 (KHTML, like Gecko) Version/18.1 Safari/605.1.15"
92.204.54.123 - - [14/Nov/2025:11:18:40 -0500] "GET /product-tag/hair-treatment-ampules/?action=yith-woocompare-add-product&id=993&_wpnonce=75eab3f91c HTTP/1.1" 200 544 "-" "Mozilla/5.0 (Windows NT 10.0; Win64; x64) AppleWebKit/537.36 (KHTML, like Gecko) Chrome/128.0.0.0 Safari/537.36 OPR/114.0.0."
92.204.54.123 - - [14/Nov/2025:11:18:42 -0500] "GET /product-tag/hair-treatment-ampules/?action=yith-woocompare-add-product&id=1002&_wpnonce=75eab3f91c HTTP/1.1" 200 544 "-" "Mozilla/5.0 (Windows NT 10.0; Win64; x64) AppleWebKit/537.36 (KHTML, like Gecko) Chrome/128.0.0.0 Safari/537.36 OPR/114.0.0."
92.204.54.123 - - [14/Nov/2025:11:18:44 -0500] "GET /product-tag/hair-serums/?action=yith-woocompare-add-product&id=1004&_wpnonce=d2ca8f03af HTTP/1.1" 200 544 "-" "Mozilla/5.0 (Windows NT 10.0; Win64; x64) AppleWebKit/537.36 (KHTML, like Gecko) Chrome/128.0.0.0 Safari/537.36 OPR/114.0.0."
92.204.54.123 - - [14/Nov/2025:11:18:46 -0500] "GET /product-tag/hair-serums/?action=yith-woocompare-add-product&id=1077&_wpnonce=d2ca8f03af HTTP/1.1" 200 544 "-" "Mozilla/5.0 (Windows NT 10.0; Win64; x64) AppleWebKit/537.36 (KHTML, like Gecko) Chrome/128.0.0.0 Safari/537.36 OPR/114.0.0."
92.204.54.123 - - [14/Nov/2025:11:18:48 -0500] "GET /product-tag/hair-conditioners/?action=yith-woocompare-add-product&id=1070&_wpnonce=f903daaaa0 HTTP/1.1" 200 544 "-" "Mozilla/5.0 (Windows NT 10.0; Win64; x64) AppleWebKit/537.36 (KHTML, like Gecko) Chrome/128.0.0.0 Safari/537.36 OPR/114.0.0."
92.204.54.123 - - [14/Nov/2025:11:18:50 -0500] "GET /product-tag/hair-conditioners/?action=yith-woocompare-add-product&id=1075&_wpnonce=f903daaaa0 HTTP/1.1" 200 544 "-" "Mozilla/5.0 (Windows NT 10.0; Win64; x64) AppleWebKit/537.36 (KHTML, like Gecko) Chrome/128.0.0.0 Safari/537.36 OPR/114.0.0."
45.8.25.4 - - [14/Nov/2025:11:18:51 -0500] "GET /app/Http HTTP/1.1" 200 544 "https://yandex.com/" "Mozilla/5.0 (Macintosh; Intel Mac OS X 10.15; rv:131.0) Gecko/20100101 Firefox/131.0"
92.204.54.123 - - [14/Nov/2025:11:18:52 -0500] "GET /product-tag/hair-mists/?action=yith-woocompare-add-product&id=1080&_wpnonce=f903daaaa0 HTTP/1.1" 200 544 "-" "Mozilla/5.0 (Windows NT 10.0; Win64; x64) AppleWebKit/537.36 (KHTML, like Gecko) Chrome/128.0.0.0 Safari/537.36 OPR/114.0.0."
92.204.54.123 - - [14/Nov/2025:11:18:54 -0500] "GET /product-tag/butterfly/?action=yith-woocompare-add-product&id=1091&_wpnonce=f903daaaa0 HTTP/1.1" 200 544 "-" "Mozilla/5.0 (Windows NT 10.0; Win64; x64) AppleWebKit/537.36 (KHTML, like Gecko) Chrome/128.0.0.0 Safari/537.36 OPR/114.0.0."
92.204.54.123 - - [14/Nov/2025:11:18:56 -0500] "GET /product-tag/butterfly/?action=yith-woocompare-add-product&id=1125&_wpnonce=f903daaaa0 HTTP/1.1" 200 544 "-" "Mozilla/5.0 (Windows NT 10.0; Win64; x64) AppleWebKit/537.36 (KHTML, like Gecko) Chrome/128.0.0.0 Safari/537.36 OPR/114.0.0."
92.204.54.123 - - [14/Nov/2025:11:18:58 -0500] "GET /product-tag/hair-spray/?action=yith-woocompare-add-product&id=1091&_wpnonce=d2ca8f03af HTTP/1.1" 200 544 "-" "Mozilla/5.0 (Windows NT 10.0; Win64; x64) AppleWebKit/537.36 (KHTML, like Gecko) Chrome/128.0.0.0 Safari/537.36 OPR/114.0.0."
45.8.25.4 - - [14/Nov/2025:11:19:00 -0500] "GET /app/Models HTTP/1.1" 200 544 "https://yandex.com/" "Mozilla/5.0 (Macintosh; Intel Mac OS X 10_15_7) AppleWebKit/605.1.15 (KHTML, like Gecko) Version/18.1 Safari/605.1.15"
92.204.54.123 - - [14/Nov/2025:11:19:00 -0500] "GET /product-tag/hair-spray/?action=yith-woocompare-add-product&id=1125&_wpnonce=d2ca8f03af HTTP/1.1" 200 544 "-" "Mozilla/5.0 (Windows NT 10.0; Win64; x64) AppleWebKit/537.36 (KHTML, like Gecko) Chrome/128.0.0.0 Safari/537.36 OPR/114.0.0."
92.204.54.123 - - [14/Nov/2025:11:19:02 -0500] "GET /product-tag/nouvelle/?action=yith-woocompare-add-product&id=1103&_wpnonce=28c3b5dc29 HTTP/1.1" 200 544 "-" "Mozilla/5.0 (Windows NT 10.0; Win64; x64) AppleWebKit/537.36 (KHTML, like Gecko) Chrome/128.0.0.0 Safari/537.36 OPR/114.0.0."
92.204.54.123 - - [14/Nov/2025:11:19:04 -0500] "GET /product-tag/nouvelle/?action=yith-woocompare-add-product&id=1099&_wpnonce=28c3b5dc29 HTTP/1.1" 200 544 "-" "Mozilla/5.0 (Windows NT 10.0; Win64; x64) AppleWebKit/537.36 (KHTML, like Gecko) Chrome/128.0.0.0 Safari/537.36 OPR/114.0.0."
92.204.54.123 - - [14/Nov/2025:11:19:06 -0500] "GET /product-tag/hair-gel/?action=yith-woocompare-add-product&id=1099&_wpnonce=75eab3f91c HTTP/1.1" 200 544 "-" "Mozilla/5.0 (Windows NT 10.0; Win64; x64) AppleWebKit/537.36 (KHTML, like Gecko) Chrome/128.0.0.0 Safari/537.36 OPR/114.0.0."
92.204.54.123 - - [14/Nov/2025:11:19:08 -0500] "GET /product-tag/hair-mousse/?action=yith-woocompare-add-product&id=1103&_wpnonce=f903daaaa0 HTTP/1.1" 200 544 "-" "Mozilla/5.0 (Windows NT 10.0; Win64; x64) AppleWebKit/537.36 (KHTML, like Gecko) Chrome/128.0.0.0 Safari/537.36 OPR/114.0.0."
45.8.25.4 - - [14/Nov/2025:11:19:09 -0500] "GET /app/Console HTTP/1.1" 200 544 "https://www.bing.com/" "Mozilla/5.0 (Windows NT 10.0; Win64; x64) AppleWebKit/537.36 (KHTML, like Gecko) Chrome/129.0.0.0 Safari/537.36"
92.204.54.123 - - [14/Nov/2025:11:19:10 -0500] "GET /product-tag/beauty/?action=yith-woocompare-add-product&id=1107&_wpnonce=28c3b5dc29 HTTP/1.1" 200 544 "-" "Mozilla/5.0 (Windows NT 10.0; Win64; x64) AppleWebKit/537.36 (KHTML, like Gecko) Chrome/128.0.0.0 Safari/537.36 OPR/114.0.0."
92.204.54.123 - - [14/Nov/2025:11:19:12 -0500] "GET /product-tag/beauty/?action=yith-woocompare-add-product&id=1112&_wpnonce=28c3b5dc29 HTTP/1.1" 200 544 "-" "Mozilla/5.0 (Windows NT 10.0; Win64; x64) AppleWebKit/537.36 (KHTML, like Gecko) Chrome/128.0.0.0 Safari/537.36 OPR/114.0.0."
92.204.54.123 - - [14/Nov/2025:11:19:14 -0500] "GET /product-tag/mascara/?action=yith-woocompare-add-product&id=1117&_wpnonce=2f225f7a52 HTTP/1.1" 200 544 "-" "Mozilla/5.0 (Windows NT 10.0; Win64; x64) AppleWebKit/537.36 (KHTML, like Gecko) Chrome/128.0.0.0 Safari/537.36 OPR/114.0.0."
92.204.54.123 - - [14/Nov/2025:11:19:16 -0500] "GET /product-tag/eyeliner/?action=yith-woocompare-add-product&id=1121&_wpnonce=d2ca8f03af HTTP/1.1" 200 544 "-" "Mozilla/5.0 (Windows NT 10.0; Win64; x64) AppleWebKit/537.36 (KHTML, like Gecko) Chrome/128.0.0.0 Safari/537.36 OPR/114.0.0."
45.8.25.4 - - [14/Nov/2025:11:19:17 -0500] "GET /app/Providers HTTP/1.1" 200 544 "https://yandex.com/" "Mozilla/5.0 (Macintosh; Intel Mac OS X 10_15_7) AppleWebKit/605.1.15 (KHTML, like Gecko) Version/18.1 Safari/605.1.15"
92.204.54.123 - - [14/Nov/2025:11:19:18 -0500] "GET /product-tag/haircare/?action=yith-woocompare-add-product&id=1127&_wpnonce=f903daaaa0 HTTP/1.1" 200 544 "-" "Mozilla/5.0 (Windows NT 10.0; Win64; x64) AppleWebKit/537.36 (KHTML, like Gecko) Chrome/128.0.0.0 Safari/537.36 OPR/114.0.0."
92.204.54.123 - - [14/Nov/2025:11:19:20 -0500] "GET /product-tag/hair-brush/?action=yith-woocompare-add-product&id=1127&_wpnonce=f903daaaa0 HTTP/1.1" 200 544 "-" "Mozilla/5.0 (Windows NT 10.0; Win64; x64) AppleWebKit/537.36 (KHTML, like Gecko) Chrome/128.0.0.0 Safari/537.36 OPR/114.0.0."
92.204.54.123 - - [14/Nov/2025:11:19:23 -0500] "GET /product/silky-trivix-shampoo-hair-loss-shampoo/?action=yith-woocompare-add-product&id=1103&_wpnonce=3fc98d20b7 HTTP/1.1" 200 544 "-" "Mozilla/5.0 (Windows NT 10.0; Win64; x64) AppleWebKit/537.36 (KHTML, like Gecko) Chrome/128.0.0.0 Safari/537.36 OPR/114.0.0."
92.204.54.123 - - [14/Nov/2025:11:19:25 -0500] "GET /product/silky-trivix-shampoo-hair-loss-shampoo/?action=yith-woocompare-add-product&id=1127&_wpnonce=3fc98d20b7 HTTP/1.1" 200 544 "-" "Mozilla/5.0 (Windows NT 10.0; Win64; x64) AppleWebKit/537.36 (KHTML, like Gecko) Chrome/128.0.0.0 Safari/537.36 OPR/114.0.0."
92.204.54.123 - - [14/Nov/2025:11:19:27 -0500] "GET /product/silky-trivix-shampoo-hair-loss-shampoo/?action=yith-woocompare-add-product&id=1091&_wpnonce=3fc98d20b7 HTTP/1.1" 200 544 "-" "Mozilla/5.0 (Windows NT 10.0; Win64; x64) AppleWebKit/537.36 (KHTML, like Gecko) Chrome/128.0.0.0 Safari/537.36 OPR/114.0.0."
45.8.25.4 - - [14/Nov/2025:11:19:27 -0500] "GET /app/Mail HTTP/1.1" 200 544 "https://duckduckgo.com/" "Mozilla/5.0 (Macintosh; Intel Mac OS X 10_15_7) AppleWebKit/537.36 (KHTML, like Gecko) Chrome/130.0.0.0 Safari/537.36"
92.204.54.123 - - [14/Nov/2025:11:19:29 -0500] "GET /product/silky-trivix-shampoo-hair-loss-shampoo/?action=yith-woocompare-add-product&id=1077&_wpnonce=3fc98d20b7 HTTP/1.1" 200 544 "-" "Mozilla/5.0 (Windows NT 10.0; Win64; x64) AppleWebKit/537.36 (KHTML, like Gecko) Chrome/128.0.0.0 Safari/537.36 OPR/114.0.0."
92.204.54.123 - - [14/Nov/2025:11:19:31 -0500] "GET /product/silky-trivix-shampoo-hair-loss-shampoo/?action=yith-woocompare-add-product&id=1068&_wpnonce=3fc98d20b7 HTTP/1.1" 200 544 "-" "Mozilla/5.0 (Windows NT 10.0; Win64; x64) AppleWebKit/537.36 (KHTML, like Gecko) Chrome/128.0.0.0 Safari/537.36 OPR/114.0.0."
92.204.54.123 - - [14/Nov/2025:11:19:33 -0500] "GET /product/silky-trivix-shampoo-hair-loss-shampoo/?action=yith-woocompare-add-product&id=1073&_wpnonce=3fc98d20b7 HTTP/1.1" 200 544 "-" "Mozilla/5.0 (Windows NT 10.0; Win64; x64) AppleWebKit/537.36 (KHTML, like Gecko) Chrome/128.0.0.0 Safari/537.36 OPR/114.0.0."
92.204.54.123 - - [14/Nov/2025:11:19:35 -0500] "GET /product/silky-trivix-ampule-hair-loss-treatment/?action=yith-woocompare-add-product&id=1099&_wpnonce=d2ca8f03af HTTP/1.1" 200 544 "-" "Mozilla/5.0 (Windows NT 10.0; Win64; x64) AppleWebKit/537.36 (KHTML, like Gecko) Chrome/128.0.0.0 Safari/537.36 OPR/114.0.0."
92.204.54.123 - - [14/Nov/2025:11:19:37 -0500] "GET /product/silky-trivix-ampule-hair-loss-treatment/?action=yith-woocompare-add-product&id=1103&_wpnonce=d2ca8f03af HTTP/1.1" 200 544 "-" "Mozilla/5.0 (Windows NT 10.0; Win64; x64) AppleWebKit/537.36 (KHTML, like Gecko) Chrome/128.0.0.0 Safari/537.36 OPR/114.0.0."
45.8.25.4 - - [14/Nov/2025:11:19:38 -0500] "GET /app/Jobs HTTP/1.1" 200 544 "https://www.google.com/" "Mozilla/5.0 (Windows NT 10.0; Win64; x64; rv:131.0) Gecko/20100101 Firefox/131.0"
92.204.54.123 - - [14/Nov/2025:11:19:39 -0500] "GET /product/silky-trivix-ampule-hair-loss-treatment/?action=yith-woocompare-add-product&id=1077&_wpnonce=d2ca8f03af HTTP/1.1" 200 544 "-" "Mozilla/5.0 (Windows NT 10.0; Win64; x64) AppleWebKit/537.36 (KHTML, like Gecko) Chrome/128.0.0.0 Safari/537.36 OPR/114.0.0."
