92.204.54.123 - - [14/Nov/2025:11:19:41 -0500] "GET /product/silky-trivix-ampule-hair-loss-treatment/?action=yith-woocompare-add-product&id=1127&_wpnonce=d2ca8f03af HTTP/1.1" 200 544 "-" "Mozilla/5.0 (Windows NT 10.0; Win64; x64) AppleWebKit/537.36 (KHTML, like Gecko) Chrome/128.0.0.0 Safari/537.36 OPR/114.0.0."
92.204.54.123 - - [14/Nov/2025:11:19:43 -0500] "GET /product/silky-trivix-ampule-hair-loss-treatment/?action=yith-woocompare-add-product&id=1070&_wpnonce=d2ca8f03af HTTP/1.1" 200 544 "-" "Mozilla/5.0 (Windows NT 10.0; Win64; x64) AppleWebKit/537.36 (KHTML, like Gecko) Chrome/128.0.0.0 Safari/537.36 OPR/114.0.0."
92.204.54.123 - - [14/Nov/2025:11:19:45 -0500] "GET /product/silky-trivix-ampule-hair-loss-treatment/?action=yith-woocompare-add-product&id=989&_wpnonce=d2ca8f03af HTTP/1.1" 200 544 "-" "Mozilla/5.0 (Windows NT 10.0; Win64; x64) AppleWebKit/537.36 (KHTML, like Gecko) Chrome/128.0.0.0 Safari/537.36 OPR/114.0.0."
92.204.54.123 - - [14/Nov/2025:11:19:47 -0500] "GET /product/silky-x-trim-shampoo-anti-dandruff-shampoo/?action=yith-woocompare-add-product&id=1091&_wpnonce=3fc98d20b7 HTTP/1.1" 200 544 "-" "Mozilla/5.0 (Windows NT 10.0; Win64; x64) AppleWebKit/537.36 (KHTML, like Gecko) Chrome/128.0.0.0 Safari/537.36 OPR/114.0.0."
92.204.54.123 - - [14/Nov/2025:11:19:49 -0500] "GET /product/silky-x-trim-shampoo-anti-dandruff-shampoo/?action=yith-woocompare-add-product&id=1075&_wpnonce=3fc98d20b7 HTTP/1.1" 200 544 "-" "Mozilla/5.0 (Windows NT 10.0; Win64; x64) AppleWebKit/537.36 (KHTML, like Gecko) Chrome/128.0.0.0 Safari/537.36 OPR/114.0.0."
45.8.25.4 - - [14/Nov/2025:11:19:50 -0500] "GET /app/Events HTTP/1.1" 200 544 "https://www.google.com/" "Mozilla/5.0 (Windows NT 10.0; Win64; x64) AppleWebKit/537.36 (KHTML, like Gecko) Chrome/130.0.0.0 Safari/537.36"
92.204.54.123 - - [14/Nov/2025:11:19:52 -0500] "GET /product/silky-x-trim-shampoo-anti-dandruff-shampoo/?action=yith-woocompare-add-product&id=1099&_wpnonce=3fc98d20b7 HTTP/1.1" 200 544 "-" "Mozilla/5.0 (Windows NT 10.0; Win64; x64) AppleWebKit/537.36 (KHTML, like Gecko) Chrome/128.0.0.0 Safari/537.36 OPR/114.0.0."
92.204.54.123 - - [14/Nov/2025:11:19:54 -0500] "GET /product/silky-x-trim-shampoo-anti-dandruff-shampoo/?action=yith-woocompare-add-product&id=1080&_wpnonce=3fc98d20b7 HTTP/1.1" 200 544 "-" "Mozilla/5.0 (Windows NT 10.0; Win64; x64) AppleWebKit/537.36 (KHTML, like Gecko) Chrome/128.0.0.0 Safari/537.36 OPR/114.0.0."
92.204.54.123 - - [14/Nov/2025:11:19:56 -0500] "GET /product/silky-x-trim-shampoo-anti-dandruff-shampoo/?action=yith-woocompare-add-product&id=1077&_wpnonce=3fc98d20b7 HTTP/1.1" 200 544 "-" "Mozilla/5.0 (Windows NT 10.0; Win64; x64) AppleWebKit/537.36 (KHTML, like Gecko) Chrome/128.0.0.0 Safari/537.36 OPR/114.0.0."
92.204.54.123 - - [14/Nov/2025:11:19:58 -0500] "GET /product/silky-x-trim-shampoo-anti-dandruff-shampoo/?action=yith-woocompare-add-product&id=993&_wpnonce=3fc98d20b7 HTTP/1.1" 200 544 "-" "Mozilla/5.0 (Windows NT 10.0; Win64; x64) AppleWebKit/537.36 (KHTML, like Gecko) Chrome/128.0.0.0 Safari/537.36 OPR/114.0.0."
92.204.54.123 - - [14/Nov/2025:11:20:00 -0500] "GET /product/silky-x-trim-ampule-anti-dandruff-treatment/?action=yith-woocompare-add-product&id=1070&_wpnonce=d2ca8f03af HTTP/1.1" 200 544 "-" "Mozilla/5.0 (Windows NT 10.0; Win64; x64) AppleWebKit/537.36 (KHTML, like Gecko) Chrome/128.0.0.0 Safari/537.36 OPR/114.0.0."
45.8.25.4 - - [14/Nov/2025:11:20:02 -0500] "GET /app/Listeners HTTP/1.1" 200 544 "https://www.bing.com/" "Mozilla/5.0 (Macintosh; Intel Mac OS X 10_15_7) AppleWebKit/605.1.15 (KHTML, like Gecko) Version/18.1 Safari/605.1.15"
92.204.54.123 - - [14/Nov/2025:11:20:02 -0500] "GET /product/silky-x-trim-ampule-anti-dandruff-treatment/?action=yith-woocompare-add-product&id=1091&_wpnonce=d2ca8f03af HTTP/1.1" 200 544 "-" "Mozilla/5.0 (Windows NT 10.0; Win64; x64) AppleWebKit/537.36 (KHTML, like Gecko) Chrome/128.0.0.0 Safari/537.36 OPR/114.0.0."
92.204.54.123 - - [14/Nov/2025:11:20:04 -0500] "GET /product/silky-x-trim-ampule-anti-dandruff-treatment/?action=yith-woocompare-add-product&id=1073&_wpnonce=d2ca8f03af HTTP/1.1" 200 544 "-" "Mozilla/5.0 (Windows NT 10.0; Win64; x64) AppleWebKit/537.36 (KHTML, like Gecko) Chrome/128.0.0.0 Safari/537.36 OPR/114.0.0."
92.204.54.123 - - [14/Nov/2025:11:20:06 -0500] "GET /product/silky-x-trim-ampule-anti-dandruff-treatment/?action=yith-woocompare-add-product&id=1125&_wpnonce=d2ca8f03af HTTP/1.1" 200 544 "-" "Mozilla/5.0 (Windows NT 10.0; Win64; x64) AppleWebKit/537.36 (KHTML, like Gecko) Chrome/128.0.0.0 Safari/537.36 OPR/114.0.0."
92.204.54.123 - - [14/Nov/2025:11:20:08 -0500] "GET /product/silky-x-trim-ampule-anti-dandruff-treatment/?action=yith-woocompare-add-product&id=997&_wpnonce=d2ca8f03af HTTP/1.1" 200 544 "-" "Mozilla/5.0 (Windows NT 10.0; Win64; x64) AppleWebKit/537.36 (KHTML, like Gecko) Chrome/128.0.0.0 Safari/537.36 OPR/114.0.0."
92.204.54.123 - - [14/Nov/2025:11:20:10 -0500] "GET /product/silky-x-trim-ampule-anti-dandruff-treatment/?action=yith-woocompare-add-product&id=1127&_wpnonce=d2ca8f03af HTTP/1.1" 200 544 "-" "Mozilla/5.0 (Windows NT 10.0; Win64; x64) AppleWebKit/537.36 (KHTML, like Gecko) Chrome/128.0.0.0 Safari/537.36 OPR/114.0.0."
92.204.54.123 - - [14/Nov/2025:11:20:12 -0500] "GET /product/silky-crystal-serum/?action=yith-woocompare-add-product&id=1002&_wpnonce=3fc98d20b7 HTTP/1.1" 200 544 "-" "Mozilla/5.0 (Windows NT 10.0; Win64; x64) AppleWebKit/537.36 (KHTML, like Gecko) Chrome/128.0.0.0 Safari/537.36 OPR/114.0.0."
92.204.54.123 - - [14/Nov/2025:11:20:14 -0500] "GET /product/silky-crystal-serum/?action=yith-woocompare-add-product&id=1068&_wpnonce=3fc98d20b7 HTTP/1.1" 200 544 "-" "Mozilla/5.0 (Windows NT 10.0; Win64; x64) AppleWebKit/537.36 (KHTML, like Gecko) Chrome/128.0.0.0 Safari/537.36 OPR/114.0.0."
45.8.25.4 - - [14/Nov/2025:11:20:15 -0500] "GET /app/Notifications HTTP/1.1" 200 544 "https://duckduckgo.com/" "Mozilla/5.0 (Windows NT 10.0; Win64; x64) AppleWebKit/537.36 (KHTML, like Gecko) Chrome/130.0.0.0 Safari/537.36"
92.204.54.123 - - [14/Nov/2025:11:20:16 -0500] "GET /product/silky-crystal-serum/?action=yith-woocompare-add-product&id=989&_wpnonce=3fc98d20b7 HTTP/1.1" 200 544 "-" "Mozilla/5.0 (Windows NT 10.0; Win64; x64) AppleWebKit/537.36 (KHTML, like Gecko) Chrome/128.0.0.0 Safari/537.36 OPR/114.0.0."
92.204.54.123 - - [14/Nov/2025:11:20:18 -0500] "GET /product/silky-crystal-serum/?action=yith-woocompare-add-product&id=1077&_wpnonce=3fc98d20b7 HTTP/1.1" 200 544 "-" "Mozilla/5.0 (Windows NT 10.0; Win64; x64) AppleWebKit/537.36 (KHTML, like Gecko) Chrome/128.0.0.0 Safari/537.36 OPR/114.0.0."
92.204.54.123 - - [14/Nov/2025:11:20:20 -0500] "GET /product/silky-crystal-serum/?action=yith-woocompare-add-product&id=1073&_wpnonce=3fc98d20b7 HTTP/1.1" 200 544 "-" "Mozilla/5.0 (Windows NT 10.0; Win64; x64) AppleWebKit/537.36 (KHTML, like Gecko) Chrome/128.0.0.0 Safari/537.36 OPR/114.0.0."
92.204.54.123 - - [14/Nov/2025:11:20:22 -0500] "GET /product/silky-crystal-serum/?action=yith-woocompare-add-product&id=1127&_wpnonce=3fc98d20b7 HTTP/1.1" 200 544 "-" "Mozilla/5.0 (Windows NT 10.0; Win64; x64) AppleWebKit/537.36 (KHTML, like Gecko) Chrome/128.0.0.0 Safari/537.36 OPR/114.0.0."
92.204.54.123 - - [14/Nov/2025:11:20:24 -0500] "GET /product/silky-color-care-shampoo/?action=yith-woocompare-add-product&id=993&_wpnonce=d2ca8f03af HTTP/1.1" 200 544 "-" "Mozilla/5.0 (Windows NT 10.0; Win64; x64) AppleWebKit/537.36 (KHTML, like Gecko) Chrome/128.0.0.0 Safari/537.36 OPR/114.0.0."
92.204.54.123 - - [14/Nov/2025:11:20:26 -0500] "GET /product/silky-color-care-shampoo/?action=yith-woocompare-add-product&id=1004&_wpnonce=d2ca8f03af HTTP/1.1" 200 544 "-" "Mozilla/5.0 (Windows NT 10.0; Win64; x64) AppleWebKit/537.36 (KHTML, like Gecko) Chrome/128.0.0.0 Safari/537.36 OPR/114.0.0."
45.8.25.4 - - [14/Nov/2025:11:20:27 -0500] "GET /app/Policies HTTP/1.1" 200 544 "https://www.bing.com/" "Mozilla/5.0 (Macintosh; Intel Mac OS X 10_15_7) AppleWebKit/605.1.15 (KHTML, like Gecko) Version/18.1 Safari/605.1.15"
92.204.54.123 - - [14/Nov/2025:11:20:29 -0500] "GET /product/silky-color-care-shampoo/?action=yith-woocompare-add-product&id=1127&_wpnonce=d2ca8f03af HTTP/1.1" 200 544 "-" "Mozilla/5.0 (Windows NT 10.0; Win64; x64) AppleWebKit/537.36 (KHTML, like Gecko) Chrome/128.0.0.0 Safari/537.36 OPR/114.0.0."
92.204.54.123 - - [14/Nov/2025:11:20:31 -0500] "GET /product/silky-color-care-shampoo/?action=yith-woocompare-add-product&id=989&_wpnonce=d2ca8f03af HTTP/1.1" 200 544 "-" "Mozilla/5.0 (Windows NT 10.0; Win64; x64) AppleWebKit/537.36 (KHTML, like Gecko) Chrome/128.0.0.0 Safari/537.36 OPR/114.0.0."
92.204.54.123 - - [14/Nov/2025:11:20:33 -0500] "GET /product/silky-color-care-shampoo/?action=yith-woocompare-add-product&id=1002&_wpnonce=d2ca8f03af HTTP/1.1" 200 544 "-" "Mozilla/5.0 (Windows NT 10.0; Win64; x64) AppleWebKit/537.36 (KHTML, like Gecko) Chrome/128.0.0.0 Safari/537.36 OPR/114.0.0."
92.204.54.123 - - [14/Nov/2025:11:20:35 -0500] "GET /product/silky-color-care-shampoo/?action=yith-woocompare-add-product&id=1070&_wpnonce=d2ca8f03af HTTP/1.1" 200 544 "-" "Mozilla/5.0 (Windows NT 10.0; Win64; x64) AppleWebKit/537.36 (KHTML, like Gecko) Chrome/128.0.0.0 Safari/537.36 OPR/114.0.0."
92.204.54.123 - - [14/Nov/2025:11:20:37 -0500] "GET /product/silky-color-care-conditioner/?action=yith-woocompare-add-product&id=1073&_wpnonce=d2ca8f03af HTTP/1.1" 200 544 "-" "Mozilla/5.0 (Windows NT 10.0; Win64; x64) AppleWebKit/537.36 (KHTML, like Gecko) Chrome/128.0.0.0 Safari/537.36 OPR/114.0.0."
92.204.54.123 - - [14/Nov/2025:11:20:39 -0500] "GET /product/silky-color-care-conditioner/?action=yith-woocompare-add-product&id=1127&_wpnonce=d2ca8f03af HTTP/1.1" 200 544 "-" "Mozilla/5.0 (Windows NT 10.0; Win64; x64) AppleWebKit/537.36 (KHTML, like Gecko) Chrome/128.0.0.0 Safari/537.36 OPR/114.0.0."
45.8.25.4 - - [14/Nov/2025:11:20:39 -0500] "GET /app/Rules HTTP/1.1" 200 544 "https://www.bing.com/" "Mozilla/5.0 (Windows NT 10.0; Win64; x64) AppleWebKit/537.36 (KHTML, like Gecko) Chrome/130.0.0.0 Safari/537.36 Edg/130.0.0.0"
92.204.54.123 - - [14/Nov/2025:11:20:41 -0500] "GET /product/silky-color-care-conditioner/?action=yith-woocompare-add-product&id=1004&_wpnonce=d2ca8f03af HTTP/1.1" 200 544 "-" "Mozilla/5.0 (Windows NT 10.0; Win64; x64) AppleWebKit/537.36 (KHTML, like Gecko) Chrome/128.0.0.0 Safari/537.36 OPR/114.0.0."
92.204.54.123 - - [14/Nov/2025:11:20:43 -0500] "GET /product/silky-color-care-conditioner/?action=yith-woocompare-add-product&id=1091&_wpnonce=d2ca8f03af HTTP/1.1" 200 544 "-" "Mozilla/5.0 (Windows NT 10.0; Win64; x64) AppleWebKit/537.36 (KHTML, like Gecko) Chrome/128.0.0.0 Safari/537.36 OPR/114.0.0."
92.204.54.123 - - [14/Nov/2025:11:20:45 -0500] "GET /product/silky-color-care-conditioner/?action=yith-woocompare-add-product&id=1099&_wpnonce=d2ca8f03af HTTP/1.1" 200 544 "-" "Mozilla/5.0 (Windows NT 10.0; Win64; x64) AppleWebKit/537.36 (KHTML, like Gecko) Chrome/128.0.0.0 Safari/537.36 OPR/114.0.0."
92.204.54.123 - - [14/Nov/2025:11:20:47 -0500] "GET /product/silky-color-care-conditioner/?action=yith-woocompare-add-product&id=1080&_wpnonce=d2ca8f03af HTTP/1.1" 200 544 "-" "Mozilla/5.0 (Windows NT 10.0; Win64; x64) AppleWebKit/537.36 (KHTML, like Gecko) Chrome/128.0.0.0 Safari/537.36 OPR/114.0.0."
92.204.54.123 - - [14/Nov/2025:11:20:49 -0500] "GET /product/silky-feel-good-shampoo/?action=yith-woocompare-add-product&id=997&_wpnonce=3fc98d20b7 HTTP/1.1" 200 544 "-" "Mozilla/5.0 (Windows NT 10.0; Win64; x64) AppleWebKit/537.36 (KHTML, like Gecko) Chrome/128.0.0.0 Safari/537.36 OPR/114.0.0."
92.204.54.123 - - [14/Nov/2025:11:20:51 -0500] "GET /product/silky-feel-good-shampoo/?action=yith-woocompare-add-product&id=993&_wpnonce=3fc98d20b7 HTTP/1.1" 200 544 "-" "Mozilla/5.0 (Windows NT 10.0; Win64; x64) AppleWebKit/537.36 (KHTML, like Gecko) Chrome/128.0.0.0 Safari/537.36 OPR/114.0.0."
45.8.25.4 - - [14/Nov/2025:11:20:51 -0500] "GET /app/Broadcasting HTTP/1.1" 200 544 "https://yandex.com/" "Mozilla/5.0 (Windows NT 10.0; Win64; x64) AppleWebKit/537.36 (KHTML, like Gecko) Chrome/130.0.0.0 Safari/537.36"
92.204.54.123 - - [14/Nov/2025:11:20:53 -0500] "GET /product/silky-feel-good-shampoo/?action=yith-woocompare-add-product&id=1075&_wpnonce=3fc98d20b7 HTTP/1.1" 200 544 "-" "Mozilla/5.0 (Windows NT 10.0; Win64; x64) AppleWebKit/537.36 (KHTML, like Gecko) Chrome/128.0.0.0 Safari/537.36 OPR/114.0.0."
92.204.54.123 - - [14/Nov/2025:11:20:55 -0500] "GET /product/silky-feel-good-shampoo/?action=yith-woocompare-add-product&id=1127&_wpnonce=3fc98d20b7 HTTP/1.1" 200 544 "-" "Mozilla/5.0 (Windows NT 10.0; Win64; x64) AppleWebKit/537.36 (KHTML, like Gecko) Chrome/128.0.0.0 Safari/537.36 OPR/114.0.0."
92.204.54.123 - - [14/Nov/2025:11:20:57 -0500] "GET /product/silky-feel-good-shampoo/?action=yith-woocompare-add-product&id=1004&_wpnonce=3fc98d20b7 HTTP/1.1" 200 544 "-" "Mozilla/5.0 (Windows NT 10.0; Win64; x64) AppleWebKit/537.36 (KHTML, like Gecko) Chrome/128.0.0.0 Safari/537.36 OPR/114.0.0."
92.204.54.123 - - [14/Nov/2025:11:20:59 -0500] "GET /product/silky-feel-good-shampoo/?action=yith-woocompare-add-product&id=1125&_wpnonce=3fc98d20b7 HTTP/1.1" 200 544 "-" "Mozilla/5.0 (Windows NT 10.0; Win64; x64) AppleWebKit/537.36 (KHTML, like Gecko) Chrome/128.0.0.0 Safari/537.36 OPR/114.0.0."
92.204.54.123 - - [14/Nov/2025:11:21:01 -0500] "GET /product/silky-feel-good-conditioner/?action=yith-woocompare-add-product&id=1127&_wpnonce=3fc98d20b7 HTTP/1.1" 200 544 "-" "Mozilla/5.0 (Windows NT 10.0; Win64; x64) AppleWebKit/537.36 (KHTML, like Gecko) Chrome/128.0.0.0 Safari/537.36 OPR/114.0.0."
92.204.54.123 - - [14/Nov/2025:11:21:03 -0500] "GET /product/silky-feel-good-conditioner/?action=yith-woocompare-add-product&id=1068&_wpnonce=3fc98d20b7 HTTP/1.1" 200 544 "-" "Mozilla/5.0 (Windows NT 10.0; Win64; x64) AppleWebKit/537.36 (KHTML, like Gecko) Chrome/128.0.0.0 Safari/537.36 OPR/114.0.0."
45.8.25.4 - - [14/Nov/2025:11:21:04 -0500] "GET /resources/views HTTP/1.1" 200 544 "https://duckduckgo.com/" "Mozilla/5.0 (Windows NT 10.0; Win64; x64) AppleWebKit/537.36 (KHTML, like Gecko) Chrome/130.0.0.0 Safari/537.36"
92.204.54.123 - - [14/Nov/2025:11:21:05 -0500] "GET /product/silky-feel-good-conditioner/?action=yith-woocompare-add-product&id=1002&_wpnonce=3fc98d20b7 HTTP/1.1" 200 544 "-" "Mozilla/5.0 (Windows NT 10.0; Win64; x64) AppleWebKit/537.36 (KHTML, like Gecko) Chrome/128.0.0.0 Safari/537.36 OPR/114.0.0."
92.204.54.123 - - [14/Nov/2025:11:21:07 -0500] "GET /product/silky-feel-good-conditioner/?action=yith-woocompare-add-product&id=1091&_wpnonce=3fc98d20b7 HTTP/1.1" 200 544 "-" "Mozilla/5.0 (Windows NT 10.0; Win64; x64) AppleWebKit/537.36 (KHTML, like Gecko) Chrome/128.0.0.0 Safari/537.36 OPR/114.0.0."
92.204.54.123 - - [14/Nov/2025:11:21:09 -0500] "GET /product/silky-feel-good-conditioner/?action=yith-woocompare-add-product&id=1099&_wpnonce=3fc98d20b7 HTTP/1.1" 200 544 "-" "Mozilla/5.0 (Windows NT 10.0; Win64; x64) AppleWebKit/537.36 (KHTML, like Gecko) Chrome/128.0.0.0 Safari/537.36 OPR/114.0.0."
92.204.54.123 - - [14/Nov/2025:11:21:11 -0500] "GET /product/silky-feel-good-conditioner/?action=yith-woocompare-add-product&id=1103&_wpnonce=3fc98d20b7 HTTP/1.1" 200 544 "-" "Mozilla/5.0 (Windows NT 10.0; Win64; x64) AppleWebKit/537.36 (KHTML, like Gecko) Chrome/128.0.0.0 Safari/537.36 OPR/114.0.0."
92.204.54.123 - - [14/Nov/2025:11:21:13 -0500] "GET /product/silky-feel-good-serum/?action=yith-woocompare-add-product&id=1099&_wpnonce=d2ca8f03af HTTP/1.1" 200 544 "-" "Mozilla/5.0 (Windows NT 10.0; Win64; x64) AppleWebKit/537.36 (KHTML, like Gecko) Chrome/128.0.0.0 Safari/537.36 OPR/114.0.0."
92.204.54.123 - - [14/Nov/2025:11:21:15 -0500] "GET /product/silky-feel-good-serum/?action=yith-woocompare-add-product&id=993&_wpnonce=d2ca8f03af HTTP/1.1" 200 544 "-" "Mozilla/5.0 (Windows NT 10.0; Win64; x64) AppleWebKit/537.36 (KHTML, like Gecko) Chrome/128.0.0.0 Safari/537.36 OPR/114.0.0."
92.204.54.123 - - [14/Nov/2025:11:21:17 -0500] "GET /product/silky-feel-good-serum/?action=yith-woocompare-add-product&id=1068&_wpnonce=d2ca8f03af HTTP/1.1" 200 544 "-" "Mozilla/5.0 (Windows NT 10.0; Win64; x64) AppleWebKit/537.36 (KHTML, like Gecko) Chrome/128.0.0.0 Safari/537.36 OPR/114.0.0."
45.8.25.4 - - [14/Nov/2025:11:21:18 -0500] "GET /resources/lang HTTP/1.1" 200 544 "https://search.yahoo.com/" "Mozilla/5.0 (Windows NT 10.0; Win64; x64) AppleWebKit/537.36 (KHTML, like Gecko) Chrome/130.0.0.0 Safari/537.36 Edg/130.0.0.0"
92.204.54.123 - - [14/Nov/2025:11:21:19 -0500] "GET /product/silky-feel-good-serum/?action=yith-woocompare-add-product&id=1103&_wpnonce=d2ca8f03af HTTP/1.1" 200 544 "-" "Mozilla/5.0 (Windows NT 10.0; Win64; x64) AppleWebKit/537.36 (KHTML, like Gecko) Chrome/128.0.0.0 Safari/537.36 OPR/114.0.0."
92.204.54.123 - - [14/Nov/2025:11:21:21 -0500] "GET /product/silky-feel-good-serum/?action=yith-woocompare-add-product&id=1070&_wpnonce=d2ca8f03af HTTP/1.1" 200 544 "-" "Mozilla/5.0 (Windows NT 10.0; Win64; x64) AppleWebKit/537.36 (KHTML, like Gecko) Chrome/128.0.0.0 Safari/537.36 OPR/114.0.0."
92.204.54.123 - - [14/Nov/2025:11:21:23 -0500] "GET /product/silky-feel-good-serum/?action=yith-woocompare-add-product&id=1091&_wpnonce=d2ca8f03af HTTP/1.1" 200 544 "-" "Mozilla/5.0 (Windows NT 10.0; Win64; x64) AppleWebKit/537.36 (KHTML, like Gecko) Chrome/128.0.0.0 Safari/537.36 OPR/114.0.0."
92.204.54.123 - - [14/Nov/2025:11:21:25 -0500] "GET /product/silky-feel-good-mist/?action=yith-woocompare-add-product&id=1125&_wpnonce=d2ca8f03af HTTP/1.1" 200 544 "-" "Mozilla/5.0 (Windows NT 10.0; Win64; x64) AppleWebKit/537.36 (KHTML, like Gecko) Chrome/128.0.0.0 Safari/537.36 OPR/114.0.0."
92.204.54.123 - - [14/Nov/2025:11:21:27 -0500] "GET /product/silky-feel-good-mist/?action=yith-woocompare-add-product&id=1004&_wpnonce=d2ca8f03af HTTP/1.1" 200 544 "-" "Mozilla/5.0 (Windows NT 10.0; Win64; x64) AppleWebKit/537.36 (KHTML, like Gecko) Chrome/128.0.0.0 Safari/537.36 OPR/114.0.0."
92.204.54.123 - - [14/Nov/2025:11:21:30 -0500] "GET /product/silky-feel-good-mist/?action=yith-woocompare-add-product&id=1127&_wpnonce=d2ca8f03af HTTP/1.1" 200 544 "-" "Mozilla/5.0 (Windows NT 10.0; Win64; x64) AppleWebKit/537.36 (KHTML, like Gecko) Chrome/128.0.0.0 Safari/537.36 OPR/114.0.0."
45.8.25.4 - - [14/Nov/2025:11:21:31 -0500] "GET /resources/sass HTTP/1.1" 200 544 "https://duckduckgo.com/" "Mozilla/5.0 (Windows NT 10.0; Win64; x64; rv:131.0) Gecko/20100101 Firefox/131.0"
92.204.54.123 - - [14/Nov/2025:11:21:32 -0500] "GET /product/silky-feel-good-mist/?action=yith-woocompare-add-product&id=1002&_wpnonce=d2ca8f03af HTTP/1.1" 200 544 "-" "Mozilla/5.0 (Windows NT 10.0; Win64; x64) AppleWebKit/537.36 (KHTML, like Gecko) Chrome/128.0.0.0 Safari/537.36 OPR/114.0.0."
92.204.54.123 - - [14/Nov/2025:11:21:34 -0500] "GET /product/silky-feel-good-mist/?action=yith-woocompare-add-product&id=1068&_wpnonce=d2ca8f03af HTTP/1.1" 200 544 "-" "Mozilla/5.0 (Windows NT 10.0; Win64; x64) AppleWebKit/537.36 (KHTML, like Gecko) Chrome/128.0.0.0 Safari/537.36 OPR/114.0.0."
92.204.54.123 - - [14/Nov/2025:11:21:36 -0500] "GET /product/silky-feel-good-mist/?action=yith-woocompare-add-product&id=1073&_wpnonce=d2ca8f03af HTTP/1.1" 200 544 "-" "Mozilla/5.0 (Windows NT 10.0; Win64; x64) AppleWebKit/537.36 (KHTML, like Gecko) Chrome/128.0.0.0 Safari/537.36 OPR/114.0.0."
92.204.54.123 - - [14/Nov/2025:11:21:38 -0500] "GET /product/butterfly-shadow-hard-hold-spray/?action=yith-woocompare-add-product&id=1075&_wpnonce=d2ca8f03af HTTP/1.1" 200 544 "-" "Mozilla/5.0 (Windows NT 10.0; Win64; x64) AppleWebKit/537.36 (KHTML, like Gecko) Chrome/128.0.0.0 Safari/537.36 OPR/114.0.0."
92.204.54.123 - - [14/Nov/2025:11:21:40 -0500] "GET /product/butterfly-shadow-hard-hold-spray/?action=yith-woocompare-add-product&id=1002&_wpnonce=d2ca8f03af HTTP/1.1" 200 544 "-" "Mozilla/5.0 (Windows NT 10.0; Win64; x64) AppleWebKit/537.36 (KHTML, like Gecko) Chrome/128.0.0.0 Safari/537.36 OPR/114.0.0."
92.204.54.123 - - [14/Nov/2025:11:21:42 -0500] "GET /product/butterfly-shadow-hard-hold-spray/?action=yith-woocompare-add-product&id=1068&_wpnonce=d2ca8f03af HTTP/1.1" 200 544 "-" "Mozilla/5.0 (Windows NT 10.0; Win64; x64) AppleWebKit/537.36 (KHTML, like Gecko) Chrome/128.0.0.0 Safari/537.36 OPR/114.0.0."
92.204.54.123 - - [14/Nov/2025:11:21:44 -0500] "GET /product/butterfly-shadow-hard-hold-spray/?action=yith-woocompare-add-product&id=1070&_wpnonce=d2ca8f03af HTTP/1.1" 200 544 "-" "Mozilla/5.0 (Windows NT 10.0; Win64; x64) AppleWebKit/537.36 (KHTML, like Gecko) Chrome/128.0.0.0 Safari/537.36 OPR/114.0.0."
45.8.25.4 - - [14/Nov/2025:11:21:45 -0500] "GET /resources/js HTTP/1.1" 200 544 "https://yandex.com/" "Mozilla/5.0 (Windows NT 10.0; Win64; x64; rv:131.0) Gecko/20100101 Firefox/131.0"
92.204.54.123 - - [14/Nov/2025:11:21:46 -0500] "GET /product/butterfly-shadow-hard-hold-spray/?action=yith-woocompare-add-product&id=1073&_wpnonce=d2ca8f03af HTTP/1.1" 200 544 "-" "Mozilla/5.0 (Windows NT 10.0; Win64; x64) AppleWebKit/537.36 (KHTML, like Gecko) Chrome/128.0.0.0 Safari/537.36 OPR/114.0.0."
92.204.54.123 - - [14/Nov/2025:11:21:48 -0500] "GET /product/butterfly-shadow-hard-hold-spray/?action=yith-woocompare-add-product&id=1103&_wpnonce=d2ca8f03af HTTP/1.1" 200 544 "-" "Mozilla/5.0 (Windows NT 10.0; Win64; x64) AppleWebKit/537.36 (KHTML, like Gecko) Chrome/128.0.0.0 Safari/537.36 OPR/114.0.0."
92.204.54.123 - - [14/Nov/2025:11:21:50 -0500] "GET /product/nouvelle-strong-hold-gel/?action=yith-woocompare-add-product&id=1075&_wpnonce=3fc98d20b7 HTTP/1.1" 200 544 "-" "Mozilla/5.0 (Windows NT 10.0; Win64; x64) AppleWebKit/537.36 (KHTML, like Gecko) Chrome/128.0.0.0 Safari/537.36 OPR/114.0.0."
92.204.54.123 - - [14/Nov/2025:11:21:52 -0500] "GET /product/nouvelle-strong-hold-gel/?action=yith-woocompare-add-product&id=1091&_wpnonce=3fc98d20b7 HTTP/1.1" 200 544 "-" "Mozilla/5.0 (Windows NT 10.0; Win64; x64) AppleWebKit/537.36 (KHTML, like Gecko) Chrome/128.0.0.0 Safari/537.36 OPR/114.0.0."
92.204.54.123 - - [14/Nov/2025:11:21:55 -0500] "GET /product/nouvelle-strong-hold-gel/?action=yith-woocompare-add-product&id=1070&_wpnonce=3fc98d20b7 HTTP/1.1" 200 544 "-" "Mozilla/5.0 (Windows NT 10.0; Win64; x64) AppleWebKit/537.36 (KHTML, like Gecko) Chrome/128.0.0.0 Safari/537.36 OPR/114.0.0."
92.204.54.123 - - [14/Nov/2025:11:21:56 -0500] "GET /product/nouvelle-strong-hold-gel/?action=yith-woocompare-add-product&id=1077&_wpnonce=3fc98d20b7 HTTP/1.1" 200 544 "-" "Mozilla/5.0 (Windows NT 10.0; Win64; x64) AppleWebKit/537.36 (KHTML, like Gecko) Chrome/128.0.0.0 Safari/537.36 OPR/114.0.0."
45.8.25.4 - - [14/Nov/2025:11:21:58 -0500] "GET /storage/app HTTP/1.1" 200 544 "https://duckduckgo.com/" "Mozilla/5.0 (Windows NT 10.0; Win64; x64; rv:131.0) Gecko/20100101 Firefox/131.0"
92.204.54.123 - - [14/Nov/2025:11:21:58 -0500] "GET /product/nouvelle-strong-hold-gel/?action=yith-woocompare-add-product&id=1073&_wpnonce=3fc98d20b7 HTTP/1.1" 200 544 "-" "Mozilla/5.0 (Windows NT 10.0; Win64; x64) AppleWebKit/537.36 (KHTML, like Gecko) Chrome/128.0.0.0 Safari/537.36 OPR/114.0.0."
92.204.54.123 - - [14/Nov/2025:11:22:01 -0500] "GET /product/nouvelle-strong-hold-gel/?action=yith-woocompare-add-product&id=1004&_wpnonce=3fc98d20b7 HTTP/1.1" 200 544 "-" "Mozilla/5.0 (Windows NT 10.0; Win64; x64) AppleWebKit/537.36 (KHTML, like Gecko) Chrome/128.0.0.0 Safari/537.36 OPR/114.0.0."
92.204.54.123 - - [14/Nov/2025:11:22:03 -0500] "GET /product/nouvelle-mousse-strong-hold/?action=yith-woocompare-add-product&id=1099&_wpnonce=3fc98d20b7 HTTP/1.1" 200 544 "-" "Mozilla/5.0 (Windows NT 10.0; Win64; x64) AppleWebKit/537.36 (KHTML, like Gecko) Chrome/128.0.0.0 Safari/537.36 OPR/114.0.0."
92.204.54.123 - - [14/Nov/2025:11:22:05 -0500] "GET /product/nouvelle-mousse-strong-hold/?action=yith-woocompare-add-product&id=989&_wpnonce=3fc98d20b7 HTTP/1.1" 200 544 "-" "Mozilla/5.0 (Windows NT 10.0; Win64; x64) AppleWebKit/537.36 (KHTML, like Gecko) Chrome/128.0.0.0 Safari/537.36 OPR/114.0.0."
92.204.54.123 - - [14/Nov/2025:11:22:07 -0500] "GET /product/nouvelle-mousse-strong-hold/?action=yith-woocompare-add-product&id=1068&_wpnonce=3fc98d20b7 HTTP/1.1" 200 544 "-" "Mozilla/5.0 (Windows NT 10.0; Win64; x64) AppleWebKit/537.36 (KHTML, like Gecko) Chrome/128.0.0.0 Safari/537.36 OPR/114.0.0."
92.204.54.123 - - [14/Nov/2025:11:22:09 -0500] "GET /product/nouvelle-mousse-strong-hold/?action=yith-woocompare-add-product&id=1073&_wpnonce=3fc98d20b7 HTTP/1.1" 200 544 "-" "Mozilla/5.0 (Windows NT 10.0; Win64; x64) AppleWebKit/537.36 (KHTML, like Gecko) Chrome/128.0.0.0 Safari/537.36 OPR/114.0.0."
92.204.54.123 - - [14/Nov/2025:11:22:11 -0500] "GET /product/nouvelle-mousse-strong-hold/?action=yith-woocompare-add-product&id=993&_wpnonce=3fc98d20b7 HTTP/1.1" 200 544 "-" "Mozilla/5.0 (Windows NT 10.0; Win64; x64) AppleWebKit/537.36 (KHTML, like Gecko) Chrome/128.0.0.0 Safari/537.36 OPR/114.0.0."
92.204.54.123 - - [14/Nov/2025:11:22:13 -0500] "GET /product/nouvelle-mousse-strong-hold/?action=yith-woocompare-add-product&id=1070&_wpnonce=3fc98d20b7 HTTP/1.1" 200 544 "-" "Mozilla/5.0 (Windows NT 10.0; Win64; x64) AppleWebKit/537.36 (KHTML, like Gecko) Chrome/128.0.0.0 Safari/537.36 OPR/114.0.0."
45.8.25.4 - - [14/Nov/2025:11:22:13 -0500] "GET /storage/framework HTTP/1.1" 200 544 "https://www.bing.com/" "Mozilla/5.0 (Windows NT 10.0; Win64; x64; rv:131.0) Gecko/20100101 Firefox/131.0"
92.204.54.123 - - [14/Nov/2025:11:22:15 -0500] "GET /product/beauty-blender/?action=yith-woocompare-add-product&id=1117&_wpnonce=f903daaaa0 HTTP/1.1" 200 544 "-" "Mozilla/5.0 (Windows NT 10.0; Win64; x64) AppleWebKit/537.36 (KHTML, like Gecko) Chrome/128.0.0.0 Safari/537.36 OPR/114.0.0."
92.204.54.123 - - [14/Nov/2025:11:22:17 -0500] "GET /product/beauty-blender/?action=yith-woocompare-add-product&id=1112&_wpnonce=f903daaaa0 HTTP/1.1" 200 544 "-" "Mozilla/5.0 (Windows NT 10.0; Win64; x64) AppleWebKit/537.36 (KHTML, like Gecko) Chrome/128.0.0.0 Safari/537.36 OPR/114.0.0."
92.204.54.123 - - [14/Nov/2025:11:22:21 -0500] "GET /product/beauty-blender/?action=yith-woocompare-add-product&id=1121&_wpnonce=f903daaaa0 HTTP/1.1" 200 544 "-" "Mozilla/5.0 (Windows NT 10.0; Win64; x64) AppleWebKit/537.36 (KHTML, like Gecko) Chrome/128.0.0.0 Safari/537.36 OPR/114.0.0."
92.204.54.123 - - [14/Nov/2025:11:22:21 -0500] "GET /product/beauty-blender-2/?action=yith-woocompare-add-product&id=1117&_wpnonce=2f225f7a52 HTTP/1.1" 200 544 "-" "Mozilla/5.0 (Windows NT 10.0; Win64; x64) AppleWebKit/537.36 (KHTML, like Gecko) Chrome/128.0.0.0 Safari/537.36 OPR/114.0.0."
92.204.54.123 - - [14/Nov/2025:11:22:23 -0500] "GET /product/beauty-blender-2/?action=yith-woocompare-add-product&id=1121&_wpnonce=2f225f7a52 HTTP/1.1" 200 544 "-" "Mozilla/5.0 (Windows NT 10.0; Win64; x64) AppleWebKit/537.36 (KHTML, like Gecko) Chrome/128.0.0.0 Safari/537.36 OPR/114.0.0."
92.204.54.123 - - [14/Nov/2025:11:22:25 -0500] "GET /product/beauty-blender-2/?action=yith-woocompare-add-product&id=1107&_wpnonce=2f225f7a52 HTTP/1.1" 200 544 "-" "Mozilla/5.0 (Windows NT 10.0; Win64; x64) AppleWebKit/537.36 (KHTML, like Gecko) Chrome/128.0.0.0 Safari/537.36 OPR/114.0.0."
45.8.25.4 - - [14/Nov/2025:11:22:25 -0500] "GET /storage/logs HTTP/1.1" 200 544 "https://www.google.com/" "Mozilla/5.0 (Macintosh; Intel Mac OS X 10_15_7) AppleWebKit/537.36 (KHTML, like Gecko) Chrome/130.0.0.0 Safari/537.36"
92.204.54.123 - - [14/Nov/2025:11:22:27 -0500] "GET /product/echo-jasper-mascara/?action=yith-woocompare-add-product&id=1112&_wpnonce=d2ca8f03af HTTP/1.1" 200 544 "-" "Mozilla/5.0 (Windows NT 10.0; Win64; x64) AppleWebKit/537.36 (KHTML, like Gecko) Chrome/128.0.0.0 Safari/537.36 OPR/114.0.0."
92.204.54.123 - - [14/Nov/2025:11:22:29 -0500] "GET /product/echo-jasper-mascara/?action=yith-woocompare-add-product&id=1121&_wpnonce=d2ca8f03af HTTP/1.1" 200 544 "-" "Mozilla/5.0 (Windows NT 10.0; Win64; x64) AppleWebKit/537.36 (KHTML, like Gecko) Chrome/128.0.0.0 Safari/537.36 OPR/114.0.0."
92.204.54.123 - - [14/Nov/2025:11:22:31 -0500] "GET /product/echo-jasper-mascara/?action=yith-woocompare-add-product&id=1107&_wpnonce=d2ca8f03af HTTP/1.1" 200 544 "-" "Mozilla/5.0 (Windows NT 10.0; Win64; x64) AppleWebKit/537.36 (KHTML, like Gecko) Chrome/128.0.0.0 Safari/537.36 OPR/114.0.0."
92.204.54.123 - - [14/Nov/2025:11:22:33 -0500] "GET /product/marker-eyeliner/?action=yith-woocompare-add-product&id=1107&_wpnonce=3fc98d20b7 HTTP/1.1" 200 544 "-" "Mozilla/5.0 (Windows NT 10.0; Win64; x64) AppleWebKit/537.36 (KHTML, like Gecko) Chrome/128.0.0.0 Safari/537.36 OPR/114.0.0."
92.204.54.123 - - [14/Nov/2025:11:22:35 -0500] "GET /product/marker-eyeliner/?action=yith-woocompare-add-product&id=1117&_wpnonce=3fc98d20b7 HTTP/1.1" 200 544 "-" "Mozilla/5.0 (Windows NT 10.0; Win64; x64) AppleWebKit/537.36 (KHTML, like Gecko) Chrome/128.0.0.0 Safari/537.36 OPR/114.0.0."
92.204.54.123 - - [14/Nov/2025:11:22:37 -0500] "GET /product/marker-eyeliner/?action=yith-woocompare-add-product&id=1112&_wpnonce=3fc98d20b7 HTTP/1.1" 200 544 "-" "Mozilla/5.0 (Windows NT 10.0; Win64; x64) AppleWebKit/537.36 (KHTML, like Gecko) Chrome/128.0.0.0 Safari/537.36 OPR/114.0.0."
45.8.25.4 - - [14/Nov/2025:11:22:39 -0500] "GET /public/storage HTTP/1.1" 200 544 "https://yandex.com/" "Mozilla/5.0 (Macintosh; Intel Mac OS X 10_15_7) AppleWebKit/605.1.15 (KHTML, like Gecko) Version/18.1 Safari/605.1.15"
92.204.54.123 - - [14/Nov/2025:11:22:39 -0500] "GET /product/castledew-hair-spray/?action=yith-woocompare-add-product&id=1068&_wpnonce=3fc98d20b7 HTTP/1.1" 200 544 "-" "Mozilla/5.0 (Windows NT 10.0; Win64; x64) AppleWebKit/537.36 (KHTML, like Gecko) Chrome/128.0.0.0 Safari/537.36 OPR/114.0.0."
92.204.54.123 - - [14/Nov/2025:11:22:41 -0500] "GET /product/castledew-hair-spray/?action=yith-woocompare-add-product&id=1075&_wpnonce=3fc98d20b7 HTTP/1.1" 200 544 "-" "Mozilla/5.0 (Windows NT 10.0; Win64; x64) AppleWebKit/537.36 (KHTML, like Gecko) Chrome/128.0.0.0 Safari/537.36 OPR/114.0.0."
92.204.54.123 - - [14/Nov/2025:11:22:43 -0500] "GET /product/castledew-hair-spray/?action=yith-woocompare-add-product&id=1127&_wpnonce=3fc98d20b7 HTTP/1.1" 200 544 "-" "Mozilla/5.0 (Windows NT 10.0; Win64; x64) AppleWebKit/537.36 (KHTML, like Gecko) Chrome/128.0.0.0 Safari/537.36 OPR/114.0.0."
92.204.54.123 - - [14/Nov/2025:11:22:45 -0500] "GET /product/castledew-hair-spray/?action=yith-woocompare-add-product&id=1091&_wpnonce=3fc98d20b7 HTTP/1.1" 200 544 "-" "Mozilla/5.0 (Windows NT 10.0; Win64; x64) AppleWebKit/537.36 (KHTML, like Gecko) Chrome/128.0.0.0 Safari/537.36 OPR/114.0.0."
92.204.54.123 - - [14/Nov/2025:11:22:47 -0500] "GET /product/castledew-hair-spray/?action=yith-woocompare-add-product&id=1077&_wpnonce=3fc98d20b7 HTTP/1.1" 200 544 "-" "Mozilla/5.0 (Windows NT 10.0; Win64; x64) AppleWebKit/537.36 (KHTML, like Gecko) Chrome/128.0.0.0 Safari/537.36 OPR/114.0.0."
92.204.54.123 - - [14/Nov/2025:11:22:49 -0500] "GET /product/castledew-hair-spray/?action=yith-woocompare-add-product&id=1002&_wpnonce=3fc98d20b7 HTTP/1.1" 200 544 "-" "Mozilla/5.0 (Windows NT 10.0; Win64; x64) AppleWebKit/537.36 (KHTML, like Gecko) Chrome/128.0.0.0 Safari/537.36 OPR/114.0.0."
45.8.25.4 - - [14/Nov/2025:11:22:51 -0500] "GET /database/migrations HTTP/1.1" 200 544 "https://www.bing.com/" "Mozilla/5.0 (Windows NT 10.0; Win64; x64) AppleWebKit/537.36 (KHTML, like Gecko) Chrome/130.0.0.0 Safari/537.36 Edg/130.0.0.0"
92.204.54.123 - - [14/Nov/2025:11:22:52 -0500] "GET /product/iron-hair-bursh/?action=yith-woocompare-add-product&id=1091&_wpnonce=d2ca8f03af HTTP/1.1" 200 544 "-" "Mozilla/5.0 (Windows NT 10.0; Win64; x64) AppleWebKit/537.36 (KHTML, like Gecko) Chrome/128.0.0.0 Safari/537.36 OPR/114.0.0."
92.204.54.123 - - [14/Nov/2025:11:22:54 -0500] "GET /product/iron-hair-bursh/?action=yith-woocompare-add-product&id=1068&_wpnonce=d2ca8f03af HTTP/1.1" 200 544 "-" "Mozilla/5.0 (Windows NT 10.0; Win64; x64) AppleWebKit/537.36 (KHTML, like Gecko) Chrome/128.0.0.0 Safari/537.36 OPR/114.0.0."
92.204.54.123 - - [14/Nov/2025:11:22:56 -0500] "GET /product/iron-hair-bursh/?action=yith-woocompare-add-product&id=1103&_wpnonce=d2ca8f03af HTTP/1.1" 200 544 "-" "Mozilla/5.0 (Windows NT 10.0; Win64; x64) AppleWebKit/537.36 (KHTML, like Gecko) Chrome/128.0.0.0 Safari/537.36 OPR/114.0.0."
92.204.54.123 - - [14/Nov/2025:11:22:58 -0500] "GET /product/iron-hair-bursh/?action=yith-woocompare-add-product&id=1075&_wpnonce=d2ca8f03af HTTP/1.1" 200 544 "-" "Mozilla/5.0 (Windows NT 10.0; Win64; x64) AppleWebKit/537.36 (KHTML, like Gecko) Chrome/128.0.0.0 Safari/537.36 OPR/114.0.0."
92.204.54.123 - - [14/Nov/2025:11:23:00 -0500] "GET /product/iron-hair-bursh/?action=yith-woocompare-add-product&id=1002&_wpnonce=d2ca8f03af HTTP/1.1" 200 544 "-" "Mozilla/5.0 (Windows NT 10.0; Win64; x64) AppleWebKit/537.36 (KHTML, like Gecko) Chrome/128.0.0.0 Safari/537.36 OPR/114.0.0."
92.204.54.123 - - [14/Nov/2025:11:23:02 -0500] "GET /product/iron-hair-bursh/?action=yith-woocompare-add-product&id=989&_wpnonce=d2ca8f03af HTTP/1.1" 200 544 "-" "Mozilla/5.0 (Windows NT 10.0; Win64; x64) AppleWebKit/537.36 (KHTML, like Gecko) Chrome/128.0.0.0 Safari/537.36 OPR/114.0.0."
92.204.54.123 - - [14/Nov/2025:11:23:04 -0500] "GET /brand/silky/?action=yith-woocompare-add-product&id=1070&_wpnonce=d2ca8f03af HTTP/1.1" 200 544 "-" "Mozilla/5.0 (Windows NT 10.0; Win64; x64) AppleWebKit/537.36 (KHTML, like Gecko) Chrome/128.0.0.0 Safari/537.36 OPR/114.0.0."
45.8.25.4 - - [14/Nov/2025:11:23:04 -0500] "GET /database/seeds HTTP/1.1" 200 544 "https://www.google.com/" "Mozilla/5.0 (Windows NT 10.0; Win64; x64; rv:131.0) Gecko/20100101 Firefox/131.0"
92.204.54.123 - - [14/Nov/2025:11:23:06 -0500] "GET /brand/silky/?action=yith-woocompare-add-product&id=1068&_wpnonce=d2ca8f03af HTTP/1.1" 200 544 "-" "Mozilla/5.0 (Windows NT 10.0; Win64; x64) AppleWebKit/537.36 (KHTML, like Gecko) Chrome/128.0.0.0 Safari/537.36 OPR/114.0.0."
92.204.54.123 - - [14/Nov/2025:11:23:08 -0500] "GET /brand/silky/?action=yith-woocompare-add-product&id=1004&_wpnonce=d2ca8f03af HTTP/1.1" 200 544 "-" "Mozilla/5.0 (Windows NT 10.0; Win64; x64) AppleWebKit/537.36 (KHTML, like Gecko) Chrome/128.0.0.0 Safari/537.36 OPR/114.0.0."
92.204.54.123 - - [14/Nov/2025:11:23:10 -0500] "GET /brand/silky/?action=yith-woocompare-add-product&id=1075&_wpnonce=d2ca8f03af HTTP/1.1" 200 544 "-" "Mozilla/5.0 (Windows NT 10.0; Win64; x64) AppleWebKit/537.36 (KHTML, like Gecko) Chrome/128.0.0.0 Safari/537.36 OPR/114.0.0."
92.204.54.123 - - [14/Nov/2025:11:23:12 -0500] "GET /brand/silky/?action=yith-woocompare-add-product&id=1080&_wpnonce=d2ca8f03af HTTP/1.1" 200 544 "-" "Mozilla/5.0 (Windows NT 10.0; Win64; x64) AppleWebKit/537.36 (KHTML, like Gecko) Chrome/128.0.0.0 Safari/537.36 OPR/114.0.0."
92.204.54.123 - - [14/Nov/2025:11:23:14 -0500] "GET /brand/silky/?action=yith-woocompare-add-product&id=1077&_wpnonce=d2ca8f03af HTTP/1.1" 200 544 "-" "Mozilla/5.0 (Windows NT 10.0; Win64; x64) AppleWebKit/537.36 (KHTML, like Gecko) Chrome/128.0.0.0 Safari/537.36 OPR/114.0.0."
45.8.25.4 - - [14/Nov/2025:11:23:15 -0500] "GET /database/factories HTTP/1.1" 200 544 "https://yandex.com/" "Mozilla/5.0 (Macintosh; Intel Mac OS X 10.15; rv:131.0) Gecko/20100101 Firefox/131.0"
92.204.54.123 - - [14/Nov/2025:11:23:16 -0500] "GET /brand/silky/?action=yith-woocompare-add-product&id=1073&_wpnonce=d2ca8f03af HTTP/1.1" 200 544 "-" "Mozilla/5.0 (Windows NT 10.0; Win64; x64) AppleWebKit/537.36 (KHTML, like Gecko) Chrome/128.0.0.0 Safari/537.36 OPR/114.0.0."
92.204.54.123 - - [14/Nov/2025:11:23:18 -0500] "GET /brand/silky/?action=yith-woocompare-add-product&id=993&_wpnonce=d2ca8f03af HTTP/1.1" 200 544 "-" "Mozilla/5.0 (Windows NT 10.0; Win64; x64) AppleWebKit/537.36 (KHTML, like Gecko) Chrome/128.0.0.0 Safari/537.36 OPR/114.0.0."
92.204.54.123 - - [14/Nov/2025:11:23:21 -0500] "GET /brand/silky/?action=yith-woocompare-add-product&id=989&_wpnonce=d2ca8f03af HTTP/1.1" 200 544 "-" "Mozilla/5.0 (Windows NT 10.0; Win64; x64) AppleWebKit/537.36 (KHTML, like Gecko) Chrome/128.0.0.0 Safari/537.36 OPR/114.0.0."
92.204.54.123 - - [14/Nov/2025:11:23:23 -0500] "GET /brand/nouvelle/?action=yith-woocompare-add-product&id=1103&_wpnonce=d2ca8f03af HTTP/1.1" 200 544 "-" "Mozilla/5.0 (Windows NT 10.0; Win64; x64) AppleWebKit/537.36 (KHTML, like Gecko) Chrome/128.0.0.0 Safari/537.36 OPR/114.0.0."
92.204.54.123 - - [14/Nov/2025:11:23:25 -0500] "GET /brand/nouvelle/?action=yith-woocompare-add-product&id=1099&_wpnonce=d2ca8f03af HTTP/1.1" 200 544 "-" "Mozilla/5.0 (Windows NT 10.0; Win64; x64) AppleWebKit/537.36 (KHTML, like Gecko) Chrome/128.0.0.0 Safari/537.36 OPR/114.0.0."
45.8.25.4 - - [14/Nov/2025:11:23:27 -0500] "GET /application HTTP/1.1" 200 544 "https://www.google.com/" "Mozilla/5.0 (Windows NT 10.0; Win64; x64) AppleWebKit/537.36 (KHTML, like Gecko) Chrome/130.0.0.0 Safari/537.36 Edg/130.0.0.0"
92.204.54.123 - - [14/Nov/2025:11:23:27 -0500] "GET /product-category/makeup/?action=yith-woocompare-add-product&id=1112&_wpnonce=d2ca8f03af HTTP/1.1" 200 544 "-" "Mozilla/5.0 (Windows NT 10.0; Win64; x64) AppleWebKit/537.36 (KHTML, like Gecko) Chrome/128.0.0.0 Safari/537.36 OPR/114.0.0."
92.204.54.123 - - [14/Nov/2025:11:23:29 -0500] "GET /product-category/makeup/?action=yith-woocompare-add-product&id=1107&_wpnonce=d2ca8f03af HTTP/1.1" 200 544 "-" "Mozilla/5.0 (Windows NT 10.0; Win64; x64) AppleWebKit/537.36 (KHTML, like Gecko) Chrome/128.0.0.0 Safari/537.36 OPR/114.0.0."
92.204.54.123 - - [14/Nov/2025:11:23:31 -0500] "GET /product-category/makeup/?action=yith-woocompare-add-product&id=1117&_wpnonce=d2ca8f03af HTTP/1.1" 200 544 "-" "Mozilla/5.0 (Windows NT 10.0; Win64; x64) AppleWebKit/537.36 (KHTML, like Gecko) Chrome/128.0.0.0 Safari/537.36 OPR/114.0.0."
92.204.54.123 - - [14/Nov/2025:11:23:33 -0500] "GET /product-category/makeup/?action=yith-woocompare-add-product&id=1121&_wpnonce=d2ca8f03af HTTP/1.1" 200 544 "-" "Mozilla/5.0 (Windows NT 10.0; Win64; x64) AppleWebKit/537.36 (KHTML, like Gecko) Chrome/128.0.0.0 Safari/537.36 OPR/114.0.0."
92.204.54.123 - - [14/Nov/2025:11:23:35 -0500] "GET /product-category/hair-care/?action=yith-woocompare-add-product&id=1091&_wpnonce=3fc98d20b7 HTTP/1.1" 200 544 "-" "Mozilla/5.0 (Windows NT 10.0; Win64; x64) AppleWebKit/537.36 (KHTML, like Gecko) Chrome/128.0.0.0 Safari/537.36 OPR/114.0.0."
92.204.54.123 - - [14/Nov/2025:11:23:37 -0500] "GET /product-category/hair-care/?action=yith-woocompare-add-product&id=1125&_wpnonce=3fc98d20b7 HTTP/1.1" 200 544 "-" "Mozilla/5.0 (Windows NT 10.0; Win64; x64) AppleWebKit/537.36 (KHTML, like Gecko) Chrome/128.0.0.0 Safari/537.36 OPR/114.0.0."
45.8.25.4 - - [14/Nov/2025:11:23:39 -0500] "GET /system HTTP/1.1" 200 544 "https://yandex.com/" "Mozilla/5.0 (Macintosh; Intel Mac OS X 10.15; rv:131.0) Gecko/20100101 Firefox/131.0"
92.204.54.123 - - [14/Nov/2025:11:23:39 -0500] "GET /product-category/hair-care/?action=yith-woocompare-add-product&id=1127&_wpnonce=3fc98d20b7 HTTP/1.1" 200 544 "-" "Mozilla/5.0 (Windows NT 10.0; Win64; x64) AppleWebKit/537.36 (KHTML, like Gecko) Chrome/128.0.0.0 Safari/537.36 OPR/114.0.0."
92.204.54.123 - - [14/Nov/2025:11:23:41 -0500] "GET /product-category/hair-care/?action=yith-woocompare-add-product&id=1103&_wpnonce=3fc98d20b7 HTTP/1.1" 200 544 "-" "Mozilla/5.0 (Windows NT 10.0; Win64; x64) AppleWebKit/537.36 (KHTML, like Gecko) Chrome/128.0.0.0 Safari/537.36 OPR/114.0.0."
92.204.54.123 - - [14/Nov/2025:11:23:43 -0500] "GET /product-category/hair-care/?action=yith-woocompare-add-product&id=1099&_wpnonce=3fc98d20b7 HTTP/1.1" 200 544 "-" "Mozilla/5.0 (Windows NT 10.0; Win64; x64) AppleWebKit/537.36 (KHTML, like Gecko) Chrome/128.0.0.0 Safari/537.36 OPR/114.0.0."
92.204.54.123 - - [14/Nov/2025:11:23:45 -0500] "GET /product-category/hair-care/?action=yith-woocompare-add-product&id=1070&_wpnonce=3fc98d20b7 HTTP/1.1" 200 544 "-" "Mozilla/5.0 (Windows NT 10.0; Win64; x64) AppleWebKit/537.36 (KHTML, like Gecko) Chrome/128.0.0.0 Safari/537.36 OPR/114.0.0."
92.204.54.123 - - [14/Nov/2025:11:23:47 -0500] "GET /product-category/hair-care/?action=yith-woocompare-add-product&id=1068&_wpnonce=3fc98d20b7 HTTP/1.1" 200 544 "-" "Mozilla/5.0 (Windows NT 10.0; Win64; x64) AppleWebKit/537.36 (KHTML, like Gecko) Chrome/128.0.0.0 Safari/537.36 OPR/114.0.0."
92.204.54.123 - - [14/Nov/2025:11:23:49 -0500] "GET /product-category/hair-care/?action=yith-woocompare-add-product&id=1004&_wpnonce=3fc98d20b7 HTTP/1.1" 200 544 "-" "Mozilla/5.0 (Windows NT 10.0; Win64; x64) AppleWebKit/537.36 (KHTML, like Gecko) Chrome/128.0.0.0 Safari/537.36 OPR/114.0.0."
45.8.25.4 - - [14/Nov/2025:11:23:50 -0500] "GET /user_guide HTTP/1.1" 200 544 "https://yandex.com/" "Mozilla/5.0 (Macintosh; Intel Mac OS X 10_15_7) AppleWebKit/605.1.15 (KHTML, like Gecko) Version/18.1 Safari/605.1.15"
92.204.54.123 - - [14/Nov/2025:11:23:51 -0500] "GET /product-category/hair-care/?action=yith-woocompare-add-product&id=1075&_wpnonce=3fc98d20b7 HTTP/1.1" 200 544 "-" "Mozilla/5.0 (Windows NT 10.0; Win64; x64) AppleWebKit/537.36 (KHTML, like Gecko) Chrome/128.0.0.0 Safari/537.36 OPR/114.0.0."
92.204.54.123 - - [14/Nov/2025:11:23:53 -0500] "GET /product-category/hair-care/hair-treatment-ampules/?action=yith-woocompare-add-product&id=993&_wpnonce=75eab3f91c HTTP/1.1" 200 544 "-" "Mozilla/5.0 (Windows NT 10.0; Win64; x64) AppleWebKit/537.36 (KHTML, like Gecko) Chrome/128.0.0.0 Safari/537.36 OPR/114.0.0."
92.204.54.123 - - [14/Nov/2025:11:23:55 -0500] "GET /product-category/hair-care/hair-treatment-ampules/?action=yith-woocompare-add-product&id=1002&_wpnonce=75eab3f91c HTTP/1.1" 200 544 "-" "Mozilla/5.0 (Windows NT 10.0; Win64; x64) AppleWebKit/537.36 (KHTML, like Gecko) Chrome/128.0.0.0 Safari/537.36 OPR/114.0.0."
92.204.54.123 - - [14/Nov/2025:11:23:57 -0500] "GET /product-category/hair-care/hair-shampoos/?action=yith-woocompare-add-product&id=1068&_wpnonce=d2ca8f03af HTTP/1.1" 200 544 "-" "Mozilla/5.0 (Windows NT 10.0; Win64; x64) AppleWebKit/537.36 (KHTML, like Gecko) Chrome/128.0.0.0 Safari/537.36 OPR/114.0.0."
92.204.54.123 - - [14/Nov/2025:11:23:59 -0500] "GET /product-category/hair-care/hair-shampoos/?action=yith-woocompare-add-product&id=1073&_wpnonce=d2ca8f03af HTTP/1.1" 200 544 "-" "Mozilla/5.0 (Windows NT 10.0; Win64; x64) AppleWebKit/537.36 (KHTML, like Gecko) Chrome/128.0.0.0 Safari/537.36 OPR/114.0.0."
92.204.54.123 - - [14/Nov/2025:11:24:01 -0500] "GET /product-category/hair-care/hair-shampoos/?action=yith-woocompare-add-product&id=989&_wpnonce=d2ca8f03af HTTP/1.1" 200 544 "-" "Mozilla/5.0 (Windows NT 10.0; Win64; x64) AppleWebKit/537.36 (KHTML, like Gecko) Chrome/128.0.0.0 Safari/537.36 OPR/114.0.0."
45.8.25.4 - - [14/Nov/2025:11:24:01 -0500] "GET /application/config HTTP/1.1" 200 544 "https://search.yahoo.com/" "Mozilla/5.0 (Macintosh; Intel Mac OS X 10_15_7) AppleWebKit/605.1.15 (KHTML, like Gecko) Version/18.1 Safari/605.1.15"
92.204.54.123 - - [14/Nov/2025:11:24:03 -0500] "GET /product-category/hair-care/hair-shampoos/?action=yith-woocompare-add-product&id=997&_wpnonce=d2ca8f03af HTTP/1.1" 200 544 "-" "Mozilla/5.0 (Windows NT 10.0; Win64; x64) AppleWebKit/537.36 (KHTML, like Gecko) Chrome/128.0.0.0 Safari/537.36 OPR/114.0.0."
92.204.54.123 - - [14/Nov/2025:11:24:05 -0500] "GET /product-category/hair-care/hair-serums/?action=yith-woocompare-add-product&id=1004&_wpnonce=d2ca8f03af HTTP/1.1" 200 544 "-" "Mozilla/5.0 (Windows NT 10.0; Win64; x64) AppleWebKit/537.36 (KHTML, like Gecko) Chrome/128.0.0.0 Safari/537.36 OPR/114.0.0."
92.204.54.123 - - [14/Nov/2025:11:24:07 -0500] "GET /product-category/hair-care/hair-serums/?action=yith-woocompare-add-product&id=1077&_wpnonce=d2ca8f03af HTTP/1.1" 200 544 "-" "Mozilla/5.0 (Windows NT 10.0; Win64; x64) AppleWebKit/537.36 (KHTML, like Gecko) Chrome/128.0.0.0 Safari/537.36 OPR/114.0.0."
92.204.54.123 - - [14/Nov/2025:11:24:09 -0500] "GET /product-category/hair-care/hair-conditioners/?action=yith-woocompare-add-product&id=1070&_wpnonce=d2ca8f03af HTTP/1.1" 200 544 "-" "Mozilla/5.0 (Windows NT 10.0; Win64; x64) AppleWebKit/537.36 (KHTML, like Gecko) Chrome/128.0.0.0 Safari/537.36 OPR/114.0.0."
92.204.54.123 - - [14/Nov/2025:11:24:11 -0500] "GET /product-category/hair-care/hair-conditioners/?action=yith-woocompare-add-product&id=1075&_wpnonce=d2ca8f03af HTTP/1.1" 200 544 "-" "Mozilla/5.0 (Windows NT 10.0; Win64; x64) AppleWebKit/537.36 (KHTML, like Gecko) Chrome/128.0.0.0 Safari/537.36 OPR/114.0.0."
45.8.25.4 - - [14/Nov/2025:11:24:12 -0500] "GET /application/controllers HTTP/1.1" 200 544 "https://www.bing.com/" "Mozilla/5.0 (Windows NT 10.0; Win64; x64; rv:131.0) Gecko/20100101 Firefox/131.0"
92.204.54.123 - - [14/Nov/2025:11:24:13 -0500] "GET /product-category/hair-care/hair-mists/?action=yith-woocompare-add-product&id=1080&_wpnonce=d2ca8f03af HTTP/1.1" 200 544 "-" "Mozilla/5.0 (Windows NT 10.0; Win64; x64) AppleWebKit/537.36 (KHTML, like Gecko) Chrome/128.0.0.0 Safari/537.36 OPR/114.0.0."
92.204.54.123 - - [14/Nov/2025:11:24:15 -0500] "GET /product-category/hair-care/hair-spray/?action=yith-woocompare-add-product&id=1091&_wpnonce=3fc98d20b7 HTTP/1.1" 200 544 "-" "Mozilla/5.0 (Windows NT 10.0; Win64; x64) AppleWebKit/537.36 (KHTML, like Gecko) Chrome/128.0.0.0 Safari/537.36 OPR/114.0.0."
92.204.54.123 - - [14/Nov/2025:11:24:17 -0500] "GET /product-category/hair-care/hair-spray/?action=yith-woocompare-add-product&id=1125&_wpnonce=3fc98d20b7 HTTP/1.1" 200 544 "-" "Mozilla/5.0 (Windows NT 10.0; Win64; x64) AppleWebKit/537.36 (KHTML, like Gecko) Chrome/128.0.0.0 Safari/537.36 OPR/114.0.0."
92.204.54.123 - - [14/Nov/2025:11:24:19 -0500] "GET /product-category/hair-care/hair-gel/?action=yith-woocompare-add-product&id=1099&_wpnonce=75eab3f91c HTTP/1.1" 200 544 "-" "Mozilla/5.0 (Windows NT 10.0; Win64; x64) AppleWebKit/537.36 (KHTML, like Gecko) Chrome/128.0.0.0 Safari/537.36 OPR/114.0.0."
92.204.54.123 - - [14/Nov/2025:11:24:22 -0500] "GET /product-category/hair-care/hair-mousse/?action=yith-woocompare-add-product&id=1103&_wpnonce=d2ca8f03af HTTP/1.1" 200 544 "-" "Mozilla/5.0 (Windows NT 10.0; Win64; x64) AppleWebKit/537.36 (KHTML, like Gecko) Chrome/128.0.0.0 Safari/537.36 OPR/114.0.0."
45.8.25.4 - - [14/Nov/2025:11:24:23 -0500] "GET /application/models HTTP/1.1" 200 544 "https://duckduckgo.com/" "Mozilla/5.0 (Macintosh; Intel Mac OS X 10_15_7) AppleWebKit/605.1.15 (KHTML, like Gecko) Version/18.1 Safari/605.1.15"
92.204.54.123 - - [14/Nov/2025:11:24:24 -0500] "GET /?add-to-cart=1127&action=yith-woocompare-add-product&id=1127&_wpnonce=28c3b5dc29 HTTP/1.1" 200 544 "-" "Mozilla/5.0 (Windows NT 10.0; Win64; x64) AppleWebKit/537.36 (KHTML, like Gecko) Chrome/128.0.0.0 Safari/537.36 OPR/114.0.0."
92.204.54.123 - - [14/Nov/2025:11:24:27 -0500] "GET /?add-to-cart=1127&action=yith-woocompare-add-product&id=1125&_wpnonce=28c3b5dc29 HTTP/1.1" 200 544 "-" "Mozilla/5.0 (Windows NT 10.0; Win64; x64) AppleWebKit/537.36 (KHTML, like Gecko) Chrome/128.0.0.0 Safari/537.36 OPR/114.0.0."
92.204.54.123 - - [14/Nov/2025:11:24:29 -0500] "GET /?add-to-cart=1127&action=yith-woocompare-add-product&id=1121&_wpnonce=28c3b5dc29 HTTP/1.1" 200 544 "-" "Mozilla/5.0 (Windows NT 10.0; Win64; x64) AppleWebKit/537.36 (KHTML, like Gecko) Chrome/128.0.0.0 Safari/537.36 OPR/114.0.0."
92.204.54.123 - - [14/Nov/2025:11:24:31 -0500] "GET /?add-to-cart=1127&action=yith-woocompare-add-product&id=1117&_wpnonce=28c3b5dc29 HTTP/1.1" 200 544 "-" "Mozilla/5.0 (Windows NT 10.0; Win64; x64) AppleWebKit/537.36 (KHTML, like Gecko) Chrome/128.0.0.0 Safari/537.36 OPR/114.0.0."
92.204.54.123 - - [14/Nov/2025:11:24:33 -0500] "GET /?add-to-cart=1127&action=yith-woocompare-add-product&id=1107&_wpnonce=28c3b5dc29 HTTP/1.1" 200 544 "-" "Mozilla/5.0 (Windows NT 10.0; Win64; x64) AppleWebKit/537.36 (KHTML, like Gecko) Chrome/128.0.0.0 Safari/537.36 OPR/114.0.0."
45.8.25.4 - - [14/Nov/2025:11:24:33 -0500] "GET /application/views HTTP/1.1" 200 544 "https://www.bing.com/" "Mozilla/5.0 (Windows NT 10.0; Win64; x64) AppleWebKit/537.36 (KHTML, like Gecko) Chrome/130.0.0.0 Safari/537.36 Edg/130.0.0.0"
92.204.54.123 - - [14/Nov/2025:11:24:35 -0500] "GET /?add-to-cart=1127&action=yith-woocompare-add-product&id=1112&_wpnonce=28c3b5dc29 HTTP/1.1" 200 544 "-" "Mozilla/5.0 (Windows NT 10.0; Win64; x64) AppleWebKit/537.36 (KHTML, like Gecko) Chrome/128.0.0.0 Safari/537.36 OPR/114.0.0."
92.204.54.123 - - [14/Nov/2025:11:24:37 -0500] "GET /?add-to-cart=1127&action=yith-woocompare-add-product&id=1091&_wpnonce=28c3b5dc29 HTTP/1.1" 200 544 "-" "Mozilla/5.0 (Windows NT 10.0; Win64; x64) AppleWebKit/537.36 (KHTML, like Gecko) Chrome/128.0.0.0 Safari/537.36 OPR/114.0.0."
92.204.54.123 - - [14/Nov/2025:11:24:39 -0500] "GET /?add-to-cart=1127&action=yith-woocompare-add-product&id=1103&_wpnonce=28c3b5dc29 HTTP/1.1" 200 544 "-" "Mozilla/5.0 (Windows NT 10.0; Win64; x64) AppleWebKit/537.36 (KHTML, like Gecko) Chrome/128.0.0.0 Safari/537.36 OPR/114.0.0."
34.68.105.21 - - [14/Nov/2025:11:24:41 -0500] "HEAD /old/ HTTP/1.1" 200 0 "http://hc-cosmetics.com/old/" "Mozilla/5.0 (Linux; Android 12; CPH2381) AppleWebKit/537.36 (KHTML, like Gecko) Chrome/119.0.6045.163 Mobile Safari/537.36 OPR/76.3.4027.73374"
92.204.54.123 - - [14/Nov/2025:11:24:41 -0500] "GET /?add-to-cart=1127&action=yith-woocompare-add-product&id=1099&_wpnonce=28c3b5dc29 HTTP/1.1" 200 544 "-" "Mozilla/5.0 (Windows NT 10.0; Win64; x64) AppleWebKit/537.36 (KHTML, like Gecko) Chrome/128.0.0.0 Safari/537.36 OPR/114.0.0."
34.68.105.21 - - [14/Nov/2025:11:24:41 -0500] "HEAD /backup/ HTTP/1.1" 200 0 "http://hc-cosmetics.com/backup/" "Mozilla/5.0 (Windows NT 10.0; Win64; x64; rv:125.0) Gecko/20100101 Firefox/125.0"
34.68.105.21 - - [14/Nov/2025:11:24:41 -0500] "HEAD / HTTP/1.1" 200 0 "http://hc-cosmetics.com/" "Mozilla/5.0 (Windows NT 6.1; Win64; x64) AppleWebKit/537.36 (KHTML, like Gecko) Chrome/109.0.5414.120 Safari/537.36"
34.68.105.21 - - [14/Nov/2025:11:24:41 -0500] "HEAD /wp/ HTTP/1.1" 200 0 "http://hc-cosmetics.com/wp/" "Mozilla/5.0 (iPhone; CPU iPhone OS 17_2 like Mac OS X) AppleWebKit/605.1.15 (KHTML, like Gecko) CriOS/124.0.6367.56 Mobile/15E148 Safari/604.1"
