92.204.54.123 - - [14/Nov/2025:11:30:01 -0500] "GET /?add-to-cart=1103&action=yith-woocompare-add-product&id=1077&_wpnonce=28c3b5dc29 HTTP/1.1" 200 544 "-" "Mozilla/5.0 (Windows NT 10.0; Win64; x64) AppleWebKit/537.36 (KHTML, like Gecko) Chrome/128.0.0.0 Safari/537.36 OPR/114.0.0."
92.204.54.123 - - [14/Nov/2025:11:30:03 -0500] "GET /?add-to-cart=1103&action=yith-woocompare-add-product&id=1080&_wpnonce=28c3b5dc29 HTTP/1.1" 200 544 "-" "Mozilla/5.0 (Windows NT 10.0; Win64; x64) AppleWebKit/537.36 (KHTML, like Gecko) Chrome/128.0.0.0 Safari/537.36 OPR/114.0.0."
92.204.54.123 - - [14/Nov/2025:11:30:05 -0500] "GET /?add-to-cart=1099&action=yith-woocompare-add-product&id=1127&_wpnonce=28c3b5dc29 HTTP/1.1" 200 544 "-" "Mozilla/5.0 (Windows NT 10.0; Win64; x64) AppleWebKit/537.36 (KHTML, like Gecko) Chrome/128.0.0.0 Safari/537.36 OPR/114.0.0."
92.204.54.123 - - [14/Nov/2025:11:30:07 -0500] "GET /?add-to-cart=1099&action=yith-woocompare-add-product&id=1125&_wpnonce=28c3b5dc29 HTTP/1.1" 200 544 "-" "Mozilla/5.0 (Windows NT 10.0; Win64; x64) AppleWebKit/537.36 (KHTML, like Gecko) Chrome/128.0.0.0 Safari/537.36 OPR/114.0.0."
92.204.54.123 - - [14/Nov/2025:11:30:09 -0500] "GET /?add-to-cart=1099&action=yith-woocompare-add-product&id=1121&_wpnonce=28c3b5dc29 HTTP/1.1" 200 544 "-" "Mozilla/5.0 (Windows NT 10.0; Win64; x64) AppleWebKit/537.36 (KHTML, like Gecko) Chrome/128.0.0.0 Safari/537.36 OPR/114.0.0."
45.8.25.4 - - [14/Nov/2025:11:30:10 -0500] "GET /fuel HTTP/1.1" 200 544 "https://www.google.com/" "Mozilla/5.0 (Macintosh; Intel Mac OS X 10.15; rv:131.0) Gecko/20100101 Firefox/131.0"
92.204.54.123 - - [14/Nov/2025:11:30:11 -0500] "GET /?add-to-cart=1099&action=yith-woocompare-add-product&id=1117&_wpnonce=28c3b5dc29 HTTP/1.1" 200 544 "-" "Mozilla/5.0 (Windows NT 10.0; Win64; x64) AppleWebKit/537.36 (KHTML, like Gecko) Chrome/128.0.0.0 Safari/537.36 OPR/114.0.0."
92.204.54.123 - - [14/Nov/2025:11:30:13 -0500] "GET /?add-to-cart=1099&action=yith-woocompare-add-product&id=1107&_wpnonce=28c3b5dc29 HTTP/1.1" 200 544 "-" "Mozilla/5.0 (Windows NT 10.0; Win64; x64) AppleWebKit/537.36 (KHTML, like Gecko) Chrome/128.0.0.0 Safari/537.36 OPR/114.0.0."
92.204.54.123 - - [14/Nov/2025:11:30:16 -0500] "GET /?add-to-cart=1099&action=yith-woocompare-add-product&id=1112&_wpnonce=28c3b5dc29 HTTP/1.1" 200 544 "-" "Mozilla/5.0 (Windows NT 10.0; Win64; x64) AppleWebKit/537.36 (KHTML, like Gecko) Chrome/128.0.0.0 Safari/537.36 OPR/114.0.0."
92.204.54.123 - - [14/Nov/2025:11:30:18 -0500] "GET /?add-to-cart=1099&action=yith-woocompare-add-product&id=1091&_wpnonce=28c3b5dc29 HTTP/1.1" 200 544 "-" "Mozilla/5.0 (Windows NT 10.0; Win64; x64) AppleWebKit/537.36 (KHTML, like Gecko) Chrome/128.0.0.0 Safari/537.36 OPR/114.0.0."
45.8.25.4 - - [14/Nov/2025:11:30:20 -0500] "GET /grade HTTP/1.1" 200 544 "https://www.bing.com/" "Mozilla/5.0 (Macintosh; Intel Mac OS X 10.15; rv:131.0) Gecko/20100101 Firefox/131.0"
92.204.54.123 - - [14/Nov/2025:11:30:20 -0500] "GET /?add-to-cart=1099&action=yith-woocompare-add-product&id=1103&_wpnonce=28c3b5dc29 HTTP/1.1" 200 544 "-" "Mozilla/5.0 (Windows NT 10.0; Win64; x64) AppleWebKit/537.36 (KHTML, like Gecko) Chrome/128.0.0.0 Safari/537.36 OPR/114.0.0."
92.204.54.123 - - [14/Nov/2025:11:30:22 -0500] "GET /?add-to-cart=1099&action=yith-woocompare-add-product&id=1099&_wpnonce=28c3b5dc29 HTTP/1.1" 200 544 "-" "Mozilla/5.0 (Windows NT 10.0; Win64; x64) AppleWebKit/537.36 (KHTML, like Gecko) Chrome/128.0.0.0 Safari/537.36 OPR/114.0.0."
92.204.54.123 - - [14/Nov/2025:11:30:24 -0500] "GET /?add-to-cart=1099&action=yith-woocompare-add-product&id=1004&_wpnonce=28c3b5dc29 HTTP/1.1" 200 544 "-" "Mozilla/5.0 (Windows NT 10.0; Win64; x64) AppleWebKit/537.36 (KHTML, like Gecko) Chrome/128.0.0.0 Safari/537.36 OPR/114.0.0."
92.204.54.123 - - [14/Nov/2025:11:30:28 -0500] "GET /?add-to-cart=1099&action=yith-woocompare-add-product&id=1068&_wpnonce=28c3b5dc29 HTTP/1.1" 200 544 "-" "Mozilla/5.0 (Windows NT 10.0; Win64; x64) AppleWebKit/537.36 (KHTML, like Gecko) Chrome/128.0.0.0 Safari/537.36 OPR/114.0.0."
45.8.25.4 - - [14/Nov/2025:11:30:29 -0500] "GET /group HTTP/1.1" 200 544 "https://search.yahoo.com/" "Mozilla/5.0 (Macintosh; Intel Mac OS X 10_15_7) AppleWebKit/605.1.15 (KHTML, like Gecko) Version/18.1 Safari/605.1.15"
92.204.54.123 - - [14/Nov/2025:11:30:30 -0500] "GET /?add-to-cart=1099&action=yith-woocompare-add-product&id=1070&_wpnonce=28c3b5dc29 HTTP/1.1" 200 544 "-" "Mozilla/5.0 (Windows NT 10.0; Win64; x64) AppleWebKit/537.36 (KHTML, like Gecko) Chrome/128.0.0.0 Safari/537.36 OPR/114.0.0."
92.204.54.123 - - [14/Nov/2025:11:30:32 -0500] "GET /?add-to-cart=1099&action=yith-woocompare-add-product&id=989&_wpnonce=28c3b5dc29 HTTP/1.1" 200 544 "-" "Mozilla/5.0 (Windows NT 10.0; Win64; x64) AppleWebKit/537.36 (KHTML, like Gecko) Chrome/128.0.0.0 Safari/537.36 OPR/114.0.0."
92.204.54.123 - - [14/Nov/2025:11:30:34 -0500] "GET /?add-to-cart=1099&action=yith-woocompare-add-product&id=993&_wpnonce=28c3b5dc29 HTTP/1.1" 200 544 "-" "Mozilla/5.0 (Windows NT 10.0; Win64; x64) AppleWebKit/537.36 (KHTML, like Gecko) Chrome/128.0.0.0 Safari/537.36 OPR/114.0.0."
92.204.54.123 - - [14/Nov/2025:11:30:36 -0500] "GET /?add-to-cart=1099&action=yith-woocompare-add-product&id=997&_wpnonce=28c3b5dc29 HTTP/1.1" 200 544 "-" "Mozilla/5.0 (Windows NT 10.0; Win64; x64) AppleWebKit/537.36 (KHTML, like Gecko) Chrome/128.0.0.0 Safari/537.36 OPR/114.0.0."
45.8.25.4 - - [14/Nov/2025:11:30:37 -0500] "GET /h5p HTTP/1.1" 200 544 "https://yandex.com/" "Mozilla/5.0 (Windows NT 10.0; Win64; x64) AppleWebKit/537.36 (KHTML, like Gecko) Chrome/130.0.0.0 Safari/537.36"
92.204.54.123 - - [14/Nov/2025:11:30:38 -0500] "GET /?add-to-cart=1099&action=yith-woocompare-add-product&id=1002&_wpnonce=28c3b5dc29 HTTP/1.1" 200 544 "-" "Mozilla/5.0 (Windows NT 10.0; Win64; x64) AppleWebKit/537.36 (KHTML, like Gecko) Chrome/128.0.0.0 Safari/537.36 OPR/114.0.0."
92.204.54.123 - - [14/Nov/2025:11:30:40 -0500] "GET /?add-to-cart=1099&action=yith-woocompare-add-product&id=1073&_wpnonce=28c3b5dc29 HTTP/1.1" 200 544 "-" "Mozilla/5.0 (Windows NT 10.0; Win64; x64) AppleWebKit/537.36 (KHTML, like Gecko) Chrome/128.0.0.0 Safari/537.36 OPR/114.0.0."
92.204.54.123 - - [14/Nov/2025:11:30:42 -0500] "GET /?add-to-cart=1099&action=yith-woocompare-add-product&id=1075&_wpnonce=28c3b5dc29 HTTP/1.1" 200 544 "-" "Mozilla/5.0 (Windows NT 10.0; Win64; x64) AppleWebKit/537.36 (KHTML, like Gecko) Chrome/128.0.0.0 Safari/537.36 OPR/114.0.0."
92.204.54.123 - - [14/Nov/2025:11:30:44 -0500] "GET /?add-to-cart=1099&action=yith-woocompare-add-product&id=1077&_wpnonce=28c3b5dc29 HTTP/1.1" 200 544 "-" "Mozilla/5.0 (Windows NT 10.0; Win64; x64) AppleWebKit/537.36 (KHTML, like Gecko) Chrome/128.0.0.0 Safari/537.36 OPR/114.0.0."
45.8.25.4 - - [14/Nov/2025:11:30:46 -0500] "GET /iplookup HTTP/1.1" 200 544 "https://search.yahoo.com/" "Mozilla/5.0 (Windows NT 10.0; Win64; x64) AppleWebKit/537.36 (KHTML, like Gecko) Chrome/129.0.0.0 Safari/537.36"
92.204.54.123 - - [14/Nov/2025:11:30:48 -0500] "GET /?add-to-cart=1099&action=yith-woocompare-add-product&id=1080&_wpnonce=28c3b5dc29 HTTP/1.1" 200 544 "-" "Mozilla/5.0 (Windows NT 10.0; Win64; x64) AppleWebKit/537.36 (KHTML, like Gecko) Chrome/128.0.0.0 Safari/537.36 OPR/114.0.0."
92.204.54.123 - - [14/Nov/2025:11:30:50 -0500] "GET /?add-to-cart=1004&action=yith-woocompare-add-product&id=1127&_wpnonce=28c3b5dc29 HTTP/1.1" 200 544 "-" "Mozilla/5.0 (Windows NT 10.0; Win64; x64) AppleWebKit/537.36 (KHTML, like Gecko) Chrome/128.0.0.0 Safari/537.36 OPR/114.0.0."
92.204.54.123 - - [14/Nov/2025:11:30:52 -0500] "GET /?add-to-cart=1004&action=yith-woocompare-add-product&id=1125&_wpnonce=28c3b5dc29 HTTP/1.1" 200 544 "-" "Mozilla/5.0 (Windows NT 10.0; Win64; x64) AppleWebKit/537.36 (KHTML, like Gecko) Chrome/128.0.0.0 Safari/537.36 OPR/114.0.0."
92.204.54.123 - - [14/Nov/2025:11:30:54 -0500] "GET /?add-to-cart=1004&action=yith-woocompare-add-product&id=1121&_wpnonce=28c3b5dc29 HTTP/1.1" 200 544 "-" "Mozilla/5.0 (Windows NT 10.0; Win64; x64) AppleWebKit/537.36 (KHTML, like Gecko) Chrome/128.0.0.0 Safari/537.36 OPR/114.0.0."
92.204.54.123 - - [14/Nov/2025:11:30:56 -0500] "GET /?add-to-cart=1004&action=yith-woocompare-add-product&id=1117&_wpnonce=28c3b5dc29 HTTP/1.1" 200 544 "-" "Mozilla/5.0 (Windows NT 10.0; Win64; x64) AppleWebKit/537.36 (KHTML, like Gecko) Chrome/128.0.0.0 Safari/537.36 OPR/114.0.0."
45.8.25.4 - - [14/Nov/2025:11:30:56 -0500] "GET /jobs HTTP/1.1" 200 544 "https://yandex.com/" "Mozilla/5.0 (Macintosh; Intel Mac OS X 10.15; rv:131.0) Gecko/20100101 Firefox/131.0"
92.204.54.123 - - [14/Nov/2025:11:30:58 -0500] "GET /?add-to-cart=1004&action=yith-woocompare-add-product&id=1107&_wpnonce=28c3b5dc29 HTTP/1.1" 200 544 "-" "Mozilla/5.0 (Windows NT 10.0; Win64; x64) AppleWebKit/537.36 (KHTML, like Gecko) Chrome/128.0.0.0 Safari/537.36 OPR/114.0.0."
92.204.54.123 - - [14/Nov/2025:11:31:00 -0500] "GET /?add-to-cart=1004&action=yith-woocompare-add-product&id=1112&_wpnonce=28c3b5dc29 HTTP/1.1" 200 544 "-" "Mozilla/5.0 (Windows NT 10.0; Win64; x64) AppleWebKit/537.36 (KHTML, like Gecko) Chrome/128.0.0.0 Safari/537.36 OPR/114.0.0."
92.204.54.123 - - [14/Nov/2025:11:31:02 -0500] "GET /?add-to-cart=1004&action=yith-woocompare-add-product&id=1091&_wpnonce=28c3b5dc29 HTTP/1.1" 200 544 "-" "Mozilla/5.0 (Windows NT 10.0; Win64; x64) AppleWebKit/537.36 (KHTML, like Gecko) Chrome/128.0.0.0 Safari/537.36 OPR/114.0.0."
92.204.54.123 - - [14/Nov/2025:11:31:04 -0500] "GET /?add-to-cart=1004&action=yith-woocompare-add-product&id=1103&_wpnonce=28c3b5dc29 HTTP/1.1" 200 544 "-" "Mozilla/5.0 (Windows NT 10.0; Win64; x64) AppleWebKit/537.36 (KHTML, like Gecko) Chrome/128.0.0.0 Safari/537.36 OPR/114.0.0."
45.8.25.4 - - [14/Nov/2025:11:31:05 -0500] "GET /l10n HTTP/1.1" 200 544 "https://yandex.com/" "Mozilla/5.0 (Macintosh; Intel Mac OS X 10_15_7) AppleWebKit/537.36 (KHTML, like Gecko) Chrome/130.0.0.0 Safari/537.36"
92.204.54.123 - - [14/Nov/2025:11:31:06 -0500] "GET /?add-to-cart=1004&action=yith-woocompare-add-product&id=1099&_wpnonce=28c3b5dc29 HTTP/1.1" 200 544 "-" "Mozilla/5.0 (Windows NT 10.0; Win64; x64) AppleWebKit/537.36 (KHTML, like Gecko) Chrome/128.0.0.0 Safari/537.36 OPR/114.0.0."
92.204.54.123 - - [14/Nov/2025:11:31:08 -0500] "GET /?add-to-cart=1004&action=yith-woocompare-add-product&id=1004&_wpnonce=28c3b5dc29 HTTP/1.1" 200 544 "-" "Mozilla/5.0 (Windows NT 10.0; Win64; x64) AppleWebKit/537.36 (KHTML, like Gecko) Chrome/128.0.0.0 Safari/537.36 OPR/114.0.0."
92.204.54.123 - - [14/Nov/2025:11:31:10 -0500] "GET /?add-to-cart=1004&action=yith-woocompare-add-product&id=1068&_wpnonce=28c3b5dc29 HTTP/1.1" 200 544 "-" "Mozilla/5.0 (Windows NT 10.0; Win64; x64) AppleWebKit/537.36 (KHTML, like Gecko) Chrome/128.0.0.0 Safari/537.36 OPR/114.0.0."
92.204.54.123 - - [14/Nov/2025:11:31:12 -0500] "GET /?add-to-cart=1004&action=yith-woocompare-add-product&id=1070&_wpnonce=28c3b5dc29 HTTP/1.1" 200 544 "-" "Mozilla/5.0 (Windows NT 10.0; Win64; x64) AppleWebKit/537.36 (KHTML, like Gecko) Chrome/128.0.0.0 Safari/537.36 OPR/114.0.0."
92.204.54.123 - - [14/Nov/2025:11:31:14 -0500] "GET /?add-to-cart=1004&action=yith-woocompare-add-product&id=989&_wpnonce=28c3b5dc29 HTTP/1.1" 200 544 "-" "Mozilla/5.0 (Windows NT 10.0; Win64; x64) AppleWebKit/537.36 (KHTML, like Gecko) Chrome/128.0.0.0 Safari/537.36 OPR/114.0.0."
45.8.25.4 - - [14/Nov/2025:11:31:14 -0500] "GET /lang HTTP/1.1" 200 544 "https://search.yahoo.com/" "Mozilla/5.0 (Windows NT 10.0; Win64; x64) AppleWebKit/537.36 (KHTML, like Gecko) Chrome/129.0.0.0 Safari/537.36"
92.204.54.123 - - [14/Nov/2025:11:31:16 -0500] "GET /?add-to-cart=1004&action=yith-woocompare-add-product&id=993&_wpnonce=28c3b5dc29 HTTP/1.1" 200 544 "-" "Mozilla/5.0 (Windows NT 10.0; Win64; x64) AppleWebKit/537.36 (KHTML, like Gecko) Chrome/128.0.0.0 Safari/537.36 OPR/114.0.0."
92.204.54.123 - - [14/Nov/2025:11:31:18 -0500] "GET /?add-to-cart=1004&action=yith-woocompare-add-product&id=997&_wpnonce=28c3b5dc29 HTTP/1.1" 200 544 "-" "Mozilla/5.0 (Windows NT 10.0; Win64; x64) AppleWebKit/537.36 (KHTML, like Gecko) Chrome/128.0.0.0 Safari/537.36 OPR/114.0.0."
92.204.54.123 - - [14/Nov/2025:11:31:20 -0500] "GET /?add-to-cart=1004&action=yith-woocompare-add-product&id=1002&_wpnonce=28c3b5dc29 HTTP/1.1" 200 544 "-" "Mozilla/5.0 (Windows NT 10.0; Win64; x64) AppleWebKit/537.36 (KHTML, like Gecko) Chrome/128.0.0.0 Safari/537.36 OPR/114.0.0."
92.204.54.123 - - [14/Nov/2025:11:31:22 -0500] "GET /?add-to-cart=1004&action=yith-woocompare-add-product&id=1073&_wpnonce=28c3b5dc29 HTTP/1.1" 200 544 "-" "Mozilla/5.0 (Windows NT 10.0; Win64; x64) AppleWebKit/537.36 (KHTML, like Gecko) Chrome/128.0.0.0 Safari/537.36 OPR/114.0.0."
45.8.25.4 - - [14/Nov/2025:11:31:23 -0500] "GET /local HTTP/1.1" 200 544 "https://yandex.com/" "Mozilla/5.0 (Macintosh; Intel Mac OS X 10.15; rv:131.0) Gecko/20100101 Firefox/131.0"
66.249.72.68 - - [14/Nov/2025:11:31:23 -0500] "GET /product/silky-x-trim-shampoo-anti-dandruff-shampoo/?add-to-cart=1099 HTTP/1.1" 200 494 "-" "Mozilla/5.0 (Linux; Android 6.0.1; Nexus 5X Build/MMB29P) AppleWebKit/537.36 (KHTML, like Gecko) Chrome/141.0.7390.122 Mobile Safari/537.36 (compatible; Googlebot/2.1; +http://www.google.com/bot.html)"
92.204.54.123 - - [14/Nov/2025:11:31:24 -0500] "GET /?add-to-cart=1004&action=yith-woocompare-add-product&id=1075&_wpnonce=28c3b5dc29 HTTP/1.1" 200 544 "-" "Mozilla/5.0 (Windows NT 10.0; Win64; x64) AppleWebKit/537.36 (KHTML, like Gecko) Chrome/128.0.0.0 Safari/537.36 OPR/114.0.0."
92.204.54.123 - - [14/Nov/2025:11:31:26 -0500] "GET /?add-to-cart=1004&action=yith-woocompare-add-product&id=1077&_wpnonce=28c3b5dc29 HTTP/1.1" 200 544 "-" "Mozilla/5.0 (Windows NT 10.0; Win64; x64) AppleWebKit/537.36 (KHTML, like Gecko) Chrome/128.0.0.0 Safari/537.36 OPR/114.0.0."
92.204.54.123 - - [14/Nov/2025:11:31:28 -0500] "GET /?add-to-cart=1004&action=yith-woocompare-add-product&id=1080&_wpnonce=28c3b5dc29 HTTP/1.1" 200 544 "-" "Mozilla/5.0 (Windows NT 10.0; Win64; x64) AppleWebKit/537.36 (KHTML, like Gecko) Chrome/128.0.0.0 Safari/537.36 OPR/114.0.0."
92.204.54.123 - - [14/Nov/2025:11:31:30 -0500] "GET /?add-to-cart=1068&action=yith-woocompare-add-product&id=1127&_wpnonce=28c3b5dc29 HTTP/1.1" 200 544 "-" "Mozilla/5.0 (Windows NT 10.0; Win64; x64) AppleWebKit/537.36 (KHTML, like Gecko) Chrome/128.0.0.0 Safari/537.36 OPR/114.0.0."
45.8.25.4 - - [14/Nov/2025:11:31:31 -0500] "GET /maintenance HTTP/1.1" 200 544 "https://duckduckgo.com/" "Mozilla/5.0 (Macintosh; Intel Mac OS X 10.15; rv:131.0) Gecko/20100101 Firefox/131.0"
92.204.54.123 - - [14/Nov/2025:11:31:32 -0500] "GET /?add-to-cart=1068&action=yith-woocompare-add-product&id=1125&_wpnonce=28c3b5dc29 HTTP/1.1" 200 544 "-" "Mozilla/5.0 (Windows NT 10.0; Win64; x64) AppleWebKit/537.36 (KHTML, like Gecko) Chrome/128.0.0.0 Safari/537.36 OPR/114.0.0."
92.204.54.123 - - [14/Nov/2025:11:31:34 -0500] "GET /?add-to-cart=1068&action=yith-woocompare-add-product&id=1121&_wpnonce=28c3b5dc29 HTTP/1.1" 200 544 "-" "Mozilla/5.0 (Windows NT 10.0; Win64; x64) AppleWebKit/537.36 (KHTML, like Gecko) Chrome/128.0.0.0 Safari/537.36 OPR/114.0.0."
92.204.54.123 - - [14/Nov/2025:11:31:37 -0500] "GET /?add-to-cart=1068&action=yith-woocompare-add-product&id=1117&_wpnonce=28c3b5dc29 HTTP/1.1" 200 544 "-" "Mozilla/5.0 (Windows NT 10.0; Win64; x64) AppleWebKit/537.36 (KHTML, like Gecko) Chrome/128.0.0.0 Safari/537.36 OPR/114.0.0."
92.204.54.123 - - [14/Nov/2025:11:31:39 -0500] "GET /?add-to-cart=1068&action=yith-woocompare-add-product&id=1107&_wpnonce=28c3b5dc29 HTTP/1.1" 200 544 "-" "Mozilla/5.0 (Windows NT 10.0; Win64; x64) AppleWebKit/537.36 (KHTML, like Gecko) Chrome/128.0.0.0 Safari/537.36 OPR/114.0.0."
45.8.25.4 - - [14/Nov/2025:11:31:40 -0500] "GET /message HTTP/1.1" 200 544 "https://www.bing.com/" "Mozilla/5.0 (Macintosh; Intel Mac OS X 10.15; rv:131.0) Gecko/20100101 Firefox/131.0"
92.204.54.123 - - [14/Nov/2025:11:31:41 -0500] "GET /?add-to-cart=1068&action=yith-woocompare-add-product&id=1112&_wpnonce=28c3b5dc29 HTTP/1.1" 200 544 "-" "Mozilla/5.0 (Windows NT 10.0; Win64; x64) AppleWebKit/537.36 (KHTML, like Gecko) Chrome/128.0.0.0 Safari/537.36 OPR/114.0.0."
92.204.54.123 - - [14/Nov/2025:11:31:44 -0500] "GET /?add-to-cart=1068&action=yith-woocompare-add-product&id=1091&_wpnonce=28c3b5dc29 HTTP/1.1" 200 544 "-" "Mozilla/5.0 (Windows NT 10.0; Win64; x64) AppleWebKit/537.36 (KHTML, like Gecko) Chrome/128.0.0.0 Safari/537.36 OPR/114.0.0."
66.249.72.67 - - [14/Nov/2025:11:31:44 -0500] "GET /product/silky-x-trim-shampoo-anti-dandruff-shampoo/?add-to-cart=993 HTTP/1.1" 200 494 "-" "Mozilla/5.0 (Linux; Android 6.0.1; Nexus 5X Build/MMB29P) AppleWebKit/537.36 (KHTML, like Gecko) Chrome/141.0.7390.122 Mobile Safari/537.36 (compatible; Googlebot/2.1; +http://www.google.com/bot.html)"
92.204.54.123 - - [14/Nov/2025:11:31:46 -0500] "GET /?add-to-cart=1068&action=yith-woocompare-add-product&id=1103&_wpnonce=28c3b5dc29 HTTP/1.1" 200 544 "-" "Mozilla/5.0 (Windows NT 10.0; Win64; x64) AppleWebKit/537.36 (KHTML, like Gecko) Chrome/128.0.0.0 Safari/537.36 OPR/114.0.0."
92.204.54.123 - - [14/Nov/2025:11:31:48 -0500] "GET /?add-to-cart=1068&action=yith-woocompare-add-product&id=1099&_wpnonce=28c3b5dc29 HTTP/1.1" 200 544 "-" "Mozilla/5.0 (Windows NT 10.0; Win64; x64) AppleWebKit/537.36 (KHTML, like Gecko) Chrome/128.0.0.0 Safari/537.36 OPR/114.0.0."
45.8.25.4 - - [14/Nov/2025:11:31:48 -0500] "GET /mnet HTTP/1.1" 200 544 "https://www.bing.com/" "Mozilla/5.0 (Windows NT 10.0; Win64; x64) AppleWebKit/537.36 (KHTML, like Gecko) Chrome/130.0.0.0 Safari/537.36 Edg/130.0.0.0"
92.204.54.123 - - [14/Nov/2025:11:31:50 -0500] "GET /?add-to-cart=1068&action=yith-woocompare-add-product&id=1004&_wpnonce=28c3b5dc29 HTTP/1.1" 200 544 "-" "Mozilla/5.0 (Windows NT 10.0; Win64; x64) AppleWebKit/537.36 (KHTML, like Gecko) Chrome/128.0.0.0 Safari/537.36 OPR/114.0.0."
92.204.54.123 - - [14/Nov/2025:11:31:52 -0500] "GET /?add-to-cart=1068&action=yith-woocompare-add-product&id=1068&_wpnonce=28c3b5dc29 HTTP/1.1" 200 544 "-" "Mozilla/5.0 (Windows NT 10.0; Win64; x64) AppleWebKit/537.36 (KHTML, like Gecko) Chrome/128.0.0.0 Safari/537.36 OPR/114.0.0."
92.204.54.123 - - [14/Nov/2025:11:31:54 -0500] "GET /?add-to-cart=1068&action=yith-woocompare-add-product&id=1070&_wpnonce=28c3b5dc29 HTTP/1.1" 200 544 "-" "Mozilla/5.0 (Windows NT 10.0; Win64; x64) AppleWebKit/537.36 (KHTML, like Gecko) Chrome/128.0.0.0 Safari/537.36 OPR/114.0.0."
92.204.54.123 - - [14/Nov/2025:11:31:56 -0500] "GET /?add-to-cart=1068&action=yith-woocompare-add-product&id=989&_wpnonce=28c3b5dc29 HTTP/1.1" 200 544 "-" "Mozilla/5.0 (Windows NT 10.0; Win64; x64) AppleWebKit/537.36 (KHTML, like Gecko) Chrome/128.0.0.0 Safari/537.36 OPR/114.0.0."
45.8.25.4 - - [14/Nov/2025:11:31:56 -0500] "GET /mod HTTP/1.1" 200 544 "https://duckduckgo.com/" "Mozilla/5.0 (Macintosh; Intel Mac OS X 10.15; rv:131.0) Gecko/20100101 Firefox/131.0"
92.204.54.123 - - [14/Nov/2025:11:31:58 -0500] "GET /?add-to-cart=1068&action=yith-woocompare-add-product&id=993&_wpnonce=28c3b5dc29 HTTP/1.1" 200 544 "-" "Mozilla/5.0 (Windows NT 10.0; Win64; x64) AppleWebKit/537.36 (KHTML, like Gecko) Chrome/128.0.0.0 Safari/537.36 OPR/114.0.0."
92.204.54.123 - - [14/Nov/2025:11:32:00 -0500] "GET /?add-to-cart=1068&action=yith-woocompare-add-product&id=997&_wpnonce=28c3b5dc29 HTTP/1.1" 200 544 "-" "Mozilla/5.0 (Windows NT 10.0; Win64; x64) AppleWebKit/537.36 (KHTML, like Gecko) Chrome/128.0.0.0 Safari/537.36 OPR/114.0.0."
92.204.54.123 - - [14/Nov/2025:11:32:02 -0500] "GET /?add-to-cart=1068&action=yith-woocompare-add-product&id=1002&_wpnonce=28c3b5dc29 HTTP/1.1" 200 544 "-" "Mozilla/5.0 (Windows NT 10.0; Win64; x64) AppleWebKit/537.36 (KHTML, like Gecko) Chrome/128.0.0.0 Safari/537.36 OPR/114.0.0."
92.204.54.123 - - [14/Nov/2025:11:32:04 -0500] "GET /?add-to-cart=1068&action=yith-woocompare-add-product&id=1073&_wpnonce=28c3b5dc29 HTTP/1.1" 200 544 "-" "Mozilla/5.0 (Windows NT 10.0; Win64; x64) AppleWebKit/537.36 (KHTML, like Gecko) Chrome/128.0.0.0 Safari/537.36 OPR/114.0.0."
45.8.25.4 - - [14/Nov/2025:11:32:05 -0500] "GET /my HTTP/1.1" 200 544 "https://search.yahoo.com/" "Mozilla/5.0 (Windows NT 10.0; Win64; x64; rv:131.0) Gecko/20100101 Firefox/131.0"
66.249.72.69 - - [14/Nov/2025:11:32:05 -0500] "GET /product/silky-x-trim-shampoo-anti-dandruff-shampoo/?add-to-cart=1077 HTTP/1.1" 200 494 "-" "Mozilla/5.0 (Linux; Android 6.0.1; Nexus 5X Build/MMB29P) AppleWebKit/537.36 (KHTML, like Gecko) Chrome/141.0.7390.122 Mobile Safari/537.36 (compatible; Googlebot/2.1; +http://www.google.com/bot.html)"
92.204.54.123 - - [14/Nov/2025:11:32:06 -0500] "GET /?add-to-cart=1068&action=yith-woocompare-add-product&id=1075&_wpnonce=28c3b5dc29 HTTP/1.1" 200 544 "-" "Mozilla/5.0 (Windows NT 10.0; Win64; x64) AppleWebKit/537.36 (KHTML, like Gecko) Chrome/128.0.0.0 Safari/537.36 OPR/114.0.0."
92.204.54.123 - - [14/Nov/2025:11:32:08 -0500] "GET /?add-to-cart=1068&action=yith-woocompare-add-product&id=1077&_wpnonce=28c3b5dc29 HTTP/1.1" 200 544 "-" "Mozilla/5.0 (Windows NT 10.0; Win64; x64) AppleWebKit/537.36 (KHTML, like Gecko) Chrome/128.0.0.0 Safari/537.36 OPR/114.0.0."
92.204.54.123 - - [14/Nov/2025:11:32:10 -0500] "GET /?add-to-cart=1068&action=yith-woocompare-add-product&id=1080&_wpnonce=28c3b5dc29 HTTP/1.1" 200 544 "-" "Mozilla/5.0 (Windows NT 10.0; Win64; x64) AppleWebKit/537.36 (KHTML, like Gecko) Chrome/128.0.0.0 Safari/537.36 OPR/114.0.0."
92.204.54.123 - - [14/Nov/2025:11:32:12 -0500] "GET /?add-to-cart=1070&action=yith-woocompare-add-product&id=1127&_wpnonce=28c3b5dc29 HTTP/1.1" 200 544 "-" "Mozilla/5.0 (Windows NT 10.0; Win64; x64) AppleWebKit/537.36 (KHTML, like Gecko) Chrome/128.0.0.0 Safari/537.36 OPR/114.0.0."
45.8.25.4 - - [14/Nov/2025:11:32:14 -0500] "GET /mysite HTTP/1.1" 200 544 "https://duckduckgo.com/" "Mozilla/5.0 (Windows NT 10.0; Win64; x64) AppleWebKit/537.36 (KHTML, like Gecko) Chrome/130.0.0.0 Safari/537.36 Edg/130.0.0.0"
92.204.54.123 - - [14/Nov/2025:11:32:14 -0500] "GET /?add-to-cart=1070&action=yith-woocompare-add-product&id=1125&_wpnonce=28c3b5dc29 HTTP/1.1" 200 544 "-" "Mozilla/5.0 (Windows NT 10.0; Win64; x64) AppleWebKit/537.36 (KHTML, like Gecko) Chrome/128.0.0.0 Safari/537.36 OPR/114.0.0."
92.204.54.123 - - [14/Nov/2025:11:32:16 -0500] "GET /?add-to-cart=1070&action=yith-woocompare-add-product&id=1121&_wpnonce=28c3b5dc29 HTTP/1.1" 200 544 "-" "Mozilla/5.0 (Windows NT 10.0; Win64; x64) AppleWebKit/537.36 (KHTML, like Gecko) Chrome/128.0.0.0 Safari/537.36 OPR/114.0.0."
92.204.54.123 - - [14/Nov/2025:11:32:18 -0500] "GET /?add-to-cart=1070&action=yith-woocompare-add-product&id=1117&_wpnonce=28c3b5dc29 HTTP/1.1" 200 544 "-" "Mozilla/5.0 (Windows NT 10.0; Win64; x64) AppleWebKit/537.36 (KHTML, like Gecko) Chrome/128.0.0.0 Safari/537.36 OPR/114.0.0."
92.204.54.123 - - [14/Nov/2025:11:32:20 -0500] "GET /?add-to-cart=1070&action=yith-woocompare-add-product&id=1107&_wpnonce=28c3b5dc29 HTTP/1.1" 200 544 "-" "Mozilla/5.0 (Windows NT 10.0; Win64; x64) AppleWebKit/537.36 (KHTML, like Gecko) Chrome/128.0.0.0 Safari/537.36 OPR/114.0.0."
45.8.25.4 - - [14/Nov/2025:11:32:22 -0500] "GET /notes HTTP/1.1" 200 544 "https://www.bing.com/" "Mozilla/5.0 (Windows NT 10.0; Win64; x64) AppleWebKit/537.36 (KHTML, like Gecko) Chrome/130.0.0.0 Safari/537.36"
92.204.54.123 - - [14/Nov/2025:11:32:22 -0500] "GET /?add-to-cart=1070&action=yith-woocompare-add-product&id=1112&_wpnonce=28c3b5dc29 HTTP/1.1" 200 544 "-" "Mozilla/5.0 (Windows NT 10.0; Win64; x64) AppleWebKit/537.36 (KHTML, like Gecko) Chrome/128.0.0.0 Safari/537.36 OPR/114.0.0."
92.204.54.123 - - [14/Nov/2025:11:32:24 -0500] "GET /?add-to-cart=1070&action=yith-woocompare-add-product&id=1091&_wpnonce=28c3b5dc29 HTTP/1.1" 200 544 "-" "Mozilla/5.0 (Windows NT 10.0; Win64; x64) AppleWebKit/537.36 (KHTML, like Gecko) Chrome/128.0.0.0 Safari/537.36 OPR/114.0.0."
92.204.54.123 - - [14/Nov/2025:11:32:26 -0500] "GET /?add-to-cart=1070&action=yith-woocompare-add-product&id=1103&_wpnonce=28c3b5dc29 HTTP/1.1" 200 544 "-" "Mozilla/5.0 (Windows NT 10.0; Win64; x64) AppleWebKit/537.36 (KHTML, like Gecko) Chrome/128.0.0.0 Safari/537.36 OPR/114.0.0."
92.204.54.123 - - [14/Nov/2025:11:32:28 -0500] "GET /?add-to-cart=1070&action=yith-woocompare-add-product&id=1099&_wpnonce=28c3b5dc29 HTTP/1.1" 200 544 "-" "Mozilla/5.0 (Windows NT 10.0; Win64; x64) AppleWebKit/537.36 (KHTML, like Gecko) Chrome/128.0.0.0 Safari/537.36 OPR/114.0.0."
45.8.25.4 - - [14/Nov/2025:11:32:29 -0500] "GET /notification HTTP/1.1" 200 544 "https://www.google.com/" "Mozilla/5.0 (Windows NT 10.0; Win64; x64; rv:131.0) Gecko/20100101 Firefox/131.0"
92.204.54.123 - - [14/Nov/2025:11:32:30 -0500] "GET /?add-to-cart=1070&action=yith-woocompare-add-product&id=1004&_wpnonce=28c3b5dc29 HTTP/1.1" 200 544 "-" "Mozilla/5.0 (Windows NT 10.0; Win64; x64) AppleWebKit/537.36 (KHTML, like Gecko) Chrome/128.0.0.0 Safari/537.36 OPR/114.0.0."
92.204.54.123 - - [14/Nov/2025:11:32:32 -0500] "GET /?add-to-cart=1070&action=yith-woocompare-add-product&id=1068&_wpnonce=28c3b5dc29 HTTP/1.1" 200 544 "-" "Mozilla/5.0 (Windows NT 10.0; Win64; x64) AppleWebKit/537.36 (KHTML, like Gecko) Chrome/128.0.0.0 Safari/537.36 OPR/114.0.0."
92.204.54.123 - - [14/Nov/2025:11:32:34 -0500] "GET /?add-to-cart=1070&action=yith-woocompare-add-product&id=1070&_wpnonce=28c3b5dc29 HTTP/1.1" 200 544 "-" "Mozilla/5.0 (Windows NT 10.0; Win64; x64) AppleWebKit/537.36 (KHTML, like Gecko) Chrome/128.0.0.0 Safari/537.36 OPR/114.0.0."
92.204.54.123 - - [14/Nov/2025:11:32:36 -0500] "GET /?add-to-cart=1070&action=yith-woocompare-add-product&id=989&_wpnonce=28c3b5dc29 HTTP/1.1" 200 544 "-" "Mozilla/5.0 (Windows NT 10.0; Win64; x64) AppleWebKit/537.36 (KHTML, like Gecko) Chrome/128.0.0.0 Safari/537.36 OPR/114.0.0."
45.8.25.4 - - [14/Nov/2025:11:32:38 -0500] "GET /outgoing HTTP/1.1" 200 544 "https://search.yahoo.com/" "Mozilla/5.0 (Macintosh; Intel Mac OS X 10_15_7) AppleWebKit/605.1.15 (KHTML, like Gecko) Version/18.1 Safari/605.1.15"
92.204.54.123 - - [14/Nov/2025:11:32:38 -0500] "GET /?add-to-cart=1070&action=yith-woocompare-add-product&id=993&_wpnonce=28c3b5dc29 HTTP/1.1" 200 544 "-" "Mozilla/5.0 (Windows NT 10.0; Win64; x64) AppleWebKit/537.36 (KHTML, like Gecko) Chrome/128.0.0.0 Safari/537.36 OPR/114.0.0."
92.204.54.123 - - [14/Nov/2025:11:32:40 -0500] "GET /?add-to-cart=1070&action=yith-woocompare-add-product&id=997&_wpnonce=28c3b5dc29 HTTP/1.1" 200 544 "-" "Mozilla/5.0 (Windows NT 10.0; Win64; x64) AppleWebKit/537.36 (KHTML, like Gecko) Chrome/128.0.0.0 Safari/537.36 OPR/114.0.0."
92.204.54.123 - - [14/Nov/2025:11:32:42 -0500] "GET /?add-to-cart=1070&action=yith-woocompare-add-product&id=1002&_wpnonce=28c3b5dc29 HTTP/1.1" 200 544 "-" "Mozilla/5.0 (Windows NT 10.0; Win64; x64) AppleWebKit/537.36 (KHTML, like Gecko) Chrome/128.0.0.0 Safari/537.36 OPR/114.0.0."
92.204.54.123 - - [14/Nov/2025:11:32:44 -0500] "GET /?add-to-cart=1070&action=yith-woocompare-add-product&id=1073&_wpnonce=28c3b5dc29 HTTP/1.1" 200 544 "-" "Mozilla/5.0 (Windows NT 10.0; Win64; x64) AppleWebKit/537.36 (KHTML, like Gecko) Chrome/128.0.0.0 Safari/537.36 OPR/114.0.0."
45.8.25.4 - - [14/Nov/2025:11:32:47 -0500] "GET /pmd HTTP/1.1" 200 544 "https://www.bing.com/" "Mozilla/5.0 (Macintosh; Intel Mac OS X 10.15; rv:131.0) Gecko/20100101 Firefox/131.0"
92.204.54.123 - - [14/Nov/2025:11:32:48 -0500] "GET /?add-to-cart=1070&action=yith-woocompare-add-product&id=1075&_wpnonce=28c3b5dc29 HTTP/1.1" 200 544 "-" "Mozilla/5.0 (Windows NT 10.0; Win64; x64) AppleWebKit/537.36 (KHTML, like Gecko) Chrome/128.0.0.0 Safari/537.36 OPR/114.0.0."
92.204.54.123 - - [14/Nov/2025:11:32:50 -0500] "GET /?add-to-cart=1070&action=yith-woocompare-add-product&id=1077&_wpnonce=28c3b5dc29 HTTP/1.1" 200 544 "-" "Mozilla/5.0 (Windows NT 10.0; Win64; x64) AppleWebKit/537.36 (KHTML, like Gecko) Chrome/128.0.0.0 Safari/537.36 OPR/114.0.0."
92.204.54.123 - - [14/Nov/2025:11:32:52 -0500] "GET /?add-to-cart=1070&action=yith-woocompare-add-product&id=1080&_wpnonce=28c3b5dc29 HTTP/1.1" 200 544 "-" "Mozilla/5.0 (Windows NT 10.0; Win64; x64) AppleWebKit/537.36 (KHTML, like Gecko) Chrome/128.0.0.0 Safari/537.36 OPR/114.0.0."
92.204.54.123 - - [14/Nov/2025:11:32:54 -0500] "GET /?add-to-cart=989&action=yith-woocompare-add-product&id=1127&_wpnonce=28c3b5dc29 HTTP/1.1" 200 544 "-" "Mozilla/5.0 (Windows NT 10.0; Win64; x64) AppleWebKit/537.36 (KHTML, like Gecko) Chrome/128.0.0.0 Safari/537.36 OPR/114.0.0."
92.204.54.123 - - [14/Nov/2025:11:32:56 -0500] "GET /?add-to-cart=989&action=yith-woocompare-add-product&id=1125&_wpnonce=28c3b5dc29 HTTP/1.1" 200 544 "-" "Mozilla/5.0 (Windows NT 10.0; Win64; x64) AppleWebKit/537.36 (KHTML, like Gecko) Chrome/128.0.0.0 Safari/537.36 OPR/114.0.0."
45.8.25.4 - - [14/Nov/2025:11:32:57 -0500] "GET /po HTTP/1.1" 200 544 "https://search.yahoo.com/" "Mozilla/5.0 (Macintosh; Intel Mac OS X 10.15; rv:131.0) Gecko/20100101 Firefox/131.0"
92.204.54.123 - - [14/Nov/2025:11:32:58 -0500] "GET /?add-to-cart=989&action=yith-woocompare-add-product&id=1121&_wpnonce=28c3b5dc29 HTTP/1.1" 200 544 "-" "Mozilla/5.0 (Windows NT 10.0; Win64; x64) AppleWebKit/537.36 (KHTML, like Gecko) Chrome/128.0.0.0 Safari/537.36 OPR/114.0.0."
92.204.54.123 - - [14/Nov/2025:11:33:00 -0500] "GET /?add-to-cart=989&action=yith-woocompare-add-product&id=1117&_wpnonce=28c3b5dc29 HTTP/1.1" 200 544 "-" "Mozilla/5.0 (Windows NT 10.0; Win64; x64) AppleWebKit/537.36 (KHTML, like Gecko) Chrome/128.0.0.0 Safari/537.36 OPR/114.0.0."
92.204.54.123 - - [14/Nov/2025:11:33:02 -0500] "GET /?add-to-cart=989&action=yith-woocompare-add-product&id=1107&_wpnonce=28c3b5dc29 HTTP/1.1" 200 544 "-" "Mozilla/5.0 (Windows NT 10.0; Win64; x64) AppleWebKit/537.36 (KHTML, like Gecko) Chrome/128.0.0.0 Safari/537.36 OPR/114.0.0."
92.204.54.123 - - [14/Nov/2025:11:33:04 -0500] "GET /?add-to-cart=989&action=yith-woocompare-add-product&id=1112&_wpnonce=28c3b5dc29 HTTP/1.1" 200 544 "-" "Mozilla/5.0 (Windows NT 10.0; Win64; x64) AppleWebKit/537.36 (KHTML, like Gecko) Chrome/128.0.0.0 Safari/537.36 OPR/114.0.0."
92.204.54.123 - - [14/Nov/2025:11:33:06 -0500] "GET /?add-to-cart=989&action=yith-woocompare-add-product&id=1091&_wpnonce=28c3b5dc29 HTTP/1.1" 200 544 "-" "Mozilla/5.0 (Windows NT 10.0; Win64; x64) AppleWebKit/537.36 (KHTML, like Gecko) Chrome/128.0.0.0 Safari/537.36 OPR/114.0.0."
45.8.25.4 - - [14/Nov/2025:11:33:07 -0500] "GET /portfolio HTTP/1.1" 200 544 "https://www.google.com/" "Mozilla/5.0 (Windows NT 10.0; Win64; x64) AppleWebKit/537.36 (KHTML, like Gecko) Chrome/130.0.0.0 Safari/537.36"
92.204.54.123 - - [14/Nov/2025:11:33:09 -0500] "GET /?add-to-cart=989&action=yith-woocompare-add-product&id=1103&_wpnonce=28c3b5dc29 HTTP/1.1" 200 544 "-" "Mozilla/5.0 (Windows NT 10.0; Win64; x64) AppleWebKit/537.36 (KHTML, like Gecko) Chrome/128.0.0.0 Safari/537.36 OPR/114.0.0."
92.204.54.123 - - [14/Nov/2025:11:33:11 -0500] "GET /?add-to-cart=989&action=yith-woocompare-add-product&id=1099&_wpnonce=28c3b5dc29 HTTP/1.1" 200 544 "-" "Mozilla/5.0 (Windows NT 10.0; Win64; x64) AppleWebKit/537.36 (KHTML, like Gecko) Chrome/128.0.0.0 Safari/537.36 OPR/114.0.0."
92.204.54.123 - - [14/Nov/2025:11:33:13 -0500] "GET /?add-to-cart=989&action=yith-woocompare-add-product&id=1004&_wpnonce=28c3b5dc29 HTTP/1.1" 200 544 "-" "Mozilla/5.0 (Windows NT 10.0; Win64; x64) AppleWebKit/537.36 (KHTML, like Gecko) Chrome/128.0.0.0 Safari/537.36 OPR/114.0.0."
92.204.54.123 - - [14/Nov/2025:11:33:15 -0500] "GET /?add-to-cart=989&action=yith-woocompare-add-product&id=1068&_wpnonce=28c3b5dc29 HTTP/1.1" 200 544 "-" "Mozilla/5.0 (Windows NT 10.0; Win64; x64) AppleWebKit/537.36 (KHTML, like Gecko) Chrome/128.0.0.0 Safari/537.36 OPR/114.0.0."
45.8.25.4 - - [14/Nov/2025:11:33:16 -0500] "GET /privacy HTTP/1.1" 200 544 "https://www.google.com/" "Mozilla/5.0 (Macintosh; Intel Mac OS X 10_15_7) AppleWebKit/537.36 (KHTML, like Gecko) Chrome/130.0.0.0 Safari/537.36"
92.204.54.123 - - [14/Nov/2025:11:33:17 -0500] "GET /?add-to-cart=989&action=yith-woocompare-add-product&id=1070&_wpnonce=28c3b5dc29 HTTP/1.1" 200 544 "-" "Mozilla/5.0 (Windows NT 10.0; Win64; x64) AppleWebKit/537.36 (KHTML, like Gecko) Chrome/128.0.0.0 Safari/537.36 OPR/114.0.0."
92.204.54.123 - - [14/Nov/2025:11:33:19 -0500] "GET /?add-to-cart=989&action=yith-woocompare-add-product&id=989&_wpnonce=28c3b5dc29 HTTP/1.1" 200 544 "-" "Mozilla/5.0 (Windows NT 10.0; Win64; x64) AppleWebKit/537.36 (KHTML, like Gecko) Chrome/128.0.0.0 Safari/537.36 OPR/114.0.0."
92.204.54.123 - - [14/Nov/2025:11:33:21 -0500] "GET /?add-to-cart=989&action=yith-woocompare-add-product&id=993&_wpnonce=28c3b5dc29 HTTP/1.1" 200 544 "-" "Mozilla/5.0 (Windows NT 10.0; Win64; x64) AppleWebKit/537.36 (KHTML, like Gecko) Chrome/128.0.0.0 Safari/537.36 OPR/114.0.0."
92.204.54.123 - - [14/Nov/2025:11:33:23 -0500] "GET /?add-to-cart=989&action=yith-woocompare-add-product&id=997&_wpnonce=28c3b5dc29 HTTP/1.1" 200 544 "-" "Mozilla/5.0 (Windows NT 10.0; Win64; x64) AppleWebKit/537.36 (KHTML, like Gecko) Chrome/128.0.0.0 Safari/537.36 OPR/114.0.0."
92.204.54.123 - - [14/Nov/2025:11:33:25 -0500] "GET /?add-to-cart=989&action=yith-woocompare-add-product&id=1002&_wpnonce=28c3b5dc29 HTTP/1.1" 200 544 "-" "Mozilla/5.0 (Windows NT 10.0; Win64; x64) AppleWebKit/537.36 (KHTML, like Gecko) Chrome/128.0.0.0 Safari/537.36 OPR/114.0.0."
45.8.25.4 - - [14/Nov/2025:11:33:25 -0500] "GET /question HTTP/1.1" 200 544 "https://www.bing.com/" "Mozilla/5.0 (Windows NT 10.0; Win64; x64) AppleWebKit/537.36 (KHTML, like Gecko) Chrome/130.0.0.0 Safari/537.36"
92.204.54.123 - - [14/Nov/2025:11:33:27 -0500] "GET /?add-to-cart=989&action=yith-woocompare-add-product&id=1073&_wpnonce=28c3b5dc29 HTTP/1.1" 200 544 "-" "Mozilla/5.0 (Windows NT 10.0; Win64; x64) AppleWebKit/537.36 (KHTML, like Gecko) Chrome/128.0.0.0 Safari/537.36 OPR/114.0.0."
92.204.54.123 - - [14/Nov/2025:11:33:29 -0500] "GET /?add-to-cart=989&action=yith-woocompare-add-product&id=1075&_wpnonce=28c3b5dc29 HTTP/1.1" 200 544 "-" "Mozilla/5.0 (Windows NT 10.0; Win64; x64) AppleWebKit/537.36 (KHTML, like Gecko) Chrome/128.0.0.0 Safari/537.36 OPR/114.0.0."
92.204.54.123 - - [14/Nov/2025:11:33:31 -0500] "GET /?add-to-cart=989&action=yith-woocompare-add-product&id=1077&_wpnonce=28c3b5dc29 HTTP/1.1" 200 544 "-" "Mozilla/5.0 (Windows NT 10.0; Win64; x64) AppleWebKit/537.36 (KHTML, like Gecko) Chrome/128.0.0.0 Safari/537.36 OPR/114.0.0."
92.204.54.123 - - [14/Nov/2025:11:33:33 -0500] "GET /?add-to-cart=989&action=yith-woocompare-add-product&id=1080&_wpnonce=28c3b5dc29 HTTP/1.1" 200 544 "-" "Mozilla/5.0 (Windows NT 10.0; Win64; x64) AppleWebKit/537.36 (KHTML, like Gecko) Chrome/128.0.0.0 Safari/537.36 OPR/114.0.0."
45.8.25.4 - - [14/Nov/2025:11:33:35 -0500] "GET /rating HTTP/1.1" 200 544 "https://www.bing.com/" "Mozilla/5.0 (Windows NT 10.0; Win64; x64) AppleWebKit/537.36 (KHTML, like Gecko) Chrome/130.0.0.0 Safari/537.36 Edg/130.0.0.0"
92.204.54.123 - - [14/Nov/2025:11:33:35 -0500] "GET /?add-to-cart=993&action=yith-woocompare-add-product&id=1127&_wpnonce=28c3b5dc29 HTTP/1.1" 200 544 "-" "Mozilla/5.0 (Windows NT 10.0; Win64; x64) AppleWebKit/537.36 (KHTML, like Gecko) Chrome/128.0.0.0 Safari/537.36 OPR/114.0.0."
92.204.54.123 - - [14/Nov/2025:11:33:37 -0500] "GET /?add-to-cart=993&action=yith-woocompare-add-product&id=1125&_wpnonce=28c3b5dc29 HTTP/1.1" 200 544 "-" "Mozilla/5.0 (Windows NT 10.0; Win64; x64) AppleWebKit/537.36 (KHTML, like Gecko) Chrome/128.0.0.0 Safari/537.36 OPR/114.0.0."
92.204.54.123 - - [14/Nov/2025:11:33:39 -0500] "GET /?add-to-cart=993&action=yith-woocompare-add-product&id=1121&_wpnonce=28c3b5dc29 HTTP/1.1" 200 544 "-" "Mozilla/5.0 (Windows NT 10.0; Win64; x64) AppleWebKit/537.36 (KHTML, like Gecko) Chrome/128.0.0.0 Safari/537.36 OPR/114.0.0."
92.204.54.123 - - [14/Nov/2025:11:33:41 -0500] "GET /?add-to-cart=993&action=yith-woocompare-add-product&id=1117&_wpnonce=28c3b5dc29 HTTP/1.1" 200 544 "-" "Mozilla/5.0 (Windows NT 10.0; Win64; x64) AppleWebKit/537.36 (KHTML, like Gecko) Chrome/128.0.0.0 Safari/537.36 OPR/114.0.0."
92.204.54.123 - - [14/Nov/2025:11:33:43 -0500] "GET /?add-to-cart=993&action=yith-woocompare-add-product&id=1107&_wpnonce=28c3b5dc29 HTTP/1.1" 200 544 "-" "Mozilla/5.0 (Windows NT 10.0; Win64; x64) AppleWebKit/537.36 (KHTML, like Gecko) Chrome/128.0.0.0 Safari/537.36 OPR/114.0.0."
45.8.25.4 - - [14/Nov/2025:11:33:44 -0500] "GET /registry HTTP/1.1" 200 544 "https://search.yahoo.com/" "Mozilla/5.0 (Macintosh; Intel Mac OS X 10_15_7) AppleWebKit/605.1.15 (KHTML, like Gecko) Version/18.1 Safari/605.1.15"
92.204.54.123 - - [14/Nov/2025:11:33:45 -0500] "GET /?add-to-cart=993&action=yith-woocompare-add-product&id=1112&_wpnonce=28c3b5dc29 HTTP/1.1" 200 544 "-" "Mozilla/5.0 (Windows NT 10.0; Win64; x64) AppleWebKit/537.36 (KHTML, like Gecko) Chrome/128.0.0.0 Safari/537.36 OPR/114.0.0."
92.204.54.123 - - [14/Nov/2025:11:33:47 -0500] "GET /?add-to-cart=993&action=yith-woocompare-add-product&id=1091&_wpnonce=28c3b5dc29 HTTP/1.1" 200 544 "-" "Mozilla/5.0 (Windows NT 10.0; Win64; x64) AppleWebKit/537.36 (KHTML, like Gecko) Chrome/128.0.0.0 Safari/537.36 OPR/114.0.0."
92.204.54.123 - - [14/Nov/2025:11:33:49 -0500] "GET /?add-to-cart=993&action=yith-woocompare-add-product&id=1103&_wpnonce=28c3b5dc29 HTTP/1.1" 200 544 "-" "Mozilla/5.0 (Windows NT 10.0; Win64; x64) AppleWebKit/537.36 (KHTML, like Gecko) Chrome/128.0.0.0 Safari/537.36 OPR/114.0.0."
92.204.54.123 - - [14/Nov/2025:11:33:51 -0500] "GET /?add-to-cart=993&action=yith-woocompare-add-product&id=1099&_wpnonce=28c3b5dc29 HTTP/1.1" 200 544 "-" "Mozilla/5.0 (Windows NT 10.0; Win64; x64) AppleWebKit/537.36 (KHTML, like Gecko) Chrome/128.0.0.0 Safari/537.36 OPR/114.0.0."
92.204.54.123 - - [14/Nov/2025:11:33:53 -0500] "GET /?add-to-cart=993&action=yith-woocompare-add-product&id=1004&_wpnonce=28c3b5dc29 HTTP/1.1" 200 544 "-" "Mozilla/5.0 (Windows NT 10.0; Win64; x64) AppleWebKit/537.36 (KHTML, like Gecko) Chrome/128.0.0.0 Safari/537.36 OPR/114.0.0."
45.8.25.4 - - [14/Nov/2025:11:33:54 -0500] "GET /reportbuilder HTTP/1.1" 200 544 "https://www.bing.com/" "Mozilla/5.0 (Windows NT 10.0; Win64; x64) AppleWebKit/537.36 (KHTML, like Gecko) Chrome/129.0.0.0 Safari/537.36"
92.204.54.123 - - [14/Nov/2025:11:33:55 -0500] "GET /?add-to-cart=993&action=yith-woocompare-add-product&id=1068&_wpnonce=28c3b5dc29 HTTP/1.1" 200 544 "-" "Mozilla/5.0 (Windows NT 10.0; Win64; x64) AppleWebKit/537.36 (KHTML, like Gecko) Chrome/128.0.0.0 Safari/537.36 OPR/114.0.0."
92.204.54.123 - - [14/Nov/2025:11:33:57 -0500] "GET /?add-to-cart=993&action=yith-woocompare-add-product&id=1070&_wpnonce=28c3b5dc29 HTTP/1.1" 200 544 "-" "Mozilla/5.0 (Windows NT 10.0; Win64; x64) AppleWebKit/537.36 (KHTML, like Gecko) Chrome/128.0.0.0 Safari/537.36 OPR/114.0.0."
92.204.54.123 - - [14/Nov/2025:11:33:59 -0500] "GET /?add-to-cart=993&action=yith-woocompare-add-product&id=989&_wpnonce=28c3b5dc29 HTTP/1.1" 200 544 "-" "Mozilla/5.0 (Windows NT 10.0; Win64; x64) AppleWebKit/537.36 (KHTML, like Gecko) Chrome/128.0.0.0 Safari/537.36 OPR/114.0.0."
92.204.54.123 - - [14/Nov/2025:11:34:01 -0500] "GET /?add-to-cart=993&action=yith-woocompare-add-product&id=993&_wpnonce=28c3b5dc29 HTTP/1.1" 200 544 "-" "Mozilla/5.0 (Windows NT 10.0; Win64; x64) AppleWebKit/537.36 (KHTML, like Gecko) Chrome/128.0.0.0 Safari/537.36 OPR/114.0.0."
45.8.25.4 - - [14/Nov/2025:11:34:04 -0500] "GET /repository HTTP/1.1" 200 544 "https://search.yahoo.com/" "Mozilla/5.0 (Windows NT 10.0; Win64; x64) AppleWebKit/537.36 (KHTML, like Gecko) Chrome/129.0.0.0 Safari/537.36"
45.8.25.4 - - [14/Nov/2025:11:34:13 -0500] "GET /schedule HTTP/1.1" 200 544 "https://search.yahoo.com/" "Mozilla/5.0 (Macintosh; Intel Mac OS X 10_15_7) AppleWebKit/605.1.15 (KHTML, like Gecko) Version/18.1 Safari/605.1.15"
45.8.25.4 - - [14/Nov/2025:11:34:21 -0500] "GET /schemas HTTP/1.1" 200 544 "https://www.bing.com/" "Mozilla/5.0 (Macintosh; Intel Mac OS X 10.15; rv:131.0) Gecko/20100101 Firefox/131.0"
45.8.25.4 - - [14/Nov/2025:11:34:30 -0500] "GET /search HTTP/1.1" 200 544 "https://duckduckgo.com/" "Mozilla/5.0 (Windows NT 10.0; Win64; x64; rv:131.0) Gecko/20100101 Firefox/131.0"
45.8.25.4 - - [14/Nov/2025:11:34:38 -0500] "GET /site HTTP/1.1" 200 544 "https://duckduckgo.com/" "Mozilla/5.0 (Macintosh; Intel Mac OS X 10_15_7) AppleWebKit/537.36 (KHTML, like Gecko) Chrome/130.0.0.0 Safari/537.36"
45.8.25.4 - - [14/Nov/2025:11:34:47 -0500] "GET /tag HTTP/1.1" 200 544 "https://yandex.com/" "Mozilla/5.0 (Windows NT 10.0; Win64; x64) AppleWebKit/537.36 (KHTML, like Gecko) Chrome/129.0.0.0 Safari/537.36"
45.8.25.4 - - [14/Nov/2025:11:34:58 -0500] "GET /tool HTTP/1.1" 200 544 "https://www.bing.com/" "Mozilla/5.0 (Macintosh; Intel Mac OS X 10.15; rv:131.0) Gecko/20100101 Firefox/131.0"
45.8.25.4 - - [14/Nov/2025:11:35:09 -0500] "GET /trash HTTP/1.1" 200 544 "https://www.google.com/" "Mozilla/5.0 (Windows NT 10.0; Win64; x64; rv:131.0) Gecko/20100101 Firefox/131.0"
45.8.25.4 - - [14/Nov/2025:11:35:19 -0500] "GET /user HTTP/1.1" 200 544 "https://search.yahoo.com/" "Mozilla/5.0 (Windows NT 10.0; Win64; x64) AppleWebKit/537.36 (KHTML, like Gecko) Chrome/129.0.0.0 Safari/537.36"
45.8.25.4 - - [14/Nov/2025:11:35:29 -0500] "GET /users HTTP/1.1" 200 544 "https://www.bing.com/" "Mozilla/5.0 (Windows NT 10.0; Win64; x64) AppleWebKit/537.36 (KHTML, like Gecko) Chrome/129.0.0.0 Safari/537.36"
45.8.25.4 - - [14/Nov/2025:11:35:38 -0500] "GET /version HTTP/1.1" 200 544 "https://www.google.com/" "Mozilla/5.0 (Windows NT 10.0; Win64; x64; rv:131.0) Gecko/20100101 Firefox/131.0"
45.8.25.4 - - [14/Nov/2025:11:35:49 -0500] "GET /xml HTTP/1.1" 200 544 "https://search.yahoo.com/" "Mozilla/5.0 (Macintosh; Intel Mac OS X 10_15_7) AppleWebKit/605.1.15 (KHTML, like Gecko) Version/18.1 Safari/605.1.15"
45.8.25.4 - - [14/Nov/2025:11:35:59 -0500] "GET /availability HTTP/1.1" 200 544 "https://www.bing.com/" "Mozilla/5.0 (Windows NT 10.0; Win64; x64; rv:131.0) Gecko/20100101 Firefox/131.0"
45.8.25.4 - - [14/Nov/2025:11:36:09 -0500] "GET /badges HTTP/1.1" 200 544 "https://www.bing.com/" "Mozilla/5.0 (Macintosh; Intel Mac OS X 10_15_7) AppleWebKit/605.1.15 (KHTML, like Gecko) Version/18.1 Safari/605.1.15"
45.8.25.4 - - [14/Nov/2025:11:36:18 -0500] "GET /calendar HTTP/1.1" 200 544 "https://www.google.com/" "Mozilla/5.0 (Macintosh; Intel Mac OS X 10_15_7) AppleWebKit/537.36 (KHTML, like Gecko) Chrome/130.0.0.0 Safari/537.36"
45.8.25.4 - - [14/Nov/2025:11:36:30 -0500] "GET /blocks HTTP/1.1" 200 544 "https://www.bing.com/" "Mozilla/5.0 (Windows NT 10.0; Win64; x64) AppleWebKit/537.36 (KHTML, like Gecko) Chrome/130.0.0.0 Safari/537.36"
45.8.25.4 - - [14/Nov/2025:11:36:40 -0500] "GET /calendar HTTP/1.1" 200 544 "https://yandex.com/" "Mozilla/5.0 (Macintosh; Intel Mac OS X 10_15_7) AppleWebKit/537.36 (KHTML, like Gecko) Chrome/130.0.0.0 Safari/537.36"
45.8.25.4 - - [14/Nov/2025:11:36:51 -0500] "GET /app HTTP/1.1" 200 544 "https://search.yahoo.com/" "Mozilla/5.0 (Macintosh; Intel Mac OS X 10_15_7) AppleWebKit/537.36 (KHTML, like Gecko) Chrome/130.0.0.0 Safari/537.36"
45.8.25.4 - - [14/Nov/2025:11:37:01 -0500] "GET /bin HTTP/1.1" 200 544 "https://duckduckgo.com/" "Mozilla/5.0 (Macintosh; Intel Mac OS X 10_15_7) AppleWebKit/537.36 (KHTML, like Gecko) Chrome/130.0.0.0 Safari/537.36"
34.238.246.251 - - [14/Nov/2025:11:37:02 -0500] "GET /favicon.ico HTTP/1.1" 404 1251 "-" "python-requests/2.32.5"
66.249.72.69 - - [14/Nov/2025:11:37:05 -0500] "GET /robots.txt HTTP/1.1" 200 15 "-" "Mozilla/5.0 (compatible; Googlebot/2.1; +http://www.google.com/bot.html)"
45.8.25.4 - - [14/Nov/2025:11:37:09 -0500] "GET /dev HTTP/1.1" 200 544 "https://www.bing.com/" "Mozilla/5.0 (Macintosh; Intel Mac OS X 10_15_7) AppleWebKit/537.36 (KHTML, like Gecko) Chrome/130.0.0.0 Safari/537.36"
45.8.25.4 - - [14/Nov/2025:11:37:17 -0500] "GET /generated HTTP/1.1" 200 544 "https://www.google.com/" "Mozilla/5.0 (Windows NT 10.0; Win64; x64; rv:131.0) Gecko/20100101 Firefox/131.0"
66.249.72.67 - - [14/Nov/2025:11:37:23 -0500] "GET / HTTP/1.1" 200 494 "-" "Mozilla/5.0 (Linux; Android 6.0.1; Nexus 5X Build/MMB29P) AppleWebKit/537.36 (KHTML, like Gecko) Chrome/99.0.4844.84 Mobile Safari/537.36 (compatible; Googlebot/2.1; +http://www.google.com/bot.html)"
66.249.72.67 - - [14/Nov/2025:11:37:24 -0500] "GET / HTTP/1.1" 200 494 "-" "Mozilla/5.0 (compatible; Googlebot/2.1; +http://www.google.com/bot.html)"
45.8.25.4 - - [14/Nov/2025:11:37:26 -0500] "GET /lib HTTP/1.1" 200 544 "https://www.bing.com/" "Mozilla/5.0 (Windows NT 10.0; Win64; x64; rv:131.0) Gecko/20100101 Firefox/131.0"
45.8.25.4 - - [14/Nov/2025:11:37:35 -0500] "GET /phpserver HTTP/1.1" 200 544 "https://yandex.com/" "Mozilla/5.0 (Macintosh; Intel Mac OS X 10.15; rv:131.0) Gecko/20100101 Firefox/131.0"
45.8.25.4 - - [14/Nov/2025:11:37:45 -0500] "GET /pub HTTP/1.1" 200 544 "https://www.bing.com/" "Mozilla/5.0 (Windows NT 10.0; Win64; x64) AppleWebKit/537.36 (KHTML, like Gecko) Chrome/129.0.0.0 Safari/537.36"
45.8.25.4 - - [14/Nov/2025:11:37:53 -0500] "GET /setup HTTP/1.1" 200 544 "https://duckduckgo.com/" "Mozilla/5.0 (Windows NT 10.0; Win64; x64) AppleWebKit/537.36 (KHTML, like Gecko) Chrome/130.0.0.0 Safari/537.36 Edg/130.0.0.0"
45.8.25.4 - - [14/Nov/2025:11:38:01 -0500] "GET /update HTTP/1.1" 200 544 "https://www.google.com/" "Mozilla/5.0 (Windows NT 10.0; Win64; x64; rv:131.0) Gecko/20100101 Firefox/131.0"
45.8.25.4 - - [14/Nov/2025:11:38:10 -0500] "GET /var HTTP/1.1" 200 544 "https://www.bing.com/" "Mozilla/5.0 (Macintosh; Intel Mac OS X 10_15_7) AppleWebKit/605.1.15 (KHTML, like Gecko) Version/18.1 Safari/605.1.15"
45.8.25.4 - - [14/Nov/2025:11:38:19 -0500] "GET /vendor HTTP/1.1" 200 544 "https://yandex.com/" "Mozilla/5.0 (Macintosh; Intel Mac OS X 10_15_7) AppleWebKit/605.1.15 (KHTML, like Gecko) Version/18.1 Safari/605.1.15"
45.8.25.4 - - [14/Nov/2025:11:38:29 -0500] "GET /app/code HTTP/1.1" 200 544 "https://duckduckgo.com/" "Mozilla/5.0 (Windows NT 10.0; Win64; x64) AppleWebKit/537.36 (KHTML, like Gecko) Chrome/129.0.0.0 Safari/537.36"
45.8.25.4 - - [14/Nov/2025:11:38:38 -0500] "GET /app/design HTTP/1.1" 200 544 "https://www.bing.com/" "Mozilla/5.0 (Macintosh; Intel Mac OS X 10_15_7) AppleWebKit/537.36 (KHTML, like Gecko) Chrome/130.0.0.0 Safari/537.36"
45.8.25.4 - - [14/Nov/2025:11:38:47 -0500] "GET /app/etc HTTP/1.1" 200 544 "https://search.yahoo.com/" "Mozilla/5.0 (Macintosh; Intel Mac OS X 10.15; rv:131.0) Gecko/20100101 Firefox/131.0"
45.8.25.4 - - [14/Nov/2025:11:38:57 -0500] "GET /app/i18n HTTP/1.1" 200 544 "https://www.google.com/" "Mozilla/5.0 (Windows NT 10.0; Win64; x64) AppleWebKit/537.36 (KHTML, like Gecko) Chrome/130.0.0.0 Safari/537.36 Edg/130.0.0.0"
45.8.25.4 - - [14/Nov/2025:11:39:06 -0500] "GET /pub/media HTTP/1.1" 200 544 "https://www.bing.com/" "Mozilla/5.0 (Macintosh; Intel Mac OS X 10.15; rv:131.0) Gecko/20100101 Firefox/131.0"
45.8.25.4 - - [14/Nov/2025:11:39:17 -0500] "GET /pub/static HTTP/1.1" 200 544 "https://www.bing.com/" "Mozilla/5.0 (Windows NT 10.0; Win64; x64) AppleWebKit/537.36 (KHTML, like Gecko) Chrome/129.0.0.0 Safari/537.36"
45.8.25.4 - - [14/Nov/2025:11:39:27 -0500] "GET /var/cache HTTP/1.1" 200 544 "https://www.bing.com/" "Mozilla/5.0 (Windows NT 10.0; Win64; x64; rv:131.0) Gecko/20100101 Firefox/131.0"
45.8.25.4 - - [14/Nov/2025:11:39:36 -0500] "GET /var/log HTTP/1.1" 200 544 "https://www.google.com/" "Mozilla/5.0 (Windows NT 10.0; Win64; x64) AppleWebKit/537.36 (KHTML, like Gecko) Chrome/129.0.0.0 Safari/537.36"
45.8.25.4 - - [14/Nov/2025:11:39:45 -0500] "GET /var/session HTTP/1.1" 200 544 "https://www.google.com/" "Mozilla/5.0 (Macintosh; Intel Mac OS X 10_15_7) AppleWebKit/605.1.15 (KHTML, like Gecko) Version/18.1 Safari/605.1.15"
45.8.25.4 - - [14/Nov/2025:11:39:56 -0500] "GET /var/generation HTTP/1.1" 200 544 "https://duckduckgo.com/" "Mozilla/5.0 (Windows NT 10.0; Win64; x64; rv:131.0) Gecko/20100101 Firefox/131.0"
45.8.25.4 - - [14/Nov/2025:11:40:05 -0500] "GET /var/page_cache HTTP/1.1" 200 544 "https://www.google.com/" "Mozilla/5.0 (Macintosh; Intel Mac OS X 10_15_7) AppleWebKit/605.1.15 (KHTML, like Gecko) Version/18.1 Safari/605.1.15"
45.8.25.4 - - [14/Nov/2025:11:40:14 -0500] "GET /var/tmp HTTP/1.1" 200 544 "https://www.google.com/" "Mozilla/5.0 (Macintosh; Intel Mac OS X 10_15_7) AppleWebKit/605.1.15 (KHTML, like Gecko) Version/18.1 Safari/605.1.15"
45.8.25.4 - - [14/Nov/2025:11:40:23 -0500] "GET /var/view_preprocessed HTTP/1.1" 200 544 "https://www.google.com/" "Mozilla/5.0 (Windows NT 10.0; Win64; x64) AppleWebKit/537.36 (KHTML, like Gecko) Chrome/129.0.0.0 Safari/537.36"
45.8.25.4 - - [14/Nov/2025:11:40:32 -0500] "GET /app/code/Magento HTTP/1.1" 200 544 "https://search.yahoo.com/" "Mozilla/5.0 (Macintosh; Intel Mac OS X 10_15_7) AppleWebKit/537.36 (KHTML, like Gecko) Chrome/130.0.0.0 Safari/537.36"
45.8.25.4 - - [14/Nov/2025:11:40:39 -0500] "GET /app/design/frontend HTTP/1.1" 200 544 "https://www.bing.com/" "Mozilla/5.0 (Macintosh; Intel Mac OS X 10_15_7) AppleWebKit/605.1.15 (KHTML, like Gecko) Version/18.1 Safari/605.1.15"
100.27.153.9 - - [14/Nov/2025:11:40:45 -0500] "GET /product-category/nail-wax/ HTTP/1.1" 200 544 "-" "Mozilla/5.0 AppleWebKit/537.36 (KHTML, like Gecko; compatible; Amazonbot/0.1; +https://developer.amazon.com/support/amazonbot) Chrome/119.0.6045.214 Safari/537.36"
45.8.25.4 - - [14/Nov/2025:11:40:47 -0500] "GET /app/design/adminhtml HTTP/1.1" 200 544 "https://duckduckgo.com/" "Mozilla/5.0 (Windows NT 10.0; Win64; x64) AppleWebKit/537.36 (KHTML, like Gecko) Chrome/130.0.0.0 Safari/537.36"
45.8.25.4 - - [14/Nov/2025:11:40:55 -0500] "GET /pub/media/catalog HTTP/1.1" 200 544 "https://duckduckgo.com/" "Mozilla/5.0 (Windows NT 10.0; Win64; x64) AppleWebKit/537.36 (KHTML, like Gecko) Chrome/130.0.0.0 Safari/537.36"
182.10.98.213 - - [14/Nov/2025:11:40:57 -0500] "GET //wp-includes/ID3/license.txt HTTP/1.1" 200 1396 "-" "Mozilla/5.0 (Windows NT 10.0; Win64; x64) AppleWebKit/537.36 (KHTML, like Gecko) Chrome/95.0.4638.69 Safari/537.36"
182.10.98.213 - - [14/Nov/2025:11:40:57 -0500] "GET //feed/ HTTP/1.1" 200 1005 "-" "Mozilla/5.0 (Windows NT 10.0; Win64; x64) AppleWebKit/537.36 (KHTML, like Gecko) Chrome/95.0.4638.69 Safari/537.36"
