34.68.105.21 - - [14/Nov/2025:11:24:41 -0500] "HEAD /blog/ HTTP/1.1" 200 0 "http://hc-cosmetics.com/blog/" "Mozilla/5.0 (iPad; CPU OS 16_6 like Mac OS X) AppleWebKit/605.1.15 (KHTML, like Gecko) Version/16.6 Mobile/15E148 Safari/604.1"
34.68.105.21 - - [14/Nov/2025:11:24:42 -0500] "HEAD /new/ HTTP/1.1" 200 0 "http://hc-cosmetics.com/new/" "Mozilla/5.0 (X11; Linux x86_64) AppleWebKit/537.36 (KHTML, like Gecko) Chrome/121.0.6167.85 Safari/537.36"
34.68.105.21 - - [14/Nov/2025:11:24:42 -0500] "HEAD /wordpress/ HTTP/1.1" 200 0 "http://hc-cosmetics.com/wordpress/" "Mozilla/5.0 (Windows NT 11.0; Win64; x64; rv:126.0) Gecko/20100101 Firefox/126.0"
92.204.54.123 - - [14/Nov/2025:11:24:43 -0500] "GET /?add-to-cart=1127&action=yith-woocompare-add-product&id=1004&_wpnonce=28c3b5dc29 HTTP/1.1" 200 544 "-" "Mozilla/5.0 (Windows NT 10.0; Win64; x64) AppleWebKit/537.36 (KHTML, like Gecko) Chrome/128.0.0.0 Safari/537.36 OPR/114.0.0."
45.8.25.4 - - [14/Nov/2025:11:24:43 -0500] "GET /application/helpers HTTP/1.1" 200 544 "https://duckduckgo.com/" "Mozilla/5.0 (Macintosh; Intel Mac OS X 10_15_7) AppleWebKit/537.36 (KHTML, like Gecko) Chrome/130.0.0.0 Safari/537.36"
92.204.54.123 - - [14/Nov/2025:11:24:45 -0500] "GET /?add-to-cart=1127&action=yith-woocompare-add-product&id=1068&_wpnonce=28c3b5dc29 HTTP/1.1" 200 544 "-" "Mozilla/5.0 (Windows NT 10.0; Win64; x64) AppleWebKit/537.36 (KHTML, like Gecko) Chrome/128.0.0.0 Safari/537.36 OPR/114.0.0."
92.204.54.123 - - [14/Nov/2025:11:24:47 -0500] "GET /?add-to-cart=1127&action=yith-woocompare-add-product&id=1070&_wpnonce=28c3b5dc29 HTTP/1.1" 200 544 "-" "Mozilla/5.0 (Windows NT 10.0; Win64; x64) AppleWebKit/537.36 (KHTML, like Gecko) Chrome/128.0.0.0 Safari/537.36 OPR/114.0.0."
92.204.54.123 - - [14/Nov/2025:11:24:49 -0500] "GET /?add-to-cart=1127&action=yith-woocompare-add-product&id=989&_wpnonce=28c3b5dc29 HTTP/1.1" 200 544 "-" "Mozilla/5.0 (Windows NT 10.0; Win64; x64) AppleWebKit/537.36 (KHTML, like Gecko) Chrome/128.0.0.0 Safari/537.36 OPR/114.0.0."
92.204.54.123 - - [14/Nov/2025:11:24:51 -0500] "GET /?add-to-cart=1127&action=yith-woocompare-add-product&id=993&_wpnonce=28c3b5dc29 HTTP/1.1" 200 544 "-" "Mozilla/5.0 (Windows NT 10.0; Win64; x64) AppleWebKit/537.36 (KHTML, like Gecko) Chrome/128.0.0.0 Safari/537.36 OPR/114.0.0."
92.204.54.123 - - [14/Nov/2025:11:24:53 -0500] "GET /?add-to-cart=1127&action=yith-woocompare-add-product&id=997&_wpnonce=28c3b5dc29 HTTP/1.1" 200 544 "-" "Mozilla/5.0 (Windows NT 10.0; Win64; x64) AppleWebKit/537.36 (KHTML, like Gecko) Chrome/128.0.0.0 Safari/537.36 OPR/114.0.0."
45.8.25.4 - - [14/Nov/2025:11:24:54 -0500] "GET /application/libraries HTTP/1.1" 200 544 "https://www.google.com/" "Mozilla/5.0 (Macintosh; Intel Mac OS X 10_15_7) AppleWebKit/537.36 (KHTML, like Gecko) Chrome/130.0.0.0 Safari/537.36"
92.204.54.123 - - [14/Nov/2025:11:24:55 -0500] "GET /?add-to-cart=1127&action=yith-woocompare-add-product&id=1002&_wpnonce=28c3b5dc29 HTTP/1.1" 200 544 "-" "Mozilla/5.0 (Windows NT 10.0; Win64; x64) AppleWebKit/537.36 (KHTML, like Gecko) Chrome/128.0.0.0 Safari/537.36 OPR/114.0.0."
92.204.54.123 - - [14/Nov/2025:11:24:57 -0500] "GET /?add-to-cart=1127&action=yith-woocompare-add-product&id=1073&_wpnonce=28c3b5dc29 HTTP/1.1" 200 544 "-" "Mozilla/5.0 (Windows NT 10.0; Win64; x64) AppleWebKit/537.36 (KHTML, like Gecko) Chrome/128.0.0.0 Safari/537.36 OPR/114.0.0."
92.204.54.123 - - [14/Nov/2025:11:24:59 -0500] "GET /?add-to-cart=1127&action=yith-woocompare-add-product&id=1075&_wpnonce=28c3b5dc29 HTTP/1.1" 200 544 "-" "Mozilla/5.0 (Windows NT 10.0; Win64; x64) AppleWebKit/537.36 (KHTML, like Gecko) Chrome/128.0.0.0 Safari/537.36 OPR/114.0.0."
92.204.54.123 - - [14/Nov/2025:11:25:01 -0500] "GET /?add-to-cart=1127&action=yith-woocompare-add-product&id=1077&_wpnonce=28c3b5dc29 HTTP/1.1" 200 544 "-" "Mozilla/5.0 (Windows NT 10.0; Win64; x64) AppleWebKit/537.36 (KHTML, like Gecko) Chrome/128.0.0.0 Safari/537.36 OPR/114.0.0."
92.204.54.123 - - [14/Nov/2025:11:25:03 -0500] "GET /?add-to-cart=1127&action=yith-woocompare-add-product&id=1080&_wpnonce=28c3b5dc29 HTTP/1.1" 200 544 "-" "Mozilla/5.0 (Windows NT 10.0; Win64; x64) AppleWebKit/537.36 (KHTML, like Gecko) Chrome/128.0.0.0 Safari/537.36 OPR/114.0.0."
45.8.25.4 - - [14/Nov/2025:11:25:04 -0500] "GET /application/logs HTTP/1.1" 200 544 "https://www.bing.com/" "Mozilla/5.0 (Windows NT 10.0; Win64; x64) AppleWebKit/537.36 (KHTML, like Gecko) Chrome/129.0.0.0 Safari/537.36"
92.204.54.123 - - [14/Nov/2025:11:25:05 -0500] "GET /?add-to-cart=1125&action=yith-woocompare-add-product&id=1127&_wpnonce=28c3b5dc29 HTTP/1.1" 200 544 "-" "Mozilla/5.0 (Windows NT 10.0; Win64; x64) AppleWebKit/537.36 (KHTML, like Gecko) Chrome/128.0.0.0 Safari/537.36 OPR/114.0.0."
92.204.54.123 - - [14/Nov/2025:11:25:07 -0500] "GET /?add-to-cart=1125&action=yith-woocompare-add-product&id=1125&_wpnonce=28c3b5dc29 HTTP/1.1" 200 544 "-" "Mozilla/5.0 (Windows NT 10.0; Win64; x64) AppleWebKit/537.36 (KHTML, like Gecko) Chrome/128.0.0.0 Safari/537.36 OPR/114.0.0."
92.204.54.123 - - [14/Nov/2025:11:25:09 -0500] "GET /?add-to-cart=1125&action=yith-woocompare-add-product&id=1121&_wpnonce=28c3b5dc29 HTTP/1.1" 200 544 "-" "Mozilla/5.0 (Windows NT 10.0; Win64; x64) AppleWebKit/537.36 (KHTML, like Gecko) Chrome/128.0.0.0 Safari/537.36 OPR/114.0.0."
92.204.54.123 - - [14/Nov/2025:11:25:11 -0500] "GET /?add-to-cart=1125&action=yith-woocompare-add-product&id=1117&_wpnonce=28c3b5dc29 HTTP/1.1" 200 544 "-" "Mozilla/5.0 (Windows NT 10.0; Win64; x64) AppleWebKit/537.36 (KHTML, like Gecko) Chrome/128.0.0.0 Safari/537.36 OPR/114.0.0."
92.204.54.123 - - [14/Nov/2025:11:25:13 -0500] "GET /?add-to-cart=1125&action=yith-woocompare-add-product&id=1107&_wpnonce=28c3b5dc29 HTTP/1.1" 200 544 "-" "Mozilla/5.0 (Windows NT 10.0; Win64; x64) AppleWebKit/537.36 (KHTML, like Gecko) Chrome/128.0.0.0 Safari/537.36 OPR/114.0.0."
45.8.25.4 - - [14/Nov/2025:11:25:14 -0500] "GET /application/cache HTTP/1.1" 200 544 "https://search.yahoo.com/" "Mozilla/5.0 (Windows NT 10.0; Win64; x64) AppleWebKit/537.36 (KHTML, like Gecko) Chrome/129.0.0.0 Safari/537.36"
92.204.54.123 - - [14/Nov/2025:11:25:15 -0500] "GET /?add-to-cart=1125&action=yith-woocompare-add-product&id=1112&_wpnonce=28c3b5dc29 HTTP/1.1" 200 544 "-" "Mozilla/5.0 (Windows NT 10.0; Win64; x64) AppleWebKit/537.36 (KHTML, like Gecko) Chrome/128.0.0.0 Safari/537.36 OPR/114.0.0."
92.204.54.123 - - [14/Nov/2025:11:25:17 -0500] "GET /?add-to-cart=1125&action=yith-woocompare-add-product&id=1091&_wpnonce=28c3b5dc29 HTTP/1.1" 200 544 "-" "Mozilla/5.0 (Windows NT 10.0; Win64; x64) AppleWebKit/537.36 (KHTML, like Gecko) Chrome/128.0.0.0 Safari/537.36 OPR/114.0.0."
92.204.54.123 - - [14/Nov/2025:11:25:19 -0500] "GET /?add-to-cart=1125&action=yith-woocompare-add-product&id=1103&_wpnonce=28c3b5dc29 HTTP/1.1" 200 544 "-" "Mozilla/5.0 (Windows NT 10.0; Win64; x64) AppleWebKit/537.36 (KHTML, like Gecko) Chrome/128.0.0.0 Safari/537.36 OPR/114.0.0."
92.204.54.123 - - [14/Nov/2025:11:25:21 -0500] "GET /?add-to-cart=1125&action=yith-woocompare-add-product&id=1099&_wpnonce=28c3b5dc29 HTTP/1.1" 200 544 "-" "Mozilla/5.0 (Windows NT 10.0; Win64; x64) AppleWebKit/537.36 (KHTML, like Gecko) Chrome/128.0.0.0 Safari/537.36 OPR/114.0.0."
45.8.25.4 - - [14/Nov/2025:11:25:23 -0500] "GET /application/hooks HTTP/1.1" 200 544 "https://yandex.com/" "Mozilla/5.0 (Macintosh; Intel Mac OS X 10_15_7) AppleWebKit/537.36 (KHTML, like Gecko) Chrome/130.0.0.0 Safari/537.36"
92.204.54.123 - - [14/Nov/2025:11:25:23 -0500] "GET /?add-to-cart=1125&action=yith-woocompare-add-product&id=1004&_wpnonce=28c3b5dc29 HTTP/1.1" 200 544 "-" "Mozilla/5.0 (Windows NT 10.0; Win64; x64) AppleWebKit/537.36 (KHTML, like Gecko) Chrome/128.0.0.0 Safari/537.36 OPR/114.0.0."
92.204.54.123 - - [14/Nov/2025:11:25:25 -0500] "GET /?add-to-cart=1125&action=yith-woocompare-add-product&id=1068&_wpnonce=28c3b5dc29 HTTP/1.1" 200 544 "-" "Mozilla/5.0 (Windows NT 10.0; Win64; x64) AppleWebKit/537.36 (KHTML, like Gecko) Chrome/128.0.0.0 Safari/537.36 OPR/114.0.0."
92.204.54.123 - - [14/Nov/2025:11:25:27 -0500] "GET /?add-to-cart=1125&action=yith-woocompare-add-product&id=1070&_wpnonce=28c3b5dc29 HTTP/1.1" 200 544 "-" "Mozilla/5.0 (Windows NT 10.0; Win64; x64) AppleWebKit/537.36 (KHTML, like Gecko) Chrome/128.0.0.0 Safari/537.36 OPR/114.0.0."
92.204.54.123 - - [14/Nov/2025:11:25:31 -0500] "GET /?add-to-cart=1125&action=yith-woocompare-add-product&id=989&_wpnonce=28c3b5dc29 HTTP/1.1" 200 544 "-" "Mozilla/5.0 (Windows NT 10.0; Win64; x64) AppleWebKit/537.36 (KHTML, like Gecko) Chrome/128.0.0.0 Safari/537.36 OPR/114.0.0."
92.204.54.123 - - [14/Nov/2025:11:25:33 -0500] "GET /?add-to-cart=1125&action=yith-woocompare-add-product&id=993&_wpnonce=28c3b5dc29 HTTP/1.1" 200 544 "-" "Mozilla/5.0 (Windows NT 10.0; Win64; x64) AppleWebKit/537.36 (KHTML, like Gecko) Chrome/128.0.0.0 Safari/537.36 OPR/114.0.0."
45.8.25.4 - - [14/Nov/2025:11:25:34 -0500] "GET /application/language HTTP/1.1" 200 544 "https://www.google.com/" "Mozilla/5.0 (Windows NT 10.0; Win64; x64) AppleWebKit/537.36 (KHTML, like Gecko) Chrome/129.0.0.0 Safari/537.36"
92.204.54.123 - - [14/Nov/2025:11:25:36 -0500] "GET /?add-to-cart=1125&action=yith-woocompare-add-product&id=997&_wpnonce=28c3b5dc29 HTTP/1.1" 200 544 "-" "Mozilla/5.0 (Windows NT 10.0; Win64; x64) AppleWebKit/537.36 (KHTML, like Gecko) Chrome/128.0.0.0 Safari/537.36 OPR/114.0.0."
92.204.54.123 - - [14/Nov/2025:11:25:38 -0500] "GET /?add-to-cart=1125&action=yith-woocompare-add-product&id=1002&_wpnonce=28c3b5dc29 HTTP/1.1" 200 544 "-" "Mozilla/5.0 (Windows NT 10.0; Win64; x64) AppleWebKit/537.36 (KHTML, like Gecko) Chrome/128.0.0.0 Safari/537.36 OPR/114.0.0."
92.204.54.123 - - [14/Nov/2025:11:25:40 -0500] "GET /?add-to-cart=1125&action=yith-woocompare-add-product&id=1073&_wpnonce=28c3b5dc29 HTTP/1.1" 200 544 "-" "Mozilla/5.0 (Windows NT 10.0; Win64; x64) AppleWebKit/537.36 (KHTML, like Gecko) Chrome/128.0.0.0 Safari/537.36 OPR/114.0.0."
92.204.54.123 - - [14/Nov/2025:11:25:42 -0500] "GET /?add-to-cart=1125&action=yith-woocompare-add-product&id=1075&_wpnonce=28c3b5dc29 HTTP/1.1" 200 544 "-" "Mozilla/5.0 (Windows NT 10.0; Win64; x64) AppleWebKit/537.36 (KHTML, like Gecko) Chrome/128.0.0.0 Safari/537.36 OPR/114.0.0."
92.204.54.123 - - [14/Nov/2025:11:25:44 -0500] "GET /?add-to-cart=1125&action=yith-woocompare-add-product&id=1077&_wpnonce=28c3b5dc29 HTTP/1.1" 200 544 "-" "Mozilla/5.0 (Windows NT 10.0; Win64; x64) AppleWebKit/537.36 (KHTML, like Gecko) Chrome/128.0.0.0 Safari/537.36 OPR/114.0.0."
92.204.54.123 - - [14/Nov/2025:11:25:46 -0500] "GET /?add-to-cart=1125&action=yith-woocompare-add-product&id=1080&_wpnonce=28c3b5dc29 HTTP/1.1" 200 544 "-" "Mozilla/5.0 (Windows NT 10.0; Win64; x64) AppleWebKit/537.36 (KHTML, like Gecko) Chrome/128.0.0.0 Safari/537.36 OPR/114.0.0."
45.8.25.4 - - [14/Nov/2025:11:25:46 -0500] "GET /application/third_party HTTP/1.1" 200 544 "https://www.bing.com/" "Mozilla/5.0 (Macintosh; Intel Mac OS X 10_15_7) AppleWebKit/537.36 (KHTML, like Gecko) Chrome/130.0.0.0 Safari/537.36"
92.204.54.123 - - [14/Nov/2025:11:25:48 -0500] "GET /?add-to-cart=1121&action=yith-woocompare-add-product&id=1127&_wpnonce=28c3b5dc29 HTTP/1.1" 200 544 "-" "Mozilla/5.0 (Windows NT 10.0; Win64; x64) AppleWebKit/537.36 (KHTML, like Gecko) Chrome/128.0.0.0 Safari/537.36 OPR/114.0.0."
92.204.54.123 - - [14/Nov/2025:11:25:50 -0500] "GET /?add-to-cart=1121&action=yith-woocompare-add-product&id=1125&_wpnonce=28c3b5dc29 HTTP/1.1" 200 544 "-" "Mozilla/5.0 (Windows NT 10.0; Win64; x64) AppleWebKit/537.36 (KHTML, like Gecko) Chrome/128.0.0.0 Safari/537.36 OPR/114.0.0."
92.204.54.123 - - [14/Nov/2025:11:25:52 -0500] "GET /?add-to-cart=1121&action=yith-woocompare-add-product&id=1121&_wpnonce=28c3b5dc29 HTTP/1.1" 200 544 "-" "Mozilla/5.0 (Windows NT 10.0; Win64; x64) AppleWebKit/537.36 (KHTML, like Gecko) Chrome/128.0.0.0 Safari/537.36 OPR/114.0.0."
92.204.54.123 - - [14/Nov/2025:11:25:54 -0500] "GET /?add-to-cart=1121&action=yith-woocompare-add-product&id=1117&_wpnonce=28c3b5dc29 HTTP/1.1" 200 544 "-" "Mozilla/5.0 (Windows NT 10.0; Win64; x64) AppleWebKit/537.36 (KHTML, like Gecko) Chrome/128.0.0.0 Safari/537.36 OPR/114.0.0."
92.204.54.123 - - [14/Nov/2025:11:25:56 -0500] "GET /?add-to-cart=1121&action=yith-woocompare-add-product&id=1107&_wpnonce=28c3b5dc29 HTTP/1.1" 200 544 "-" "Mozilla/5.0 (Windows NT 10.0; Win64; x64) AppleWebKit/537.36 (KHTML, like Gecko) Chrome/128.0.0.0 Safari/537.36 OPR/114.0.0."
45.8.25.4 - - [14/Nov/2025:11:25:57 -0500] "GET /application/core HTTP/1.1" 200 544 "https://www.google.com/" "Mozilla/5.0 (Macintosh; Intel Mac OS X 10_15_7) AppleWebKit/537.36 (KHTML, like Gecko) Chrome/130.0.0.0 Safari/537.36"
92.204.54.123 - - [14/Nov/2025:11:25:58 -0500] "GET /?add-to-cart=1121&action=yith-woocompare-add-product&id=1112&_wpnonce=28c3b5dc29 HTTP/1.1" 200 544 "-" "Mozilla/5.0 (Windows NT 10.0; Win64; x64) AppleWebKit/537.36 (KHTML, like Gecko) Chrome/128.0.0.0 Safari/537.36 OPR/114.0.0."
92.204.54.123 - - [14/Nov/2025:11:26:00 -0500] "GET /?add-to-cart=1121&action=yith-woocompare-add-product&id=1091&_wpnonce=28c3b5dc29 HTTP/1.1" 200 544 "-" "Mozilla/5.0 (Windows NT 10.0; Win64; x64) AppleWebKit/537.36 (KHTML, like Gecko) Chrome/128.0.0.0 Safari/537.36 OPR/114.0.0."
92.204.54.123 - - [14/Nov/2025:11:26:02 -0500] "GET /?add-to-cart=1121&action=yith-woocompare-add-product&id=1103&_wpnonce=28c3b5dc29 HTTP/1.1" 200 544 "-" "Mozilla/5.0 (Windows NT 10.0; Win64; x64) AppleWebKit/537.36 (KHTML, like Gecko) Chrome/128.0.0.0 Safari/537.36 OPR/114.0.0."
92.204.54.123 - - [14/Nov/2025:11:26:04 -0500] "GET /?add-to-cart=1121&action=yith-woocompare-add-product&id=1099&_wpnonce=28c3b5dc29 HTTP/1.1" 200 544 "-" "Mozilla/5.0 (Windows NT 10.0; Win64; x64) AppleWebKit/537.36 (KHTML, like Gecko) Chrome/128.0.0.0 Safari/537.36 OPR/114.0.0."
92.204.54.123 - - [14/Nov/2025:11:26:06 -0500] "GET /?add-to-cart=1121&action=yith-woocompare-add-product&id=1004&_wpnonce=28c3b5dc29 HTTP/1.1" 200 544 "-" "Mozilla/5.0 (Windows NT 10.0; Win64; x64) AppleWebKit/537.36 (KHTML, like Gecko) Chrome/128.0.0.0 Safari/537.36 OPR/114.0.0."
45.8.25.4 - - [14/Nov/2025:11:26:08 -0500] "GET /application/errors HTTP/1.1" 200 544 "https://www.bing.com/" "Mozilla/5.0 (Windows NT 10.0; Win64; x64) AppleWebKit/537.36 (KHTML, like Gecko) Chrome/130.0.0.0 Safari/537.36 Edg/130.0.0.0"
92.204.54.123 - - [14/Nov/2025:11:26:08 -0500] "GET /?add-to-cart=1121&action=yith-woocompare-add-product&id=1068&_wpnonce=28c3b5dc29 HTTP/1.1" 200 544 "-" "Mozilla/5.0 (Windows NT 10.0; Win64; x64) AppleWebKit/537.36 (KHTML, like Gecko) Chrome/128.0.0.0 Safari/537.36 OPR/114.0.0."
92.204.54.123 - - [14/Nov/2025:11:26:10 -0500] "GET /?add-to-cart=1121&action=yith-woocompare-add-product&id=1070&_wpnonce=28c3b5dc29 HTTP/1.1" 200 544 "-" "Mozilla/5.0 (Windows NT 10.0; Win64; x64) AppleWebKit/537.36 (KHTML, like Gecko) Chrome/128.0.0.0 Safari/537.36 OPR/114.0.0."
92.204.54.123 - - [14/Nov/2025:11:26:12 -0500] "GET /?add-to-cart=1121&action=yith-woocompare-add-product&id=989&_wpnonce=28c3b5dc29 HTTP/1.1" 200 544 "-" "Mozilla/5.0 (Windows NT 10.0; Win64; x64) AppleWebKit/537.36 (KHTML, like Gecko) Chrome/128.0.0.0 Safari/537.36 OPR/114.0.0."
92.204.54.123 - - [14/Nov/2025:11:26:14 -0500] "GET /?add-to-cart=1121&action=yith-woocompare-add-product&id=993&_wpnonce=28c3b5dc29 HTTP/1.1" 200 544 "-" "Mozilla/5.0 (Windows NT 10.0; Win64; x64) AppleWebKit/537.36 (KHTML, like Gecko) Chrome/128.0.0.0 Safari/537.36 OPR/114.0.0."
92.204.54.123 - - [14/Nov/2025:11:26:16 -0500] "GET /?add-to-cart=1121&action=yith-woocompare-add-product&id=997&_wpnonce=28c3b5dc29 HTTP/1.1" 200 544 "-" "Mozilla/5.0 (Windows NT 10.0; Win64; x64) AppleWebKit/537.36 (KHTML, like Gecko) Chrome/128.0.0.0 Safari/537.36 OPR/114.0.0."
92.204.54.123 - - [14/Nov/2025:11:26:18 -0500] "GET /?add-to-cart=1121&action=yith-woocompare-add-product&id=1002&_wpnonce=28c3b5dc29 HTTP/1.1" 200 544 "-" "Mozilla/5.0 (Windows NT 10.0; Win64; x64) AppleWebKit/537.36 (KHTML, like Gecko) Chrome/128.0.0.0 Safari/537.36 OPR/114.0.0."
45.8.25.4 - - [14/Nov/2025:11:26:19 -0500] "GET /system/core HTTP/1.1" 200 544 "https://yandex.com/" "Mozilla/5.0 (Windows NT 10.0; Win64; x64; rv:131.0) Gecko/20100101 Firefox/131.0"
92.204.54.123 - - [14/Nov/2025:11:26:20 -0500] "GET /?add-to-cart=1121&action=yith-woocompare-add-product&id=1073&_wpnonce=28c3b5dc29 HTTP/1.1" 200 544 "-" "Mozilla/5.0 (Windows NT 10.0; Win64; x64) AppleWebKit/537.36 (KHTML, like Gecko) Chrome/128.0.0.0 Safari/537.36 OPR/114.0.0."
92.204.54.123 - - [14/Nov/2025:11:26:22 -0500] "GET /?add-to-cart=1121&action=yith-woocompare-add-product&id=1075&_wpnonce=28c3b5dc29 HTTP/1.1" 200 544 "-" "Mozilla/5.0 (Windows NT 10.0; Win64; x64) AppleWebKit/537.36 (KHTML, like Gecko) Chrome/128.0.0.0 Safari/537.36 OPR/114.0.0."
92.204.54.123 - - [14/Nov/2025:11:26:24 -0500] "GET /?add-to-cart=1121&action=yith-woocompare-add-product&id=1077&_wpnonce=28c3b5dc29 HTTP/1.1" 200 544 "-" "Mozilla/5.0 (Windows NT 10.0; Win64; x64) AppleWebKit/537.36 (KHTML, like Gecko) Chrome/128.0.0.0 Safari/537.36 OPR/114.0.0."
92.204.54.123 - - [14/Nov/2025:11:26:26 -0500] "GET /?add-to-cart=1121&action=yith-woocompare-add-product&id=1080&_wpnonce=28c3b5dc29 HTTP/1.1" 200 544 "-" "Mozilla/5.0 (Windows NT 10.0; Win64; x64) AppleWebKit/537.36 (KHTML, like Gecko) Chrome/128.0.0.0 Safari/537.36 OPR/114.0.0."
92.204.54.123 - - [14/Nov/2025:11:26:28 -0500] "GET /?add-to-cart=1117&action=yith-woocompare-add-product&id=1127&_wpnonce=28c3b5dc29 HTTP/1.1" 200 544 "-" "Mozilla/5.0 (Windows NT 10.0; Win64; x64) AppleWebKit/537.36 (KHTML, like Gecko) Chrome/128.0.0.0 Safari/537.36 OPR/114.0.0."
92.204.54.123 - - [14/Nov/2025:11:26:31 -0500] "GET /?add-to-cart=1117&action=yith-woocompare-add-product&id=1125&_wpnonce=28c3b5dc29 HTTP/1.1" 200 544 "-" "Mozilla/5.0 (Windows NT 10.0; Win64; x64) AppleWebKit/537.36 (KHTML, like Gecko) Chrome/128.0.0.0 Safari/537.36 OPR/114.0.0."
45.8.25.4 - - [14/Nov/2025:11:26:31 -0500] "GET /system/libraries HTTP/1.1" 200 544 "https://www.bing.com/" "Mozilla/5.0 (Macintosh; Intel Mac OS X 10.15; rv:131.0) Gecko/20100101 Firefox/131.0"
92.204.54.123 - - [14/Nov/2025:11:26:33 -0500] "GET /?add-to-cart=1117&action=yith-woocompare-add-product&id=1121&_wpnonce=28c3b5dc29 HTTP/1.1" 200 544 "-" "Mozilla/5.0 (Windows NT 10.0; Win64; x64) AppleWebKit/537.36 (KHTML, like Gecko) Chrome/128.0.0.0 Safari/537.36 OPR/114.0.0."
92.204.54.123 - - [14/Nov/2025:11:26:35 -0500] "GET /?add-to-cart=1117&action=yith-woocompare-add-product&id=1117&_wpnonce=28c3b5dc29 HTTP/1.1" 200 544 "-" "Mozilla/5.0 (Windows NT 10.0; Win64; x64) AppleWebKit/537.36 (KHTML, like Gecko) Chrome/128.0.0.0 Safari/537.36 OPR/114.0.0."
92.204.54.123 - - [14/Nov/2025:11:26:38 -0500] "GET /?add-to-cart=1117&action=yith-woocompare-add-product&id=1107&_wpnonce=28c3b5dc29 HTTP/1.1" 200 544 "-" "Mozilla/5.0 (Windows NT 10.0; Win64; x64) AppleWebKit/537.36 (KHTML, like Gecko) Chrome/128.0.0.0 Safari/537.36 OPR/114.0.0."
45.8.25.4 - - [14/Nov/2025:11:26:43 -0500] "GET /system/helpers HTTP/1.1" 200 544 "https://search.yahoo.com/" "Mozilla/5.0 (Windows NT 10.0; Win64; x64; rv:131.0) Gecko/20100101 Firefox/131.0"
92.204.54.123 - - [14/Nov/2025:11:26:43 -0500] "GET /?add-to-cart=1117&action=yith-woocompare-add-product&id=1112&_wpnonce=28c3b5dc29 HTTP/1.1" 200 544 "-" "Mozilla/5.0 (Windows NT 10.0; Win64; x64) AppleWebKit/537.36 (KHTML, like Gecko) Chrome/128.0.0.0 Safari/537.36 OPR/114.0.0."
92.204.54.123 - - [14/Nov/2025:11:26:45 -0500] "GET /?add-to-cart=1117&action=yith-woocompare-add-product&id=1091&_wpnonce=28c3b5dc29 HTTP/1.1" 200 544 "-" "Mozilla/5.0 (Windows NT 10.0; Win64; x64) AppleWebKit/537.36 (KHTML, like Gecko) Chrome/128.0.0.0 Safari/537.36 OPR/114.0.0."
92.204.54.123 - - [14/Nov/2025:11:26:47 -0500] "GET /?add-to-cart=1117&action=yith-woocompare-add-product&id=1103&_wpnonce=28c3b5dc29 HTTP/1.1" 200 544 "-" "Mozilla/5.0 (Windows NT 10.0; Win64; x64) AppleWebKit/537.36 (KHTML, like Gecko) Chrome/128.0.0.0 Safari/537.36 OPR/114.0.0."
92.204.54.123 - - [14/Nov/2025:11:26:49 -0500] "GET /?add-to-cart=1117&action=yith-woocompare-add-product&id=1099&_wpnonce=28c3b5dc29 HTTP/1.1" 200 544 "-" "Mozilla/5.0 (Windows NT 10.0; Win64; x64) AppleWebKit/537.36 (KHTML, like Gecko) Chrome/128.0.0.0 Safari/537.36 OPR/114.0.0."
92.204.54.123 - - [14/Nov/2025:11:26:51 -0500] "GET /?add-to-cart=1117&action=yith-woocompare-add-product&id=1004&_wpnonce=28c3b5dc29 HTTP/1.1" 200 544 "-" "Mozilla/5.0 (Windows NT 10.0; Win64; x64) AppleWebKit/537.36 (KHTML, like Gecko) Chrome/128.0.0.0 Safari/537.36 OPR/114.0.0."
92.204.54.123 - - [14/Nov/2025:11:26:53 -0500] "GET /?add-to-cart=1117&action=yith-woocompare-add-product&id=1068&_wpnonce=28c3b5dc29 HTTP/1.1" 200 544 "-" "Mozilla/5.0 (Windows NT 10.0; Win64; x64) AppleWebKit/537.36 (KHTML, like Gecko) Chrome/128.0.0.0 Safari/537.36 OPR/114.0.0."
45.8.25.4 - - [14/Nov/2025:11:26:54 -0500] "GET /system/database HTTP/1.1" 200 544 "https://www.bing.com/" "Mozilla/5.0 (Macintosh; Intel Mac OS X 10.15; rv:131.0) Gecko/20100101 Firefox/131.0"
92.204.54.123 - - [14/Nov/2025:11:26:55 -0500] "GET /?add-to-cart=1117&action=yith-woocompare-add-product&id=1070&_wpnonce=28c3b5dc29 HTTP/1.1" 200 544 "-" "Mozilla/5.0 (Windows NT 10.0; Win64; x64) AppleWebKit/537.36 (KHTML, like Gecko) Chrome/128.0.0.0 Safari/537.36 OPR/114.0.0."
92.204.54.123 - - [14/Nov/2025:11:26:57 -0500] "GET /?add-to-cart=1117&action=yith-woocompare-add-product&id=989&_wpnonce=28c3b5dc29 HTTP/1.1" 200 544 "-" "Mozilla/5.0 (Windows NT 10.0; Win64; x64) AppleWebKit/537.36 (KHTML, like Gecko) Chrome/128.0.0.0 Safari/537.36 OPR/114.0.0."
92.204.54.123 - - [14/Nov/2025:11:26:59 -0500] "GET /?add-to-cart=1117&action=yith-woocompare-add-product&id=993&_wpnonce=28c3b5dc29 HTTP/1.1" 200 544 "-" "Mozilla/5.0 (Windows NT 10.0; Win64; x64) AppleWebKit/537.36 (KHTML, like Gecko) Chrome/128.0.0.0 Safari/537.36 OPR/114.0.0."
92.204.54.123 - - [14/Nov/2025:11:27:01 -0500] "GET /?add-to-cart=1117&action=yith-woocompare-add-product&id=997&_wpnonce=28c3b5dc29 HTTP/1.1" 200 544 "-" "Mozilla/5.0 (Windows NT 10.0; Win64; x64) AppleWebKit/537.36 (KHTML, like Gecko) Chrome/128.0.0.0 Safari/537.36 OPR/114.0.0."
92.204.54.123 - - [14/Nov/2025:11:27:04 -0500] "GET /?add-to-cart=1117&action=yith-woocompare-add-product&id=1002&_wpnonce=28c3b5dc29 HTTP/1.1" 200 544 "-" "Mozilla/5.0 (Windows NT 10.0; Win64; x64) AppleWebKit/537.36 (KHTML, like Gecko) Chrome/128.0.0.0 Safari/537.36 OPR/114.0.0."
45.8.25.4 - - [14/Nov/2025:11:27:04 -0500] "GET /Make HTTP/1.1" 200 544 "https://www.bing.com/" "Mozilla/5.0 (Windows NT 10.0; Win64; x64) AppleWebKit/537.36 (KHTML, like Gecko) Chrome/130.0.0.0 Safari/537.36"
92.204.54.123 - - [14/Nov/2025:11:27:06 -0500] "GET /?add-to-cart=1117&action=yith-woocompare-add-product&id=1073&_wpnonce=28c3b5dc29 HTTP/1.1" 200 544 "-" "Mozilla/5.0 (Windows NT 10.0; Win64; x64) AppleWebKit/537.36 (KHTML, like Gecko) Chrome/128.0.0.0 Safari/537.36 OPR/114.0.0."
92.204.54.123 - - [14/Nov/2025:11:27:08 -0500] "GET /?add-to-cart=1117&action=yith-woocompare-add-product&id=1075&_wpnonce=28c3b5dc29 HTTP/1.1" 200 544 "-" "Mozilla/5.0 (Windows NT 10.0; Win64; x64) AppleWebKit/537.36 (KHTML, like Gecko) Chrome/128.0.0.0 Safari/537.36 OPR/114.0.0."
92.204.54.123 - - [14/Nov/2025:11:27:10 -0500] "GET /?add-to-cart=1117&action=yith-woocompare-add-product&id=1077&_wpnonce=28c3b5dc29 HTTP/1.1" 200 544 "-" "Mozilla/5.0 (Windows NT 10.0; Win64; x64) AppleWebKit/537.36 (KHTML, like Gecko) Chrome/128.0.0.0 Safari/537.36 OPR/114.0.0."
92.204.54.123 - - [14/Nov/2025:11:27:12 -0500] "GET /?add-to-cart=1117&action=yith-woocompare-add-product&id=1080&_wpnonce=28c3b5dc29 HTTP/1.1" 200 544 "-" "Mozilla/5.0 (Windows NT 10.0; Win64; x64) AppleWebKit/537.36 (KHTML, like Gecko) Chrome/128.0.0.0 Safari/537.36 OPR/114.0.0."
45.8.25.4 - - [14/Nov/2025:11:27:14 -0500] "GET /PMAStandard HTTP/1.1" 200 544 "https://yandex.com/" "Mozilla/5.0 (Windows NT 10.0; Win64; x64) AppleWebKit/537.36 (KHTML, like Gecko) Chrome/129.0.0.0 Safari/537.36"
92.204.54.123 - - [14/Nov/2025:11:27:16 -0500] "GET /?add-to-cart=1107&action=yith-woocompare-add-product&id=1127&_wpnonce=28c3b5dc29 HTTP/1.1" 200 544 "-" "Mozilla/5.0 (Windows NT 10.0; Win64; x64) AppleWebKit/537.36 (KHTML, like Gecko) Chrome/128.0.0.0 Safari/537.36 OPR/114.0.0."
92.204.54.123 - - [14/Nov/2025:11:27:18 -0500] "GET /?add-to-cart=1107&action=yith-woocompare-add-product&id=1125&_wpnonce=28c3b5dc29 HTTP/1.1" 200 544 "-" "Mozilla/5.0 (Windows NT 10.0; Win64; x64) AppleWebKit/537.36 (KHTML, like Gecko) Chrome/128.0.0.0 Safari/537.36 OPR/114.0.0."
92.204.54.123 - - [14/Nov/2025:11:27:20 -0500] "GET /?add-to-cart=1107&action=yith-woocompare-add-product&id=1121&_wpnonce=28c3b5dc29 HTTP/1.1" 200 544 "-" "Mozilla/5.0 (Windows NT 10.0; Win64; x64) AppleWebKit/537.36 (KHTML, like Gecko) Chrome/128.0.0.0 Safari/537.36 OPR/114.0.0."
92.204.54.123 - - [14/Nov/2025:11:27:22 -0500] "GET /?add-to-cart=1107&action=yith-woocompare-add-product&id=1117&_wpnonce=28c3b5dc29 HTTP/1.1" 200 544 "-" "Mozilla/5.0 (Windows NT 10.0; Win64; x64) AppleWebKit/537.36 (KHTML, like Gecko) Chrome/128.0.0.0 Safari/537.36 OPR/114.0.0."
92.204.54.123 - - [14/Nov/2025:11:27:24 -0500] "GET /?add-to-cart=1107&action=yith-woocompare-add-product&id=1107&_wpnonce=28c3b5dc29 HTTP/1.1" 200 544 "-" "Mozilla/5.0 (Windows NT 10.0; Win64; x64) AppleWebKit/537.36 (KHTML, like Gecko) Chrome/128.0.0.0 Safari/537.36 OPR/114.0.0."
45.8.25.4 - - [14/Nov/2025:11:27:25 -0500] "GET /cohort HTTP/1.1" 200 544 "https://duckduckgo.com/" "Mozilla/5.0 (Windows NT 10.0; Win64; x64) AppleWebKit/537.36 (KHTML, like Gecko) Chrome/129.0.0.0 Safari/537.36"
92.204.54.123 - - [14/Nov/2025:11:27:26 -0500] "GET /?add-to-cart=1107&action=yith-woocompare-add-product&id=1112&_wpnonce=28c3b5dc29 HTTP/1.1" 200 544 "-" "Mozilla/5.0 (Windows NT 10.0; Win64; x64) AppleWebKit/537.36 (KHTML, like Gecko) Chrome/128.0.0.0 Safari/537.36 OPR/114.0.0."
92.204.54.123 - - [14/Nov/2025:11:27:28 -0500] "GET /?add-to-cart=1107&action=yith-woocompare-add-product&id=1091&_wpnonce=28c3b5dc29 HTTP/1.1" 200 544 "-" "Mozilla/5.0 (Windows NT 10.0; Win64; x64) AppleWebKit/537.36 (KHTML, like Gecko) Chrome/128.0.0.0 Safari/537.36 OPR/114.0.0."
92.204.54.123 - - [14/Nov/2025:11:27:30 -0500] "GET /?add-to-cart=1107&action=yith-woocompare-add-product&id=1103&_wpnonce=28c3b5dc29 HTTP/1.1" 200 544 "-" "Mozilla/5.0 (Windows NT 10.0; Win64; x64) AppleWebKit/537.36 (KHTML, like Gecko) Chrome/128.0.0.0 Safari/537.36 OPR/114.0.0."
92.204.54.123 - - [14/Nov/2025:11:27:32 -0500] "GET /?add-to-cart=1107&action=yith-woocompare-add-product&id=1099&_wpnonce=28c3b5dc29 HTTP/1.1" 200 544 "-" "Mozilla/5.0 (Windows NT 10.0; Win64; x64) AppleWebKit/537.36 (KHTML, like Gecko) Chrome/128.0.0.0 Safari/537.36 OPR/114.0.0."
45.8.25.4 - - [14/Nov/2025:11:27:33 -0500] "GET /comment HTTP/1.1" 200 544 "https://search.yahoo.com/" "Mozilla/5.0 (Windows NT 10.0; Win64; x64) AppleWebKit/537.36 (KHTML, like Gecko) Chrome/130.0.0.0 Safari/537.36 Edg/130.0.0.0"
92.204.54.123 - - [14/Nov/2025:11:27:34 -0500] "GET /?add-to-cart=1107&action=yith-woocompare-add-product&id=1004&_wpnonce=28c3b5dc29 HTTP/1.1" 200 544 "-" "Mozilla/5.0 (Windows NT 10.0; Win64; x64) AppleWebKit/537.36 (KHTML, like Gecko) Chrome/128.0.0.0 Safari/537.36 OPR/114.0.0."
92.204.54.123 - - [14/Nov/2025:11:27:36 -0500] "GET /?add-to-cart=1107&action=yith-woocompare-add-product&id=1068&_wpnonce=28c3b5dc29 HTTP/1.1" 200 544 "-" "Mozilla/5.0 (Windows NT 10.0; Win64; x64) AppleWebKit/537.36 (KHTML, like Gecko) Chrome/128.0.0.0 Safari/537.36 OPR/114.0.0."
92.204.54.123 - - [14/Nov/2025:11:27:38 -0500] "GET /?add-to-cart=1107&action=yith-woocompare-add-product&id=1070&_wpnonce=28c3b5dc29 HTTP/1.1" 200 544 "-" "Mozilla/5.0 (Windows NT 10.0; Win64; x64) AppleWebKit/537.36 (KHTML, like Gecko) Chrome/128.0.0.0 Safari/537.36 OPR/114.0.0."
92.204.54.123 - - [14/Nov/2025:11:27:40 -0500] "GET /?add-to-cart=1107&action=yith-woocompare-add-product&id=989&_wpnonce=28c3b5dc29 HTTP/1.1" 200 544 "-" "Mozilla/5.0 (Windows NT 10.0; Win64; x64) AppleWebKit/537.36 (KHTML, like Gecko) Chrome/128.0.0.0 Safari/537.36 OPR/114.0.0."
92.204.54.123 - - [14/Nov/2025:11:27:42 -0500] "GET /?add-to-cart=1107&action=yith-woocompare-add-product&id=993&_wpnonce=28c3b5dc29 HTTP/1.1" 200 544 "-" "Mozilla/5.0 (Windows NT 10.0; Win64; x64) AppleWebKit/537.36 (KHTML, like Gecko) Chrome/128.0.0.0 Safari/537.36 OPR/114.0.0."
92.204.54.123 - - [14/Nov/2025:11:27:44 -0500] "GET /?add-to-cart=1107&action=yith-woocompare-add-product&id=997&_wpnonce=28c3b5dc29 HTTP/1.1" 200 544 "-" "Mozilla/5.0 (Windows NT 10.0; Win64; x64) AppleWebKit/537.36 (KHTML, like Gecko) Chrome/128.0.0.0 Safari/537.36 OPR/114.0.0."
45.8.25.4 - - [14/Nov/2025:11:27:45 -0500] "GET /communication HTTP/1.1" 200 544 "https://yandex.com/" "Mozilla/5.0 (Macintosh; Intel Mac OS X 10_15_7) AppleWebKit/537.36 (KHTML, like Gecko) Chrome/130.0.0.0 Safari/537.36"
92.204.54.123 - - [14/Nov/2025:11:27:46 -0500] "GET /?add-to-cart=1107&action=yith-woocompare-add-product&id=1002&_wpnonce=28c3b5dc29 HTTP/1.1" 200 544 "-" "Mozilla/5.0 (Windows NT 10.0; Win64; x64) AppleWebKit/537.36 (KHTML, like Gecko) Chrome/128.0.0.0 Safari/537.36 OPR/114.0.0."
92.204.54.123 - - [14/Nov/2025:11:27:48 -0500] "GET /?add-to-cart=1107&action=yith-woocompare-add-product&id=1073&_wpnonce=28c3b5dc29 HTTP/1.1" 200 544 "-" "Mozilla/5.0 (Windows NT 10.0; Win64; x64) AppleWebKit/537.36 (KHTML, like Gecko) Chrome/128.0.0.0 Safari/537.36 OPR/114.0.0."
92.204.54.123 - - [14/Nov/2025:11:27:50 -0500] "GET /?add-to-cart=1107&action=yith-woocompare-add-product&id=1075&_wpnonce=28c3b5dc29 HTTP/1.1" 200 544 "-" "Mozilla/5.0 (Windows NT 10.0; Win64; x64) AppleWebKit/537.36 (KHTML, like Gecko) Chrome/128.0.0.0 Safari/537.36 OPR/114.0.0."
92.204.54.123 - - [14/Nov/2025:11:27:52 -0500] "GET /?add-to-cart=1107&action=yith-woocompare-add-product&id=1077&_wpnonce=28c3b5dc29 HTTP/1.1" 200 544 "-" "Mozilla/5.0 (Windows NT 10.0; Win64; x64) AppleWebKit/537.36 (KHTML, like Gecko) Chrome/128.0.0.0 Safari/537.36 OPR/114.0.0."
92.204.54.123 - - [14/Nov/2025:11:27:54 -0500] "GET /?add-to-cart=1107&action=yith-woocompare-add-product&id=1080&_wpnonce=28c3b5dc29 HTTP/1.1" 200 544 "-" "Mozilla/5.0 (Windows NT 10.0; Win64; x64) AppleWebKit/537.36 (KHTML, like Gecko) Chrome/128.0.0.0 Safari/537.36 OPR/114.0.0."
92.204.54.123 - - [14/Nov/2025:11:27:57 -0500] "GET /?add-to-cart=1112&action=yith-woocompare-add-product&id=1127&_wpnonce=28c3b5dc29 HTTP/1.1" 200 544 "-" "Mozilla/5.0 (Windows NT 10.0; Win64; x64) AppleWebKit/537.36 (KHTML, like Gecko) Chrome/128.0.0.0 Safari/537.36 OPR/114.0.0."
45.8.25.4 - - [14/Nov/2025:11:27:57 -0500] "GET /competency HTTP/1.1" 200 544 "https://duckduckgo.com/" "Mozilla/5.0 (Macintosh; Intel Mac OS X 10_15_7) AppleWebKit/605.1.15 (KHTML, like Gecko) Version/18.1 Safari/605.1.15"
92.204.54.123 - - [14/Nov/2025:11:27:59 -0500] "GET /?add-to-cart=1112&action=yith-woocompare-add-product&id=1125&_wpnonce=28c3b5dc29 HTTP/1.1" 200 544 "-" "Mozilla/5.0 (Windows NT 10.0; Win64; x64) AppleWebKit/537.36 (KHTML, like Gecko) Chrome/128.0.0.0 Safari/537.36 OPR/114.0.0."
92.204.54.123 - - [14/Nov/2025:11:28:01 -0500] "GET /?add-to-cart=1112&action=yith-woocompare-add-product&id=1121&_wpnonce=28c3b5dc29 HTTP/1.1" 200 544 "-" "Mozilla/5.0 (Windows NT 10.0; Win64; x64) AppleWebKit/537.36 (KHTML, like Gecko) Chrome/128.0.0.0 Safari/537.36 OPR/114.0.0."
92.204.54.123 - - [14/Nov/2025:11:28:03 -0500] "GET /?add-to-cart=1112&action=yith-woocompare-add-product&id=1117&_wpnonce=28c3b5dc29 HTTP/1.1" 200 544 "-" "Mozilla/5.0 (Windows NT 10.0; Win64; x64) AppleWebKit/537.36 (KHTML, like Gecko) Chrome/128.0.0.0 Safari/537.36 OPR/114.0.0."
92.204.54.123 - - [14/Nov/2025:11:28:05 -0500] "GET /?add-to-cart=1112&action=yith-woocompare-add-product&id=1107&_wpnonce=28c3b5dc29 HTTP/1.1" 200 544 "-" "Mozilla/5.0 (Windows NT 10.0; Win64; x64) AppleWebKit/537.36 (KHTML, like Gecko) Chrome/128.0.0.0 Safari/537.36 OPR/114.0.0."
92.204.54.123 - - [14/Nov/2025:11:28:07 -0500] "GET /?add-to-cart=1112&action=yith-woocompare-add-product&id=1112&_wpnonce=28c3b5dc29 HTTP/1.1" 200 544 "-" "Mozilla/5.0 (Windows NT 10.0; Win64; x64) AppleWebKit/537.36 (KHTML, like Gecko) Chrome/128.0.0.0 Safari/537.36 OPR/114.0.0."
45.8.25.4 - - [14/Nov/2025:11:28:08 -0500] "GET /completion HTTP/1.1" 200 544 "https://yandex.com/" "Mozilla/5.0 (Macintosh; Intel Mac OS X 10_15_7) AppleWebKit/605.1.15 (KHTML, like Gecko) Version/18.1 Safari/605.1.15"
92.204.54.123 - - [14/Nov/2025:11:28:09 -0500] "GET /?add-to-cart=1112&action=yith-woocompare-add-product&id=1091&_wpnonce=28c3b5dc29 HTTP/1.1" 200 544 "-" "Mozilla/5.0 (Windows NT 10.0; Win64; x64) AppleWebKit/537.36 (KHTML, like Gecko) Chrome/128.0.0.0 Safari/537.36 OPR/114.0.0."
92.204.54.123 - - [14/Nov/2025:11:28:11 -0500] "GET /?add-to-cart=1112&action=yith-woocompare-add-product&id=1103&_wpnonce=28c3b5dc29 HTTP/1.1" 200 544 "-" "Mozilla/5.0 (Windows NT 10.0; Win64; x64) AppleWebKit/537.36 (KHTML, like Gecko) Chrome/128.0.0.0 Safari/537.36 OPR/114.0.0."
92.204.54.123 - - [14/Nov/2025:11:28:14 -0500] "GET /?add-to-cart=1112&action=yith-woocompare-add-product&id=1099&_wpnonce=28c3b5dc29 HTTP/1.1" 200 544 "-" "Mozilla/5.0 (Windows NT 10.0; Win64; x64) AppleWebKit/537.36 (KHTML, like Gecko) Chrome/128.0.0.0 Safari/537.36 OPR/114.0.0."
92.204.54.123 - - [14/Nov/2025:11:28:16 -0500] "GET /?add-to-cart=1112&action=yith-woocompare-add-product&id=1004&_wpnonce=28c3b5dc29 HTTP/1.1" 200 544 "-" "Mozilla/5.0 (Windows NT 10.0; Win64; x64) AppleWebKit/537.36 (KHTML, like Gecko) Chrome/128.0.0.0 Safari/537.36 OPR/114.0.0."
45.8.25.4 - - [14/Nov/2025:11:28:16 -0500] "GET /contentbank HTTP/1.1" 200 544 "https://www.bing.com/" "Mozilla/5.0 (Macintosh; Intel Mac OS X 10_15_7) AppleWebKit/537.36 (KHTML, like Gecko) Chrome/130.0.0.0 Safari/537.36"
92.204.54.123 - - [14/Nov/2025:11:28:18 -0500] "GET /?add-to-cart=1112&action=yith-woocompare-add-product&id=1068&_wpnonce=28c3b5dc29 HTTP/1.1" 200 544 "-" "Mozilla/5.0 (Windows NT 10.0; Win64; x64) AppleWebKit/537.36 (KHTML, like Gecko) Chrome/128.0.0.0 Safari/537.36 OPR/114.0.0."
92.204.54.123 - - [14/Nov/2025:11:28:20 -0500] "GET /?add-to-cart=1112&action=yith-woocompare-add-product&id=1070&_wpnonce=28c3b5dc29 HTTP/1.1" 200 544 "-" "Mozilla/5.0 (Windows NT 10.0; Win64; x64) AppleWebKit/537.36 (KHTML, like Gecko) Chrome/128.0.0.0 Safari/537.36 OPR/114.0.0."
92.204.54.123 - - [14/Nov/2025:11:28:22 -0500] "GET /?add-to-cart=1112&action=yith-woocompare-add-product&id=989&_wpnonce=28c3b5dc29 HTTP/1.1" 200 544 "-" "Mozilla/5.0 (Windows NT 10.0; Win64; x64) AppleWebKit/537.36 (KHTML, like Gecko) Chrome/128.0.0.0 Safari/537.36 OPR/114.0.0."
45.8.25.4 - - [14/Nov/2025:11:28:24 -0500] "GET /contrib HTTP/1.1" 200 544 "https://www.google.com/" "Mozilla/5.0 (Windows NT 10.0; Win64; x64) AppleWebKit/537.36 (KHTML, like Gecko) Chrome/130.0.0.0 Safari/537.36 Edg/130.0.0.0"
92.204.54.123 - - [14/Nov/2025:11:28:25 -0500] "GET /?add-to-cart=1112&action=yith-woocompare-add-product&id=993&_wpnonce=28c3b5dc29 HTTP/1.1" 200 544 "-" "Mozilla/5.0 (Windows NT 10.0; Win64; x64) AppleWebKit/537.36 (KHTML, like Gecko) Chrome/128.0.0.0 Safari/537.36 OPR/114.0.0."
92.204.54.123 - - [14/Nov/2025:11:28:27 -0500] "GET /?add-to-cart=1112&action=yith-woocompare-add-product&id=997&_wpnonce=28c3b5dc29 HTTP/1.1" 200 544 "-" "Mozilla/5.0 (Windows NT 10.0; Win64; x64) AppleWebKit/537.36 (KHTML, like Gecko) Chrome/128.0.0.0 Safari/537.36 OPR/114.0.0."
92.204.54.123 - - [14/Nov/2025:11:28:29 -0500] "GET /?add-to-cart=1112&action=yith-woocompare-add-product&id=1002&_wpnonce=28c3b5dc29 HTTP/1.1" 200 544 "-" "Mozilla/5.0 (Windows NT 10.0; Win64; x64) AppleWebKit/537.36 (KHTML, like Gecko) Chrome/128.0.0.0 Safari/537.36 OPR/114.0.0."
92.204.54.123 - - [14/Nov/2025:11:28:31 -0500] "GET /?add-to-cart=1112&action=yith-woocompare-add-product&id=1073&_wpnonce=28c3b5dc29 HTTP/1.1" 200 544 "-" "Mozilla/5.0 (Windows NT 10.0; Win64; x64) AppleWebKit/537.36 (KHTML, like Gecko) Chrome/128.0.0.0 Safari/537.36 OPR/114.0.0."
92.204.54.123 - - [14/Nov/2025:11:28:33 -0500] "GET /?add-to-cart=1112&action=yith-woocompare-add-product&id=1075&_wpnonce=28c3b5dc29 HTTP/1.1" 200 544 "-" "Mozilla/5.0 (Windows NT 10.0; Win64; x64) AppleWebKit/537.36 (KHTML, like Gecko) Chrome/128.0.0.0 Safari/537.36 OPR/114.0.0."
45.8.25.4 - - [14/Nov/2025:11:28:34 -0500] "GET /contribute HTTP/1.1" 200 544 "https://www.bing.com/" "Mozilla/5.0 (Windows NT 10.0; Win64; x64) AppleWebKit/537.36 (KHTML, like Gecko) Chrome/130.0.0.0 Safari/537.36 Edg/130.0.0.0"
92.204.54.123 - - [14/Nov/2025:11:28:35 -0500] "GET /?add-to-cart=1112&action=yith-woocompare-add-product&id=1077&_wpnonce=28c3b5dc29 HTTP/1.1" 200 544 "-" "Mozilla/5.0 (Windows NT 10.0; Win64; x64) AppleWebKit/537.36 (KHTML, like Gecko) Chrome/128.0.0.0 Safari/537.36 OPR/114.0.0."
92.204.54.123 - - [14/Nov/2025:11:28:37 -0500] "GET /?add-to-cart=1112&action=yith-woocompare-add-product&id=1080&_wpnonce=28c3b5dc29 HTTP/1.1" 200 544 "-" "Mozilla/5.0 (Windows NT 10.0; Win64; x64) AppleWebKit/537.36 (KHTML, like Gecko) Chrome/128.0.0.0 Safari/537.36 OPR/114.0.0."
92.204.54.123 - - [14/Nov/2025:11:28:39 -0500] "GET /?add-to-cart=1091&action=yith-woocompare-add-product&id=1127&_wpnonce=28c3b5dc29 HTTP/1.1" 200 544 "-" "Mozilla/5.0 (Windows NT 10.0; Win64; x64) AppleWebKit/537.36 (KHTML, like Gecko) Chrome/128.0.0.0 Safari/537.36 OPR/114.0.0."
92.204.54.123 - - [14/Nov/2025:11:28:41 -0500] "GET /?add-to-cart=1091&action=yith-woocompare-add-product&id=1125&_wpnonce=28c3b5dc29 HTTP/1.1" 200 544 "-" "Mozilla/5.0 (Windows NT 10.0; Win64; x64) AppleWebKit/537.36 (KHTML, like Gecko) Chrome/128.0.0.0 Safari/537.36 OPR/114.0.0."
45.8.25.4 - - [14/Nov/2025:11:28:42 -0500] "GET /course HTTP/1.1" 200 544 "https://www.bing.com/" "Mozilla/5.0 (Macintosh; Intel Mac OS X 10.15; rv:131.0) Gecko/20100101 Firefox/131.0"
92.204.54.123 - - [14/Nov/2025:11:28:44 -0500] "GET /?add-to-cart=1091&action=yith-woocompare-add-product&id=1121&_wpnonce=28c3b5dc29 HTTP/1.1" 200 544 "-" "Mozilla/5.0 (Windows NT 10.0; Win64; x64) AppleWebKit/537.36 (KHTML, like Gecko) Chrome/128.0.0.0 Safari/537.36 OPR/114.0.0."
92.204.54.123 - - [14/Nov/2025:11:28:46 -0500] "GET /?add-to-cart=1091&action=yith-woocompare-add-product&id=1117&_wpnonce=28c3b5dc29 HTTP/1.1" 200 544 "-" "Mozilla/5.0 (Windows NT 10.0; Win64; x64) AppleWebKit/537.36 (KHTML, like Gecko) Chrome/128.0.0.0 Safari/537.36 OPR/114.0.0."
92.204.54.123 - - [14/Nov/2025:11:28:48 -0500] "GET /?add-to-cart=1091&action=yith-woocompare-add-product&id=1107&_wpnonce=28c3b5dc29 HTTP/1.1" 200 544 "-" "Mozilla/5.0 (Windows NT 10.0; Win64; x64) AppleWebKit/537.36 (KHTML, like Gecko) Chrome/128.0.0.0 Safari/537.36 OPR/114.0.0."
92.204.54.123 - - [14/Nov/2025:11:28:50 -0500] "GET /?add-to-cart=1091&action=yith-woocompare-add-product&id=1112&_wpnonce=28c3b5dc29 HTTP/1.1" 200 544 "-" "Mozilla/5.0 (Windows NT 10.0; Win64; x64) AppleWebKit/537.36 (KHTML, like Gecko) Chrome/128.0.0.0 Safari/537.36 OPR/114.0.0."
45.8.25.4 - - [14/Nov/2025:11:28:50 -0500] "GET /customfield HTTP/1.1" 200 544 "https://search.yahoo.com/" "Mozilla/5.0 (Windows NT 10.0; Win64; x64) AppleWebKit/537.36 (KHTML, like Gecko) Chrome/129.0.0.0 Safari/537.36"
92.204.54.123 - - [14/Nov/2025:11:28:52 -0500] "GET /?add-to-cart=1091&action=yith-woocompare-add-product&id=1091&_wpnonce=28c3b5dc29 HTTP/1.1" 200 544 "-" "Mozilla/5.0 (Windows NT 10.0; Win64; x64) AppleWebKit/537.36 (KHTML, like Gecko) Chrome/128.0.0.0 Safari/537.36 OPR/114.0.0."
92.204.54.123 - - [14/Nov/2025:11:28:55 -0500] "GET /?add-to-cart=1091&action=yith-woocompare-add-product&id=1103&_wpnonce=28c3b5dc29 HTTP/1.1" 200 544 "-" "Mozilla/5.0 (Windows NT 10.0; Win64; x64) AppleWebKit/537.36 (KHTML, like Gecko) Chrome/128.0.0.0 Safari/537.36 OPR/114.0.0."
92.204.54.123 - - [14/Nov/2025:11:28:57 -0500] "GET /?add-to-cart=1091&action=yith-woocompare-add-product&id=1099&_wpnonce=28c3b5dc29 HTTP/1.1" 200 544 "-" "Mozilla/5.0 (Windows NT 10.0; Win64; x64) AppleWebKit/537.36 (KHTML, like Gecko) Chrome/128.0.0.0 Safari/537.36 OPR/114.0.0."
92.204.54.123 - - [14/Nov/2025:11:28:59 -0500] "GET /?add-to-cart=1091&action=yith-woocompare-add-product&id=1004&_wpnonce=28c3b5dc29 HTTP/1.1" 200 544 "-" "Mozilla/5.0 (Windows NT 10.0; Win64; x64) AppleWebKit/537.36 (KHTML, like Gecko) Chrome/128.0.0.0 Safari/537.36 OPR/114.0.0."
45.8.25.4 - - [14/Nov/2025:11:29:00 -0500] "GET /dataformat HTTP/1.1" 200 544 "https://www.google.com/" "Mozilla/5.0 (Windows NT 10.0; Win64; x64; rv:131.0) Gecko/20100101 Firefox/131.0"
92.204.54.123 - - [14/Nov/2025:11:29:01 -0500] "GET /?add-to-cart=1091&action=yith-woocompare-add-product&id=1068&_wpnonce=28c3b5dc29 HTTP/1.1" 200 544 "-" "Mozilla/5.0 (Windows NT 10.0; Win64; x64) AppleWebKit/537.36 (KHTML, like Gecko) Chrome/128.0.0.0 Safari/537.36 OPR/114.0.0."
92.204.54.123 - - [14/Nov/2025:11:29:03 -0500] "GET /?add-to-cart=1091&action=yith-woocompare-add-product&id=1070&_wpnonce=28c3b5dc29 HTTP/1.1" 200 544 "-" "Mozilla/5.0 (Windows NT 10.0; Win64; x64) AppleWebKit/537.36 (KHTML, like Gecko) Chrome/128.0.0.0 Safari/537.36 OPR/114.0.0."
92.204.54.123 - - [14/Nov/2025:11:29:07 -0500] "GET /?add-to-cart=1091&action=yith-woocompare-add-product&id=989&_wpnonce=28c3b5dc29 HTTP/1.1" 200 544 "-" "Mozilla/5.0 (Windows NT 10.0; Win64; x64) AppleWebKit/537.36 (KHTML, like Gecko) Chrome/128.0.0.0 Safari/537.36 OPR/114.0.0."
92.204.54.123 - - [14/Nov/2025:11:29:09 -0500] "GET /?add-to-cart=1091&action=yith-woocompare-add-product&id=993&_wpnonce=28c3b5dc29 HTTP/1.1" 200 544 "-" "Mozilla/5.0 (Windows NT 10.0; Win64; x64) AppleWebKit/537.36 (KHTML, like Gecko) Chrome/128.0.0.0 Safari/537.36 OPR/114.0.0."
45.8.25.4 - - [14/Nov/2025:11:29:09 -0500] "GET /dbscripts HTTP/1.1" 200 544 "https://duckduckgo.com/" "Mozilla/5.0 (Windows NT 10.0; Win64; x64) AppleWebKit/537.36 (KHTML, like Gecko) Chrome/130.0.0.0 Safari/537.36"
92.204.54.123 - - [14/Nov/2025:11:29:11 -0500] "GET /?add-to-cart=1091&action=yith-woocompare-add-product&id=997&_wpnonce=28c3b5dc29 HTTP/1.1" 200 544 "-" "Mozilla/5.0 (Windows NT 10.0; Win64; x64) AppleWebKit/537.36 (KHTML, like Gecko) Chrome/128.0.0.0 Safari/537.36 OPR/114.0.0."
92.204.54.123 - - [14/Nov/2025:11:29:13 -0500] "GET /?add-to-cart=1091&action=yith-woocompare-add-product&id=1002&_wpnonce=28c3b5dc29 HTTP/1.1" 200 544 "-" "Mozilla/5.0 (Windows NT 10.0; Win64; x64) AppleWebKit/537.36 (KHTML, like Gecko) Chrome/128.0.0.0 Safari/537.36 OPR/114.0.0."
92.204.54.123 - - [14/Nov/2025:11:29:15 -0500] "GET /?add-to-cart=1091&action=yith-woocompare-add-product&id=1073&_wpnonce=28c3b5dc29 HTTP/1.1" 200 544 "-" "Mozilla/5.0 (Windows NT 10.0; Win64; x64) AppleWebKit/537.36 (KHTML, like Gecko) Chrome/128.0.0.0 Safari/537.36 OPR/114.0.0."
92.204.54.123 - - [14/Nov/2025:11:29:17 -0500] "GET /?add-to-cart=1091&action=yith-woocompare-add-product&id=1075&_wpnonce=28c3b5dc29 HTTP/1.1" 200 544 "-" "Mozilla/5.0 (Windows NT 10.0; Win64; x64) AppleWebKit/537.36 (KHTML, like Gecko) Chrome/128.0.0.0 Safari/537.36 OPR/114.0.0."
45.8.25.4 - - [14/Nov/2025:11:29:17 -0500] "GET /donjo-app HTTP/1.1" 200 544 "https://www.google.com/" "Mozilla/5.0 (Windows NT 10.0; Win64; x64) AppleWebKit/537.36 (KHTML, like Gecko) Chrome/130.0.0.0 Safari/537.36"
92.204.54.123 - - [14/Nov/2025:11:29:19 -0500] "GET /?add-to-cart=1091&action=yith-woocompare-add-product&id=1077&_wpnonce=28c3b5dc29 HTTP/1.1" 200 544 "-" "Mozilla/5.0 (Windows NT 10.0; Win64; x64) AppleWebKit/537.36 (KHTML, like Gecko) Chrome/128.0.0.0 Safari/537.36 OPR/114.0.0."
92.204.54.123 - - [14/Nov/2025:11:29:21 -0500] "GET /?add-to-cart=1091&action=yith-woocompare-add-product&id=1080&_wpnonce=28c3b5dc29 HTTP/1.1" 200 544 "-" "Mozilla/5.0 (Windows NT 10.0; Win64; x64) AppleWebKit/537.36 (KHTML, like Gecko) Chrome/128.0.0.0 Safari/537.36 OPR/114.0.0."
92.204.54.123 - - [14/Nov/2025:11:29:23 -0500] "GET /?add-to-cart=1103&action=yith-woocompare-add-product&id=1127&_wpnonce=28c3b5dc29 HTTP/1.1" 200 544 "-" "Mozilla/5.0 (Windows NT 10.0; Win64; x64) AppleWebKit/537.36 (KHTML, like Gecko) Chrome/128.0.0.0 Safari/537.36 OPR/114.0.0."
92.204.54.123 - - [14/Nov/2025:11:29:25 -0500] "GET /?add-to-cart=1103&action=yith-woocompare-add-product&id=1125&_wpnonce=28c3b5dc29 HTTP/1.1" 200 544 "-" "Mozilla/5.0 (Windows NT 10.0; Win64; x64) AppleWebKit/537.36 (KHTML, like Gecko) Chrome/128.0.0.0 Safari/537.36 OPR/114.0.0."
45.8.25.4 - - [14/Nov/2025:11:29:25 -0500] "GET /editor HTTP/1.1" 200 544 "https://www.google.com/" "Mozilla/5.0 (Windows NT 10.0; Win64; x64) AppleWebKit/537.36 (KHTML, like Gecko) Chrome/130.0.0.0 Safari/537.36"
92.204.54.123 - - [14/Nov/2025:11:29:27 -0500] "GET /?add-to-cart=1103&action=yith-woocompare-add-product&id=1121&_wpnonce=28c3b5dc29 HTTP/1.1" 200 544 "-" "Mozilla/5.0 (Windows NT 10.0; Win64; x64) AppleWebKit/537.36 (KHTML, like Gecko) Chrome/128.0.0.0 Safari/537.36 OPR/114.0.0."
92.204.54.123 - - [14/Nov/2025:11:29:30 -0500] "GET /?add-to-cart=1103&action=yith-woocompare-add-product&id=1117&_wpnonce=28c3b5dc29 HTTP/1.1" 200 544 "-" "Mozilla/5.0 (Windows NT 10.0; Win64; x64) AppleWebKit/537.36 (KHTML, like Gecko) Chrome/128.0.0.0 Safari/537.36 OPR/114.0.0."
92.204.54.123 - - [14/Nov/2025:11:29:32 -0500] "GET /?add-to-cart=1103&action=yith-woocompare-add-product&id=1107&_wpnonce=28c3b5dc29 HTTP/1.1" 200 544 "-" "Mozilla/5.0 (Windows NT 10.0; Win64; x64) AppleWebKit/537.36 (KHTML, like Gecko) Chrome/128.0.0.0 Safari/537.36 OPR/114.0.0."
92.204.54.123 - - [14/Nov/2025:11:29:34 -0500] "GET /?add-to-cart=1103&action=yith-woocompare-add-product&id=1112&_wpnonce=28c3b5dc29 HTTP/1.1" 200 544 "-" "Mozilla/5.0 (Windows NT 10.0; Win64; x64) AppleWebKit/537.36 (KHTML, like Gecko) Chrome/128.0.0.0 Safari/537.36 OPR/114.0.0."
45.8.25.4 - - [14/Nov/2025:11:29:34 -0500] "GET /enrol HTTP/1.1" 200 544 "https://yandex.com/" "Mozilla/5.0 (Macintosh; Intel Mac OS X 10_15_7) AppleWebKit/537.36 (KHTML, like Gecko) Chrome/130.0.0.0 Safari/537.36"
92.204.54.123 - - [14/Nov/2025:11:29:36 -0500] "GET /?add-to-cart=1103&action=yith-woocompare-add-product&id=1091&_wpnonce=28c3b5dc29 HTTP/1.1" 200 544 "-" "Mozilla/5.0 (Windows NT 10.0; Win64; x64) AppleWebKit/537.36 (KHTML, like Gecko) Chrome/128.0.0.0 Safari/537.36 OPR/114.0.0."
92.204.54.123 - - [14/Nov/2025:11:29:38 -0500] "GET /?add-to-cart=1103&action=yith-woocompare-add-product&id=1103&_wpnonce=28c3b5dc29 HTTP/1.1" 200 544 "-" "Mozilla/5.0 (Windows NT 10.0; Win64; x64) AppleWebKit/537.36 (KHTML, like Gecko) Chrome/128.0.0.0 Safari/537.36 OPR/114.0.0."
92.204.54.123 - - [14/Nov/2025:11:29:40 -0500] "GET /?add-to-cart=1103&action=yith-woocompare-add-product&id=1099&_wpnonce=28c3b5dc29 HTTP/1.1" 200 544 "-" "Mozilla/5.0 (Windows NT 10.0; Win64; x64) AppleWebKit/537.36 (KHTML, like Gecko) Chrome/128.0.0.0 Safari/537.36 OPR/114.0.0."
92.204.54.123 - - [14/Nov/2025:11:29:42 -0500] "GET /?add-to-cart=1103&action=yith-woocompare-add-product&id=1004&_wpnonce=28c3b5dc29 HTTP/1.1" 200 544 "-" "Mozilla/5.0 (Windows NT 10.0; Win64; x64) AppleWebKit/537.36 (KHTML, like Gecko) Chrome/128.0.0.0 Safari/537.36 OPR/114.0.0."
45.8.25.4 - - [14/Nov/2025:11:29:43 -0500] "GET /error HTTP/1.1" 200 544 "https://www.bing.com/" "Mozilla/5.0 (Macintosh; Intel Mac OS X 10_15_7) AppleWebKit/605.1.15 (KHTML, like Gecko) Version/18.1 Safari/605.1.15"
92.204.54.123 - - [14/Nov/2025:11:29:44 -0500] "GET /?add-to-cart=1103&action=yith-woocompare-add-product&id=1068&_wpnonce=28c3b5dc29 HTTP/1.1" 200 544 "-" "Mozilla/5.0 (Windows NT 10.0; Win64; x64) AppleWebKit/537.36 (KHTML, like Gecko) Chrome/128.0.0.0 Safari/537.36 OPR/114.0.0."
92.204.54.123 - - [14/Nov/2025:11:29:46 -0500] "GET /?add-to-cart=1103&action=yith-woocompare-add-product&id=1070&_wpnonce=28c3b5dc29 HTTP/1.1" 200 544 "-" "Mozilla/5.0 (Windows NT 10.0; Win64; x64) AppleWebKit/537.36 (KHTML, like Gecko) Chrome/128.0.0.0 Safari/537.36 OPR/114.0.0."
92.204.54.123 - - [14/Nov/2025:11:29:48 -0500] "GET /?add-to-cart=1103&action=yith-woocompare-add-product&id=989&_wpnonce=28c3b5dc29 HTTP/1.1" 200 544 "-" "Mozilla/5.0 (Windows NT 10.0; Win64; x64) AppleWebKit/537.36 (KHTML, like Gecko) Chrome/128.0.0.0 Safari/537.36 OPR/114.0.0."
92.204.54.123 - - [14/Nov/2025:11:29:50 -0500] "GET /?add-to-cart=1103&action=yith-woocompare-add-product&id=993&_wpnonce=28c3b5dc29 HTTP/1.1" 200 544 "-" "Mozilla/5.0 (Windows NT 10.0; Win64; x64) AppleWebKit/537.36 (KHTML, like Gecko) Chrome/128.0.0.0 Safari/537.36 OPR/114.0.0."
45.8.25.4 - - [14/Nov/2025:11:29:51 -0500] "GET /favourites HTTP/1.1" 200 544 "https://duckduckgo.com/" "Mozilla/5.0 (Macintosh; Intel Mac OS X 10_15_7) AppleWebKit/605.1.15 (KHTML, like Gecko) Version/18.1 Safari/605.1.15"
92.204.54.123 - - [14/Nov/2025:11:29:53 -0500] "GET /?add-to-cart=1103&action=yith-woocompare-add-product&id=997&_wpnonce=28c3b5dc29 HTTP/1.1" 200 544 "-" "Mozilla/5.0 (Windows NT 10.0; Win64; x64) AppleWebKit/537.36 (KHTML, like Gecko) Chrome/128.0.0.0 Safari/537.36 OPR/114.0.0."
92.204.54.123 - - [14/Nov/2025:11:29:55 -0500] "GET /?add-to-cart=1103&action=yith-woocompare-add-product&id=1002&_wpnonce=28c3b5dc29 HTTP/1.1" 200 544 "-" "Mozilla/5.0 (Windows NT 10.0; Win64; x64) AppleWebKit/537.36 (KHTML, like Gecko) Chrome/128.0.0.0 Safari/537.36 OPR/114.0.0."
92.204.54.123 - - [14/Nov/2025:11:29:57 -0500] "GET /?add-to-cart=1103&action=yith-woocompare-add-product&id=1073&_wpnonce=28c3b5dc29 HTTP/1.1" 200 544 "-" "Mozilla/5.0 (Windows NT 10.0; Win64; x64) AppleWebKit/537.36 (KHTML, like Gecko) Chrome/128.0.0.0 Safari/537.36 OPR/114.0.0."
92.204.54.123 - - [14/Nov/2025:11:29:59 -0500] "GET /?add-to-cart=1103&action=yith-woocompare-add-product&id=1075&_wpnonce=28c3b5dc29 HTTP/1.1" 200 544 "-" "Mozilla/5.0 (Windows NT 10.0; Win64; x64) AppleWebKit/537.36 (KHTML, like Gecko) Chrome/128.0.0.0 Safari/537.36 OPR/114.0.0."
45.8.25.4 - - [14/Nov/2025:11:30:01 -0500] "GET /filter HTTP/1.1" 200 544 "https://duckduckgo.com/" "Mozilla/5.0 (Windows NT 10.0; Win64; x64) AppleWebKit/537.36 (KHTML, like Gecko) Chrome/130.0.0.0 Safari/537.36"
