92.204.54.123 - - [14/Nov/2025:10:49:04 -0500] "GET /brand/silky/?add-to-cart=1080&action=yith-woocompare-add-product&id=1077&_wpnonce=ea7061fc06 HTTP/1.1" 200 544 "-" "Mozilla/5.0 (Windows NT 10.0; Win64; x64) AppleWebKit/537.36 (KHTML, like Gecko) Chrome/128.0.0.0 Safari/537.36 OPR/114.0.0."
45.8.25.53 - - [14/Nov/2025:10:49:06 -0500] "GET /libraries HTTP/1.1" 200 544 "https://www.google.com/" "Mozilla/5.0 (Macintosh; Intel Mac OS X 10.15; rv:131.0) Gecko/20100101 Firefox/131.0"
92.204.54.123 - - [14/Nov/2025:10:49:06 -0500] "GET /brand/silky/?add-to-cart=1080&action=yith-woocompare-add-product&id=1073&_wpnonce=ea7061fc06 HTTP/1.1" 200 544 "-" "Mozilla/5.0 (Windows NT 10.0; Win64; x64) AppleWebKit/537.36 (KHTML, like Gecko) Chrome/128.0.0.0 Safari/537.36 OPR/114.0.0."
92.204.54.123 - - [14/Nov/2025:10:49:08 -0500] "GET /brand/silky/?add-to-cart=1080&action=yith-woocompare-add-product&id=993&_wpnonce=ea7061fc06 HTTP/1.1" 200 544 "-" "Mozilla/5.0 (Windows NT 10.0; Win64; x64) AppleWebKit/537.36 (KHTML, like Gecko) Chrome/128.0.0.0 Safari/537.36 OPR/114.0.0."
92.204.54.123 - - [14/Nov/2025:10:49:10 -0500] "GET /brand/silky/?add-to-cart=1080&action=yith-woocompare-add-product&id=989&_wpnonce=ea7061fc06 HTTP/1.1" 200 544 "-" "Mozilla/5.0 (Windows NT 10.0; Win64; x64) AppleWebKit/537.36 (KHTML, like Gecko) Chrome/128.0.0.0 Safari/537.36 OPR/114.0.0."
92.204.54.123 - - [14/Nov/2025:10:49:12 -0500] "GET /brand/silky/?add-to-cart=1077&action=yith-woocompare-add-product&id=1070&_wpnonce=ea7061fc06 HTTP/1.1" 200 544 "-" "Mozilla/5.0 (Windows NT 10.0; Win64; x64) AppleWebKit/537.36 (KHTML, like Gecko) Chrome/128.0.0.0 Safari/537.36 OPR/114.0.0."
92.204.54.123 - - [14/Nov/2025:10:49:14 -0500] "GET /brand/silky/?add-to-cart=1077&action=yith-woocompare-add-product&id=1068&_wpnonce=ea7061fc06 HTTP/1.1" 200 544 "-" "Mozilla/5.0 (Windows NT 10.0; Win64; x64) AppleWebKit/537.36 (KHTML, like Gecko) Chrome/128.0.0.0 Safari/537.36 OPR/114.0.0."
92.204.54.123 - - [14/Nov/2025:10:49:16 -0500] "GET /brand/silky/?add-to-cart=1077&action=yith-woocompare-add-product&id=1004&_wpnonce=ea7061fc06 HTTP/1.1" 200 544 "-" "Mozilla/5.0 (Windows NT 10.0; Win64; x64) AppleWebKit/537.36 (KHTML, like Gecko) Chrome/128.0.0.0 Safari/537.36 OPR/114.0.0."
92.204.54.123 - - [14/Nov/2025:10:49:18 -0500] "GET /brand/silky/?add-to-cart=1077&action=yith-woocompare-add-product&id=1075&_wpnonce=ea7061fc06 HTTP/1.1" 200 544 "-" "Mozilla/5.0 (Windows NT 10.0; Win64; x64) AppleWebKit/537.36 (KHTML, like Gecko) Chrome/128.0.0.0 Safari/537.36 OPR/114.0.0."
45.8.25.53 - - [14/Nov/2025:10:49:19 -0500] "GET /lib HTTP/1.1" 200 544 "https://duckduckgo.com/" "Mozilla/5.0 (Windows NT 10.0; Win64; x64) AppleWebKit/537.36 (KHTML, like Gecko) Chrome/129.0.0.0 Safari/537.36"
92.204.54.123 - - [14/Nov/2025:10:49:20 -0500] "GET /brand/silky/?add-to-cart=1077&action=yith-woocompare-add-product&id=1080&_wpnonce=ea7061fc06 HTTP/1.1" 200 544 "-" "Mozilla/5.0 (Windows NT 10.0; Win64; x64) AppleWebKit/537.36 (KHTML, like Gecko) Chrome/128.0.0.0 Safari/537.36 OPR/114.0.0."
92.204.54.123 - - [14/Nov/2025:10:49:22 -0500] "GET /brand/silky/?add-to-cart=1077&action=yith-woocompare-add-product&id=1077&_wpnonce=ea7061fc06 HTTP/1.1" 200 544 "-" "Mozilla/5.0 (Windows NT 10.0; Win64; x64) AppleWebKit/537.36 (KHTML, like Gecko) Chrome/128.0.0.0 Safari/537.36 OPR/114.0.0."
92.204.54.123 - - [14/Nov/2025:10:49:25 -0500] "GET /brand/silky/?add-to-cart=1077&action=yith-woocompare-add-product&id=1073&_wpnonce=ea7061fc06 HTTP/1.1" 200 544 "-" "Mozilla/5.0 (Windows NT 10.0; Win64; x64) AppleWebKit/537.36 (KHTML, like Gecko) Chrome/128.0.0.0 Safari/537.36 OPR/114.0.0."
92.204.54.123 - - [14/Nov/2025:10:49:27 -0500] "GET /brand/silky/?add-to-cart=1077&action=yith-woocompare-add-product&id=993&_wpnonce=ea7061fc06 HTTP/1.1" 200 544 "-" "Mozilla/5.0 (Windows NT 10.0; Win64; x64) AppleWebKit/537.36 (KHTML, like Gecko) Chrome/128.0.0.0 Safari/537.36 OPR/114.0.0."
92.204.54.123 - - [14/Nov/2025:10:49:29 -0500] "GET /brand/silky/?add-to-cart=1077&action=yith-woocompare-add-product&id=989&_wpnonce=ea7061fc06 HTTP/1.1" 200 544 "-" "Mozilla/5.0 (Windows NT 10.0; Win64; x64) AppleWebKit/537.36 (KHTML, like Gecko) Chrome/128.0.0.0 Safari/537.36 OPR/114.0.0."
92.204.54.123 - - [14/Nov/2025:10:49:31 -0500] "GET /brand/silky/?add-to-cart=1073&action=yith-woocompare-add-product&id=1070&_wpnonce=ea7061fc06 HTTP/1.1" 200 544 "-" "Mozilla/5.0 (Windows NT 10.0; Win64; x64) AppleWebKit/537.36 (KHTML, like Gecko) Chrome/128.0.0.0 Safari/537.36 OPR/114.0.0."
92.204.54.123 - - [14/Nov/2025:10:49:33 -0500] "GET /brand/silky/?add-to-cart=1073&action=yith-woocompare-add-product&id=1068&_wpnonce=ea7061fc06 HTTP/1.1" 200 544 "-" "Mozilla/5.0 (Windows NT 10.0; Win64; x64) AppleWebKit/537.36 (KHTML, like Gecko) Chrome/128.0.0.0 Safari/537.36 OPR/114.0.0."
45.8.25.53 - - [14/Nov/2025:10:49:33 -0500] "GET /libs HTTP/1.1" 200 544 "https://yandex.com/" "Mozilla/5.0 (Macintosh; Intel Mac OS X 10.15; rv:131.0) Gecko/20100101 Firefox/131.0"
92.204.54.123 - - [14/Nov/2025:10:49:35 -0500] "GET /brand/silky/?add-to-cart=1073&action=yith-woocompare-add-product&id=1004&_wpnonce=ea7061fc06 HTTP/1.1" 200 544 "-" "Mozilla/5.0 (Windows NT 10.0; Win64; x64) AppleWebKit/537.36 (KHTML, like Gecko) Chrome/128.0.0.0 Safari/537.36 OPR/114.0.0."
92.204.54.123 - - [14/Nov/2025:10:49:37 -0500] "GET /brand/silky/?add-to-cart=1073&action=yith-woocompare-add-product&id=1075&_wpnonce=ea7061fc06 HTTP/1.1" 200 544 "-" "Mozilla/5.0 (Windows NT 10.0; Win64; x64) AppleWebKit/537.36 (KHTML, like Gecko) Chrome/128.0.0.0 Safari/537.36 OPR/114.0.0."
92.204.54.123 - - [14/Nov/2025:10:49:39 -0500] "GET /brand/silky/?add-to-cart=1073&action=yith-woocompare-add-product&id=1080&_wpnonce=ea7061fc06 HTTP/1.1" 200 544 "-" "Mozilla/5.0 (Windows NT 10.0; Win64; x64) AppleWebKit/537.36 (KHTML, like Gecko) Chrome/128.0.0.0 Safari/537.36 OPR/114.0.0."
92.204.54.123 - - [14/Nov/2025:10:49:41 -0500] "GET /brand/silky/?add-to-cart=1073&action=yith-woocompare-add-product&id=1077&_wpnonce=ea7061fc06 HTTP/1.1" 200 544 "-" "Mozilla/5.0 (Windows NT 10.0; Win64; x64) AppleWebKit/537.36 (KHTML, like Gecko) Chrome/128.0.0.0 Safari/537.36 OPR/114.0.0."
92.204.54.123 - - [14/Nov/2025:10:49:43 -0500] "GET /brand/silky/?add-to-cart=1073&action=yith-woocompare-add-product&id=1073&_wpnonce=ea7061fc06 HTTP/1.1" 200 544 "-" "Mozilla/5.0 (Windows NT 10.0; Win64; x64) AppleWebKit/537.36 (KHTML, like Gecko) Chrome/128.0.0.0 Safari/537.36 OPR/114.0.0."
92.204.54.123 - - [14/Nov/2025:10:49:45 -0500] "GET /brand/silky/?add-to-cart=1073&action=yith-woocompare-add-product&id=993&_wpnonce=ea7061fc06 HTTP/1.1" 200 544 "-" "Mozilla/5.0 (Windows NT 10.0; Win64; x64) AppleWebKit/537.36 (KHTML, like Gecko) Chrome/128.0.0.0 Safari/537.36 OPR/114.0.0."
45.8.25.53 - - [14/Nov/2025:10:49:47 -0500] "GET /includes HTTP/1.1" 200 544 "https://duckduckgo.com/" "Mozilla/5.0 (Macintosh; Intel Mac OS X 10_15_7) AppleWebKit/537.36 (KHTML, like Gecko) Chrome/130.0.0.0 Safari/537.36"
92.204.54.123 - - [14/Nov/2025:10:49:47 -0500] "GET /brand/silky/?add-to-cart=1073&action=yith-woocompare-add-product&id=989&_wpnonce=ea7061fc06 HTTP/1.1" 200 544 "-" "Mozilla/5.0 (Windows NT 10.0; Win64; x64) AppleWebKit/537.36 (KHTML, like Gecko) Chrome/128.0.0.0 Safari/537.36 OPR/114.0.0."
92.204.54.123 - - [14/Nov/2025:10:49:49 -0500] "GET /brand/silky/?add-to-cart=993&action=yith-woocompare-add-product&id=1070&_wpnonce=ea7061fc06 HTTP/1.1" 200 544 "-" "Mozilla/5.0 (Windows NT 10.0; Win64; x64) AppleWebKit/537.36 (KHTML, like Gecko) Chrome/128.0.0.0 Safari/537.36 OPR/114.0.0."
92.204.54.123 - - [14/Nov/2025:10:49:51 -0500] "GET /brand/silky/?add-to-cart=993&action=yith-woocompare-add-product&id=1068&_wpnonce=ea7061fc06 HTTP/1.1" 200 544 "-" "Mozilla/5.0 (Windows NT 10.0; Win64; x64) AppleWebKit/537.36 (KHTML, like Gecko) Chrome/128.0.0.0 Safari/537.36 OPR/114.0.0."
92.204.54.123 - - [14/Nov/2025:10:49:53 -0500] "GET /brand/silky/?add-to-cart=993&action=yith-woocompare-add-product&id=1004&_wpnonce=ea7061fc06 HTTP/1.1" 200 544 "-" "Mozilla/5.0 (Windows NT 10.0; Win64; x64) AppleWebKit/537.36 (KHTML, like Gecko) Chrome/128.0.0.0 Safari/537.36 OPR/114.0.0."
92.204.54.123 - - [14/Nov/2025:10:49:55 -0500] "GET /brand/silky/?add-to-cart=993&action=yith-woocompare-add-product&id=1075&_wpnonce=ea7061fc06 HTTP/1.1" 200 544 "-" "Mozilla/5.0 (Windows NT 10.0; Win64; x64) AppleWebKit/537.36 (KHTML, like Gecko) Chrome/128.0.0.0 Safari/537.36 OPR/114.0.0."
92.204.54.123 - - [14/Nov/2025:10:49:57 -0500] "GET /brand/silky/?add-to-cart=993&action=yith-woocompare-add-product&id=1080&_wpnonce=ea7061fc06 HTTP/1.1" 200 544 "-" "Mozilla/5.0 (Windows NT 10.0; Win64; x64) AppleWebKit/537.36 (KHTML, like Gecko) Chrome/128.0.0.0 Safari/537.36 OPR/114.0.0."
45.8.25.53 - - [14/Nov/2025:10:49:59 -0500] "GET /include HTTP/1.1" 200 544 "https://www.bing.com/" "Mozilla/5.0 (Windows NT 10.0; Win64; x64) AppleWebKit/537.36 (KHTML, like Gecko) Chrome/130.0.0.0 Safari/537.36 Edg/130.0.0.0"
92.204.54.123 - - [14/Nov/2025:10:49:59 -0500] "GET /brand/silky/?add-to-cart=993&action=yith-woocompare-add-product&id=1077&_wpnonce=ea7061fc06 HTTP/1.1" 200 544 "-" "Mozilla/5.0 (Windows NT 10.0; Win64; x64) AppleWebKit/537.36 (KHTML, like Gecko) Chrome/128.0.0.0 Safari/537.36 OPR/114.0.0."
92.204.54.123 - - [14/Nov/2025:10:50:01 -0500] "GET /brand/silky/?add-to-cart=993&action=yith-woocompare-add-product&id=1073&_wpnonce=ea7061fc06 HTTP/1.1" 200 544 "-" "Mozilla/5.0 (Windows NT 10.0; Win64; x64) AppleWebKit/537.36 (KHTML, like Gecko) Chrome/128.0.0.0 Safari/537.36 OPR/114.0.0."
92.204.54.123 - - [14/Nov/2025:10:50:03 -0500] "GET /brand/silky/?add-to-cart=993&action=yith-woocompare-add-product&id=993&_wpnonce=ea7061fc06 HTTP/1.1" 200 544 "-" "Mozilla/5.0 (Windows NT 10.0; Win64; x64) AppleWebKit/537.36 (KHTML, like Gecko) Chrome/128.0.0.0 Safari/537.36 OPR/114.0.0."
92.204.54.123 - - [14/Nov/2025:10:50:05 -0500] "GET /brand/silky/?add-to-cart=993&action=yith-woocompare-add-product&id=989&_wpnonce=ea7061fc06 HTTP/1.1" 200 544 "-" "Mozilla/5.0 (Windows NT 10.0; Win64; x64) AppleWebKit/537.36 (KHTML, like Gecko) Chrome/128.0.0.0 Safari/537.36 OPR/114.0.0."
92.204.54.123 - - [14/Nov/2025:10:50:07 -0500] "GET /brand/silky/?add-to-cart=989&action=yith-woocompare-add-product&id=1070&_wpnonce=ea7061fc06 HTTP/1.1" 200 544 "-" "Mozilla/5.0 (Windows NT 10.0; Win64; x64) AppleWebKit/537.36 (KHTML, like Gecko) Chrome/128.0.0.0 Safari/537.36 OPR/114.0.0."
92.204.54.123 - - [14/Nov/2025:10:50:09 -0500] "GET /brand/silky/?add-to-cart=989&action=yith-woocompare-add-product&id=1068&_wpnonce=ea7061fc06 HTTP/1.1" 200 544 "-" "Mozilla/5.0 (Windows NT 10.0; Win64; x64) AppleWebKit/537.36 (KHTML, like Gecko) Chrome/128.0.0.0 Safari/537.36 OPR/114.0.0."
45.8.25.53 - - [14/Nov/2025:10:50:12 -0500] "GET /inc HTTP/1.1" 200 544 "https://www.bing.com/" "Mozilla/5.0 (Windows NT 10.0; Win64; x64) AppleWebKit/537.36 (KHTML, like Gecko) Chrome/130.0.0.0 Safari/537.36"
92.204.54.123 - - [14/Nov/2025:10:50:12 -0500] "GET /brand/silky/?add-to-cart=989&action=yith-woocompare-add-product&id=1004&_wpnonce=ea7061fc06 HTTP/1.1" 200 544 "-" "Mozilla/5.0 (Windows NT 10.0; Win64; x64) AppleWebKit/537.36 (KHTML, like Gecko) Chrome/128.0.0.0 Safari/537.36 OPR/114.0.0."
92.204.54.123 - - [14/Nov/2025:10:50:14 -0500] "GET /brand/silky/?add-to-cart=989&action=yith-woocompare-add-product&id=1075&_wpnonce=ea7061fc06 HTTP/1.1" 200 544 "-" "Mozilla/5.0 (Windows NT 10.0; Win64; x64) AppleWebKit/537.36 (KHTML, like Gecko) Chrome/128.0.0.0 Safari/537.36 OPR/114.0.0."
92.204.54.123 - - [14/Nov/2025:10:50:16 -0500] "GET /brand/silky/?add-to-cart=989&action=yith-woocompare-add-product&id=1080&_wpnonce=ea7061fc06 HTTP/1.1" 200 544 "-" "Mozilla/5.0 (Windows NT 10.0; Win64; x64) AppleWebKit/537.36 (KHTML, like Gecko) Chrome/128.0.0.0 Safari/537.36 OPR/114.0.0."
92.204.54.123 - - [14/Nov/2025:10:50:18 -0500] "GET /brand/silky/?add-to-cart=989&action=yith-woocompare-add-product&id=1077&_wpnonce=ea7061fc06 HTTP/1.1" 200 544 "-" "Mozilla/5.0 (Windows NT 10.0; Win64; x64) AppleWebKit/537.36 (KHTML, like Gecko) Chrome/128.0.0.0 Safari/537.36 OPR/114.0.0."
92.204.54.123 - - [14/Nov/2025:10:50:20 -0500] "GET /brand/silky/?add-to-cart=989&action=yith-woocompare-add-product&id=1073&_wpnonce=ea7061fc06 HTTP/1.1" 200 544 "-" "Mozilla/5.0 (Windows NT 10.0; Win64; x64) AppleWebKit/537.36 (KHTML, like Gecko) Chrome/128.0.0.0 Safari/537.36 OPR/114.0.0."
92.204.54.123 - - [14/Nov/2025:10:50:22 -0500] "GET /brand/silky/?add-to-cart=989&action=yith-woocompare-add-product&id=993&_wpnonce=ea7061fc06 HTTP/1.1" 200 544 "-" "Mozilla/5.0 (Windows NT 10.0; Win64; x64) AppleWebKit/537.36 (KHTML, like Gecko) Chrome/128.0.0.0 Safari/537.36 OPR/114.0.0."
45.8.25.53 - - [14/Nov/2025:10:50:23 -0500] "GET /data HTTP/1.1" 200 544 "https://www.google.com/" "Mozilla/5.0 (Windows NT 10.0; Win64; x64) AppleWebKit/537.36 (KHTML, like Gecko) Chrome/130.0.0.0 Safari/537.36"
92.204.54.123 - - [14/Nov/2025:10:50:24 -0500] "GET /brand/silky/?add-to-cart=989&action=yith-woocompare-add-product&id=989&_wpnonce=ea7061fc06 HTTP/1.1" 200 544 "-" "Mozilla/5.0 (Windows NT 10.0; Win64; x64) AppleWebKit/537.36 (KHTML, like Gecko) Chrome/128.0.0.0 Safari/537.36 OPR/114.0.0."
92.204.54.123 - - [14/Nov/2025:10:50:26 -0500] "GET /brand/silky/page/2/?action=yith-woocompare-add-product&id=1002&_wpnonce=0da942779e HTTP/1.1" 200 544 "-" "Mozilla/5.0 (Windows NT 10.0; Win64; x64) AppleWebKit/537.36 (KHTML, like Gecko) Chrome/128.0.0.0 Safari/537.36 OPR/114.0.0."
92.204.54.123 - - [14/Nov/2025:10:50:28 -0500] "GET /brand/silky/page/2/?add-to-cart=1002 HTTP/1.1" 200 544 "-" "Mozilla/5.0 (Windows NT 10.0; Win64; x64) AppleWebKit/537.36 (KHTML, like Gecko) Chrome/128.0.0.0 Safari/537.36 OPR/114.0.0."
92.204.54.123 - - [14/Nov/2025:10:50:30 -0500] "GET /brand/silky/page/2/?action=yith-woocompare-add-product&id=997&_wpnonce=0da942779e HTTP/1.1" 200 544 "-" "Mozilla/5.0 (Windows NT 10.0; Win64; x64) AppleWebKit/537.36 (KHTML, like Gecko) Chrome/128.0.0.0 Safari/537.36 OPR/114.0.0."
92.204.54.123 - - [14/Nov/2025:10:50:32 -0500] "GET /brand/silky/page/2/?add-to-cart=997 HTTP/1.1" 200 544 "-" "Mozilla/5.0 (Windows NT 10.0; Win64; x64) AppleWebKit/537.36 (KHTML, like Gecko) Chrome/128.0.0.0 Safari/537.36 OPR/114.0.0."
92.204.54.123 - - [14/Nov/2025:10:50:34 -0500] "GET /brand/silky/page/1/ HTTP/1.1" 200 544 "-" "Mozilla/5.0 (Windows NT 10.0; Win64; x64) AppleWebKit/537.36 (KHTML, like Gecko) Chrome/128.0.0.0 Safari/537.36 OPR/114.0.0."
92.204.54.123 - - [14/Nov/2025:10:50:36 -0500] "GET /brand/nouvelle/?_wpnonce=a5b392c33b HTTP/1.1" 200 544 "-" "Mozilla/5.0 (Windows NT 10.0; Win64; x64) AppleWebKit/537.36 (KHTML, like Gecko) Chrome/128.0.0.0 Safari/537.36 OPR/114.0.0."
45.8.25.53 - - [14/Nov/2025:10:50:36 -0500] "GET /database HTTP/1.1" 200 544 "https://yandex.com/" "Mozilla/5.0 (Macintosh; Intel Mac OS X 10_15_7) AppleWebKit/537.36 (KHTML, like Gecko) Chrome/130.0.0.0 Safari/537.36"
92.204.54.123 - - [14/Nov/2025:10:50:38 -0500] "GET /brand/nouvelle/?add-to-cart=1103&action=yith-woocompare-add-product&id=1103&_wpnonce=ea7061fc06 HTTP/1.1" 200 544 "-" "Mozilla/5.0 (Windows NT 10.0; Win64; x64) AppleWebKit/537.36 (KHTML, like Gecko) Chrome/128.0.0.0 Safari/537.36 OPR/114.0.0."
92.204.54.123 - - [14/Nov/2025:10:50:40 -0500] "GET /brand/nouvelle/?add-to-cart=1103&action=yith-woocompare-add-product&id=1099&_wpnonce=ea7061fc06 HTTP/1.1" 200 544 "-" "Mozilla/5.0 (Windows NT 10.0; Win64; x64) AppleWebKit/537.36 (KHTML, like Gecko) Chrome/128.0.0.0 Safari/537.36 OPR/114.0.0."
92.204.54.123 - - [14/Nov/2025:10:50:42 -0500] "GET /brand/nouvelle/?add-to-cart=1099&action=yith-woocompare-add-product&id=1103&_wpnonce=ea7061fc06 HTTP/1.1" 200 544 "-" "Mozilla/5.0 (Windows NT 10.0; Win64; x64) AppleWebKit/537.36 (KHTML, like Gecko) Chrome/128.0.0.0 Safari/537.36 OPR/114.0.0."
92.204.54.123 - - [14/Nov/2025:10:50:44 -0500] "GET /brand/nouvelle/?add-to-cart=1099&action=yith-woocompare-add-product&id=1099&_wpnonce=ea7061fc06 HTTP/1.1" 200 544 "-" "Mozilla/5.0 (Windows NT 10.0; Win64; x64) AppleWebKit/537.36 (KHTML, like Gecko) Chrome/128.0.0.0 Safari/537.36 OPR/114.0.0."
92.204.54.123 - - [14/Nov/2025:10:50:46 -0500] "GET /product-category/makeup/?_wpnonce=a5b392c33b HTTP/1.1" 200 544 "-" "Mozilla/5.0 (Windows NT 10.0; Win64; x64) AppleWebKit/537.36 (KHTML, like Gecko) Chrome/128.0.0.0 Safari/537.36 OPR/114.0.0."
92.204.54.123 - - [14/Nov/2025:10:50:48 -0500] "GET /product-category/makeup/?add-to-cart=1112&action=yith-woocompare-add-product&id=1112&_wpnonce=ea7061fc06 HTTP/1.1" 200 544 "-" "Mozilla/5.0 (Windows NT 10.0; Win64; x64) AppleWebKit/537.36 (KHTML, like Gecko) Chrome/128.0.0.0 Safari/537.36 OPR/114.0.0."
45.8.25.53 - - [14/Nov/2025:10:50:49 -0500] "GET /storage HTTP/1.1" 200 544 "https://yandex.com/" "Mozilla/5.0 (Macintosh; Intel Mac OS X 10_15_7) AppleWebKit/537.36 (KHTML, like Gecko) Chrome/130.0.0.0 Safari/537.36"
92.204.54.123 - - [14/Nov/2025:10:50:50 -0500] "GET /product-category/makeup/?add-to-cart=1112&action=yith-woocompare-add-product&id=1107&_wpnonce=ea7061fc06 HTTP/1.1" 200 544 "-" "Mozilla/5.0 (Windows NT 10.0; Win64; x64) AppleWebKit/537.36 (KHTML, like Gecko) Chrome/128.0.0.0 Safari/537.36 OPR/114.0.0."
92.204.54.123 - - [14/Nov/2025:10:50:53 -0500] "GET /product-category/makeup/?add-to-cart=1112&action=yith-woocompare-add-product&id=1117&_wpnonce=ea7061fc06 HTTP/1.1" 200 544 "-" "Mozilla/5.0 (Windows NT 10.0; Win64; x64) AppleWebKit/537.36 (KHTML, like Gecko) Chrome/128.0.0.0 Safari/537.36 OPR/114.0.0."
92.204.54.123 - - [14/Nov/2025:10:50:55 -0500] "GET /product-category/makeup/?add-to-cart=1112&action=yith-woocompare-add-product&id=1121&_wpnonce=ea7061fc06 HTTP/1.1" 200 544 "-" "Mozilla/5.0 (Windows NT 10.0; Win64; x64) AppleWebKit/537.36 (KHTML, like Gecko) Chrome/128.0.0.0 Safari/537.36 OPR/114.0.0."
92.204.54.123 - - [14/Nov/2025:10:50:57 -0500] "GET /product-category/makeup/?add-to-cart=1107&action=yith-woocompare-add-product&id=1112&_wpnonce=ea7061fc06 HTTP/1.1" 200 544 "-" "Mozilla/5.0 (Windows NT 10.0; Win64; x64) AppleWebKit/537.36 (KHTML, like Gecko) Chrome/128.0.0.0 Safari/537.36 OPR/114.0.0."
92.204.54.123 - - [14/Nov/2025:10:50:59 -0500] "GET /product-category/makeup/?add-to-cart=1107&action=yith-woocompare-add-product&id=1107&_wpnonce=ea7061fc06 HTTP/1.1" 200 544 "-" "Mozilla/5.0 (Windows NT 10.0; Win64; x64) AppleWebKit/537.36 (KHTML, like Gecko) Chrome/128.0.0.0 Safari/537.36 OPR/114.0.0."
92.204.54.123 - - [14/Nov/2025:10:51:01 -0500] "GET /product-category/makeup/?add-to-cart=1107&action=yith-woocompare-add-product&id=1117&_wpnonce=ea7061fc06 HTTP/1.1" 200 544 "-" "Mozilla/5.0 (Windows NT 10.0; Win64; x64) AppleWebKit/537.36 (KHTML, like Gecko) Chrome/128.0.0.0 Safari/537.36 OPR/114.0.0."
45.8.25.53 - - [14/Nov/2025:10:51:02 -0500] "GET /var HTTP/1.1" 200 544 "https://duckduckgo.com/" "Mozilla/5.0 (Macintosh; Intel Mac OS X 10_15_7) AppleWebKit/605.1.15 (KHTML, like Gecko) Version/18.1 Safari/605.1.15"
92.204.54.123 - - [14/Nov/2025:10:51:03 -0500] "GET /product-category/makeup/?add-to-cart=1107&action=yith-woocompare-add-product&id=1121&_wpnonce=ea7061fc06 HTTP/1.1" 200 544 "-" "Mozilla/5.0 (Windows NT 10.0; Win64; x64) AppleWebKit/537.36 (KHTML, like Gecko) Chrome/128.0.0.0 Safari/537.36 OPR/114.0.0."
92.204.54.123 - - [14/Nov/2025:10:51:05 -0500] "GET /product-category/makeup/?add-to-cart=1117&action=yith-woocompare-add-product&id=1112&_wpnonce=ea7061fc06 HTTP/1.1" 200 544 "-" "Mozilla/5.0 (Windows NT 10.0; Win64; x64) AppleWebKit/537.36 (KHTML, like Gecko) Chrome/128.0.0.0 Safari/537.36 OPR/114.0.0."
92.204.54.123 - - [14/Nov/2025:10:51:07 -0500] "GET /product-category/makeup/?add-to-cart=1117&action=yith-woocompare-add-product&id=1107&_wpnonce=ea7061fc06 HTTP/1.1" 200 544 "-" "Mozilla/5.0 (Windows NT 10.0; Win64; x64) AppleWebKit/537.36 (KHTML, like Gecko) Chrome/128.0.0.0 Safari/537.36 OPR/114.0.0."
92.204.54.123 - - [14/Nov/2025:10:51:09 -0500] "GET /product-category/makeup/?add-to-cart=1117&action=yith-woocompare-add-product&id=1117&_wpnonce=ea7061fc06 HTTP/1.1" 200 544 "-" "Mozilla/5.0 (Windows NT 10.0; Win64; x64) AppleWebKit/537.36 (KHTML, like Gecko) Chrome/128.0.0.0 Safari/537.36 OPR/114.0.0."
92.204.54.123 - - [14/Nov/2025:10:51:11 -0500] "GET /product-category/makeup/?add-to-cart=1117&action=yith-woocompare-add-product&id=1121&_wpnonce=ea7061fc06 HTTP/1.1" 200 544 "-" "Mozilla/5.0 (Windows NT 10.0; Win64; x64) AppleWebKit/537.36 (KHTML, like Gecko) Chrome/128.0.0.0 Safari/537.36 OPR/114.0.0."
92.204.54.123 - - [14/Nov/2025:10:51:13 -0500] "GET /product-category/makeup/?add-to-cart=1121&action=yith-woocompare-add-product&id=1112&_wpnonce=ea7061fc06 HTTP/1.1" 200 544 "-" "Mozilla/5.0 (Windows NT 10.0; Win64; x64) AppleWebKit/537.36 (KHTML, like Gecko) Chrome/128.0.0.0 Safari/537.36 OPR/114.0.0."
45.8.25.53 - - [14/Nov/2025:10:51:13 -0500] "GET /tmp HTTP/1.1" 200 544 "https://yandex.com/" "Mozilla/5.0 (Windows NT 10.0; Win64; x64) AppleWebKit/537.36 (KHTML, like Gecko) Chrome/130.0.0.0 Safari/537.36"
92.204.54.123 - - [14/Nov/2025:10:51:15 -0500] "GET /product-category/makeup/?add-to-cart=1121&action=yith-woocompare-add-product&id=1107&_wpnonce=ea7061fc06 HTTP/1.1" 200 544 "-" "Mozilla/5.0 (Windows NT 10.0; Win64; x64) AppleWebKit/537.36 (KHTML, like Gecko) Chrome/128.0.0.0 Safari/537.36 OPR/114.0.0."
92.204.54.123 - - [14/Nov/2025:10:51:17 -0500] "GET /product-category/makeup/?add-to-cart=1121&action=yith-woocompare-add-product&id=1117&_wpnonce=ea7061fc06 HTTP/1.1" 200 544 "-" "Mozilla/5.0 (Windows NT 10.0; Win64; x64) AppleWebKit/537.36 (KHTML, like Gecko) Chrome/128.0.0.0 Safari/537.36 OPR/114.0.0."
92.204.54.123 - - [14/Nov/2025:10:51:19 -0500] "GET /product-category/makeup/?add-to-cart=1121&action=yith-woocompare-add-product&id=1121&_wpnonce=ea7061fc06 HTTP/1.1" 200 544 "-" "Mozilla/5.0 (Windows NT 10.0; Win64; x64) AppleWebKit/537.36 (KHTML, like Gecko) Chrome/128.0.0.0 Safari/537.36 OPR/114.0.0."
92.204.54.123 - - [14/Nov/2025:10:51:21 -0500] "GET /product-category/hair-care/?_wpnonce=a5b392c33b HTTP/1.1" 200 544 "-" "Mozilla/5.0 (Windows NT 10.0; Win64; x64) AppleWebKit/537.36 (KHTML, like Gecko) Chrome/128.0.0.0 Safari/537.36 OPR/114.0.0."
92.204.54.123 - - [14/Nov/2025:10:51:23 -0500] "GET /product-category/hair-care/?add-to-cart=1091&action=yith-woocompare-add-product&id=1091&_wpnonce=ea7061fc06 HTTP/1.1" 200 544 "-" "Mozilla/5.0 (Windows NT 10.0; Win64; x64) AppleWebKit/537.36 (KHTML, like Gecko) Chrome/128.0.0.0 Safari/537.36 OPR/114.0.0."
92.204.54.123 - - [14/Nov/2025:10:51:25 -0500] "GET /product-category/hair-care/?add-to-cart=1091&action=yith-woocompare-add-product&id=1125&_wpnonce=ea7061fc06 HTTP/1.1" 200 544 "-" "Mozilla/5.0 (Windows NT 10.0; Win64; x64) AppleWebKit/537.36 (KHTML, like Gecko) Chrome/128.0.0.0 Safari/537.36 OPR/114.0.0."
45.8.25.53 - - [14/Nov/2025:10:51:26 -0500] "GET /temp HTTP/1.1" 200 544 "https://www.bing.com/" "Mozilla/5.0 (Macintosh; Intel Mac OS X 10_15_7) AppleWebKit/537.36 (KHTML, like Gecko) Chrome/130.0.0.0 Safari/537.36"
92.204.54.123 - - [14/Nov/2025:10:51:27 -0500] "GET /product-category/hair-care/?add-to-cart=1091&action=yith-woocompare-add-product&id=1127&_wpnonce=ea7061fc06 HTTP/1.1" 200 544 "-" "Mozilla/5.0 (Windows NT 10.0; Win64; x64) AppleWebKit/537.36 (KHTML, like Gecko) Chrome/128.0.0.0 Safari/537.36 OPR/114.0.0."
92.204.54.123 - - [14/Nov/2025:10:51:29 -0500] "GET /product-category/hair-care/?add-to-cart=1091&action=yith-woocompare-add-product&id=1103&_wpnonce=ea7061fc06 HTTP/1.1" 200 544 "-" "Mozilla/5.0 (Windows NT 10.0; Win64; x64) AppleWebKit/537.36 (KHTML, like Gecko) Chrome/128.0.0.0 Safari/537.36 OPR/114.0.0."
92.204.54.123 - - [14/Nov/2025:10:51:31 -0500] "GET /product-category/hair-care/?add-to-cart=1091&action=yith-woocompare-add-product&id=1099&_wpnonce=ea7061fc06 HTTP/1.1" 200 544 "-" "Mozilla/5.0 (Windows NT 10.0; Win64; x64) AppleWebKit/537.36 (KHTML, like Gecko) Chrome/128.0.0.0 Safari/537.36 OPR/114.0.0."
92.204.54.123 - - [14/Nov/2025:10:51:33 -0500] "GET /product-category/hair-care/?add-to-cart=1091&action=yith-woocompare-add-product&id=1070&_wpnonce=ea7061fc06 HTTP/1.1" 200 544 "-" "Mozilla/5.0 (Windows NT 10.0; Win64; x64) AppleWebKit/537.36 (KHTML, like Gecko) Chrome/128.0.0.0 Safari/537.36 OPR/114.0.0."
92.204.54.123 - - [14/Nov/2025:10:51:35 -0500] "GET /product-category/hair-care/?add-to-cart=1091&action=yith-woocompare-add-product&id=1068&_wpnonce=ea7061fc06 HTTP/1.1" 200 544 "-" "Mozilla/5.0 (Windows NT 10.0; Win64; x64) AppleWebKit/537.36 (KHTML, like Gecko) Chrome/128.0.0.0 Safari/537.36 OPR/114.0.0."
45.8.25.53 - - [14/Nov/2025:10:51:36 -0500] "GET /temporary HTTP/1.1" 200 544 "https://yandex.com/" "Mozilla/5.0 (Macintosh; Intel Mac OS X 10_15_7) AppleWebKit/605.1.15 (KHTML, like Gecko) Version/18.1 Safari/605.1.15"
92.204.54.123 - - [14/Nov/2025:10:51:39 -0500] "GET /product-category/hair-care/?add-to-cart=1091&action=yith-woocompare-add-product&id=1004&_wpnonce=ea7061fc06 HTTP/1.1" 200 544 "-" "Mozilla/5.0 (Windows NT 10.0; Win64; x64) AppleWebKit/537.36 (KHTML, like Gecko) Chrome/128.0.0.0 Safari/537.36 OPR/114.0.0."
92.204.54.123 - - [14/Nov/2025:10:51:41 -0500] "GET /product-category/hair-care/?add-to-cart=1091&action=yith-woocompare-add-product&id=1075&_wpnonce=ea7061fc06 HTTP/1.1" 200 544 "-" "Mozilla/5.0 (Windows NT 10.0; Win64; x64) AppleWebKit/537.36 (KHTML, like Gecko) Chrome/128.0.0.0 Safari/537.36 OPR/114.0.0."
92.204.54.123 - - [14/Nov/2025:10:51:43 -0500] "GET /product-category/hair-care/?add-to-cart=1125&action=yith-woocompare-add-product&id=1091&_wpnonce=ea7061fc06 HTTP/1.1" 200 544 "-" "Mozilla/5.0 (Windows NT 10.0; Win64; x64) AppleWebKit/537.36 (KHTML, like Gecko) Chrome/128.0.0.0 Safari/537.36 OPR/114.0.0."
92.204.54.123 - - [14/Nov/2025:10:51:45 -0500] "GET /product-category/hair-care/?add-to-cart=1125&action=yith-woocompare-add-product&id=1125&_wpnonce=ea7061fc06 HTTP/1.1" 200 544 "-" "Mozilla/5.0 (Windows NT 10.0; Win64; x64) AppleWebKit/537.36 (KHTML, like Gecko) Chrome/128.0.0.0 Safari/537.36 OPR/114.0.0."
92.204.54.123 - - [14/Nov/2025:10:51:47 -0500] "GET /product-category/hair-care/?add-to-cart=1125&action=yith-woocompare-add-product&id=1127&_wpnonce=ea7061fc06 HTTP/1.1" 200 544 "-" "Mozilla/5.0 (Windows NT 10.0; Win64; x64) AppleWebKit/537.36 (KHTML, like Gecko) Chrome/128.0.0.0 Safari/537.36 OPR/114.0.0."
45.8.25.53 - - [14/Nov/2025:10:51:48 -0500] "GET /cache HTTP/1.1" 200 544 "https://search.yahoo.com/" "Mozilla/5.0 (Windows NT 10.0; Win64; x64; rv:131.0) Gecko/20100101 Firefox/131.0"
155.190.8.6 - - [14/Nov/2025:10:51:49 -0500] "GET /about-us/ HTTP/1.1" 200 494 "https://www.google.com/" "Mozilla/5.0 (Windows NT 10.0; Win64; x64) AppleWebKit/537.36 (KHTML, like Gecko) Chrome/141.0.0.0 Safari/537.36"
92.204.54.123 - - [14/Nov/2025:10:51:49 -0500] "GET /product-category/hair-care/?add-to-cart=1125&action=yith-woocompare-add-product&id=1103&_wpnonce=ea7061fc06 HTTP/1.1" 200 544 "-" "Mozilla/5.0 (Windows NT 10.0; Win64; x64) AppleWebKit/537.36 (KHTML, like Gecko) Chrome/128.0.0.0 Safari/537.36 OPR/114.0.0."
155.190.8.6 - - [14/Nov/2025:10:51:50 -0500] "GET /favicon.ico HTTP/1.1" 404 1251 "https://hc-cosmetics.com/about-us/" "Mozilla/5.0 (Windows NT 10.0; Win64; x64) AppleWebKit/537.36 (KHTML, like Gecko) Chrome/141.0.0.0 Safari/537.36"
92.204.54.123 - - [14/Nov/2025:10:51:51 -0500] "GET /product-category/hair-care/?add-to-cart=1125&action=yith-woocompare-add-product&id=1099&_wpnonce=ea7061fc06 HTTP/1.1" 200 544 "-" "Mozilla/5.0 (Windows NT 10.0; Win64; x64) AppleWebKit/537.36 (KHTML, like Gecko) Chrome/128.0.0.0 Safari/537.36 OPR/114.0.0."
92.204.54.123 - - [14/Nov/2025:10:51:53 -0500] "GET /product-category/hair-care/?add-to-cart=1125&action=yith-woocompare-add-product&id=1070&_wpnonce=ea7061fc06 HTTP/1.1" 200 544 "-" "Mozilla/5.0 (Windows NT 10.0; Win64; x64) AppleWebKit/537.36 (KHTML, like Gecko) Chrome/128.0.0.0 Safari/537.36 OPR/114.0.0."
92.204.54.123 - - [14/Nov/2025:10:51:56 -0500] "GET /product/silky-crystal-serum/?add-to-cart=1002&action=yith-woocompare-add-product&id=997&_wpnonce=9ed3e76a5a HTTP/1.1" 200 544 "-" "Mozilla/5.0 (Windows NT 10.0; Win64; x64) AppleWebKit/537.36 (KHTML, like Gecko) Chrome/128.0.0.0 Safari/537.36 OPR/114.0.0."
92.204.54.123 - - [14/Nov/2025:10:51:58 -0500] "GET /product/silky-crystal-serum/?add-to-cart=1002&action=yith-woocompare-add-product&id=1002&_wpnonce=9ed3e76a5a HTTP/1.1" 200 544 "-" "Mozilla/5.0 (Windows NT 10.0; Win64; x64) AppleWebKit/537.36 (KHTML, like Gecko) Chrome/128.0.0.0 Safari/537.36 OPR/114.0.0."
92.204.54.123 - - [14/Nov/2025:10:52:00 -0500] "GET /product/silky-crystal-serum/?add-to-cart=1073&action=yith-woocompare-add-product&id=1002&_wpnonce=9ed3e76a5a HTTP/1.1" 200 544 "-" "Mozilla/5.0 (Windows NT 10.0; Win64; x64) AppleWebKit/537.36 (KHTML, like Gecko) Chrome/128.0.0.0 Safari/537.36 OPR/114.0.0."
45.8.25.53 - - [14/Nov/2025:10:52:00 -0500] "GET /uploads HTTP/1.1" 200 544 "https://search.yahoo.com/" "Mozilla/5.0 (Macintosh; Intel Mac OS X 10_15_7) AppleWebKit/605.1.15 (KHTML, like Gecko) Version/18.1 Safari/605.1.15"
92.204.54.123 - - [14/Nov/2025:10:52:02 -0500] "GET /product/silky-crystal-serum/?add-to-cart=1073&action=yith-woocompare-add-product&id=1091&_wpnonce=9ed3e76a5a HTTP/1.1" 200 544 "-" "Mozilla/5.0 (Windows NT 10.0; Win64; x64) AppleWebKit/537.36 (KHTML, like Gecko) Chrome/128.0.0.0 Safari/537.36 OPR/114.0.0."
92.204.54.123 - - [14/Nov/2025:10:52:04 -0500] "GET /product/silky-crystal-serum/?add-to-cart=1073&action=yith-woocompare-add-product&id=1075&_wpnonce=9ed3e76a5a HTTP/1.1" 200 544 "-" "Mozilla/5.0 (Windows NT 10.0; Win64; x64) AppleWebKit/537.36 (KHTML, like Gecko) Chrome/128.0.0.0 Safari/537.36 OPR/114.0.0."
92.204.54.123 - - [14/Nov/2025:10:52:06 -0500] "GET /product/silky-crystal-serum/?add-to-cart=1073&action=yith-woocompare-add-product&id=1099&_wpnonce=9ed3e76a5a HTTP/1.1" 200 544 "-" "Mozilla/5.0 (Windows NT 10.0; Win64; x64) AppleWebKit/537.36 (KHTML, like Gecko) Chrome/128.0.0.0 Safari/537.36 OPR/114.0.0."
92.204.54.123 - - [14/Nov/2025:10:52:08 -0500] "GET /product/silky-crystal-serum/?add-to-cart=1073&action=yith-woocompare-add-product&id=1125&_wpnonce=9ed3e76a5a HTTP/1.1" 200 544 "-" "Mozilla/5.0 (Windows NT 10.0; Win64; x64) AppleWebKit/537.36 (KHTML, like Gecko) Chrome/128.0.0.0 Safari/537.36 OPR/114.0.0."
92.204.54.123 - - [14/Nov/2025:10:52:10 -0500] "GET /product/silky-crystal-serum/?add-to-cart=1073&action=yith-woocompare-add-product&id=1073&_wpnonce=9ed3e76a5a HTTP/1.1" 200 544 "-" "Mozilla/5.0 (Windows NT 10.0; Win64; x64) AppleWebKit/537.36 (KHTML, like Gecko) Chrome/128.0.0.0 Safari/537.36 OPR/114.0.0."
92.204.54.123 - - [14/Nov/2025:10:52:12 -0500] "GET /product/silky-crystal-serum/?add-to-cart=1077&action=yith-woocompare-add-product&id=1099&_wpnonce=9ed3e76a5a HTTP/1.1" 200 544 "-" "Mozilla/5.0 (Windows NT 10.0; Win64; x64) AppleWebKit/537.36 (KHTML, like Gecko) Chrome/128.0.0.0 Safari/537.36 OPR/114.0.0."
45.8.25.53 - - [14/Nov/2025:10:52:12 -0500] "GET /upload HTTP/1.1" 200 544 "https://search.yahoo.com/" "Mozilla/5.0 (Macintosh; Intel Mac OS X 10.15; rv:131.0) Gecko/20100101 Firefox/131.0"
92.204.54.123 - - [14/Nov/2025:10:52:14 -0500] "GET /product/silky-crystal-serum/?add-to-cart=1077&action=yith-woocompare-add-product&id=993&_wpnonce=9ed3e76a5a HTTP/1.1" 200 544 "-" "Mozilla/5.0 (Windows NT 10.0; Win64; x64) AppleWebKit/537.36 (KHTML, like Gecko) Chrome/128.0.0.0 Safari/537.36 OPR/114.0.0."
92.204.54.123 - - [14/Nov/2025:10:52:16 -0500] "GET /product/silky-crystal-serum/?add-to-cart=1077&action=yith-woocompare-add-product&id=1125&_wpnonce=9ed3e76a5a HTTP/1.1" 200 544 "-" "Mozilla/5.0 (Windows NT 10.0; Win64; x64) AppleWebKit/537.36 (KHTML, like Gecko) Chrome/128.0.0.0 Safari/537.36 OPR/114.0.0."
92.204.54.123 - - [14/Nov/2025:10:52:18 -0500] "GET /product/silky-crystal-serum/?add-to-cart=1077&action=yith-woocompare-add-product&id=1002&_wpnonce=9ed3e76a5a HTTP/1.1" 200 544 "-" "Mozilla/5.0 (Windows NT 10.0; Win64; x64) AppleWebKit/537.36 (KHTML, like Gecko) Chrome/128.0.0.0 Safari/537.36 OPR/114.0.0."
92.204.54.123 - - [14/Nov/2025:10:52:20 -0500] "GET /product/silky-crystal-serum/?add-to-cart=1077&action=yith-woocompare-add-product&id=1075&_wpnonce=9ed3e76a5a HTTP/1.1" 200 544 "-" "Mozilla/5.0 (Windows NT 10.0; Win64; x64) AppleWebKit/537.36 (KHTML, like Gecko) Chrome/128.0.0.0 Safari/537.36 OPR/114.0.0."
92.204.54.123 - - [14/Nov/2025:10:52:22 -0500] "GET /product/silky-crystal-serum/?add-to-cart=1077&action=yith-woocompare-add-product&id=1103&_wpnonce=9ed3e76a5a HTTP/1.1" 200 544 "-" "Mozilla/5.0 (Windows NT 10.0; Win64; x64) AppleWebKit/537.36 (KHTML, like Gecko) Chrome/128.0.0.0 Safari/537.36 OPR/114.0.0."
92.204.54.123 - - [14/Nov/2025:10:52:24 -0500] "GET /product/silky-crystal-serum/?add-to-cart=1127&action=yith-woocompare-add-product&id=1070&_wpnonce=9ed3e76a5a HTTP/1.1" 200 544 "-" "Mozilla/5.0 (Windows NT 10.0; Win64; x64) AppleWebKit/537.36 (KHTML, like Gecko) Chrome/128.0.0.0 Safari/537.36 OPR/114.0.0."
45.8.25.53 - - [14/Nov/2025:10:52:26 -0500] "GET /backup HTTP/1.1" 200 544 "https://duckduckgo.com/" "Mozilla/5.0 (Macintosh; Intel Mac OS X 10_15_7) AppleWebKit/605.1.15 (KHTML, like Gecko) Version/18.1 Safari/605.1.15"
92.204.54.123 - - [14/Nov/2025:10:52:26 -0500] "GET /product/silky-crystal-serum/?add-to-cart=1127&action=yith-woocompare-add-product&id=1099&_wpnonce=9ed3e76a5a HTTP/1.1" 200 544 "-" "Mozilla/5.0 (Windows NT 10.0; Win64; x64) AppleWebKit/537.36 (KHTML, like Gecko) Chrome/128.0.0.0 Safari/537.36 OPR/114.0.0."
92.204.54.123 - - [14/Nov/2025:10:52:28 -0500] "GET /product/silky-crystal-serum/?add-to-cart=1127&action=yith-woocompare-add-product&id=1073&_wpnonce=9ed3e76a5a HTTP/1.1" 200 544 "-" "Mozilla/5.0 (Windows NT 10.0; Win64; x64) AppleWebKit/537.36 (KHTML, like Gecko) Chrome/128.0.0.0 Safari/537.36 OPR/114.0.0."
92.204.54.123 - - [14/Nov/2025:10:52:30 -0500] "GET /product/silky-crystal-serum/?add-to-cart=1127&action=yith-woocompare-add-product&id=1002&_wpnonce=9ed3e76a5a HTTP/1.1" 200 544 "-" "Mozilla/5.0 (Windows NT 10.0; Win64; x64) AppleWebKit/537.36 (KHTML, like Gecko) Chrome/128.0.0.0 Safari/537.36 OPR/114.0.0."
92.204.54.123 - - [14/Nov/2025:10:52:32 -0500] "GET /product/silky-crystal-serum/?add-to-cart=1127&action=yith-woocompare-add-product&id=1103&_wpnonce=9ed3e76a5a HTTP/1.1" 200 544 "-" "Mozilla/5.0 (Windows NT 10.0; Win64; x64) AppleWebKit/537.36 (KHTML, like Gecko) Chrome/128.0.0.0 Safari/537.36 OPR/114.0.0."
92.204.54.123 - - [14/Nov/2025:10:52:34 -0500] "GET /product/silky-crystal-serum/?add-to-cart=1127&action=yith-woocompare-add-product&id=1075&_wpnonce=9ed3e76a5a HTTP/1.1" 200 544 "-" "Mozilla/5.0 (Windows NT 10.0; Win64; x64) AppleWebKit/537.36 (KHTML, like Gecko) Chrome/128.0.0.0 Safari/537.36 OPR/114.0.0."
92.204.54.123 - - [14/Nov/2025:10:52:36 -0500] "GET /product/silky-crystal-serum/?add-to-cart=997& HTTP/1.1" 200 544 "-" "Mozilla/5.0 (Windows NT 10.0; Win64; x64) AppleWebKit/537.36 (KHTML, like Gecko) Chrome/128.0.0.0 Safari/537.36 OPR/114.0.0."
92.204.54.123 - - [14/Nov/2025:10:52:38 -0500] "GET /product/silky-crystal-serum/?add-to-cart=1070&action=yith-woocompare-add-product&id=993&_wpnonce=9ed3e76a5a HTTP/1.1" 200 544 "-" "Mozilla/5.0 (Windows NT 10.0; Win64; x64) AppleWebKit/537.36 (KHTML, like Gecko) Chrome/128.0.0.0 Safari/537.36 OPR/114.0.0."
45.8.25.53 - - [14/Nov/2025:10:52:39 -0500] "GET /backups HTTP/1.1" 200 544 "https://duckduckgo.com/" "Mozilla/5.0 (Windows NT 10.0; Win64; x64; rv:131.0) Gecko/20100101 Firefox/131.0"
92.204.54.123 - - [14/Nov/2025:10:52:40 -0500] "GET /product/silky-crystal-serum/?add-to-cart=1070&action=yith-woocompare-add-product&id=989&_wpnonce=9ed3e76a5a HTTP/1.1" 200 544 "-" "Mozilla/5.0 (Windows NT 10.0; Win64; x64) AppleWebKit/537.36 (KHTML, like Gecko) Chrome/128.0.0.0 Safari/537.36 OPR/114.0.0."
34.238.246.251 - - [14/Nov/2025:10:52:40 -0500] "GET / HTTP/1.1" 200 544 "-" "Mozilla/5.0 (Macintosh; Intel Mac OS X 10_15_7) AppleWebKit/537.36 (KHTML, like Gecko) Chrome/135.0.0.0 Safari/537.36"
92.204.54.123 - - [14/Nov/2025:10:52:42 -0500] "GET /product/silky-crystal-serum/?add-to-cart=1070&action=yith-woocompare-add-product&id=1073&_wpnonce=9ed3e76a5a HTTP/1.1" 200 544 "-" "Mozilla/5.0 (Windows NT 10.0; Win64; x64) AppleWebKit/537.36 (KHTML, like Gecko) Chrome/128.0.0.0 Safari/537.36 OPR/114.0.0."
92.204.54.123 - - [14/Nov/2025:10:52:44 -0500] "GET /product/silky-crystal-serum/?add-to-cart=1070&action=yith-woocompare-add-product&id=1125&_wpnonce=9ed3e76a5a HTTP/1.1" 200 544 "-" "Mozilla/5.0 (Windows NT 10.0; Win64; x64) AppleWebKit/537.36 (KHTML, like Gecko) Chrome/128.0.0.0 Safari/537.36 OPR/114.0.0."
92.204.54.123 - - [14/Nov/2025:10:52:46 -0500] "GET /product/silky-crystal-serum/?add-to-cart=1070&action=yith-woocompare-add-product&id=1099&_wpnonce=9ed3e76a5a HTTP/1.1" 200 544 "-" "Mozilla/5.0 (Windows NT 10.0; Win64; x64) AppleWebKit/537.36 (KHTML, like Gecko) Chrome/128.0.0.0 Safari/537.36 OPR/114.0.0."
92.204.54.123 - - [14/Nov/2025:10:52:48 -0500] "GET /product/silky-crystal-serum/?add-to-cart=1070&action=yith-woocompare-add-product&id=1075&_wpnonce=9ed3e76a5a HTTP/1.1" 200 544 "-" "Mozilla/5.0 (Windows NT 10.0; Win64; x64) AppleWebKit/537.36 (KHTML, like Gecko) Chrome/128.0.0.0 Safari/537.36 OPR/114.0.0."
92.204.54.123 - - [14/Nov/2025:10:52:50 -0500] "GET /product/silky-crystal-serum/?add-to-cart=1099&action=yith-woocompare-add-product&id=1070&_wpnonce=9ed3e76a5a HTTP/1.1" 200 544 "-" "Mozilla/5.0 (Windows NT 10.0; Win64; x64) AppleWebKit/537.36 (KHTML, like Gecko) Chrome/128.0.0.0 Safari/537.36 OPR/114.0.0."
45.8.25.53 - - [14/Nov/2025:10:52:51 -0500] "GET /bak HTTP/1.1" 200 544 "https://duckduckgo.com/" "Mozilla/5.0 (Windows NT 10.0; Win64; x64) AppleWebKit/537.36 (KHTML, like Gecko) Chrome/130.0.0.0 Safari/537.36"
92.204.54.123 - - [14/Nov/2025:10:52:52 -0500] "GET /product/silky-crystal-serum/?add-to-cart=1099&action=yith-woocompare-add-product&id=1075&_wpnonce=9ed3e76a5a HTTP/1.1" 200 544 "-" "Mozilla/5.0 (Windows NT 10.0; Win64; x64) AppleWebKit/537.36 (KHTML, like Gecko) Chrome/128.0.0.0 Safari/537.36 OPR/114.0.0."
92.204.54.123 - - [14/Nov/2025:10:52:54 -0500] "GET /product/silky-crystal-serum/?add-to-cart=1099&action=yith-woocompare-add-product&id=1127&_wpnonce=9ed3e76a5a HTTP/1.1" 200 544 "-" "Mozilla/5.0 (Windows NT 10.0; Win64; x64) AppleWebKit/537.36 (KHTML, like Gecko) Chrome/128.0.0.0 Safari/537.36 OPR/114.0.0."
92.204.54.123 - - [14/Nov/2025:10:52:56 -0500] "GET /product/silky-crystal-serum/?add-to-cart=1099&action=yith-woocompare-add-product&id=1103&_wpnonce=9ed3e76a5a HTTP/1.1" 200 544 "-" "Mozilla/5.0 (Windows NT 10.0; Win64; x64) AppleWebKit/537.36 (KHTML, like Gecko) Chrome/128.0.0.0 Safari/537.36 OPR/114.0.0."
92.204.54.123 - - [14/Nov/2025:10:52:58 -0500] "GET /product/silky-crystal-serum/?add-to-cart=1099&action=yith-woocompare-add-product&id=1002&_wpnonce=9ed3e76a5a HTTP/1.1" 200 544 "-" "Mozilla/5.0 (Windows NT 10.0; Win64; x64) AppleWebKit/537.36 (KHTML, like Gecko) Chrome/128.0.0.0 Safari/537.36 OPR/114.0.0."
92.204.54.123 - - [14/Nov/2025:10:53:00 -0500] "GET /product/silky-crystal-serum/?add-to-cart=1099&action=yith-woocompare-add-product&id=997&_wpnonce=9ed3e76a5a HTTP/1.1" 200 544 "-" "Mozilla/5.0 (Windows NT 10.0; Win64; x64) AppleWebKit/537.36 (KHTML, like Gecko) Chrome/128.0.0.0 Safari/537.36 OPR/114.0.0."
92.204.54.123 - - [14/Nov/2025:10:53:02 -0500] "GET /product/silky-crystal-serum/?add-to-cart=1080&action=yith-woocompare-add-product&id=1075&_wpnonce=9ed3e76a5a HTTP/1.1" 200 544 "-" "Mozilla/5.0 (Windows NT 10.0; Win64; x64) AppleWebKit/537.36 (KHTML, like Gecko) Chrome/128.0.0.0 Safari/537.36 OPR/114.0.0."
92.204.54.123 - - [14/Nov/2025:10:53:04 -0500] "GET /product/silky-crystal-serum/?add-to-cart=1080&action=yith-woocompare-add-product&id=1068&_wpnonce=9ed3e76a5a HTTP/1.1" 200 544 "-" "Mozilla/5.0 (Windows NT 10.0; Win64; x64) AppleWebKit/537.36 (KHTML, like Gecko) Chrome/128.0.0.0 Safari/537.36 OPR/114.0.0."
45.8.25.53 - - [14/Nov/2025:10:53:04 -0500] "GET /admin HTTP/1.1" 200 544 "https://www.bing.com/" "Mozilla/5.0 (Macintosh; Intel Mac OS X 10.15; rv:131.0) Gecko/20100101 Firefox/131.0"
92.204.54.123 - - [14/Nov/2025:10:53:06 -0500] "GET /product/silky-crystal-serum/?add-to-cart=1080&action=yith-woocompare-add-product&id=1125&_wpnonce=9ed3e76a5a HTTP/1.1" 200 544 "-" "Mozilla/5.0 (Windows NT 10.0; Win64; x64) AppleWebKit/537.36 (KHTML, like Gecko) Chrome/128.0.0.0 Safari/537.36 OPR/114.0.0."
92.204.54.123 - - [14/Nov/2025:10:53:08 -0500] "GET /product/silky-crystal-serum/?add-to-cart=1080&action=yith-woocompare-add-product&id=997&_wpnonce=9ed3e76a5a HTTP/1.1" 200 544 "-" "Mozilla/5.0 (Windows NT 10.0; Win64; x64) AppleWebKit/537.36 (KHTML, like Gecko) Chrome/128.0.0.0 Safari/537.36 OPR/114.0.0."
92.204.54.123 - - [14/Nov/2025:10:53:10 -0500] "GET /product/silky-crystal-serum/?add-to-cart=1080&action=yith-woocompare-add-product&id=989&_wpnonce=9ed3e76a5a HTTP/1.1" 200 544 "-" "Mozilla/5.0 (Windows NT 10.0; Win64; x64) AppleWebKit/537.36 (KHTML, like Gecko) Chrome/128.0.0.0 Safari/537.36 OPR/114.0.0."
92.204.54.123 - - [14/Nov/2025:10:53:12 -0500] "GET /product/silky-crystal-serum/?add-to-cart=1080&action=yith-woocompare-add-product&id=1091&_wpnonce=9ed3e76a5a HTTP/1.1" 200 544 "-" "Mozilla/5.0 (Windows NT 10.0; Win64; x64) AppleWebKit/537.36 (KHTML, like Gecko) Chrome/128.0.0.0 Safari/537.36 OPR/114.0.0."
92.204.54.123 - - [14/Nov/2025:10:53:14 -0500] "GET /product-tag/hair-serums/?_wpnonce=9ed3e76a5a&action=yith-woocompare-add-product&id=1004 HTTP/1.1" 200 544 "-" "Mozilla/5.0 (Windows NT 10.0; Win64; x64) AppleWebKit/537.36 (KHTML, like Gecko) Chrome/128.0.0.0 Safari/537.36 OPR/114.0.0."
45.8.25.53 - - [14/Nov/2025:10:53:15 -0500] "GET /administrator HTTP/1.1" 200 544 "https://duckduckgo.com/" "Mozilla/5.0 (Windows NT 10.0; Win64; x64) AppleWebKit/537.36 (KHTML, like Gecko) Chrome/130.0.0.0 Safari/537.36 Edg/130.0.0.0"
92.204.54.123 - - [14/Nov/2025:10:53:16 -0500] "GET /product-tag/hair-serums/?_wpnonce=a5b392c33b&add-to-cart=1004 HTTP/1.1" 200 544 "-" "Mozilla/5.0 (Windows NT 10.0; Win64; x64) AppleWebKit/537.36 (KHTML, like Gecko) Chrome/128.0.0.0 Safari/537.36 OPR/114.0.0."
92.204.54.123 - - [14/Nov/2025:10:53:20 -0500] "GET /product-tag/hair-serums/?_wpnonce=9ed3e76a5a&action=yith-woocompare-add-product&id=1077 HTTP/1.1" 200 544 "-" "Mozilla/5.0 (Windows NT 10.0; Win64; x64) AppleWebKit/537.36 (KHTML, like Gecko) Chrome/128.0.0.0 Safari/537.36 OPR/114.0.0."
92.204.54.123 - - [14/Nov/2025:10:53:22 -0500] "GET /product-tag/hair-serums/?_wpnonce=a5b392c33b&add-to-cart=1077 HTTP/1.1" 200 544 "-" "Mozilla/5.0 (Windows NT 10.0; Win64; x64) AppleWebKit/537.36 (KHTML, like Gecko) Chrome/128.0.0.0 Safari/537.36 OPR/114.0.0."
92.204.54.123 - - [14/Nov/2025:10:53:24 -0500] "GET /product/silky-color-care-shampoo/?_wpnonce=9ed3e76a5a&action=yith-woocompare-add-product&id=1004 HTTP/1.1" 200 544 "-" "Mozilla/5.0 (Windows NT 10.0; Win64; x64) AppleWebKit/537.36 (KHTML, like Gecko) Chrome/128.0.0.0 Safari/537.36 OPR/114.0.0."
92.204.54.123 - - [14/Nov/2025:10:53:26 -0500] "GET /product/silky-color-care-shampoo/?_wpnonce=a5b392c33b&add-to-cart=1004 HTTP/1.1" 200 544 "-" "Mozilla/5.0 (Windows NT 10.0; Win64; x64) AppleWebKit/537.36 (KHTML, like Gecko) Chrome/128.0.0.0 Safari/537.36 OPR/114.0.0."
45.8.25.53 - - [14/Nov/2025:10:53:27 -0500] "GET /manage HTTP/1.1" 200 544 "https://www.google.com/" "Mozilla/5.0 (Macintosh; Intel Mac OS X 10_15_7) AppleWebKit/605.1.15 (KHTML, like Gecko) Version/18.1 Safari/605.1.15"
92.204.54.123 - - [14/Nov/2025:10:53:28 -0500] "GET /product/silky-color-care-shampoo/?_wpnonce=9ed3e76a5a&action=yith-woocompare-add-product&id=1080 HTTP/1.1" 200 544 "-" "Mozilla/5.0 (Windows NT 10.0; Win64; x64) AppleWebKit/537.36 (KHTML, like Gecko) Chrome/128.0.0.0 Safari/537.36 OPR/114.0.0."
92.204.54.123 - - [14/Nov/2025:10:53:30 -0500] "GET /product/silky-color-care-shampoo/?_wpnonce=a5b392c33b&add-to-cart=1080 HTTP/1.1" 200 544 "-" "Mozilla/5.0 (Windows NT 10.0; Win64; x64) AppleWebKit/537.36 (KHTML, like Gecko) Chrome/128.0.0.0 Safari/537.36 OPR/114.0.0."
92.204.54.123 - - [14/Nov/2025:10:53:32 -0500] "GET /product/silky-color-care-shampoo/?_wpnonce=9ed3e76a5a&action=yith-woocompare-add-product&id=989 HTTP/1.1" 200 544 "-" "Mozilla/5.0 (Windows NT 10.0; Win64; x64) AppleWebKit/537.36 (KHTML, like Gecko) Chrome/128.0.0.0 Safari/537.36 OPR/114.0.0."
92.204.54.123 - - [14/Nov/2025:10:53:34 -0500] "GET /product/silky-color-care-shampoo/?_wpnonce=a5b392c33b&add-to-cart=989 HTTP/1.1" 200 544 "-" "Mozilla/5.0 (Windows NT 10.0; Win64; x64) AppleWebKit/537.36 (KHTML, like Gecko) Chrome/128.0.0.0 Safari/537.36 OPR/114.0.0."
92.204.54.123 - - [14/Nov/2025:10:53:36 -0500] "GET /product/silky-color-care-shampoo/?_wpnonce=9ed3e76a5a&action=yith-woocompare-add-product&id=997 HTTP/1.1" 200 544 "-" "Mozilla/5.0 (Windows NT 10.0; Win64; x64) AppleWebKit/537.36 (KHTML, like Gecko) Chrome/128.0.0.0 Safari/537.36 OPR/114.0.0."
92.204.54.123 - - [14/Nov/2025:10:53:38 -0500] "GET /product/silky-color-care-shampoo/?_wpnonce=a5b392c33b&add-to-cart=997 HTTP/1.1" 200 544 "-" "Mozilla/5.0 (Windows NT 10.0; Win64; x64) AppleWebKit/537.36 (KHTML, like Gecko) Chrome/128.0.0.0 Safari/537.36 OPR/114.0.0."
45.8.25.53 - - [14/Nov/2025:10:53:39 -0500] "GET /management HTTP/1.1" 200 544 "https://search.yahoo.com/" "Mozilla/5.0 (Macintosh; Intel Mac OS X 10_15_7) AppleWebKit/605.1.15 (KHTML, like Gecko) Version/18.1 Safari/605.1.15"
92.204.54.123 - - [14/Nov/2025:10:53:40 -0500] "GET /product/silky-color-care-shampoo/?_wpnonce=9ed3e76a5a&action=yith-woocompare-add-product&id=1103 HTTP/1.1" 200 544 "-" "Mozilla/5.0 (Windows NT 10.0; Win64; x64) AppleWebKit/537.36 (KHTML, like Gecko) Chrome/128.0.0.0 Safari/537.36 OPR/114.0.0."
92.204.54.123 - - [14/Nov/2025:10:53:42 -0500] "GET /product/silky-color-care-shampoo/?_wpnonce=a5b392c33b&add-to-cart=1103 HTTP/1.1" 200 544 "-" "Mozilla/5.0 (Windows NT 10.0; Win64; x64) AppleWebKit/537.36 (KHTML, like Gecko) Chrome/128.0.0.0 Safari/537.36 OPR/114.0.0."
92.204.54.123 - - [14/Nov/2025:10:53:44 -0500] "GET /product/silky-color-care-shampoo/?_wpnonce=9ed3e76a5a&action=yith-woocompare-add-product&id=1002 HTTP/1.1" 200 544 "-" "Mozilla/5.0 (Windows NT 10.0; Win64; x64) AppleWebKit/537.36 (KHTML, like Gecko) Chrome/128.0.0.0 Safari/537.36 OPR/114.0.0."
92.204.54.123 - - [14/Nov/2025:10:53:47 -0500] "GET /product/silky-color-care-shampoo/?_wpnonce=a5b392c33b&add-to-cart=1002 HTTP/1.1" 200 544 "-" "Mozilla/5.0 (Windows NT 10.0; Win64; x64) AppleWebKit/537.36 (KHTML, like Gecko) Chrome/128.0.0.0 Safari/537.36 OPR/114.0.0."
92.204.54.123 - - [14/Nov/2025:10:53:49 -0500] "GET /product/silky-color-care-shampoo/?add-to-cart=989&action=yith-woocompare-add-product&id=1070&_wpnonce=9ed3e76a5a HTTP/1.1" 200 544 "-" "Mozilla/5.0 (Windows NT 10.0; Win64; x64) AppleWebKit/537.36 (KHTML, like Gecko) Chrome/128.0.0.0 Safari/537.36 OPR/114.0.0."
92.204.54.123 - - [14/Nov/2025:10:53:51 -0500] "GET /product/silky-color-care-shampoo/?add-to-cart=989&action=yith-woocompare-add-product&id=1091&_wpnonce=9ed3e76a5a HTTP/1.1" 200 544 "-" "Mozilla/5.0 (Windows NT 10.0; Win64; x64) AppleWebKit/537.36 (KHTML, like Gecko) Chrome/128.0.0.0 Safari/537.36 OPR/114.0.0."
45.8.25.53 - - [14/Nov/2025:10:53:51 -0500] "GET /dashboard HTTP/1.1" 200 544 "https://www.bing.com/" "Mozilla/5.0 (Macintosh; Intel Mac OS X 10_15_7) AppleWebKit/537.36 (KHTML, like Gecko) Chrome/130.0.0.0 Safari/537.36"
92.204.54.123 - - [14/Nov/2025:10:53:53 -0500] "GET /product/silky-color-care-shampoo/?add-to-cart=989&action=yith-woocompare-add-product&id=1080&_wpnonce=9ed3e76a5a HTTP/1.1" 200 544 "-" "Mozilla/5.0 (Windows NT 10.0; Win64; x64) AppleWebKit/537.36 (KHTML, like Gecko) Chrome/128.0.0.0 Safari/537.36 OPR/114.0.0."
92.204.54.123 - - [14/Nov/2025:10:53:55 -0500] "GET /product/silky-color-care-shampoo/?add-to-cart=989&action=yith-woocompare-add-product&id=1002&_wpnonce=9ed3e76a5a HTTP/1.1" 200 544 "-" "Mozilla/5.0 (Windows NT 10.0; Win64; x64) AppleWebKit/537.36 (KHTML, like Gecko) Chrome/128.0.0.0 Safari/537.36 OPR/114.0.0."
92.204.54.123 - - [14/Nov/2025:10:53:57 -0500] "GET /product/silky-color-care-shampoo/?add-to-cart=989&action=yith-woocompare-add-product&id=989&_wpnonce=9ed3e76a5a HTTP/1.1" 200 544 "-" "Mozilla/5.0 (Windows NT 10.0; Win64; x64) AppleWebKit/537.36 (KHTML, like Gecko) Chrome/128.0.0.0 Safari/537.36 OPR/114.0.0."
92.204.54.123 - - [14/Nov/2025:10:53:59 -0500] "GET /product/silky-color-care-shampoo/?add-to-cart=989&action=yith-woocompare-add-product&id=1125&_wpnonce=9ed3e76a5a HTTP/1.1" 200 544 "-" "Mozilla/5.0 (Windows NT 10.0; Win64; x64) AppleWebKit/537.36 (KHTML, like Gecko) Chrome/128.0.0.0 Safari/537.36 OPR/114.0.0."
92.204.54.123 - - [14/Nov/2025:10:54:01 -0500] "GET /product/silky-color-care-shampoo/?add-to-cart=1127&action=yith-woocompare-add-product&id=1070&_wpnonce=9ed3e76a5a HTTP/1.1" 200 544 "-" "Mozilla/5.0 (Windows NT 10.0; Win64; x64) AppleWebKit/537.36 (KHTML, like Gecko) Chrome/128.0.0.0 Safari/537.36 OPR/114.0.0."
92.204.54.123 - - [14/Nov/2025:10:54:03 -0500] "GET /product/silky-color-care-shampoo/?add-to-cart=1127&action=yith-woocompare-add-product&id=1127&_wpnonce=9ed3e76a5a HTTP/1.1" 200 544 "-" "Mozilla/5.0 (Windows NT 10.0; Win64; x64) AppleWebKit/537.36 (KHTML, like Gecko) Chrome/128.0.0.0 Safari/537.36 OPR/114.0.0."
92.204.54.123 - - [14/Nov/2025:10:54:05 -0500] "GET /product/silky-color-care-shampoo/?add-to-cart=1127&action=yith-woocompare-add-product&id=1125&_wpnonce=9ed3e76a5a HTTP/1.1" 200 544 "-" "Mozilla/5.0 (Windows NT 10.0; Win64; x64) AppleWebKit/537.36 (KHTML, like Gecko) Chrome/128.0.0.0 Safari/537.36 OPR/114.0.0."
45.8.25.53 - - [14/Nov/2025:10:54:05 -0500] "GET /control HTTP/1.1" 200 544 "https://search.yahoo.com/" "Mozilla/5.0 (Windows NT 10.0; Win64; x64) AppleWebKit/537.36 (KHTML, like Gecko) Chrome/130.0.0.0 Safari/537.36 Edg/130.0.0.0"
