92.204.54.123 - - [14/Nov/2025:10:54:07 -0500] "GET /product/silky-color-care-shampoo/?add-to-cart=1127&action=yith-woocompare-add-product&id=993&_wpnonce=9ed3e76a5a HTTP/1.1" 200 544 "-" "Mozilla/5.0 (Windows NT 10.0; Win64; x64) AppleWebKit/537.36 (KHTML, like Gecko) Chrome/128.0.0.0 Safari/537.36 OPR/114.0.0."
92.204.54.123 - - [14/Nov/2025:10:54:09 -0500] "GET /product/silky-color-care-shampoo/?add-to-cart=1127&action=yith-woocompare-add-product&id=1073&_wpnonce=9ed3e76a5a HTTP/1.1" 200 544 "-" "Mozilla/5.0 (Windows NT 10.0; Win64; x64) AppleWebKit/537.36 (KHTML, like Gecko) Chrome/128.0.0.0 Safari/537.36 OPR/114.0.0."
92.204.54.123 - - [14/Nov/2025:10:54:11 -0500] "GET /product/silky-color-care-shampoo/?add-to-cart=1127&action=yith-woocompare-add-product&id=1075&_wpnonce=9ed3e76a5a HTTP/1.1" 200 544 "-" "Mozilla/5.0 (Windows NT 10.0; Win64; x64) AppleWebKit/537.36 (KHTML, like Gecko) Chrome/128.0.0.0 Safari/537.36 OPR/114.0.0."
92.204.54.123 - - [14/Nov/2025:10:54:13 -0500] "GET /product/silky-color-care-shampoo/?add-to-cart=1004&action=yith-woocompare-add-product&id=1080&_wpnonce=9ed3e76a5a HTTP/1.1" 200 544 "-" "Mozilla/5.0 (Windows NT 10.0; Win64; x64) AppleWebKit/537.36 (KHTML, like Gecko) Chrome/128.0.0.0 Safari/537.36 OPR/114.0.0."
92.204.54.123 - - [14/Nov/2025:10:54:15 -0500] "GET /product/silky-color-care-shampoo/?add-to-cart=1004&action=yith-woocompare-add-product&id=1075&_wpnonce=9ed3e76a5a HTTP/1.1" 200 544 "-" "Mozilla/5.0 (Windows NT 10.0; Win64; x64) AppleWebKit/537.36 (KHTML, like Gecko) Chrome/128.0.0.0 Safari/537.36 OPR/114.0.0."
92.204.54.123 - - [14/Nov/2025:10:54:17 -0500] "GET /product/silky-color-care-shampoo/?add-to-cart=1004&action=yith-woocompare-add-product&id=997&_wpnonce=9ed3e76a5a HTTP/1.1" 200 544 "-" "Mozilla/5.0 (Windows NT 10.0; Win64; x64) AppleWebKit/537.36 (KHTML, like Gecko) Chrome/128.0.0.0 Safari/537.36 OPR/114.0.0."
45.8.25.53 - - [14/Nov/2025:10:54:18 -0500] "GET /phpmyadmin HTTP/1.1" 200 544 "https://www.google.com/" "Mozilla/5.0 (Macintosh; Intel Mac OS X 10_15_7) AppleWebKit/605.1.15 (KHTML, like Gecko) Version/18.1 Safari/605.1.15"
92.204.54.123 - - [14/Nov/2025:10:54:19 -0500] "GET /product/silky-color-care-shampoo/?add-to-cart=1004&action=yith-woocompare-add-product&id=1103&_wpnonce=9ed3e76a5a HTTP/1.1" 200 544 "-" "Mozilla/5.0 (Windows NT 10.0; Win64; x64) AppleWebKit/537.36 (KHTML, like Gecko) Chrome/128.0.0.0 Safari/537.36 OPR/114.0.0."
92.204.54.123 - - [14/Nov/2025:10:54:21 -0500] "GET /product/silky-color-care-shampoo/?add-to-cart=1004&action=yith-woocompare-add-product&id=1002&_wpnonce=9ed3e76a5a HTTP/1.1" 200 544 "-" "Mozilla/5.0 (Windows NT 10.0; Win64; x64) AppleWebKit/537.36 (KHTML, like Gecko) Chrome/128.0.0.0 Safari/537.36 OPR/114.0.0."
92.204.54.123 - - [14/Nov/2025:10:54:23 -0500] "GET /product/silky-color-care-shampoo/?add-to-cart=1004&action=yith-woocompare-add-product&id=1091&_wpnonce=9ed3e76a5a HTTP/1.1" 200 544 "-" "Mozilla/5.0 (Windows NT 10.0; Win64; x64) AppleWebKit/537.36 (KHTML, like Gecko) Chrome/128.0.0.0 Safari/537.36 OPR/114.0.0."
92.204.54.123 - - [14/Nov/2025:10:54:25 -0500] "GET /product/silky-color-care-shampoo/?add-to-cart=1099&action=yith-woocompare-add-product&id=1127&_wpnonce=9ed3e76a5a HTTP/1.1" 200 544 "-" "Mozilla/5.0 (Windows NT 10.0; Win64; x64) AppleWebKit/537.36 (KHTML, like Gecko) Chrome/128.0.0.0 Safari/537.36 OPR/114.0.0."
92.204.54.123 - - [14/Nov/2025:10:54:27 -0500] "GET /product/silky-color-care-shampoo/?add-to-cart=1099&action=yith-woocompare-add-product&id=1075&_wpnonce=9ed3e76a5a HTTP/1.1" 200 544 "-" "Mozilla/5.0 (Windows NT 10.0; Win64; x64) AppleWebKit/537.36 (KHTML, like Gecko) Chrome/128.0.0.0 Safari/537.36 OPR/114.0.0."
92.204.54.123 - - [14/Nov/2025:10:54:29 -0500] "GET /product/silky-color-care-shampoo/?add-to-cart=1099&action=yith-woocompare-add-product&id=1002&_wpnonce=9ed3e76a5a HTTP/1.1" 200 544 "-" "Mozilla/5.0 (Windows NT 10.0; Win64; x64) AppleWebKit/537.36 (KHTML, like Gecko) Chrome/128.0.0.0 Safari/537.36 OPR/114.0.0."
92.204.54.123 - - [14/Nov/2025:10:54:31 -0500] "GET /product/silky-color-care-shampoo/?add-to-cart=1099&action=yith-woocompare-add-product&id=1125&_wpnonce=9ed3e76a5a HTTP/1.1" 200 544 "-" "Mozilla/5.0 (Windows NT 10.0; Win64; x64) AppleWebKit/537.36 (KHTML, like Gecko) Chrome/128.0.0.0 Safari/537.36 OPR/114.0.0."
92.204.54.123 - - [14/Nov/2025:10:54:33 -0500] "GET /product/silky-color-care-shampoo/?add-to-cart=1099&action=yith-woocompare-add-product&id=1103&_wpnonce=9ed3e76a5a HTTP/1.1" 200 544 "-" "Mozilla/5.0 (Windows NT 10.0; Win64; x64) AppleWebKit/537.36 (KHTML, like Gecko) Chrome/128.0.0.0 Safari/537.36 OPR/114.0.0."
92.204.54.123 - - [14/Nov/2025:10:54:36 -0500] "GET /product/silky-color-care-shampoo/?add-to-cart=1099&action=yith-woocompare-add-product&id=1091&_wpnonce=9ed3e76a5a HTTP/1.1" 200 544 "-" "Mozilla/5.0 (Windows NT 10.0; Win64; x64) AppleWebKit/537.36 (KHTML, like Gecko) Chrome/128.0.0.0 Safari/537.36 OPR/114.0.0."
92.204.54.123 - - [14/Nov/2025:10:54:38 -0500] "GET /product/silky-color-care-shampoo/?add-to-cart=993& HTTP/1.1" 200 544 "-" "Mozilla/5.0 (Windows NT 10.0; Win64; x64) AppleWebKit/537.36 (KHTML, like Gecko) Chrome/128.0.0.0 Safari/537.36 OPR/114.0.0."
92.204.54.123 - - [14/Nov/2025:10:54:40 -0500] "GET /product/silky-color-care-shampoo/?add-to-cart=1002&action=yith-woocompare-add-product&id=993&_wpnonce=9ed3e76a5a HTTP/1.1" 200 544 "-" "Mozilla/5.0 (Windows NT 10.0; Win64; x64) AppleWebKit/537.36 (KHTML, like Gecko) Chrome/128.0.0.0 Safari/537.36 OPR/114.0.0."
92.204.54.123 - - [14/Nov/2025:10:54:42 -0500] "GET /product/silky-color-care-shampoo/?add-to-cart=1002&action=yith-woocompare-add-product&id=1070&_wpnonce=9ed3e76a5a HTTP/1.1" 200 544 "-" "Mozilla/5.0 (Windows NT 10.0; Win64; x64) AppleWebKit/537.36 (KHTML, like Gecko) Chrome/128.0.0.0 Safari/537.36 OPR/114.0.0."
92.204.54.123 - - [14/Nov/2025:10:54:44 -0500] "GET /product/silky-color-care-shampoo/?add-to-cart=1002&action=yith-woocompare-add-product&id=1073&_wpnonce=9ed3e76a5a HTTP/1.1" 200 544 "-" "Mozilla/5.0 (Windows NT 10.0; Win64; x64) AppleWebKit/537.36 (KHTML, like Gecko) Chrome/128.0.0.0 Safari/537.36 OPR/114.0.0."
92.204.54.123 - - [14/Nov/2025:10:54:46 -0500] "GET /product/silky-color-care-shampoo/?add-to-cart=1002&action=yith-woocompare-add-product&id=1125&_wpnonce=9ed3e76a5a HTTP/1.1" 200 544 "-" "Mozilla/5.0 (Windows NT 10.0; Win64; x64) AppleWebKit/537.36 (KHTML, like Gecko) Chrome/128.0.0.0 Safari/537.36 OPR/114.0.0."
92.204.54.123 - - [14/Nov/2025:10:54:48 -0500] "GET /product/silky-color-care-shampoo/?add-to-cart=1002&action=yith-woocompare-add-product&id=1002&_wpnonce=9ed3e76a5a HTTP/1.1" 200 544 "-" "Mozilla/5.0 (Windows NT 10.0; Win64; x64) AppleWebKit/537.36 (KHTML, like Gecko) Chrome/128.0.0.0 Safari/537.36 OPR/114.0.0."
92.204.54.123 - - [14/Nov/2025:10:54:50 -0500] "GET /product/silky-color-care-shampoo/?add-to-cart=1002&action=yith-woocompare-add-product&id=997&_wpnonce=9ed3e76a5a HTTP/1.1" 200 544 "-" "Mozilla/5.0 (Windows NT 10.0; Win64; x64) AppleWebKit/537.36 (KHTML, like Gecko) Chrome/128.0.0.0 Safari/537.36 OPR/114.0.0."
92.204.54.123 - - [14/Nov/2025:10:54:52 -0500] "GET /product/silky-color-care-shampoo/?add-to-cart=1080&action=yith-woocompare-add-product&id=1099&_wpnonce=9ed3e76a5a HTTP/1.1" 200 544 "-" "Mozilla/5.0 (Windows NT 10.0; Win64; x64) AppleWebKit/537.36 (KHTML, like Gecko) Chrome/128.0.0.0 Safari/537.36 OPR/114.0.0."
92.204.54.123 - - [14/Nov/2025:10:54:54 -0500] "GET /product/silky-color-care-shampoo/?add-to-cart=1080&action=yith-woocompare-add-product&id=1073&_wpnonce=9ed3e76a5a HTTP/1.1" 200 544 "-" "Mozilla/5.0 (Windows NT 10.0; Win64; x64) AppleWebKit/537.36 (KHTML, like Gecko) Chrome/128.0.0.0 Safari/537.36 OPR/114.0.0."
92.204.54.123 - - [14/Nov/2025:10:54:56 -0500] "GET /product/silky-color-care-shampoo/?add-to-cart=1080&action=yith-woocompare-add-product&id=1077&_wpnonce=9ed3e76a5a HTTP/1.1" 200 544 "-" "Mozilla/5.0 (Windows NT 10.0; Win64; x64) AppleWebKit/537.36 (KHTML, like Gecko) Chrome/128.0.0.0 Safari/537.36 OPR/114.0.0."
92.204.54.123 - - [14/Nov/2025:10:54:58 -0500] "GET /product/silky-color-care-shampoo/?add-to-cart=1080&action=yith-woocompare-add-product&id=997&_wpnonce=9ed3e76a5a HTTP/1.1" 200 544 "-" "Mozilla/5.0 (Windows NT 10.0; Win64; x64) AppleWebKit/537.36 (KHTML, like Gecko) Chrome/128.0.0.0 Safari/537.36 OPR/114.0.0."
92.204.54.123 - - [14/Nov/2025:10:55:00 -0500] "GET /product/silky-color-care-shampoo/?add-to-cart=1080&action=yith-woocompare-add-product&id=1091&_wpnonce=9ed3e76a5a HTTP/1.1" 200 544 "-" "Mozilla/5.0 (Windows NT 10.0; Win64; x64) AppleWebKit/537.36 (KHTML, like Gecko) Chrome/128.0.0.0 Safari/537.36 OPR/114.0.0."
92.204.54.123 - - [14/Nov/2025:10:55:02 -0500] "GET /product/silky-color-care-shampoo/?add-to-cart=1080&action=yith-woocompare-add-product&id=1004&_wpnonce=9ed3e76a5a HTTP/1.1" 200 544 "-" "Mozilla/5.0 (Windows NT 10.0; Win64; x64) AppleWebKit/537.36 (KHTML, like Gecko) Chrome/128.0.0.0 Safari/537.36 OPR/114.0.0."
92.204.54.123 - - [14/Nov/2025:10:55:04 -0500] "GET /product/silky-color-care-shampoo/?add-to-cart=1103&action=yith-woocompare-add-product&id=1127&_wpnonce=9ed3e76a5a HTTP/1.1" 200 544 "-" "Mozilla/5.0 (Windows NT 10.0; Win64; x64) AppleWebKit/537.36 (KHTML, like Gecko) Chrome/128.0.0.0 Safari/537.36 OPR/114.0.0."
92.204.54.123 - - [14/Nov/2025:10:55:06 -0500] "GET /product/silky-color-care-shampoo/?add-to-cart=1103&action=yith-woocompare-add-product&id=1004&_wpnonce=9ed3e76a5a HTTP/1.1" 200 544 "-" "Mozilla/5.0 (Windows NT 10.0; Win64; x64) AppleWebKit/537.36 (KHTML, like Gecko) Chrome/128.0.0.0 Safari/537.36 OPR/114.0.0."
92.204.54.123 - - [14/Nov/2025:10:55:08 -0500] "GET /product/silky-color-care-shampoo/?add-to-cart=1103&action=yith-woocompare-add-product&id=993&_wpnonce=9ed3e76a5a HTTP/1.1" 200 544 "-" "Mozilla/5.0 (Windows NT 10.0; Win64; x64) AppleWebKit/537.36 (KHTML, like Gecko) Chrome/128.0.0.0 Safari/537.36 OPR/114.0.0."
92.204.54.123 - - [14/Nov/2025:10:55:10 -0500] "GET /product/silky-color-care-shampoo/?add-to-cart=1103&action=yith-woocompare-add-product&id=1091&_wpnonce=9ed3e76a5a HTTP/1.1" 200 544 "-" "Mozilla/5.0 (Windows NT 10.0; Win64; x64) AppleWebKit/537.36 (KHTML, like Gecko) Chrome/128.0.0.0 Safari/537.36 OPR/114.0.0."
92.204.54.123 - - [14/Nov/2025:10:55:12 -0500] "GET /product/silky-color-care-shampoo/?add-to-cart=1103&action=yith-woocompare-add-product&id=989&_wpnonce=9ed3e76a5a HTTP/1.1" 200 544 "-" "Mozilla/5.0 (Windows NT 10.0; Win64; x64) AppleWebKit/537.36 (KHTML, like Gecko) Chrome/128.0.0.0 Safari/537.36 OPR/114.0.0."
92.204.54.123 - - [14/Nov/2025:10:55:14 -0500] "GET /product/silky-color-care-shampoo/?add-to-cart=1103&action=yith-woocompare-add-product&id=1099&_wpnonce=9ed3e76a5a HTTP/1.1" 200 544 "-" "Mozilla/5.0 (Windows NT 10.0; Win64; x64) AppleWebKit/537.36 (KHTML, like Gecko) Chrome/128.0.0.0 Safari/537.36 OPR/114.0.0."
92.204.54.123 - - [14/Nov/2025:10:55:16 -0500] "GET /product/silky-color-care-shampoo/?add-to-cart=997&action=yith-woocompare-add-product&id=1070&_wpnonce=9ed3e76a5a HTTP/1.1" 200 544 "-" "Mozilla/5.0 (Windows NT 10.0; Win64; x64) AppleWebKit/537.36 (KHTML, like Gecko) Chrome/128.0.0.0 Safari/537.36 OPR/114.0.0."
92.204.54.123 - - [14/Nov/2025:10:55:18 -0500] "GET /product/silky-color-care-shampoo/?add-to-cart=997&action=yith-woocompare-add-product&id=989&_wpnonce=9ed3e76a5a HTTP/1.1" 200 544 "-" "Mozilla/5.0 (Windows NT 10.0; Win64; x64) AppleWebKit/537.36 (KHTML, like Gecko) Chrome/128.0.0.0 Safari/537.36 OPR/114.0.0."
92.204.54.123 - - [14/Nov/2025:10:55:20 -0500] "GET /product/silky-color-care-shampoo/?add-to-cart=997&action=yith-woocompare-add-product&id=1075&_wpnonce=9ed3e76a5a HTTP/1.1" 200 544 "-" "Mozilla/5.0 (Windows NT 10.0; Win64; x64) AppleWebKit/537.36 (KHTML, like Gecko) Chrome/128.0.0.0 Safari/537.36 OPR/114.0.0."
66.249.72.69 - - [14/Nov/2025:10:55:22 -0500] "GET /product-category/hair-care/hair-gel/ HTTP/1.1" 200 494 "-" "Mozilla/5.0 (Linux; Android 6.0.1; Nexus 5X Build/MMB29P) AppleWebKit/537.36 (KHTML, like Gecko) Chrome/141.0.7390.122 Mobile Safari/537.36 (compatible; Googlebot/2.1; +http://www.google.com/bot.html)"
92.204.54.123 - - [14/Nov/2025:10:55:22 -0500] "GET /product/silky-color-care-shampoo/?add-to-cart=997&action=yith-woocompare-add-product&id=1080&_wpnonce=9ed3e76a5a HTTP/1.1" 200 544 "-" "Mozilla/5.0 (Windows NT 10.0; Win64; x64) AppleWebKit/537.36 (KHTML, like Gecko) Chrome/128.0.0.0 Safari/537.36 OPR/114.0.0."
92.204.54.123 - - [14/Nov/2025:10:55:24 -0500] "GET /product/silky-color-care-shampoo/?add-to-cart=997&action=yith-woocompare-add-product&id=1091&_wpnonce=9ed3e76a5a HTTP/1.1" 200 544 "-" "Mozilla/5.0 (Windows NT 10.0; Win64; x64) AppleWebKit/537.36 (KHTML, like Gecko) Chrome/128.0.0.0 Safari/537.36 OPR/114.0.0."
92.204.54.123 - - [14/Nov/2025:10:55:26 -0500] "GET /product/silky-color-care-shampoo/?add-to-cart=997&action=yith-woocompare-add-product&id=1077&_wpnonce=9ed3e76a5a HTTP/1.1" 200 544 "-" "Mozilla/5.0 (Windows NT 10.0; Win64; x64) AppleWebKit/537.36 (KHTML, like Gecko) Chrome/128.0.0.0 Safari/537.36 OPR/114.0.0."
92.204.54.123 - - [14/Nov/2025:10:55:28 -0500] "GET /product/silky-color-care-shampoo/?add-to-cart=1073&action=yith-woocompare-add-product&id=1002&_wpnonce=9ed3e76a5a HTTP/1.1" 200 544 "-" "Mozilla/5.0 (Windows NT 10.0; Win64; x64) AppleWebKit/537.36 (KHTML, like Gecko) Chrome/128.0.0.0 Safari/537.36 OPR/114.0.0."
92.204.54.123 - - [14/Nov/2025:10:55:32 -0500] "GET /product/silky-color-care-shampoo/?add-to-cart=1073&action=yith-woocompare-add-product&id=1070&_wpnonce=9ed3e76a5a HTTP/1.1" 200 544 "-" "Mozilla/5.0 (Windows NT 10.0; Win64; x64) AppleWebKit/537.36 (KHTML, like Gecko) Chrome/128.0.0.0 Safari/537.36 OPR/114.0.0."
92.204.54.123 - - [14/Nov/2025:10:55:34 -0500] "GET /product/silky-color-care-shampoo/?add-to-cart=1073&action=yith-woocompare-add-product&id=1080&_wpnonce=9ed3e76a5a HTTP/1.1" 200 544 "-" "Mozilla/5.0 (Windows NT 10.0; Win64; x64) AppleWebKit/537.36 (KHTML, like Gecko) Chrome/128.0.0.0 Safari/537.36 OPR/114.0.0."
92.204.54.123 - - [14/Nov/2025:10:55:36 -0500] "GET /product/silky-color-care-shampoo/?add-to-cart=1073&action=yith-woocompare-add-product&id=993&_wpnonce=9ed3e76a5a HTTP/1.1" 200 544 "-" "Mozilla/5.0 (Windows NT 10.0; Win64; x64) AppleWebKit/537.36 (KHTML, like Gecko) Chrome/128.0.0.0 Safari/537.36 OPR/114.0.0."
92.204.54.123 - - [14/Nov/2025:10:55:38 -0500] "GET /product/silky-color-care-shampoo/?add-to-cart=1073&action=yith-woocompare-add-product&id=1127&_wpnonce=9ed3e76a5a HTTP/1.1" 200 544 "-" "Mozilla/5.0 (Windows NT 10.0; Win64; x64) AppleWebKit/537.36 (KHTML, like Gecko) Chrome/128.0.0.0 Safari/537.36 OPR/114.0.0."
92.204.54.123 - - [14/Nov/2025:10:55:40 -0500] "GET /product/silky-color-care-shampoo/?add-to-cart=1073&action=yith-woocompare-add-product&id=997&_wpnonce=9ed3e76a5a HTTP/1.1" 200 544 "-" "Mozilla/5.0 (Windows NT 10.0; Win64; x64) AppleWebKit/537.36 (KHTML, like Gecko) Chrome/128.0.0.0 Safari/537.36 OPR/114.0.0."
92.204.54.123 - - [14/Nov/2025:10:55:42 -0500] "GET /product/silky-color-care-shampoo/?add-to-cart=1070& HTTP/1.1" 200 544 "-" "Mozilla/5.0 (Windows NT 10.0; Win64; x64) AppleWebKit/537.36 (KHTML, like Gecko) Chrome/128.0.0.0 Safari/537.36 OPR/114.0.0."
92.204.54.123 - - [14/Nov/2025:10:55:44 -0500] "GET /product/silky-color-care-conditioner/?_wpnonce=9ed3e76a5a&action=yith-woocompare-add-product&id=989 HTTP/1.1" 200 544 "-" "Mozilla/5.0 (Windows NT 10.0; Win64; x64) AppleWebKit/537.36 (KHTML, like Gecko) Chrome/128.0.0.0 Safari/537.36 OPR/114.0.0."
92.204.54.123 - - [14/Nov/2025:10:55:46 -0500] "GET /product/silky-color-care-conditioner/?_wpnonce=a5b392c33b&add-to-cart=989 HTTP/1.1" 200 544 "-" "Mozilla/5.0 (Windows NT 10.0; Win64; x64) AppleWebKit/537.36 (KHTML, like Gecko) Chrome/128.0.0.0 Safari/537.36 OPR/114.0.0."
92.204.54.123 - - [14/Nov/2025:10:55:48 -0500] "GET /product/silky-color-care-conditioner/?_wpnonce=9ed3e76a5a&action=yith-woocompare-add-product&id=1004 HTTP/1.1" 200 544 "-" "Mozilla/5.0 (Windows NT 10.0; Win64; x64) AppleWebKit/537.36 (KHTML, like Gecko) Chrome/128.0.0.0 Safari/537.36 OPR/114.0.0."
92.204.54.123 - - [14/Nov/2025:10:55:50 -0500] "GET /product/silky-color-care-conditioner/?_wpnonce=a5b392c33b&add-to-cart=1004 HTTP/1.1" 200 544 "-" "Mozilla/5.0 (Windows NT 10.0; Win64; x64) AppleWebKit/537.36 (KHTML, like Gecko) Chrome/128.0.0.0 Safari/537.36 OPR/114.0.0."
92.204.54.123 - - [14/Nov/2025:10:55:52 -0500] "GET /product/silky-color-care-conditioner/?_wpnonce=9ed3e76a5a&action=yith-woocompare-add-product&id=1073 HTTP/1.1" 200 544 "-" "Mozilla/5.0 (Windows NT 10.0; Win64; x64) AppleWebKit/537.36 (KHTML, like Gecko) Chrome/128.0.0.0 Safari/537.36 OPR/114.0.0."
92.204.54.123 - - [14/Nov/2025:10:55:54 -0500] "GET /product/silky-color-care-conditioner/?_wpnonce=a5b392c33b&add-to-cart=1073 HTTP/1.1" 200 544 "-" "Mozilla/5.0 (Windows NT 10.0; Win64; x64) AppleWebKit/537.36 (KHTML, like Gecko) Chrome/128.0.0.0 Safari/537.36 OPR/114.0.0."
92.204.54.123 - - [14/Nov/2025:10:55:56 -0500] "GET /product/silky-color-care-conditioner/?_wpnonce=9ed3e76a5a&action=yith-woocompare-add-product&id=1127 HTTP/1.1" 200 544 "-" "Mozilla/5.0 (Windows NT 10.0; Win64; x64) AppleWebKit/537.36 (KHTML, like Gecko) Chrome/128.0.0.0 Safari/537.36 OPR/114.0.0."
92.204.54.123 - - [14/Nov/2025:10:55:58 -0500] "GET /product/silky-color-care-conditioner/?_wpnonce=a5b392c33b&add-to-cart=1127 HTTP/1.1" 200 544 "-" "Mozilla/5.0 (Windows NT 10.0; Win64; x64) AppleWebKit/537.36 (KHTML, like Gecko) Chrome/128.0.0.0 Safari/537.36 OPR/114.0.0."
92.204.54.123 - - [14/Nov/2025:10:56:00 -0500] "GET /product/silky-color-care-conditioner/?_wpnonce=9ed3e76a5a&action=yith-woocompare-add-product&id=993 HTTP/1.1" 200 544 "-" "Mozilla/5.0 (Windows NT 10.0; Win64; x64) AppleWebKit/537.36 (KHTML, like Gecko) Chrome/128.0.0.0 Safari/537.36 OPR/114.0.0."
92.204.54.123 - - [14/Nov/2025:10:56:02 -0500] "GET /product/silky-color-care-conditioner/?_wpnonce=a5b392c33b&add-to-cart=993 HTTP/1.1" 200 544 "-" "Mozilla/5.0 (Windows NT 10.0; Win64; x64) AppleWebKit/537.36 (KHTML, like Gecko) Chrome/128.0.0.0 Safari/537.36 OPR/114.0.0."
45.8.25.5 - - [14/Nov/2025:10:56:03 -0500] "GET /monitoring HTTP/1.1" 200 544 "https://search.yahoo.com/" "Mozilla/5.0 (Windows NT 10.0; Win64; x64) AppleWebKit/537.36 (KHTML, like Gecko) Chrome/129.0.0.0 Safari/537.36"
92.204.54.123 - - [14/Nov/2025:10:56:04 -0500] "GET /product/silky-color-care-conditioner/?_wpnonce=9ed3e76a5a&action=yith-woocompare-add-product&id=1075 HTTP/1.1" 200 544 "-" "Mozilla/5.0 (Windows NT 10.0; Win64; x64) AppleWebKit/537.36 (KHTML, like Gecko) Chrome/128.0.0.0 Safari/537.36 OPR/114.0.0."
92.204.54.123 - - [14/Nov/2025:10:56:06 -0500] "GET /product/silky-color-care-conditioner/?_wpnonce=a5b392c33b&add-to-cart=1075 HTTP/1.1" 200 544 "-" "Mozilla/5.0 (Windows NT 10.0; Win64; x64) AppleWebKit/537.36 (KHTML, like Gecko) Chrome/128.0.0.0 Safari/537.36 OPR/114.0.0."
92.204.54.123 - - [14/Nov/2025:10:56:08 -0500] "GET /product/silky-color-care-conditioner/?add-to-cart=1127& HTTP/1.1" 200 544 "-" "Mozilla/5.0 (Windows NT 10.0; Win64; x64) AppleWebKit/537.36 (KHTML, like Gecko) Chrome/128.0.0.0 Safari/537.36 OPR/114.0.0."
92.204.54.123 - - [14/Nov/2025:10:56:10 -0500] "GET /product/silky-color-care-conditioner/?add-to-cart=1125&action=yith-woocompare-add-product&id=1073&_wpnonce=9ed3e76a5a HTTP/1.1" 200 544 "-" "Mozilla/5.0 (Windows NT 10.0; Win64; x64) AppleWebKit/537.36 (KHTML, like Gecko) Chrome/128.0.0.0 Safari/537.36 OPR/114.0.0."
92.204.54.123 - - [14/Nov/2025:10:56:12 -0500] "GET /product/silky-color-care-conditioner/?add-to-cart=1125&action=yith-woocompare-add-product&id=1091&_wpnonce=9ed3e76a5a HTTP/1.1" 200 544 "-" "Mozilla/5.0 (Windows NT 10.0; Win64; x64) AppleWebKit/537.36 (KHTML, like Gecko) Chrome/128.0.0.0 Safari/537.36 OPR/114.0.0."
92.204.54.123 - - [14/Nov/2025:10:56:14 -0500] "GET /product/silky-color-care-conditioner/?add-to-cart=1125&action=yith-woocompare-add-product&id=1077&_wpnonce=9ed3e76a5a HTTP/1.1" 200 544 "-" "Mozilla/5.0 (Windows NT 10.0; Win64; x64) AppleWebKit/537.36 (KHTML, like Gecko) Chrome/128.0.0.0 Safari/537.36 OPR/114.0.0."
45.8.25.5 - - [14/Nov/2025:10:56:14 -0500] "GET /analytics HTTP/1.1" 200 544 "https://search.yahoo.com/" "Mozilla/5.0 (Windows NT 10.0; Win64; x64) AppleWebKit/537.36 (KHTML, like Gecko) Chrome/130.0.0.0 Safari/537.36 Edg/130.0.0.0"
92.204.54.123 - - [14/Nov/2025:10:56:16 -0500] "GET /product/silky-color-care-conditioner/?add-to-cart=1125&action=yith-woocompare-add-product&id=1127&_wpnonce=9ed3e76a5a HTTP/1.1" 200 544 "-" "Mozilla/5.0 (Windows NT 10.0; Win64; x64) AppleWebKit/537.36 (KHTML, like Gecko) Chrome/128.0.0.0 Safari/537.36 OPR/114.0.0."
92.204.54.123 - - [14/Nov/2025:10:56:18 -0500] "GET /product/silky-color-care-conditioner/?add-to-cart=1125&action=yith-woocompare-add-product&id=1068&_wpnonce=9ed3e76a5a HTTP/1.1" 200 544 "-" "Mozilla/5.0 (Windows NT 10.0; Win64; x64) AppleWebKit/537.36 (KHTML, like Gecko) Chrome/128.0.0.0 Safari/537.36 OPR/114.0.0."
92.204.54.123 - - [14/Nov/2025:10:56:20 -0500] "GET /product/silky-color-care-conditioner/?add-to-cart=1125&action=yith-woocompare-add-product&id=1004&_wpnonce=9ed3e76a5a HTTP/1.1" 200 544 "-" "Mozilla/5.0 (Windows NT 10.0; Win64; x64) AppleWebKit/537.36 (KHTML, like Gecko) Chrome/128.0.0.0 Safari/537.36 OPR/114.0.0."
92.204.54.123 - - [14/Nov/2025:10:56:22 -0500] "GET /product/silky-color-care-conditioner/?add-to-cart=1004&action=yith-woocompare-add-product&id=1068&_wpnonce=9ed3e76a5a HTTP/1.1" 200 544 "-" "Mozilla/5.0 (Windows NT 10.0; Win64; x64) AppleWebKit/537.36 (KHTML, like Gecko) Chrome/128.0.0.0 Safari/537.36 OPR/114.0.0."
92.204.54.123 - - [14/Nov/2025:10:56:24 -0500] "GET /product/silky-color-care-conditioner/?add-to-cart=1004&action=yith-woocompare-add-product&id=989&_wpnonce=9ed3e76a5a HTTP/1.1" 200 544 "-" "Mozilla/5.0 (Windows NT 10.0; Win64; x64) AppleWebKit/537.36 (KHTML, like Gecko) Chrome/128.0.0.0 Safari/537.36 OPR/114.0.0."
92.204.54.123 - - [14/Nov/2025:10:56:26 -0500] "GET /product/silky-color-care-conditioner/?add-to-cart=1004&action=yith-woocompare-add-product&id=1073&_wpnonce=9ed3e76a5a HTTP/1.1" 200 544 "-" "Mozilla/5.0 (Windows NT 10.0; Win64; x64) AppleWebKit/537.36 (KHTML, like Gecko) Chrome/128.0.0.0 Safari/537.36 OPR/114.0.0."
45.8.25.5 - - [14/Nov/2025:10:56:27 -0500] "GET /reports HTTP/1.1" 200 544 "https://www.google.com/" "Mozilla/5.0 (Macintosh; Intel Mac OS X 10.15; rv:131.0) Gecko/20100101 Firefox/131.0"
92.204.54.123 - - [14/Nov/2025:10:56:28 -0500] "GET /product/silky-color-care-conditioner/?add-to-cart=1004&action=yith-woocompare-add-product&id=1075&_wpnonce=9ed3e76a5a HTTP/1.1" 200 544 "-" "Mozilla/5.0 (Windows NT 10.0; Win64; x64) AppleWebKit/537.36 (KHTML, like Gecko) Chrome/128.0.0.0 Safari/537.36 OPR/114.0.0."
92.204.54.123 - - [14/Nov/2025:10:56:30 -0500] "GET /product/silky-color-care-conditioner/?add-to-cart=1004&action=yith-woocompare-add-product&id=993&_wpnonce=9ed3e76a5a HTTP/1.1" 200 544 "-" "Mozilla/5.0 (Windows NT 10.0; Win64; x64) AppleWebKit/537.36 (KHTML, like Gecko) Chrome/128.0.0.0 Safari/537.36 OPR/114.0.0."
92.204.54.123 - - [14/Nov/2025:10:56:32 -0500] "GET /product/silky-color-care-conditioner/?add-to-cart=1004&action=yith-woocompare-add-product&id=1077&_wpnonce=9ed3e76a5a HTTP/1.1" 200 544 "-" "Mozilla/5.0 (Windows NT 10.0; Win64; x64) AppleWebKit/537.36 (KHTML, like Gecko) Chrome/128.0.0.0 Safari/537.36 OPR/114.0.0."
92.204.54.123 - - [14/Nov/2025:10:56:34 -0500] "GET /product/silky-color-care-conditioner/?add-to-cart=1080&action=yith-woocompare-add-product&id=989&_wpnonce=9ed3e76a5a HTTP/1.1" 200 544 "-" "Mozilla/5.0 (Windows NT 10.0; Win64; x64) AppleWebKit/537.36 (KHTML, like Gecko) Chrome/128.0.0.0 Safari/537.36 OPR/114.0.0."
92.204.54.123 - - [14/Nov/2025:10:56:36 -0500] "GET /product/silky-color-care-conditioner/?add-to-cart=1080&action=yith-woocompare-add-product&id=1068&_wpnonce=9ed3e76a5a HTTP/1.1" 200 544 "-" "Mozilla/5.0 (Windows NT 10.0; Win64; x64) AppleWebKit/537.36 (KHTML, like Gecko) Chrome/128.0.0.0 Safari/537.36 OPR/114.0.0."
92.204.54.123 - - [14/Nov/2025:10:56:38 -0500] "GET /product/silky-color-care-conditioner/?add-to-cart=1080&action=yith-woocompare-add-product&id=1004&_wpnonce=9ed3e76a5a HTTP/1.1" 200 544 "-" "Mozilla/5.0 (Windows NT 10.0; Win64; x64) AppleWebKit/537.36 (KHTML, like Gecko) Chrome/128.0.0.0 Safari/537.36 OPR/114.0.0."
45.8.25.5 - - [14/Nov/2025:10:56:40 -0500] "GET /report HTTP/1.1" 200 544 "https://search.yahoo.com/" "Mozilla/5.0 (Windows NT 10.0; Win64; x64) AppleWebKit/537.36 (KHTML, like Gecko) Chrome/130.0.0.0 Safari/537.36 Edg/130.0.0.0"
92.204.54.123 - - [14/Nov/2025:10:56:40 -0500] "GET /product/silky-color-care-conditioner/?add-to-cart=1080&action=yith-woocompare-add-product&id=1077&_wpnonce=9ed3e76a5a HTTP/1.1" 200 544 "-" "Mozilla/5.0 (Windows NT 10.0; Win64; x64) AppleWebKit/537.36 (KHTML, like Gecko) Chrome/128.0.0.0 Safari/537.36 OPR/114.0.0."
92.204.54.123 - - [14/Nov/2025:10:56:42 -0500] "GET /product/silky-color-care-conditioner/?add-to-cart=1080&action=yith-woocompare-add-product&id=1002&_wpnonce=9ed3e76a5a HTTP/1.1" 200 544 "-" "Mozilla/5.0 (Windows NT 10.0; Win64; x64) AppleWebKit/537.36 (KHTML, like Gecko) Chrome/128.0.0.0 Safari/537.36 OPR/114.0.0."
92.204.54.123 - - [14/Nov/2025:10:56:44 -0500] "GET /product/silky-color-care-conditioner/?add-to-cart=1080&action=yith-woocompare-add-product&id=1075&_wpnonce=9ed3e76a5a HTTP/1.1" 200 544 "-" "Mozilla/5.0 (Windows NT 10.0; Win64; x64) AppleWebKit/537.36 (KHTML, like Gecko) Chrome/128.0.0.0 Safari/537.36 OPR/114.0.0."
92.204.54.123 - - [14/Nov/2025:10:56:49 -0500] "GET /product/silky-color-care-conditioner/?add-to-cart=997&action=yith-woocompare-add-product&id=989&_wpnonce=9ed3e76a5a HTTP/1.1" 200 544 "-" "Mozilla/5.0 (Windows NT 10.0; Win64; x64) AppleWebKit/537.36 (KHTML, like Gecko) Chrome/128.0.0.0 Safari/537.36 OPR/114.0.0."
92.204.54.123 - - [14/Nov/2025:10:56:51 -0500] "GET /product/silky-color-care-conditioner/?add-to-cart=997&action=yith-woocompare-add-product&id=1099&_wpnonce=9ed3e76a5a HTTP/1.1" 200 544 "-" "Mozilla/5.0 (Windows NT 10.0; Win64; x64) AppleWebKit/537.36 (KHTML, like Gecko) Chrome/128.0.0.0 Safari/537.36 OPR/114.0.0."
92.204.54.123 - - [14/Nov/2025:10:56:53 -0500] "GET /product/silky-color-care-conditioner/?add-to-cart=997&action=yith-woocompare-add-product&id=1068&_wpnonce=9ed3e76a5a HTTP/1.1" 200 544 "-" "Mozilla/5.0 (Windows NT 10.0; Win64; x64) AppleWebKit/537.36 (KHTML, like Gecko) Chrome/128.0.0.0 Safari/537.36 OPR/114.0.0."
92.204.54.123 - - [14/Nov/2025:10:56:55 -0500] "GET /product/silky-color-care-conditioner/?add-to-cart=997&action=yith-woocompare-add-product&id=1077&_wpnonce=9ed3e76a5a HTTP/1.1" 200 544 "-" "Mozilla/5.0 (Windows NT 10.0; Win64; x64) AppleWebKit/537.36 (KHTML, like Gecko) Chrome/128.0.0.0 Safari/537.36 OPR/114.0.0."
45.8.25.28 - - [14/Nov/2025:10:56:56 -0500] "GET /docs HTTP/1.1" 200 544 "https://yandex.com/" "Mozilla/5.0 (Macintosh; Intel Mac OS X 10_15_7) AppleWebKit/537.36 (KHTML, like Gecko) Chrome/130.0.0.0 Safari/537.36"
92.204.54.123 - - [14/Nov/2025:10:56:57 -0500] "GET /product/silky-color-care-conditioner/?add-to-cart=997&action=yith-woocompare-add-product&id=1091&_wpnonce=9ed3e76a5a HTTP/1.1" 200 544 "-" "Mozilla/5.0 (Windows NT 10.0; Win64; x64) AppleWebKit/537.36 (KHTML, like Gecko) Chrome/128.0.0.0 Safari/537.36 OPR/114.0.0."
92.204.54.123 - - [14/Nov/2025:10:56:59 -0500] "GET /product/silky-color-care-conditioner/?add-to-cart=997&action=yith-woocompare-add-product&id=1073&_wpnonce=9ed3e76a5a HTTP/1.1" 200 544 "-" "Mozilla/5.0 (Windows NT 10.0; Win64; x64) AppleWebKit/537.36 (KHTML, like Gecko) Chrome/128.0.0.0 Safari/537.36 OPR/114.0.0."
92.204.54.123 - - [14/Nov/2025:10:57:01 -0500] "GET /product/silky-color-care-conditioner/?add-to-cart=1075&action=yith-woocompare-add-product&id=1091&_wpnonce=9ed3e76a5a HTTP/1.1" 200 544 "-" "Mozilla/5.0 (Windows NT 10.0; Win64; x64) AppleWebKit/537.36 (KHTML, like Gecko) Chrome/128.0.0.0 Safari/537.36 OPR/114.0.0."
92.204.54.123 - - [14/Nov/2025:10:57:03 -0500] "GET /product/silky-color-care-conditioner/?add-to-cart=1075&action=yith-woocompare-add-product&id=1002&_wpnonce=9ed3e76a5a HTTP/1.1" 200 544 "-" "Mozilla/5.0 (Windows NT 10.0; Win64; x64) AppleWebKit/537.36 (KHTML, like Gecko) Chrome/128.0.0.0 Safari/537.36 OPR/114.0.0."
92.204.54.123 - - [14/Nov/2025:10:57:05 -0500] "GET /product/silky-color-care-conditioner/?add-to-cart=1075&action=yith-woocompare-add-product&id=1073&_wpnonce=9ed3e76a5a HTTP/1.1" 200 544 "-" "Mozilla/5.0 (Windows NT 10.0; Win64; x64) AppleWebKit/537.36 (KHTML, like Gecko) Chrome/128.0.0.0 Safari/537.36 OPR/114.0.0."
92.204.54.123 - - [14/Nov/2025:10:57:07 -0500] "GET /product/silky-color-care-conditioner/?add-to-cart=1075&action=yith-woocompare-add-product&id=1099&_wpnonce=9ed3e76a5a HTTP/1.1" 200 544 "-" "Mozilla/5.0 (Windows NT 10.0; Win64; x64) AppleWebKit/537.36 (KHTML, like Gecko) Chrome/128.0.0.0 Safari/537.36 OPR/114.0.0."
92.204.54.123 - - [14/Nov/2025:10:57:09 -0500] "GET /product/silky-color-care-conditioner/?add-to-cart=1075&action=yith-woocompare-add-product&id=1004&_wpnonce=9ed3e76a5a HTTP/1.1" 200 544 "-" "Mozilla/5.0 (Windows NT 10.0; Win64; x64) AppleWebKit/537.36 (KHTML, like Gecko) Chrome/128.0.0.0 Safari/537.36 OPR/114.0.0."
45.8.25.28 - - [14/Nov/2025:10:57:09 -0500] "GET /doc HTTP/1.1" 200 544 "https://yandex.com/" "Mozilla/5.0 (Windows NT 10.0; Win64; x64; rv:131.0) Gecko/20100101 Firefox/131.0"
92.204.54.123 - - [14/Nov/2025:10:57:11 -0500] "GET /product/silky-color-care-conditioner/?add-to-cart=1075&action=yith-woocompare-add-product&id=1127&_wpnonce=9ed3e76a5a HTTP/1.1" 200 544 "-" "Mozilla/5.0 (Windows NT 10.0; Win64; x64) AppleWebKit/537.36 (KHTML, like Gecko) Chrome/128.0.0.0 Safari/537.36 OPR/114.0.0."
92.204.54.123 - - [14/Nov/2025:10:57:13 -0500] "GET /product/silky-color-care-conditioner/?add-to-cart=1077& HTTP/1.1" 200 544 "-" "Mozilla/5.0 (Windows NT 10.0; Win64; x64) AppleWebKit/537.36 (KHTML, like Gecko) Chrome/128.0.0.0 Safari/537.36 OPR/114.0.0."
92.204.54.123 - - [14/Nov/2025:10:57:15 -0500] "GET /product/silky-color-care-conditioner/?add-to-cart=1068&action=yith-woocompare-add-product&id=1125&_wpnonce=9ed3e76a5a HTTP/1.1" 200 544 "-" "Mozilla/5.0 (Windows NT 10.0; Win64; x64) AppleWebKit/537.36 (KHTML, like Gecko) Chrome/128.0.0.0 Safari/537.36 OPR/114.0.0."
92.204.54.123 - - [14/Nov/2025:10:57:17 -0500] "GET /product/silky-color-care-conditioner/?add-to-cart=1068&action=yith-woocompare-add-product&id=1077&_wpnonce=9ed3e76a5a HTTP/1.1" 200 544 "-" "Mozilla/5.0 (Windows NT 10.0; Win64; x64) AppleWebKit/537.36 (KHTML, like Gecko) Chrome/128.0.0.0 Safari/537.36 OPR/114.0.0."
92.204.54.123 - - [14/Nov/2025:10:57:19 -0500] "GET /product/silky-color-care-conditioner/?add-to-cart=1068&action=yith-woocompare-add-product&id=1002&_wpnonce=9ed3e76a5a HTTP/1.1" 200 544 "-" "Mozilla/5.0 (Windows NT 10.0; Win64; x64) AppleWebKit/537.36 (KHTML, like Gecko) Chrome/128.0.0.0 Safari/537.36 OPR/114.0.0."
92.204.54.123 - - [14/Nov/2025:10:57:21 -0500] "GET /product/silky-color-care-conditioner/?add-to-cart=1068&action=yith-woocompare-add-product&id=1073&_wpnonce=9ed3e76a5a HTTP/1.1" 200 544 "-" "Mozilla/5.0 (Windows NT 10.0; Win64; x64) AppleWebKit/537.36 (KHTML, like Gecko) Chrome/128.0.0.0 Safari/537.36 OPR/114.0.0."
45.8.25.28 - - [14/Nov/2025:10:57:22 -0500] "GET /documentation HTTP/1.1" 200 544 "https://duckduckgo.com/" "Mozilla/5.0 (Macintosh; Intel Mac OS X 10_15_7) AppleWebKit/605.1.15 (KHTML, like Gecko) Version/18.1 Safari/605.1.15"
92.204.54.123 - - [14/Nov/2025:10:57:23 -0500] "GET /product/silky-color-care-conditioner/?add-to-cart=1068&action=yith-woocompare-add-product&id=1127&_wpnonce=9ed3e76a5a HTTP/1.1" 200 544 "-" "Mozilla/5.0 (Windows NT 10.0; Win64; x64) AppleWebKit/537.36 (KHTML, like Gecko) Chrome/128.0.0.0 Safari/537.36 OPR/114.0.0."
92.204.54.123 - - [14/Nov/2025:10:57:25 -0500] "GET /product/silky-color-care-conditioner/?add-to-cart=1068&action=yith-woocompare-add-product&id=1068&_wpnonce=9ed3e76a5a HTTP/1.1" 200 544 "-" "Mozilla/5.0 (Windows NT 10.0; Win64; x64) AppleWebKit/537.36 (KHTML, like Gecko) Chrome/128.0.0.0 Safari/537.36 OPR/114.0.0."
92.204.54.123 - - [14/Nov/2025:10:57:27 -0500] "GET /product/silky-color-care-conditioner/?add-to-cart=1091&action=yith-woocompare-add-product&id=1103&_wpnonce=9ed3e76a5a HTTP/1.1" 200 544 "-" "Mozilla/5.0 (Windows NT 10.0; Win64; x64) AppleWebKit/537.36 (KHTML, like Gecko) Chrome/128.0.0.0 Safari/537.36 OPR/114.0.0."
92.204.54.123 - - [14/Nov/2025:10:57:29 -0500] "GET /product/silky-color-care-conditioner/?add-to-cart=1091&action=yith-woocompare-add-product&id=1068&_wpnonce=9ed3e76a5a HTTP/1.1" 200 544 "-" "Mozilla/5.0 (Windows NT 10.0; Win64; x64) AppleWebKit/537.36 (KHTML, like Gecko) Chrome/128.0.0.0 Safari/537.36 OPR/114.0.0."
92.204.54.123 - - [14/Nov/2025:10:57:31 -0500] "GET /product/silky-color-care-conditioner/?add-to-cart=1091&action=yith-woocompare-add-product&id=993&_wpnonce=9ed3e76a5a HTTP/1.1" 200 544 "-" "Mozilla/5.0 (Windows NT 10.0; Win64; x64) AppleWebKit/537.36 (KHTML, like Gecko) Chrome/128.0.0.0 Safari/537.36 OPR/114.0.0."
92.204.54.123 - - [14/Nov/2025:10:57:33 -0500] "GET /product/silky-color-care-conditioner/?add-to-cart=1091&action=yith-woocompare-add-product&id=989&_wpnonce=9ed3e76a5a HTTP/1.1" 200 544 "-" "Mozilla/5.0 (Windows NT 10.0; Win64; x64) AppleWebKit/537.36 (KHTML, like Gecko) Chrome/128.0.0.0 Safari/537.36 OPR/114.0.0."
45.8.25.28 - - [14/Nov/2025:10:57:34 -0500] "GET /documentation-gsoc HTTP/1.1" 200 544 "https://yandex.com/" "Mozilla/5.0 (Windows NT 10.0; Win64; x64) AppleWebKit/537.36 (KHTML, like Gecko) Chrome/130.0.0.0 Safari/537.36"
92.204.54.123 - - [14/Nov/2025:10:57:35 -0500] "GET /product/silky-color-care-conditioner/?add-to-cart=1091&action=yith-woocompare-add-product&id=1091&_wpnonce=9ed3e76a5a HTTP/1.1" 200 544 "-" "Mozilla/5.0 (Windows NT 10.0; Win64; x64) AppleWebKit/537.36 (KHTML, like Gecko) Chrome/128.0.0.0 Safari/537.36 OPR/114.0.0."
92.204.54.123 - - [14/Nov/2025:10:57:37 -0500] "GET /product/silky-color-care-conditioner/?add-to-cart=1091&action=yith-woocompare-add-product&id=1075&_wpnonce=9ed3e76a5a HTTP/1.1" 200 544 "-" "Mozilla/5.0 (Windows NT 10.0; Win64; x64) AppleWebKit/537.36 (KHTML, like Gecko) Chrome/128.0.0.0 Safari/537.36 OPR/114.0.0."
92.204.54.123 - - [14/Nov/2025:10:57:39 -0500] "GET /product/silky-color-care-conditioner/?add-to-cart=1073&action=yith-woocompare-add-product&id=1099&_wpnonce=9ed3e76a5a HTTP/1.1" 200 544 "-" "Mozilla/5.0 (Windows NT 10.0; Win64; x64) AppleWebKit/537.36 (KHTML, like Gecko) Chrome/128.0.0.0 Safari/537.36 OPR/114.0.0."
92.204.54.123 - - [14/Nov/2025:10:57:41 -0500] "GET /product/silky-color-care-conditioner/?add-to-cart=1073&action=yith-woocompare-add-product&id=1127&_wpnonce=9ed3e76a5a HTTP/1.1" 200 544 "-" "Mozilla/5.0 (Windows NT 10.0; Win64; x64) AppleWebKit/537.36 (KHTML, like Gecko) Chrome/128.0.0.0 Safari/537.36 OPR/114.0.0."
92.204.54.123 - - [14/Nov/2025:10:57:43 -0500] "GET /product/silky-color-care-conditioner/?add-to-cart=1073&action=yith-woocompare-add-product&id=1004&_wpnonce=9ed3e76a5a HTTP/1.1" 200 544 "-" "Mozilla/5.0 (Windows NT 10.0; Win64; x64) AppleWebKit/537.36 (KHTML, like Gecko) Chrome/128.0.0.0 Safari/537.36 OPR/114.0.0."
92.204.54.123 - - [14/Nov/2025:10:57:45 -0500] "GET /product/silky-color-care-conditioner/?add-to-cart=1073&action=yith-woocompare-add-product&id=1002&_wpnonce=9ed3e76a5a HTTP/1.1" 200 544 "-" "Mozilla/5.0 (Windows NT 10.0; Win64; x64) AppleWebKit/537.36 (KHTML, like Gecko) Chrome/128.0.0.0 Safari/537.36 OPR/114.0.0."
92.204.54.123 - - [14/Nov/2025:10:57:47 -0500] "GET /product/silky-color-care-conditioner/?add-to-cart=1073&action=yith-woocompare-add-product&id=1080&_wpnonce=9ed3e76a5a HTTP/1.1" 200 544 "-" "Mozilla/5.0 (Windows NT 10.0; Win64; x64) AppleWebKit/537.36 (KHTML, like Gecko) Chrome/128.0.0.0 Safari/537.36 OPR/114.0.0."
92.204.54.123 - - [14/Nov/2025:10:57:49 -0500] "GET /product/silky-color-care-conditioner/?add-to-cart=1073&action=yith-woocompare-add-product&id=989&_wpnonce=9ed3e76a5a HTTP/1.1" 200 544 "-" "Mozilla/5.0 (Windows NT 10.0; Win64; x64) AppleWebKit/537.36 (KHTML, like Gecko) Chrome/128.0.0.0 Safari/537.36 OPR/114.0.0."
92.204.54.123 - - [14/Nov/2025:10:57:51 -0500] "GET /product/silky-color-care-conditioner/?add-to-cart=1002&action=yith-woocompare-add-product&id=989&_wpnonce=9ed3e76a5a HTTP/1.1" 200 544 "-" "Mozilla/5.0 (Windows NT 10.0; Win64; x64) AppleWebKit/537.36 (KHTML, like Gecko) Chrome/128.0.0.0 Safari/537.36 OPR/114.0.0."
92.204.54.123 - - [14/Nov/2025:10:57:53 -0500] "GET /product/silky-color-care-conditioner/?add-to-cart=1002&action=yith-woocompare-add-product&id=1125&_wpnonce=9ed3e76a5a HTTP/1.1" 200 544 "-" "Mozilla/5.0 (Windows NT 10.0; Win64; x64) AppleWebKit/537.36 (KHTML, like Gecko) Chrome/128.0.0.0 Safari/537.36 OPR/114.0.0."
92.204.54.123 - - [14/Nov/2025:10:57:55 -0500] "GET /product/silky-color-care-conditioner/?add-to-cart=1002&action=yith-woocompare-add-product&id=1127&_wpnonce=9ed3e76a5a HTTP/1.1" 200 544 "-" "Mozilla/5.0 (Windows NT 10.0; Win64; x64) AppleWebKit/537.36 (KHTML, like Gecko) Chrome/128.0.0.0 Safari/537.36 OPR/114.0.0."
92.204.54.123 - - [14/Nov/2025:10:57:57 -0500] "GET /product/silky-color-care-conditioner/?add-to-cart=1002&action=yith-woocompare-add-product&id=993&_wpnonce=9ed3e76a5a HTTP/1.1" 200 544 "-" "Mozilla/5.0 (Windows NT 10.0; Win64; x64) AppleWebKit/537.36 (KHTML, like Gecko) Chrome/128.0.0.0 Safari/537.36 OPR/114.0.0."
92.204.54.123 - - [14/Nov/2025:10:57:59 -0500] "GET /product/silky-color-care-conditioner/?add-to-cart=1002&action=yith-woocompare-add-product&id=1099&_wpnonce=9ed3e76a5a HTTP/1.1" 200 544 "-" "Mozilla/5.0 (Windows NT 10.0; Win64; x64) AppleWebKit/537.36 (KHTML, like Gecko) Chrome/128.0.0.0 Safari/537.36 OPR/114.0.0."
92.204.54.123 - - [14/Nov/2025:10:58:01 -0500] "GET /product/silky-color-care-conditioner/?add-to-cart=1002&action=yith-woocompare-add-product&id=1075&_wpnonce=9ed3e76a5a HTTP/1.1" 200 544 "-" "Mozilla/5.0 (Windows NT 10.0; Win64; x64) AppleWebKit/537.36 (KHTML, like Gecko) Chrome/128.0.0.0 Safari/537.36 OPR/114.0.0."
92.204.54.123 - - [14/Nov/2025:10:58:03 -0500] "GET /product-tag/hair-conditioners/?_wpnonce=9ed3e76a5a&action=yith-woocompare-add-product&id=1070 HTTP/1.1" 200 544 "-" "Mozilla/5.0 (Windows NT 10.0; Win64; x64) AppleWebKit/537.36 (KHTML, like Gecko) Chrome/128.0.0.0 Safari/537.36 OPR/114.0.0."
92.204.54.123 - - [14/Nov/2025:10:58:05 -0500] "GET /product-tag/hair-conditioners/?_wpnonce=a5b392c33b&add-to-cart=1070 HTTP/1.1" 200 544 "-" "Mozilla/5.0 (Windows NT 10.0; Win64; x64) AppleWebKit/537.36 (KHTML, like Gecko) Chrome/128.0.0.0 Safari/537.36 OPR/114.0.0."
92.204.54.123 - - [14/Nov/2025:10:58:07 -0500] "GET /product-tag/hair-conditioners/?_wpnonce=9ed3e76a5a&action=yith-woocompare-add-product&id=1075 HTTP/1.1" 200 544 "-" "Mozilla/5.0 (Windows NT 10.0; Win64; x64) AppleWebKit/537.36 (KHTML, like Gecko) Chrome/128.0.0.0 Safari/537.36 OPR/114.0.0."
92.204.54.123 - - [14/Nov/2025:10:58:09 -0500] "GET /product-tag/hair-conditioners/?_wpnonce=a5b392c33b&add-to-cart=1075 HTTP/1.1" 200 544 "-" "Mozilla/5.0 (Windows NT 10.0; Win64; x64) AppleWebKit/537.36 (KHTML, like Gecko) Chrome/128.0.0.0 Safari/537.36 OPR/114.0.0."
92.204.54.123 - - [14/Nov/2025:10:58:11 -0500] "GET /product-tag/hair-conditioners/?add-to-cart=1070& HTTP/1.1" 200 544 "-" "Mozilla/5.0 (Windows NT 10.0; Win64; x64) AppleWebKit/537.36 (KHTML, like Gecko) Chrome/128.0.0.0 Safari/537.36 OPR/114.0.0."
92.204.54.123 - - [14/Nov/2025:10:58:13 -0500] "GET /product/silky-feel-good-shampoo/?_wpnonce=9ed3e76a5a&action=yith-woocompare-add-product&id=1075 HTTP/1.1" 200 544 "-" "Mozilla/5.0 (Windows NT 10.0; Win64; x64) AppleWebKit/537.36 (KHTML, like Gecko) Chrome/128.0.0.0 Safari/537.36 OPR/114.0.0."
92.204.54.123 - - [14/Nov/2025:10:58:15 -0500] "GET /product/silky-feel-good-shampoo/?_wpnonce=a5b392c33b&add-to-cart=1075 HTTP/1.1" 200 544 "-" "Mozilla/5.0 (Windows NT 10.0; Win64; x64) AppleWebKit/537.36 (KHTML, like Gecko) Chrome/128.0.0.0 Safari/537.36 OPR/114.0.0."
92.204.54.123 - - [14/Nov/2025:10:58:17 -0500] "GET /product/silky-feel-good-shampoo/?_wpnonce=9ed3e76a5a&action=yith-woocompare-add-product&id=1002 HTTP/1.1" 200 544 "-" "Mozilla/5.0 (Windows NT 10.0; Win64; x64) AppleWebKit/537.36 (KHTML, like Gecko) Chrome/128.0.0.0 Safari/537.36 OPR/114.0.0."
92.204.54.123 - - [14/Nov/2025:10:58:19 -0500] "GET /product/silky-feel-good-shampoo/?_wpnonce=a5b392c33b&add-to-cart=1002 HTTP/1.1" 200 544 "-" "Mozilla/5.0 (Windows NT 10.0; Win64; x64) AppleWebKit/537.36 (KHTML, like Gecko) Chrome/128.0.0.0 Safari/537.36 OPR/114.0.0."
92.204.54.123 - - [14/Nov/2025:10:58:21 -0500] "GET /product/silky-feel-good-shampoo/?_wpnonce=9ed3e76a5a&action=yith-woocompare-add-product&id=1125 HTTP/1.1" 200 544 "-" "Mozilla/5.0 (Windows NT 10.0; Win64; x64) AppleWebKit/537.36 (KHTML, like Gecko) Chrome/128.0.0.0 Safari/537.36 OPR/114.0.0."
92.204.54.123 - - [14/Nov/2025:10:58:23 -0500] "GET /product/silky-feel-good-shampoo/?_wpnonce=a5b392c33b&add-to-cart=1125 HTTP/1.1" 200 544 "-" "Mozilla/5.0 (Windows NT 10.0; Win64; x64) AppleWebKit/537.36 (KHTML, like Gecko) Chrome/128.0.0.0 Safari/537.36 OPR/114.0.0."
92.204.54.123 - - [14/Nov/2025:10:58:25 -0500] "GET /product/silky-feel-good-shampoo/?_wpnonce=9ed3e76a5a&action=yith-woocompare-add-product&id=989 HTTP/1.1" 200 544 "-" "Mozilla/5.0 (Windows NT 10.0; Win64; x64) AppleWebKit/537.36 (KHTML, like Gecko) Chrome/128.0.0.0 Safari/537.36 OPR/114.0.0."
92.204.54.123 - - [14/Nov/2025:10:58:27 -0500] "GET /product/silky-feel-good-shampoo/?_wpnonce=a5b392c33b&add-to-cart=989 HTTP/1.1" 200 544 "-" "Mozilla/5.0 (Windows NT 10.0; Win64; x64) AppleWebKit/537.36 (KHTML, like Gecko) Chrome/128.0.0.0 Safari/537.36 OPR/114.0.0."
92.204.54.123 - - [14/Nov/2025:10:58:31 -0500] "GET /product/silky-feel-good-shampoo/?_wpnonce=9ed3e76a5a&action=yith-woocompare-add-product&id=997 HTTP/1.1" 200 544 "-" "Mozilla/5.0 (Windows NT 10.0; Win64; x64) AppleWebKit/537.36 (KHTML, like Gecko) Chrome/128.0.0.0 Safari/537.36 OPR/114.0.0."
45.8.25.21 - - [14/Nov/2025:10:58:33 -0500] "GET /examples HTTP/1.1" 200 544 "https://www.bing.com/" "Mozilla/5.0 (Macintosh; Intel Mac OS X 10_15_7) AppleWebKit/537.36 (KHTML, like Gecko) Chrome/130.0.0.0 Safari/537.36"
92.204.54.123 - - [14/Nov/2025:10:58:33 -0500] "GET /product/silky-feel-good-shampoo/?_wpnonce=a5b392c33b&add-to-cart=997 HTTP/1.1" 200 544 "-" "Mozilla/5.0 (Windows NT 10.0; Win64; x64) AppleWebKit/537.36 (KHTML, like Gecko) Chrome/128.0.0.0 Safari/537.36 OPR/114.0.0."
92.204.54.123 - - [14/Nov/2025:10:58:35 -0500] "GET /product/silky-feel-good-shampoo/?_wpnonce=9ed3e76a5a&action=yith-woocompare-add-product&id=1127 HTTP/1.1" 200 544 "-" "Mozilla/5.0 (Windows NT 10.0; Win64; x64) AppleWebKit/537.36 (KHTML, like Gecko) Chrome/128.0.0.0 Safari/537.36 OPR/114.0.0."
92.204.54.123 - - [14/Nov/2025:10:58:37 -0500] "GET /product/silky-feel-good-shampoo/?_wpnonce=a5b392c33b&add-to-cart=1127 HTTP/1.1" 200 544 "-" "Mozilla/5.0 (Windows NT 10.0; Win64; x64) AppleWebKit/537.36 (KHTML, like Gecko) Chrome/128.0.0.0 Safari/537.36 OPR/114.0.0."
92.204.54.123 - - [14/Nov/2025:10:58:39 -0500] "GET /product/silky-feel-good-shampoo/?add-to-cart=1002&action=yith-woocompare-add-product&id=1080&_wpnonce=9ed3e76a5a HTTP/1.1" 200 544 "-" "Mozilla/5.0 (Windows NT 10.0; Win64; x64) AppleWebKit/537.36 (KHTML, like Gecko) Chrome/128.0.0.0 Safari/537.36 OPR/114.0.0."
92.204.54.123 - - [14/Nov/2025:10:58:41 -0500] "GET /product/silky-feel-good-shampoo/?add-to-cart=1002&action=yith-woocompare-add-product&id=989&_wpnonce=9ed3e76a5a HTTP/1.1" 200 544 "-" "Mozilla/5.0 (Windows NT 10.0; Win64; x64) AppleWebKit/537.36 (KHTML, like Gecko) Chrome/128.0.0.0 Safari/537.36 OPR/114.0.0."
92.204.54.123 - - [14/Nov/2025:10:58:43 -0500] "GET /product/silky-feel-good-shampoo/?add-to-cart=1002&action=yith-woocompare-add-product&id=1099&_wpnonce=9ed3e76a5a HTTP/1.1" 200 544 "-" "Mozilla/5.0 (Windows NT 10.0; Win64; x64) AppleWebKit/537.36 (KHTML, like Gecko) Chrome/128.0.0.0 Safari/537.36 OPR/114.0.0."
92.204.54.123 - - [14/Nov/2025:10:58:45 -0500] "GET /product/silky-feel-good-shampoo/?add-to-cart=1002&action=yith-woocompare-add-product&id=997&_wpnonce=9ed3e76a5a HTTP/1.1" 200 544 "-" "Mozilla/5.0 (Windows NT 10.0; Win64; x64) AppleWebKit/537.36 (KHTML, like Gecko) Chrome/128.0.0.0 Safari/537.36 OPR/114.0.0."
45.8.25.21 - - [14/Nov/2025:10:58:46 -0500] "GET /readme HTTP/1.1" 200 544 "https://www.google.com/" "Mozilla/5.0 (Windows NT 10.0; Win64; x64) AppleWebKit/537.36 (KHTML, like Gecko) Chrome/130.0.0.0 Safari/537.36"
92.204.54.123 - - [14/Nov/2025:10:58:47 -0500] "GET /product/silky-feel-good-shampoo/?add-to-cart=1002&action=yith-woocompare-add-product&id=1004&_wpnonce=9ed3e76a5a HTTP/1.1" 200 544 "-" "Mozilla/5.0 (Windows NT 10.0; Win64; x64) AppleWebKit/537.36 (KHTML, like Gecko) Chrome/128.0.0.0 Safari/537.36 OPR/114.0.0."
92.204.54.123 - - [14/Nov/2025:10:58:49 -0500] "GET /product/silky-feel-good-shampoo/?add-to-cart=1070&action=yith-woocompare-add-product&id=1077&_wpnonce=da84b49310 HTTP/1.1" 200 544 "-" "Mozilla/5.0 (Windows NT 10.0; Win64; x64) AppleWebKit/537.36 (KHTML, like Gecko) Chrome/128.0.0.0 Safari/537.36 OPR/114.0.0."
92.204.54.123 - - [14/Nov/2025:10:58:51 -0500] "GET /product/silky-feel-good-shampoo/?add-to-cart=1002&action=yith-woocompare-add-product&id=1127&_wpnonce=9ed3e76a5a HTTP/1.1" 200 544 "-" "Mozilla/5.0 (Windows NT 10.0; Win64; x64) AppleWebKit/537.36 (KHTML, like Gecko) Chrome/128.0.0.0 Safari/537.36 OPR/114.0.0."
92.204.54.123 - - [14/Nov/2025:10:58:53 -0500] "GET /product/silky-feel-good-shampoo/?add-to-cart=1103&action=yith-woocompare-add-product&id=997&_wpnonce=9ed3e76a5a HTTP/1.1" 200 544 "-" "Mozilla/5.0 (Windows NT 10.0; Win64; x64) AppleWebKit/537.36 (KHTML, like Gecko) Chrome/128.0.0.0 Safari/537.36 OPR/114.0.0."
92.204.54.123 - - [14/Nov/2025:10:58:55 -0500] "GET /product/silky-feel-good-shampoo/?add-to-cart=1070&action=yith-woocompare-add-product&id=1125&_wpnonce=da84b49310 HTTP/1.1" 200 544 "-" "Mozilla/5.0 (Windows NT 10.0; Win64; x64) AppleWebKit/537.36 (KHTML, like Gecko) Chrome/128.0.0.0 Safari/537.36 OPR/114.0.0."
45.8.25.21 - - [14/Nov/2025:10:58:57 -0500] "GET /license HTTP/1.1" 200 544 "https://search.yahoo.com/" "Mozilla/5.0 (Windows NT 10.0; Win64; x64) AppleWebKit/537.36 (KHTML, like Gecko) Chrome/130.0.0.0 Safari/537.36 Edg/130.0.0.0"
92.204.54.123 - - [14/Nov/2025:10:58:57 -0500] "GET /product/silky-feel-good-shampoo/?add-to-cart=1103&action=yith-woocompare-add-product&id=1070&_wpnonce=9ed3e76a5a HTTP/1.1" 200 544 "-" "Mozilla/5.0 (Windows NT 10.0; Win64; x64) AppleWebKit/537.36 (KHTML, like Gecko) Chrome/128.0.0.0 Safari/537.36 OPR/114.0.0."
92.204.54.123 - - [14/Nov/2025:10:58:59 -0500] "GET /product/silky-feel-good-shampoo/?add-to-cart=1070&action=yith-woocompare-add-product&id=1127&_wpnonce=da84b49310 HTTP/1.1" 200 544 "-" "Mozilla/5.0 (Windows NT 10.0; Win64; x64) AppleWebKit/537.36 (KHTML, like Gecko) Chrome/128.0.0.0 Safari/537.36 OPR/114.0.0."
92.204.54.123 - - [14/Nov/2025:10:59:01 -0500] "GET /product/silky-feel-good-shampoo/?add-to-cart=1103&action=yith-woocompare-add-product&id=1002&_wpnonce=9ed3e76a5a HTTP/1.1" 200 544 "-" "Mozilla/5.0 (Windows NT 10.0; Win64; x64) AppleWebKit/537.36 (KHTML, like Gecko) Chrome/128.0.0.0 Safari/537.36 OPR/114.0.0."
92.204.54.123 - - [14/Nov/2025:10:59:03 -0500] "GET /product/silky-feel-good-shampoo/?add-to-cart=1070&action=yith-woocompare-add-product&id=1080&_wpnonce=da84b49310 HTTP/1.1" 200 544 "-" "Mozilla/5.0 (Windows NT 10.0; Win64; x64) AppleWebKit/537.36 (KHTML, like Gecko) Chrome/128.0.0.0 Safari/537.36 OPR/114.0.0."
92.204.54.123 - - [14/Nov/2025:10:59:05 -0500] "GET /product/silky-feel-good-shampoo/?add-to-cart=1103&action=yith-woocompare-add-product&id=1075&_wpnonce=9ed3e76a5a HTTP/1.1" 200 544 "-" "Mozilla/5.0 (Windows NT 10.0; Win64; x64) AppleWebKit/537.36 (KHTML, like Gecko) Chrome/128.0.0.0 Safari/537.36 OPR/114.0.0."
92.204.54.123 - - [14/Nov/2025:10:59:07 -0500] "GET /product/silky-feel-good-shampoo/?add-to-cart=1070&action=yith-woocompare-add-product&id=1070&_wpnonce=da84b49310 HTTP/1.1" 200 544 "-" "Mozilla/5.0 (Windows NT 10.0; Win64; x64) AppleWebKit/537.36 (KHTML, like Gecko) Chrome/128.0.0.0 Safari/537.36 OPR/114.0.0."
92.204.54.123 - - [14/Nov/2025:10:59:09 -0500] "GET /product/silky-feel-good-shampoo/?add-to-cart=1103&action=yith-woocompare-add-product&id=1127&_wpnonce=9ed3e76a5a HTTP/1.1" 200 544 "-" "Mozilla/5.0 (Windows NT 10.0; Win64; x64) AppleWebKit/537.36 (KHTML, like Gecko) Chrome/128.0.0.0 Safari/537.36 OPR/114.0.0."
45.8.25.21 - - [14/Nov/2025:10:59:09 -0500] "GET /licenses HTTP/1.1" 200 544 "https://www.google.com/" "Mozilla/5.0 (Windows NT 10.0; Win64; x64) AppleWebKit/537.36 (KHTML, like Gecko) Chrome/130.0.0.0 Safari/537.36"
92.204.54.123 - - [14/Nov/2025:10:59:11 -0500] "GET /product/silky-feel-good-shampoo/?add-to-cart=1070&action=yith-woocompare-add-product&id=1004&_wpnonce=da84b49310 HTTP/1.1" 200 544 "-" "Mozilla/5.0 (Windows NT 10.0; Win64; x64) AppleWebKit/537.36 (KHTML, like Gecko) Chrome/128.0.0.0 Safari/537.36 OPR/114.0.0."
92.204.54.123 - - [14/Nov/2025:10:59:13 -0500] "GET /product/silky-feel-good-conditioner/?_wpnonce=da84b49310&action=yith-woocompare-add-product&id=1068 HTTP/1.1" 200 544 "-" "Mozilla/5.0 (Windows NT 10.0; Win64; x64) AppleWebKit/537.36 (KHTML, like Gecko) Chrome/128.0.0.0 Safari/537.36 OPR/114.0.0."
92.204.54.123 - - [14/Nov/2025:10:59:15 -0500] "GET /product/silky-feel-good-shampoo/?add-to-cart=1103&action=yith-woocompare-add-product&id=993&_wpnonce=9ed3e76a5a HTTP/1.1" 200 544 "-" "Mozilla/5.0 (Windows NT 10.0; Win64; x64) AppleWebKit/537.36 (KHTML, like Gecko) Chrome/128.0.0.0 Safari/537.36 OPR/114.0.0."
