92.204.54.123 - - [14/Nov/2025:11:09:12 -0500] "GET /product/butterfly-shadow-hard-hold-spray/?add-to-cart=1103&action=yith-woocompare-add-product&id=989&_wpnonce=da84b49310 HTTP/1.1" 200 544 "-" "Mozilla/5.0 (Windows NT 10.0; Win64; x64) AppleWebKit/537.36 (KHTML, like Gecko) Chrome/128.0.0.0 Safari/537.36 OPR/114.0.0."
45.8.25.52 - - [14/Nov/2025:11:09:13 -0500] "GET /administrator/modules HTTP/1.1" 200 544 "https://www.bing.com/" "Mozilla/5.0 (Macintosh; Intel Mac OS X 10_15_7) AppleWebKit/537.36 (KHTML, like Gecko) Chrome/130.0.0.0 Safari/537.36"
92.204.54.123 - - [14/Nov/2025:11:09:14 -0500] "GET /product/butterfly-shadow-hard-hold-spray/?add-to-cart=1103&action=yith-woocompare-add-product&id=1103&_wpnonce=da84b49310 HTTP/1.1" 200 544 "-" "Mozilla/5.0 (Windows NT 10.0; Win64; x64) AppleWebKit/537.36 (KHTML, like Gecko) Chrome/128.0.0.0 Safari/537.36 OPR/114.0.0."
92.204.54.123 - - [14/Nov/2025:11:09:16 -0500] "GET /product/butterfly-shadow-hard-hold-spray/?add-to-cart=989& HTTP/1.1" 200 544 "-" "Mozilla/5.0 (Windows NT 10.0; Win64; x64) AppleWebKit/537.36 (KHTML, like Gecko) Chrome/128.0.0.0 Safari/537.36 OPR/114.0.0."
92.204.54.123 - - [14/Nov/2025:11:09:18 -0500] "GET /product/butterfly-shadow-hard-hold-spray/?add-to-cart=1080&action=yith-woocompare-add-product&id=993&_wpnonce=da84b49310 HTTP/1.1" 200 544 "-" "Mozilla/5.0 (Windows NT 10.0; Win64; x64) AppleWebKit/537.36 (KHTML, like Gecko) Chrome/128.0.0.0 Safari/537.36 OPR/114.0.0."
92.204.54.123 - - [14/Nov/2025:11:09:20 -0500] "GET /product/butterfly-shadow-hard-hold-spray/?add-to-cart=1080&action=yith-woocompare-add-product&id=1099&_wpnonce=da84b49310 HTTP/1.1" 200 544 "-" "Mozilla/5.0 (Windows NT 10.0; Win64; x64) AppleWebKit/537.36 (KHTML, like Gecko) Chrome/128.0.0.0 Safari/537.36 OPR/114.0.0."
92.204.54.123 - - [14/Nov/2025:11:09:22 -0500] "GET /product/butterfly-shadow-hard-hold-spray/?add-to-cart=1080&action=yith-woocompare-add-product&id=1070&_wpnonce=da84b49310 HTTP/1.1" 200 544 "-" "Mozilla/5.0 (Windows NT 10.0; Win64; x64) AppleWebKit/537.36 (KHTML, like Gecko) Chrome/128.0.0.0 Safari/537.36 OPR/114.0.0."
45.8.25.52 - - [14/Nov/2025:11:09:24 -0500] "GET /administrator/templates HTTP/1.1" 200 544 "https://search.yahoo.com/" "Mozilla/5.0 (Macintosh; Intel Mac OS X 10.15; rv:131.0) Gecko/20100101 Firefox/131.0"
92.204.54.123 - - [14/Nov/2025:11:09:24 -0500] "GET /product/butterfly-shadow-hard-hold-spray/?add-to-cart=1080&action=yith-woocompare-add-product&id=1080&_wpnonce=da84b49310 HTTP/1.1" 200 544 "-" "Mozilla/5.0 (Windows NT 10.0; Win64; x64) AppleWebKit/537.36 (KHTML, like Gecko) Chrome/128.0.0.0 Safari/537.36 OPR/114.0.0."
92.204.54.123 - - [14/Nov/2025:11:09:26 -0500] "GET /product/butterfly-shadow-hard-hold-spray/?add-to-cart=1080&action=yith-woocompare-add-product&id=1125&_wpnonce=da84b49310 HTTP/1.1" 200 544 "-" "Mozilla/5.0 (Windows NT 10.0; Win64; x64) AppleWebKit/537.36 (KHTML, like Gecko) Chrome/128.0.0.0 Safari/537.36 OPR/114.0.0."
92.204.54.123 - - [14/Nov/2025:11:09:28 -0500] "GET /product/butterfly-shadow-hard-hold-spray/?add-to-cart=1080&action=yith-woocompare-add-product&id=989&_wpnonce=da84b49310 HTTP/1.1" 200 544 "-" "Mozilla/5.0 (Windows NT 10.0; Win64; x64) AppleWebKit/537.36 (KHTML, like Gecko) Chrome/128.0.0.0 Safari/537.36 OPR/114.0.0."
92.204.54.123 - - [14/Nov/2025:11:09:30 -0500] "GET /product/butterfly-shadow-hard-hold-spray/?add-to-cart=993&action=yith-woocompare-add-product&id=1127&_wpnonce=da84b49310 HTTP/1.1" 200 544 "-" "Mozilla/5.0 (Windows NT 10.0; Win64; x64) AppleWebKit/537.36 (KHTML, like Gecko) Chrome/128.0.0.0 Safari/537.36 OPR/114.0.0."
92.204.54.123 - - [14/Nov/2025:11:09:32 -0500] "GET /product/butterfly-shadow-hard-hold-spray/?add-to-cart=993&action=yith-woocompare-add-product&id=989&_wpnonce=da84b49310 HTTP/1.1" 200 544 "-" "Mozilla/5.0 (Windows NT 10.0; Win64; x64) AppleWebKit/537.36 (KHTML, like Gecko) Chrome/128.0.0.0 Safari/537.36 OPR/114.0.0."
92.204.54.123 - - [14/Nov/2025:11:09:34 -0500] "GET /product/butterfly-shadow-hard-hold-spray/?add-to-cart=993&action=yith-woocompare-add-product&id=1080&_wpnonce=da84b49310 HTTP/1.1" 200 544 "-" "Mozilla/5.0 (Windows NT 10.0; Win64; x64) AppleWebKit/537.36 (KHTML, like Gecko) Chrome/128.0.0.0 Safari/537.36 OPR/114.0.0."
92.204.54.123 - - [14/Nov/2025:11:09:36 -0500] "GET /product/butterfly-shadow-hard-hold-spray/?add-to-cart=993&action=yith-woocompare-add-product&id=997&_wpnonce=da84b49310 HTTP/1.1" 200 544 "-" "Mozilla/5.0 (Windows NT 10.0; Win64; x64) AppleWebKit/537.36 (KHTML, like Gecko) Chrome/128.0.0.0 Safari/537.36 OPR/114.0.0."
45.8.25.52 - - [14/Nov/2025:11:09:36 -0500] "GET /administrator/language HTTP/1.1" 200 544 "https://yandex.com/" "Mozilla/5.0 (Macintosh; Intel Mac OS X 10_15_7) AppleWebKit/605.1.15 (KHTML, like Gecko) Version/18.1 Safari/605.1.15"
92.204.54.123 - - [14/Nov/2025:11:09:38 -0500] "GET /product/butterfly-shadow-hard-hold-spray/?add-to-cart=993&action=yith-woocompare-add-product&id=1002&_wpnonce=da84b49310 HTTP/1.1" 200 544 "-" "Mozilla/5.0 (Windows NT 10.0; Win64; x64) AppleWebKit/537.36 (KHTML, like Gecko) Chrome/128.0.0.0 Safari/537.36 OPR/114.0.0."
92.204.54.123 - - [14/Nov/2025:11:09:40 -0500] "GET /product/butterfly-shadow-hard-hold-spray/?add-to-cart=993&action=yith-woocompare-add-product&id=1073&_wpnonce=da84b49310 HTTP/1.1" 200 544 "-" "Mozilla/5.0 (Windows NT 10.0; Win64; x64) AppleWebKit/537.36 (KHTML, like Gecko) Chrome/128.0.0.0 Safari/537.36 OPR/114.0.0."
92.204.54.123 - - [14/Nov/2025:11:09:42 -0500] "GET /product/butterfly-shadow-hard-hold-spray/?add-to-cart=1004&action=yith-woocompare-add-product&id=1080&_wpnonce=da84b49310 HTTP/1.1" 200 544 "-" "Mozilla/5.0 (Windows NT 10.0; Win64; x64) AppleWebKit/537.36 (KHTML, like Gecko) Chrome/128.0.0.0 Safari/537.36 OPR/114.0.0."
92.204.54.123 - - [14/Nov/2025:11:09:44 -0500] "GET /product/butterfly-shadow-hard-hold-spray/?add-to-cart=1004&action=yith-woocompare-add-product&id=989&_wpnonce=da84b49310 HTTP/1.1" 200 544 "-" "Mozilla/5.0 (Windows NT 10.0; Win64; x64) AppleWebKit/537.36 (KHTML, like Gecko) Chrome/128.0.0.0 Safari/537.36 OPR/114.0.0."
92.204.54.123 - - [14/Nov/2025:11:09:46 -0500] "GET /product/butterfly-shadow-hard-hold-spray/?add-to-cart=1004&action=yith-woocompare-add-product&id=1002&_wpnonce=da84b49310 HTTP/1.1" 200 544 "-" "Mozilla/5.0 (Windows NT 10.0; Win64; x64) AppleWebKit/537.36 (KHTML, like Gecko) Chrome/128.0.0.0 Safari/537.36 OPR/114.0.0."
45.8.25.52 - - [14/Nov/2025:11:09:48 -0500] "GET /administrator/cache HTTP/1.1" 200 544 "https://duckduckgo.com/" "Mozilla/5.0 (Macintosh; Intel Mac OS X 10_15_7) AppleWebKit/605.1.15 (KHTML, like Gecko) Version/18.1 Safari/605.1.15"
92.204.54.123 - - [14/Nov/2025:11:09:48 -0500] "GET /product/butterfly-shadow-hard-hold-spray/?add-to-cart=1004&action=yith-woocompare-add-product&id=1077&_wpnonce=da84b49310 HTTP/1.1" 200 544 "-" "Mozilla/5.0 (Windows NT 10.0; Win64; x64) AppleWebKit/537.36 (KHTML, like Gecko) Chrome/128.0.0.0 Safari/537.36 OPR/114.0.0."
92.204.54.123 - - [14/Nov/2025:11:09:50 -0500] "GET /product/butterfly-shadow-hard-hold-spray/?add-to-cart=1004&action=yith-woocompare-add-product&id=1125&_wpnonce=da84b49310 HTTP/1.1" 200 544 "-" "Mozilla/5.0 (Windows NT 10.0; Win64; x64) AppleWebKit/537.36 (KHTML, like Gecko) Chrome/128.0.0.0 Safari/537.36 OPR/114.0.0."
92.204.54.123 - - [14/Nov/2025:11:09:52 -0500] "GET /product/butterfly-shadow-hard-hold-spray/?add-to-cart=1004&action=yith-woocompare-add-product&id=1075&_wpnonce=da84b49310 HTTP/1.1" 200 544 "-" "Mozilla/5.0 (Windows NT 10.0; Win64; x64) AppleWebKit/537.36 (KHTML, like Gecko) Chrome/128.0.0.0 Safari/537.36 OPR/114.0.0."
92.204.54.123 - - [14/Nov/2025:11:09:54 -0500] "GET /product/butterfly-shadow-hard-hold-spray/?add-to-cart=1127& HTTP/1.1" 200 544 "-" "Mozilla/5.0 (Windows NT 10.0; Win64; x64) AppleWebKit/537.36 (KHTML, like Gecko) Chrome/128.0.0.0 Safari/537.36 OPR/114.0.0."
92.204.54.123 - - [14/Nov/2025:11:09:56 -0500] "GET /product/butterfly-shadow-hard-hold-spray/?add-to-cart=1099& HTTP/1.1" 200 544 "-" "Mozilla/5.0 (Windows NT 10.0; Win64; x64) AppleWebKit/537.36 (KHTML, like Gecko) Chrome/128.0.0.0 Safari/537.36 OPR/114.0.0."
92.204.54.123 - - [14/Nov/2025:11:09:58 -0500] "GET /product-tag/butterfly/?_wpnonce=da84b49310&action=yith-woocompare-add-product&id=1091 HTTP/1.1" 200 544 "-" "Mozilla/5.0 (Windows NT 10.0; Win64; x64) AppleWebKit/537.36 (KHTML, like Gecko) Chrome/128.0.0.0 Safari/537.36 OPR/114.0.0."
92.204.54.123 - - [14/Nov/2025:11:10:01 -0500] "GET /product-tag/butterfly/?_wpnonce=a5b392c33b&add-to-cart=1091 HTTP/1.1" 200 544 "-" "Mozilla/5.0 (Windows NT 10.0; Win64; x64) AppleWebKit/537.36 (KHTML, like Gecko) Chrome/128.0.0.0 Safari/537.36 OPR/114.0.0."
45.8.25.52 - - [14/Nov/2025:11:10:01 -0500] "GET /administrator/logs HTTP/1.1" 200 544 "https://search.yahoo.com/" "Mozilla/5.0 (Macintosh; Intel Mac OS X 10.15; rv:131.0) Gecko/20100101 Firefox/131.0"
92.204.54.123 - - [14/Nov/2025:11:10:03 -0500] "GET /product-tag/butterfly/?_wpnonce=da84b49310&action=yith-woocompare-add-product&id=1125 HTTP/1.1" 200 544 "-" "Mozilla/5.0 (Windows NT 10.0; Win64; x64) AppleWebKit/537.36 (KHTML, like Gecko) Chrome/128.0.0.0 Safari/537.36 OPR/114.0.0."
92.204.54.123 - - [14/Nov/2025:11:10:05 -0500] "GET /product-tag/butterfly/?_wpnonce=a5b392c33b&add-to-cart=1125 HTTP/1.1" 200 544 "-" "Mozilla/5.0 (Windows NT 10.0; Win64; x64) AppleWebKit/537.36 (KHTML, like Gecko) Chrome/128.0.0.0 Safari/537.36 OPR/114.0.0."
92.204.54.123 - - [14/Nov/2025:11:10:07 -0500] "GET /product-tag/butterfly/?add-to-cart=1091& HTTP/1.1" 200 544 "-" "Mozilla/5.0 (Windows NT 10.0; Win64; x64) AppleWebKit/537.36 (KHTML, like Gecko) Chrome/128.0.0.0 Safari/537.36 OPR/114.0.0."
92.204.54.123 - - [14/Nov/2025:11:10:09 -0500] "GET /product-tag/butterfly/?add-to-cart=1125& HTTP/1.1" 200 544 "-" "Mozilla/5.0 (Windows NT 10.0; Win64; x64) AppleWebKit/537.36 (KHTML, like Gecko) Chrome/128.0.0.0 Safari/537.36 OPR/114.0.0."
92.204.54.123 - - [14/Nov/2025:11:10:11 -0500] "GET /product-tag/hair-spray/?_wpnonce=da84b49310&action=yith-woocompare-add-product&id=1091 HTTP/1.1" 200 544 "-" "Mozilla/5.0 (Windows NT 10.0; Win64; x64) AppleWebKit/537.36 (KHTML, like Gecko) Chrome/128.0.0.0 Safari/537.36 OPR/114.0.0."
92.204.54.123 - - [14/Nov/2025:11:10:13 -0500] "GET /product-tag/hair-spray/?_wpnonce=a5b392c33b&add-to-cart=1091 HTTP/1.1" 200 544 "-" "Mozilla/5.0 (Windows NT 10.0; Win64; x64) AppleWebKit/537.36 (KHTML, like Gecko) Chrome/128.0.0.0 Safari/537.36 OPR/114.0.0."
45.8.25.52 - - [14/Nov/2025:11:10:14 -0500] "GET /components/com_* HTTP/1.1" 200 544 "https://www.google.com/" "Mozilla/5.0 (Windows NT 10.0; Win64; x64; rv:131.0) Gecko/20100101 Firefox/131.0"
92.204.54.123 - - [14/Nov/2025:11:10:15 -0500] "GET /product-tag/hair-spray/?_wpnonce=da84b49310&action=yith-woocompare-add-product&id=1125 HTTP/1.1" 200 544 "-" "Mozilla/5.0 (Windows NT 10.0; Win64; x64) AppleWebKit/537.36 (KHTML, like Gecko) Chrome/128.0.0.0 Safari/537.36 OPR/114.0.0."
92.204.54.123 - - [14/Nov/2025:11:10:18 -0500] "GET /product-tag/hair-spray/?_wpnonce=a5b392c33b&add-to-cart=1125 HTTP/1.1" 200 544 "-" "Mozilla/5.0 (Windows NT 10.0; Win64; x64) AppleWebKit/537.36 (KHTML, like Gecko) Chrome/128.0.0.0 Safari/537.36 OPR/114.0.0."
92.204.54.123 - - [14/Nov/2025:11:10:20 -0500] "GET /product-tag/hair-spray/?add-to-cart=1091& HTTP/1.1" 200 544 "-" "Mozilla/5.0 (Windows NT 10.0; Win64; x64) AppleWebKit/537.36 (KHTML, like Gecko) Chrome/128.0.0.0 Safari/537.36 OPR/114.0.0."
92.204.54.123 - - [14/Nov/2025:11:10:22 -0500] "GET /product/nouvelle-strong-hold-gel/?_wpnonce=da84b49310&action=yith-woocompare-add-product&id=1127 HTTP/1.1" 200 544 "-" "Mozilla/5.0 (Windows NT 10.0; Win64; x64) AppleWebKit/537.36 (KHTML, like Gecko) Chrome/128.0.0.0 Safari/537.36 OPR/114.0.0."
92.204.54.123 - - [14/Nov/2025:11:10:24 -0500] "GET /product/nouvelle-strong-hold-gel/?_wpnonce=a5b392c33b&add-to-cart=1127 HTTP/1.1" 200 544 "-" "Mozilla/5.0 (Windows NT 10.0; Win64; x64) AppleWebKit/537.36 (KHTML, like Gecko) Chrome/128.0.0.0 Safari/537.36 OPR/114.0.0."
92.204.54.123 - - [14/Nov/2025:11:10:26 -0500] "GET /product/nouvelle-strong-hold-gel/?_wpnonce=da84b49310&action=yith-woocompare-add-product&id=1068 HTTP/1.1" 200 544 "-" "Mozilla/5.0 (Windows NT 10.0; Win64; x64) AppleWebKit/537.36 (KHTML, like Gecko) Chrome/128.0.0.0 Safari/537.36 OPR/114.0.0."
45.8.25.52 - - [14/Nov/2025:11:10:26 -0500] "GET /modules/mod_* HTTP/1.1" 200 544 "https://www.google.com/" "Mozilla/5.0 (Macintosh; Intel Mac OS X 10_15_7) AppleWebKit/605.1.15 (KHTML, like Gecko) Version/18.1 Safari/605.1.15"
92.204.54.123 - - [14/Nov/2025:11:10:28 -0500] "GET /product/nouvelle-strong-hold-gel/?_wpnonce=a5b392c33b&add-to-cart=1068 HTTP/1.1" 200 544 "-" "Mozilla/5.0 (Windows NT 10.0; Win64; x64) AppleWebKit/537.36 (KHTML, like Gecko) Chrome/128.0.0.0 Safari/537.36 OPR/114.0.0."
92.204.54.123 - - [14/Nov/2025:11:10:30 -0500] "GET /product/nouvelle-strong-hold-gel/?_wpnonce=da84b49310&action=yith-woocompare-add-product&id=1080 HTTP/1.1" 200 544 "-" "Mozilla/5.0 (Windows NT 10.0; Win64; x64) AppleWebKit/537.36 (KHTML, like Gecko) Chrome/128.0.0.0 Safari/537.36 OPR/114.0.0."
92.204.54.123 - - [14/Nov/2025:11:10:32 -0500] "GET /product/nouvelle-strong-hold-gel/?_wpnonce=a5b392c33b&add-to-cart=1080 HTTP/1.1" 200 544 "-" "Mozilla/5.0 (Windows NT 10.0; Win64; x64) AppleWebKit/537.36 (KHTML, like Gecko) Chrome/128.0.0.0 Safari/537.36 OPR/114.0.0."
92.204.54.123 - - [14/Nov/2025:11:10:34 -0500] "GET /product/nouvelle-strong-hold-gel/?_wpnonce=da84b49310&action=yith-woocompare-add-product&id=1004 HTTP/1.1" 200 544 "-" "Mozilla/5.0 (Windows NT 10.0; Win64; x64) AppleWebKit/537.36 (KHTML, like Gecko) Chrome/128.0.0.0 Safari/537.36 OPR/114.0.0."
92.204.54.123 - - [14/Nov/2025:11:10:36 -0500] "GET /product/nouvelle-strong-hold-gel/?_wpnonce=a5b392c33b&add-to-cart=1004 HTTP/1.1" 200 544 "-" "Mozilla/5.0 (Windows NT 10.0; Win64; x64) AppleWebKit/537.36 (KHTML, like Gecko) Chrome/128.0.0.0 Safari/537.36 OPR/114.0.0."
45.8.25.52 - - [14/Nov/2025:11:10:38 -0500] "GET /plugins/*/* HTTP/1.1" 200 544 "https://yandex.com/" "Mozilla/5.0 (Windows NT 10.0; Win64; x64) AppleWebKit/537.36 (KHTML, like Gecko) Chrome/129.0.0.0 Safari/537.36"
92.204.54.123 - - [14/Nov/2025:11:10:38 -0500] "GET /product/nouvelle-strong-hold-gel/?_wpnonce=da84b49310&action=yith-woocompare-add-product&id=1002 HTTP/1.1" 200 544 "-" "Mozilla/5.0 (Windows NT 10.0; Win64; x64) AppleWebKit/537.36 (KHTML, like Gecko) Chrome/128.0.0.0 Safari/537.36 OPR/114.0.0."
92.204.54.123 - - [14/Nov/2025:11:10:40 -0500] "GET /product/nouvelle-strong-hold-gel/?_wpnonce=a5b392c33b&add-to-cart=1002 HTTP/1.1" 200 544 "-" "Mozilla/5.0 (Windows NT 10.0; Win64; x64) AppleWebKit/537.36 (KHTML, like Gecko) Chrome/128.0.0.0 Safari/537.36 OPR/114.0.0."
92.204.54.123 - - [14/Nov/2025:11:10:42 -0500] "GET /product/nouvelle-strong-hold-gel/?_wpnonce=da84b49310&action=yith-woocompare-add-product&id=997 HTTP/1.1" 200 544 "-" "Mozilla/5.0 (Windows NT 10.0; Win64; x64) AppleWebKit/537.36 (KHTML, like Gecko) Chrome/128.0.0.0 Safari/537.36 OPR/114.0.0."
92.204.54.123 - - [14/Nov/2025:11:10:44 -0500] "GET /product/nouvelle-strong-hold-gel/?_wpnonce=a5b392c33b&add-to-cart=997 HTTP/1.1" 200 544 "-" "Mozilla/5.0 (Windows NT 10.0; Win64; x64) AppleWebKit/537.36 (KHTML, like Gecko) Chrome/128.0.0.0 Safari/537.36 OPR/114.0.0."
92.204.54.123 - - [14/Nov/2025:11:10:46 -0500] "GET /product/nouvelle-strong-hold-gel/?add-to-cart=1080& HTTP/1.1" 200 544 "-" "Mozilla/5.0 (Windows NT 10.0; Win64; x64) AppleWebKit/537.36 (KHTML, like Gecko) Chrome/128.0.0.0 Safari/537.36 OPR/114.0.0."
92.204.54.123 - - [14/Nov/2025:11:10:48 -0500] "GET /product/nouvelle-strong-hold-gel/?add-to-cart=1070&action=yith-woocompare-add-product&id=1004&_wpnonce=da84b49310 HTTP/1.1" 200 544 "-" "Mozilla/5.0 (Windows NT 10.0; Win64; x64) AppleWebKit/537.36 (KHTML, like Gecko) Chrome/128.0.0.0 Safari/537.36 OPR/114.0.0."
45.8.25.52 - - [14/Nov/2025:11:10:49 -0500] "GET /templates/* HTTP/1.1" 200 544 "https://yandex.com/" "Mozilla/5.0 (Windows NT 10.0; Win64; x64) AppleWebKit/537.36 (KHTML, like Gecko) Chrome/129.0.0.0 Safari/537.36"
92.204.54.123 - - [14/Nov/2025:11:10:50 -0500] "GET /product/nouvelle-strong-hold-gel/?add-to-cart=1070&action=yith-woocompare-add-product&id=989&_wpnonce=da84b49310 HTTP/1.1" 200 544 "-" "Mozilla/5.0 (Windows NT 10.0; Win64; x64) AppleWebKit/537.36 (KHTML, like Gecko) Chrome/128.0.0.0 Safari/537.36 OPR/114.0.0."
92.204.54.123 - - [14/Nov/2025:11:10:52 -0500] "GET /product/nouvelle-strong-hold-gel/?add-to-cart=1070&action=yith-woocompare-add-product&id=1077&_wpnonce=da84b49310 HTTP/1.1" 200 544 "-" "Mozilla/5.0 (Windows NT 10.0; Win64; x64) AppleWebKit/537.36 (KHTML, like Gecko) Chrome/128.0.0.0 Safari/537.36 OPR/114.0.0."
92.204.54.123 - - [14/Nov/2025:11:10:54 -0500] "GET /product/nouvelle-strong-hold-gel/?add-to-cart=1070&action=yith-woocompare-add-product&id=1002&_wpnonce=da84b49310 HTTP/1.1" 200 544 "-" "Mozilla/5.0 (Windows NT 10.0; Win64; x64) AppleWebKit/537.36 (KHTML, like Gecko) Chrome/128.0.0.0 Safari/537.36 OPR/114.0.0."
92.204.54.123 - - [14/Nov/2025:11:10:56 -0500] "GET /product/nouvelle-strong-hold-gel/?add-to-cart=1070&action=yith-woocompare-add-product&id=1103&_wpnonce=da84b49310 HTTP/1.1" 200 544 "-" "Mozilla/5.0 (Windows NT 10.0; Win64; x64) AppleWebKit/537.36 (KHTML, like Gecko) Chrome/128.0.0.0 Safari/537.36 OPR/114.0.0."
92.204.54.123 - - [14/Nov/2025:11:10:58 -0500] "GET /product/nouvelle-strong-hold-gel/?add-to-cart=1070&action=yith-woocompare-add-product&id=993&_wpnonce=da84b49310 HTTP/1.1" 200 544 "-" "Mozilla/5.0 (Windows NT 10.0; Win64; x64) AppleWebKit/537.36 (KHTML, like Gecko) Chrome/128.0.0.0 Safari/537.36 OPR/114.0.0."
92.204.54.123 - - [14/Nov/2025:11:11:00 -0500] "GET /product/nouvelle-strong-hold-gel/?add-to-cart=1068&action=yith-woocompare-add-product&id=1070&_wpnonce=da84b49310 HTTP/1.1" 200 544 "-" "Mozilla/5.0 (Windows NT 10.0; Win64; x64) AppleWebKit/537.36 (KHTML, like Gecko) Chrome/128.0.0.0 Safari/537.36 OPR/114.0.0."
45.8.25.52 - - [14/Nov/2025:11:11:01 -0500] "GET /media HTTP/1.1" 200 544 "https://search.yahoo.com/" "Mozilla/5.0 (Macintosh; Intel Mac OS X 10.15; rv:131.0) Gecko/20100101 Firefox/131.0"
92.204.54.123 - - [14/Nov/2025:11:11:02 -0500] "GET /product/nouvelle-strong-hold-gel/?add-to-cart=1068&action=yith-woocompare-add-product&id=989&_wpnonce=da84b49310 HTTP/1.1" 200 544 "-" "Mozilla/5.0 (Windows NT 10.0; Win64; x64) AppleWebKit/537.36 (KHTML, like Gecko) Chrome/128.0.0.0 Safari/537.36 OPR/114.0.0."
92.204.54.123 - - [14/Nov/2025:11:11:04 -0500] "GET /product/nouvelle-strong-hold-gel/?add-to-cart=1068&action=yith-woocompare-add-product&id=993&_wpnonce=da84b49310 HTTP/1.1" 200 544 "-" "Mozilla/5.0 (Windows NT 10.0; Win64; x64) AppleWebKit/537.36 (KHTML, like Gecko) Chrome/128.0.0.0 Safari/537.36 OPR/114.0.0."
92.204.54.123 - - [14/Nov/2025:11:11:06 -0500] "GET /product/nouvelle-strong-hold-gel/?add-to-cart=1068&action=yith-woocompare-add-product&id=1077&_wpnonce=da84b49310 HTTP/1.1" 200 544 "-" "Mozilla/5.0 (Windows NT 10.0; Win64; x64) AppleWebKit/537.36 (KHTML, like Gecko) Chrome/128.0.0.0 Safari/537.36 OPR/114.0.0."
92.204.54.123 - - [14/Nov/2025:11:11:08 -0500] "GET /product/nouvelle-strong-hold-gel/?add-to-cart=1068&action=yith-woocompare-add-product&id=1125&_wpnonce=da84b49310 HTTP/1.1" 200 544 "-" "Mozilla/5.0 (Windows NT 10.0; Win64; x64) AppleWebKit/537.36 (KHTML, like Gecko) Chrome/128.0.0.0 Safari/537.36 OPR/114.0.0."
92.204.54.123 - - [14/Nov/2025:11:11:10 -0500] "GET /product/nouvelle-strong-hold-gel/?add-to-cart=1068&action=yith-woocompare-add-product&id=1127&_wpnonce=da84b49310 HTTP/1.1" 200 544 "-" "Mozilla/5.0 (Windows NT 10.0; Win64; x64) AppleWebKit/537.36 (KHTML, like Gecko) Chrome/128.0.0.0 Safari/537.36 OPR/114.0.0."
92.204.54.123 - - [14/Nov/2025:11:11:12 -0500] "GET /product/nouvelle-strong-hold-gel/?add-to-cart=993&action=yith-woocompare-add-product&id=1002&_wpnonce=da84b49310 HTTP/1.1" 200 544 "-" "Mozilla/5.0 (Windows NT 10.0; Win64; x64) AppleWebKit/537.36 (KHTML, like Gecko) Chrome/128.0.0.0 Safari/537.36 OPR/114.0.0."
45.8.25.52 - - [14/Nov/2025:11:11:13 -0500] "GET /lib/pkp HTTP/1.1" 200 544 "https://duckduckgo.com/" "Mozilla/5.0 (Windows NT 10.0; Win64; x64) AppleWebKit/537.36 (KHTML, like Gecko) Chrome/130.0.0.0 Safari/537.36"
92.204.54.123 - - [14/Nov/2025:11:11:14 -0500] "GET /product/nouvelle-strong-hold-gel/?add-to-cart=993&action=yith-woocompare-add-product&id=1070&_wpnonce=da84b49310 HTTP/1.1" 200 544 "-" "Mozilla/5.0 (Windows NT 10.0; Win64; x64) AppleWebKit/537.36 (KHTML, like Gecko) Chrome/128.0.0.0 Safari/537.36 OPR/114.0.0."
92.204.54.123 - - [14/Nov/2025:11:11:16 -0500] "GET /product/nouvelle-strong-hold-gel/?add-to-cart=993&action=yith-woocompare-add-product&id=1077&_wpnonce=da84b49310 HTTP/1.1" 200 544 "-" "Mozilla/5.0 (Windows NT 10.0; Win64; x64) AppleWebKit/537.36 (KHTML, like Gecko) Chrome/128.0.0.0 Safari/537.36 OPR/114.0.0."
92.204.54.123 - - [14/Nov/2025:11:11:18 -0500] "GET /product/nouvelle-strong-hold-gel/?add-to-cart=993&action=yith-woocompare-add-product&id=1073&_wpnonce=da84b49310 HTTP/1.1" 200 544 "-" "Mozilla/5.0 (Windows NT 10.0; Win64; x64) AppleWebKit/537.36 (KHTML, like Gecko) Chrome/128.0.0.0 Safari/537.36 OPR/114.0.0."
92.204.54.123 - - [14/Nov/2025:11:11:20 -0500] "GET /product/nouvelle-strong-hold-gel/?add-to-cart=993&action=yith-woocompare-add-product&id=1091&_wpnonce=da84b49310 HTTP/1.1" 200 544 "-" "Mozilla/5.0 (Windows NT 10.0; Win64; x64) AppleWebKit/537.36 (KHTML, like Gecko) Chrome/128.0.0.0 Safari/537.36 OPR/114.0.0."
92.204.54.123 - - [14/Nov/2025:11:11:22 -0500] "GET /product/nouvelle-strong-hold-gel/?add-to-cart=993&action=yith-woocompare-add-product&id=1075&_wpnonce=da84b49310 HTTP/1.1" 200 544 "-" "Mozilla/5.0 (Windows NT 10.0; Win64; x64) AppleWebKit/537.36 (KHTML, like Gecko) Chrome/128.0.0.0 Safari/537.36 OPR/114.0.0."
92.204.54.123 - - [14/Nov/2025:11:11:24 -0500] "GET /product/nouvelle-strong-hold-gel/?add-to-cart=1073& HTTP/1.1" 200 544 "-" "Mozilla/5.0 (Windows NT 10.0; Win64; x64) AppleWebKit/537.36 (KHTML, like Gecko) Chrome/128.0.0.0 Safari/537.36 OPR/114.0.0."
45.8.25.52 - - [14/Nov/2025:11:11:25 -0500] "GET /plugins HTTP/1.1" 200 544 "https://search.yahoo.com/" "Mozilla/5.0 (Macintosh; Intel Mac OS X 10.15; rv:131.0) Gecko/20100101 Firefox/131.0"
92.204.54.123 - - [14/Nov/2025:11:11:26 -0500] "GET /product/nouvelle-strong-hold-gel/?add-to-cart=1077&action=yith-woocompare-add-product&id=1075&_wpnonce=da84b49310 HTTP/1.1" 200 544 "-" "Mozilla/5.0 (Windows NT 10.0; Win64; x64) AppleWebKit/537.36 (KHTML, like Gecko) Chrome/128.0.0.0 Safari/537.36 OPR/114.0.0."
92.204.54.123 - - [14/Nov/2025:11:11:28 -0500] "GET /product/nouvelle-strong-hold-gel/?add-to-cart=1077&action=yith-woocompare-add-product&id=1077&_wpnonce=da84b49310 HTTP/1.1" 200 544 "-" "Mozilla/5.0 (Windows NT 10.0; Win64; x64) AppleWebKit/537.36 (KHTML, like Gecko) Chrome/128.0.0.0 Safari/537.36 OPR/114.0.0."
92.204.54.123 - - [14/Nov/2025:11:11:30 -0500] "GET /product/nouvelle-strong-hold-gel/?add-to-cart=1077&action=yith-woocompare-add-product&id=1103&_wpnonce=da84b49310 HTTP/1.1" 200 544 "-" "Mozilla/5.0 (Windows NT 10.0; Win64; x64) AppleWebKit/537.36 (KHTML, like Gecko) Chrome/128.0.0.0 Safari/537.36 OPR/114.0.0."
92.204.54.123 - - [14/Nov/2025:11:11:32 -0500] "GET /product/nouvelle-strong-hold-gel/?add-to-cart=1077&action=yith-woocompare-add-product&id=1070&_wpnonce=da84b49310 HTTP/1.1" 200 544 "-" "Mozilla/5.0 (Windows NT 10.0; Win64; x64) AppleWebKit/537.36 (KHTML, like Gecko) Chrome/128.0.0.0 Safari/537.36 OPR/114.0.0."
92.204.54.123 - - [14/Nov/2025:11:11:34 -0500] "GET /product/nouvelle-strong-hold-gel/?add-to-cart=1077&action=yith-woocompare-add-product&id=1080&_wpnonce=da84b49310 HTTP/1.1" 200 544 "-" "Mozilla/5.0 (Windows NT 10.0; Win64; x64) AppleWebKit/537.36 (KHTML, like Gecko) Chrome/128.0.0.0 Safari/537.36 OPR/114.0.0."
92.204.54.123 - - [14/Nov/2025:11:11:36 -0500] "GET /product/nouvelle-strong-hold-gel/?add-to-cart=1077&action=yith-woocompare-add-product&id=1002&_wpnonce=da84b49310 HTTP/1.1" 200 544 "-" "Mozilla/5.0 (Windows NT 10.0; Win64; x64) AppleWebKit/537.36 (KHTML, like Gecko) Chrome/128.0.0.0 Safari/537.36 OPR/114.0.0."
45.8.25.52 - - [14/Nov/2025:11:11:37 -0500] "GET /cache HTTP/1.1" 200 544 "https://search.yahoo.com/" "Mozilla/5.0 (Windows NT 10.0; Win64; x64) AppleWebKit/537.36 (KHTML, like Gecko) Chrome/130.0.0.0 Safari/537.36 Edg/130.0.0.0"
92.204.54.123 - - [14/Nov/2025:11:11:38 -0500] "GET /product/nouvelle-strong-hold-gel/?add-to-cart=1002& HTTP/1.1" 200 544 "-" "Mozilla/5.0 (Windows NT 10.0; Win64; x64) AppleWebKit/537.36 (KHTML, like Gecko) Chrome/128.0.0.0 Safari/537.36 OPR/114.0.0."
92.204.54.123 - - [14/Nov/2025:11:11:40 -0500] "GET /product/nouvelle-strong-hold-gel/?add-to-cart=1075&action=yith-woocompare-add-product&id=1125&_wpnonce=da84b49310 HTTP/1.1" 200 544 "-" "Mozilla/5.0 (Windows NT 10.0; Win64; x64) AppleWebKit/537.36 (KHTML, like Gecko) Chrome/128.0.0.0 Safari/537.36 OPR/114.0.0."
92.204.54.123 - - [14/Nov/2025:11:11:42 -0500] "GET /product/nouvelle-strong-hold-gel/?add-to-cart=1075&action=yith-woocompare-add-product&id=997&_wpnonce=da84b49310 HTTP/1.1" 200 544 "-" "Mozilla/5.0 (Windows NT 10.0; Win64; x64) AppleWebKit/537.36 (KHTML, like Gecko) Chrome/128.0.0.0 Safari/537.36 OPR/114.0.0."
92.204.54.123 - - [14/Nov/2025:11:11:44 -0500] "GET /product/nouvelle-strong-hold-gel/?add-to-cart=1075&action=yith-woocompare-add-product&id=1070&_wpnonce=da84b49310 HTTP/1.1" 200 544 "-" "Mozilla/5.0 (Windows NT 10.0; Win64; x64) AppleWebKit/537.36 (KHTML, like Gecko) Chrome/128.0.0.0 Safari/537.36 OPR/114.0.0."
92.204.54.123 - - [14/Nov/2025:11:11:46 -0500] "GET /product/nouvelle-strong-hold-gel/?add-to-cart=1075&action=yith-woocompare-add-product&id=1073&_wpnonce=da84b49310 HTTP/1.1" 200 544 "-" "Mozilla/5.0 (Windows NT 10.0; Win64; x64) AppleWebKit/537.36 (KHTML, like Gecko) Chrome/128.0.0.0 Safari/537.36 OPR/114.0.0."
92.204.54.123 - - [14/Nov/2025:11:11:48 -0500] "GET /product/nouvelle-strong-hold-gel/?add-to-cart=1075&action=yith-woocompare-add-product&id=1103&_wpnonce=da84b49310 HTTP/1.1" 200 544 "-" "Mozilla/5.0 (Windows NT 10.0; Win64; x64) AppleWebKit/537.36 (KHTML, like Gecko) Chrome/128.0.0.0 Safari/537.36 OPR/114.0.0."
45.8.25.52 - - [14/Nov/2025:11:11:48 -0500] "GET /public HTTP/1.1" 200 544 "https://yandex.com/" "Mozilla/5.0 (Windows NT 10.0; Win64; x64; rv:131.0) Gecko/20100101 Firefox/131.0"
92.204.54.123 - - [14/Nov/2025:11:11:50 -0500] "GET /product/nouvelle-strong-hold-gel/?add-to-cart=1075&action=yith-woocompare-add-product&id=993&_wpnonce=da84b49310 HTTP/1.1" 200 544 "-" "Mozilla/5.0 (Windows NT 10.0; Win64; x64) AppleWebKit/537.36 (KHTML, like Gecko) Chrome/128.0.0.0 Safari/537.36 OPR/114.0.0."
92.204.54.123 - - [14/Nov/2025:11:11:52 -0500] "GET /product/nouvelle-strong-hold-gel/?add-to-cart=1125& HTTP/1.1" 200 544 "-" "Mozilla/5.0 (Windows NT 10.0; Win64; x64) AppleWebKit/537.36 (KHTML, like Gecko) Chrome/128.0.0.0 Safari/537.36 OPR/114.0.0."
92.204.54.123 - - [14/Nov/2025:11:11:54 -0500] "GET /product/nouvelle-strong-hold-gel/?add-to-cart=997&action=yith-woocompare-add-product&id=1077&_wpnonce=da84b49310 HTTP/1.1" 200 544 "-" "Mozilla/5.0 (Windows NT 10.0; Win64; x64) AppleWebKit/537.36 (KHTML, like Gecko) Chrome/128.0.0.0 Safari/537.36 OPR/114.0.0."
92.204.54.123 - - [14/Nov/2025:11:11:56 -0500] "GET /product/nouvelle-strong-hold-gel/?add-to-cart=997&action=yith-woocompare-add-product&id=989&_wpnonce=da84b49310 HTTP/1.1" 200 544 "-" "Mozilla/5.0 (Windows NT 10.0; Win64; x64) AppleWebKit/537.36 (KHTML, like Gecko) Chrome/128.0.0.0 Safari/537.36 OPR/114.0.0."
92.204.54.123 - - [14/Nov/2025:11:11:58 -0500] "GET /product/nouvelle-strong-hold-gel/?add-to-cart=997&action=yith-woocompare-add-product&id=997&_wpnonce=da84b49310 HTTP/1.1" 200 544 "-" "Mozilla/5.0 (Windows NT 10.0; Win64; x64) AppleWebKit/537.36 (KHTML, like Gecko) Chrome/128.0.0.0 Safari/537.36 OPR/114.0.0."
92.204.54.123 - - [14/Nov/2025:11:12:00 -0500] "GET /product/nouvelle-strong-hold-gel/?add-to-cart=997&action=yith-woocompare-add-product&id=1068&_wpnonce=da84b49310 HTTP/1.1" 200 544 "-" "Mozilla/5.0 (Windows NT 10.0; Win64; x64) AppleWebKit/537.36 (KHTML, like Gecko) Chrome/128.0.0.0 Safari/537.36 OPR/114.0.0."
45.8.25.52 - - [14/Nov/2025:11:12:01 -0500] "GET /locale HTTP/1.1" 200 544 "https://search.yahoo.com/" "Mozilla/5.0 (Windows NT 10.0; Win64; x64) AppleWebKit/537.36 (KHTML, like Gecko) Chrome/130.0.0.0 Safari/537.36"
92.204.54.123 - - [14/Nov/2025:11:12:02 -0500] "GET /product/nouvelle-strong-hold-gel/?add-to-cart=997&action=yith-woocompare-add-product&id=1070&_wpnonce=da84b49310 HTTP/1.1" 200 544 "-" "Mozilla/5.0 (Windows NT 10.0; Win64; x64) AppleWebKit/537.36 (KHTML, like Gecko) Chrome/128.0.0.0 Safari/537.36 OPR/114.0.0."
92.204.54.123 - - [14/Nov/2025:11:12:04 -0500] "GET /product/nouvelle-strong-hold-gel/?add-to-cart=997&action=yith-woocompare-add-product&id=993&_wpnonce=da84b49310 HTTP/1.1" 200 544 "-" "Mozilla/5.0 (Windows NT 10.0; Win64; x64) AppleWebKit/537.36 (KHTML, like Gecko) Chrome/128.0.0.0 Safari/537.36 OPR/114.0.0."
92.204.54.123 - - [14/Nov/2025:11:12:06 -0500] "GET /product/nouvelle-strong-hold-gel/?add-to-cart=989& HTTP/1.1" 200 544 "-" "Mozilla/5.0 (Windows NT 10.0; Win64; x64) AppleWebKit/537.36 (KHTML, like Gecko) Chrome/128.0.0.0 Safari/537.36 OPR/114.0.0."
92.204.54.123 - - [14/Nov/2025:11:12:08 -0500] "GET /product/nouvelle-strong-hold-gel/?add-to-cart=1004&action=yith-woocompare-add-product&id=997&_wpnonce=da84b49310 HTTP/1.1" 200 544 "-" "Mozilla/5.0 (Windows NT 10.0; Win64; x64) AppleWebKit/537.36 (KHTML, like Gecko) Chrome/128.0.0.0 Safari/537.36 OPR/114.0.0."
92.204.54.123 - - [14/Nov/2025:11:12:10 -0500] "GET /product/nouvelle-strong-hold-gel/?add-to-cart=1004&action=yith-woocompare-add-product&id=1125&_wpnonce=da84b49310 HTTP/1.1" 200 544 "-" "Mozilla/5.0 (Windows NT 10.0; Win64; x64) AppleWebKit/537.36 (KHTML, like Gecko) Chrome/128.0.0.0 Safari/537.36 OPR/114.0.0."
92.204.54.123 - - [14/Nov/2025:11:12:12 -0500] "GET /product/nouvelle-strong-hold-gel/?add-to-cart=1004&action=yith-woocompare-add-product&id=993&_wpnonce=da84b49310 HTTP/1.1" 200 544 "-" "Mozilla/5.0 (Windows NT 10.0; Win64; x64) AppleWebKit/537.36 (KHTML, like Gecko) Chrome/128.0.0.0 Safari/537.36 OPR/114.0.0."
45.8.25.52 - - [14/Nov/2025:11:12:14 -0500] "GET /templates HTTP/1.1" 200 544 "https://www.google.com/" "Mozilla/5.0 (Windows NT 10.0; Win64; x64) AppleWebKit/537.36 (KHTML, like Gecko) Chrome/130.0.0.0 Safari/537.36 Edg/130.0.0.0"
92.204.54.123 - - [14/Nov/2025:11:12:14 -0500] "GET /product/nouvelle-strong-hold-gel/?add-to-cart=1004&action=yith-woocompare-add-product&id=1075&_wpnonce=da84b49310 HTTP/1.1" 200 544 "-" "Mozilla/5.0 (Windows NT 10.0; Win64; x64) AppleWebKit/537.36 (KHTML, like Gecko) Chrome/128.0.0.0 Safari/537.36 OPR/114.0.0."
92.204.54.123 - - [14/Nov/2025:11:12:16 -0500] "GET /product/nouvelle-strong-hold-gel/?add-to-cart=1004&action=yith-woocompare-add-product&id=1077&_wpnonce=da84b49310 HTTP/1.1" 200 544 "-" "Mozilla/5.0 (Windows NT 10.0; Win64; x64) AppleWebKit/537.36 (KHTML, like Gecko) Chrome/128.0.0.0 Safari/537.36 OPR/114.0.0."
92.204.54.123 - - [14/Nov/2025:11:12:18 -0500] "GET /product/nouvelle-strong-hold-gel/?add-to-cart=1004&action=yith-woocompare-add-product&id=1070&_wpnonce=da84b49310 HTTP/1.1" 200 544 "-" "Mozilla/5.0 (Windows NT 10.0; Win64; x64) AppleWebKit/537.36 (KHTML, like Gecko) Chrome/128.0.0.0 Safari/537.36 OPR/114.0.0."
92.204.54.123 - - [14/Nov/2025:11:12:20 -0500] "GET /product/nouvelle-strong-hold-gel/?add-to-cart=1091&action=yith-woocompare-add-product&id=993&_wpnonce=da84b49310 HTTP/1.1" 200 544 "-" "Mozilla/5.0 (Windows NT 10.0; Win64; x64) AppleWebKit/537.36 (KHTML, like Gecko) Chrome/128.0.0.0 Safari/537.36 OPR/114.0.0."
92.204.54.123 - - [14/Nov/2025:11:12:22 -0500] "GET /product/nouvelle-strong-hold-gel/?add-to-cart=1091&action=yith-woocompare-add-product&id=1004&_wpnonce=da84b49310 HTTP/1.1" 200 544 "-" "Mozilla/5.0 (Windows NT 10.0; Win64; x64) AppleWebKit/537.36 (KHTML, like Gecko) Chrome/128.0.0.0 Safari/537.36 OPR/114.0.0."
92.204.54.123 - - [14/Nov/2025:11:12:24 -0500] "GET /product/nouvelle-strong-hold-gel/?add-to-cart=1091&action=yith-woocompare-add-product&id=1002&_wpnonce=da84b49310 HTTP/1.1" 200 544 "-" "Mozilla/5.0 (Windows NT 10.0; Win64; x64) AppleWebKit/537.36 (KHTML, like Gecko) Chrome/128.0.0.0 Safari/537.36 OPR/114.0.0."
92.204.54.123 - - [14/Nov/2025:11:12:26 -0500] "GET /product/nouvelle-strong-hold-gel/?add-to-cart=1091&action=yith-woocompare-add-product&id=1080&_wpnonce=da84b49310 HTTP/1.1" 200 544 "-" "Mozilla/5.0 (Windows NT 10.0; Win64; x64) AppleWebKit/537.36 (KHTML, like Gecko) Chrome/128.0.0.0 Safari/537.36 OPR/114.0.0."
45.8.25.52 - - [14/Nov/2025:11:12:27 -0500] "GET /classes HTTP/1.1" 200 544 "https://search.yahoo.com/" "Mozilla/5.0 (Windows NT 10.0; Win64; x64) AppleWebKit/537.36 (KHTML, like Gecko) Chrome/129.0.0.0 Safari/537.36"
92.204.54.123 - - [14/Nov/2025:11:12:28 -0500] "GET /product/nouvelle-strong-hold-gel/?add-to-cart=1091&action=yith-woocompare-add-product&id=997&_wpnonce=da84b49310 HTTP/1.1" 200 544 "-" "Mozilla/5.0 (Windows NT 10.0; Win64; x64) AppleWebKit/537.36 (KHTML, like Gecko) Chrome/128.0.0.0 Safari/537.36 OPR/114.0.0."
92.204.54.123 - - [14/Nov/2025:11:12:30 -0500] "GET /product/nouvelle-strong-hold-gel/?add-to-cart=1091&action=yith-woocompare-add-product&id=1077&_wpnonce=da84b49310 HTTP/1.1" 200 544 "-" "Mozilla/5.0 (Windows NT 10.0; Win64; x64) AppleWebKit/537.36 (KHTML, like Gecko) Chrome/128.0.0.0 Safari/537.36 OPR/114.0.0."
92.204.54.123 - - [14/Nov/2025:11:12:32 -0500] "GET /product-tag/nouvelle/?_wpnonce=da84b49310&action=yith-woocompare-add-product&id=1103 HTTP/1.1" 200 544 "-" "Mozilla/5.0 (Windows NT 10.0; Win64; x64) AppleWebKit/537.36 (KHTML, like Gecko) Chrome/128.0.0.0 Safari/537.36 OPR/114.0.0."
92.204.54.123 - - [14/Nov/2025:11:12:34 -0500] "GET /product-tag/nouvelle/?_wpnonce=a5b392c33b&add-to-cart=1103 HTTP/1.1" 200 544 "-" "Mozilla/5.0 (Windows NT 10.0; Win64; x64) AppleWebKit/537.36 (KHTML, like Gecko) Chrome/128.0.0.0 Safari/537.36 OPR/114.0.0."
92.204.54.123 - - [14/Nov/2025:11:12:36 -0500] "GET /product-tag/nouvelle/?_wpnonce=da84b49310&action=yith-woocompare-add-product&id=1099 HTTP/1.1" 200 544 "-" "Mozilla/5.0 (Windows NT 10.0; Win64; x64) AppleWebKit/537.36 (KHTML, like Gecko) Chrome/128.0.0.0 Safari/537.36 OPR/114.0.0."
92.204.54.123 - - [14/Nov/2025:11:12:38 -0500] "GET /product-tag/nouvelle/?_wpnonce=a5b392c33b&add-to-cart=1099 HTTP/1.1" 200 544 "-" "Mozilla/5.0 (Windows NT 10.0; Win64; x64) AppleWebKit/537.36 (KHTML, like Gecko) Chrome/128.0.0.0 Safari/537.36 OPR/114.0.0."
45.8.25.52 - - [14/Nov/2025:11:12:39 -0500] "GET /pages HTTP/1.1" 200 544 "https://www.bing.com/" "Mozilla/5.0 (Windows NT 10.0; Win64; x64; rv:131.0) Gecko/20100101 Firefox/131.0"
92.204.54.123 - - [14/Nov/2025:11:12:40 -0500] "GET /product-tag/nouvelle/?add-to-cart=1103& HTTP/1.1" 200 544 "-" "Mozilla/5.0 (Windows NT 10.0; Win64; x64) AppleWebKit/537.36 (KHTML, like Gecko) Chrome/128.0.0.0 Safari/537.36 OPR/114.0.0."
92.204.54.123 - - [14/Nov/2025:11:12:42 -0500] "GET /product-tag/hair-gel/?_wpnonce=da84b49310&action=yith-woocompare-add-product&id=1099 HTTP/1.1" 200 544 "-" "Mozilla/5.0 (Windows NT 10.0; Win64; x64) AppleWebKit/537.36 (KHTML, like Gecko) Chrome/128.0.0.0 Safari/537.36 OPR/114.0.0."
92.204.54.123 - - [14/Nov/2025:11:12:44 -0500] "GET /product-tag/hair-gel/?_wpnonce=a5b392c33b&add-to-cart=1099 HTTP/1.1" 200 544 "-" "Mozilla/5.0 (Windows NT 10.0; Win64; x64) AppleWebKit/537.36 (KHTML, like Gecko) Chrome/128.0.0.0 Safari/537.36 OPR/114.0.0."
92.204.54.123 - - [14/Nov/2025:11:12:46 -0500] "GET /product/nouvelle-mousse-strong-hold/?_wpnonce=da84b49310&action=yith-woocompare-add-product&id=1127 HTTP/1.1" 200 544 "-" "Mozilla/5.0 (Windows NT 10.0; Win64; x64) AppleWebKit/537.36 (KHTML, like Gecko) Chrome/128.0.0.0 Safari/537.36 OPR/114.0.0."
92.204.54.123 - - [14/Nov/2025:11:12:48 -0500] "GET /product/nouvelle-mousse-strong-hold/?_wpnonce=a5b392c33b&add-to-cart=1127 HTTP/1.1" 200 544 "-" "Mozilla/5.0 (Windows NT 10.0; Win64; x64) AppleWebKit/537.36 (KHTML, like Gecko) Chrome/128.0.0.0 Safari/537.36 OPR/114.0.0."
92.204.54.123 - - [14/Nov/2025:11:12:50 -0500] "GET /product/nouvelle-mousse-strong-hold/?_wpnonce=da84b49310&action=yith-woocompare-add-product&id=1091 HTTP/1.1" 200 544 "-" "Mozilla/5.0 (Windows NT 10.0; Win64; x64) AppleWebKit/537.36 (KHTML, like Gecko) Chrome/128.0.0.0 Safari/537.36 OPR/114.0.0."
45.8.25.52 - - [14/Nov/2025:11:12:52 -0500] "GET /tools HTTP/1.1" 200 544 "https://search.yahoo.com/" "Mozilla/5.0 (Windows NT 10.0; Win64; x64) AppleWebKit/537.36 (KHTML, like Gecko) Chrome/129.0.0.0 Safari/537.36"
92.204.54.123 - - [14/Nov/2025:11:12:52 -0500] "GET /product/nouvelle-mousse-strong-hold/?_wpnonce=a5b392c33b&add-to-cart=1091 HTTP/1.1" 200 544 "-" "Mozilla/5.0 (Windows NT 10.0; Win64; x64) AppleWebKit/537.36 (KHTML, like Gecko) Chrome/128.0.0.0 Safari/537.36 OPR/114.0.0."
92.204.54.123 - - [14/Nov/2025:11:12:54 -0500] "GET /product/nouvelle-mousse-strong-hold/?_wpnonce=da84b49310&action=yith-woocompare-add-product&id=993 HTTP/1.1" 200 544 "-" "Mozilla/5.0 (Windows NT 10.0; Win64; x64) AppleWebKit/537.36 (KHTML, like Gecko) Chrome/128.0.0.0 Safari/537.36 OPR/114.0.0."
92.204.54.123 - - [14/Nov/2025:11:12:56 -0500] "GET /product/nouvelle-mousse-strong-hold/?_wpnonce=a5b392c33b&add-to-cart=993 HTTP/1.1" 200 544 "-" "Mozilla/5.0 (Windows NT 10.0; Win64; x64) AppleWebKit/537.36 (KHTML, like Gecko) Chrome/128.0.0.0 Safari/537.36 OPR/114.0.0."
92.204.54.123 - - [14/Nov/2025:11:12:58 -0500] "GET /product/nouvelle-mousse-strong-hold/?_wpnonce=da84b49310&action=yith-woocompare-add-product&id=1068 HTTP/1.1" 200 544 "-" "Mozilla/5.0 (Windows NT 10.0; Win64; x64) AppleWebKit/537.36 (KHTML, like Gecko) Chrome/128.0.0.0 Safari/537.36 OPR/114.0.0."
92.204.54.123 - - [14/Nov/2025:11:13:00 -0500] "GET /product/nouvelle-mousse-strong-hold/?_wpnonce=a5b392c33b&add-to-cart=1068 HTTP/1.1" 200 544 "-" "Mozilla/5.0 (Windows NT 10.0; Win64; x64) AppleWebKit/537.36 (KHTML, like Gecko) Chrome/128.0.0.0 Safari/537.36 OPR/114.0.0."
92.204.54.123 - - [14/Nov/2025:11:13:02 -0500] "GET /product/nouvelle-mousse-strong-hold/?_wpnonce=da84b49310&action=yith-woocompare-add-product&id=1077 HTTP/1.1" 200 544 "-" "Mozilla/5.0 (Windows NT 10.0; Win64; x64) AppleWebKit/537.36 (KHTML, like Gecko) Chrome/128.0.0.0 Safari/537.36 OPR/114.0.0."
92.204.54.123 - - [14/Nov/2025:11:13:04 -0500] "GET /product/nouvelle-mousse-strong-hold/?_wpnonce=a5b392c33b&add-to-cart=1077 HTTP/1.1" 200 544 "-" "Mozilla/5.0 (Windows NT 10.0; Win64; x64) AppleWebKit/537.36 (KHTML, like Gecko) Chrome/128.0.0.0 Safari/537.36 OPR/114.0.0."
45.8.25.52 - - [14/Nov/2025:11:13:05 -0500] "GET /registry HTTP/1.1" 200 544 "https://www.bing.com/" "Mozilla/5.0 (Windows NT 10.0; Win64; x64; rv:131.0) Gecko/20100101 Firefox/131.0"
92.204.54.123 - - [14/Nov/2025:11:13:06 -0500] "GET /product/nouvelle-mousse-strong-hold/?_wpnonce=da84b49310&action=yith-woocompare-add-product&id=997 HTTP/1.1" 200 544 "-" "Mozilla/5.0 (Windows NT 10.0; Win64; x64) AppleWebKit/537.36 (KHTML, like Gecko) Chrome/128.0.0.0 Safari/537.36 OPR/114.0.0."
92.204.54.123 - - [14/Nov/2025:11:13:08 -0500] "GET /product/nouvelle-mousse-strong-hold/?_wpnonce=a5b392c33b&add-to-cart=997 HTTP/1.1" 200 544 "-" "Mozilla/5.0 (Windows NT 10.0; Win64; x64) AppleWebKit/537.36 (KHTML, like Gecko) Chrome/128.0.0.0 Safari/537.36 OPR/114.0.0."
92.204.54.123 - - [14/Nov/2025:11:13:10 -0500] "GET /product/nouvelle-mousse-strong-hold/?add-to-cart=1070&action=yith-woocompare-add-product&id=1002&_wpnonce=da84b49310 HTTP/1.1" 200 544 "-" "Mozilla/5.0 (Windows NT 10.0; Win64; x64) AppleWebKit/537.36 (KHTML, like Gecko) Chrome/128.0.0.0 Safari/537.36 OPR/114.0.0."
92.204.54.123 - - [14/Nov/2025:11:13:12 -0500] "GET /product/nouvelle-mousse-strong-hold/?add-to-cart=1070&action=yith-woocompare-add-product&id=1068&_wpnonce=da84b49310 HTTP/1.1" 200 544 "-" "Mozilla/5.0 (Windows NT 10.0; Win64; x64) AppleWebKit/537.36 (KHTML, like Gecko) Chrome/128.0.0.0 Safari/537.36 OPR/114.0.0."
92.204.54.123 - - [14/Nov/2025:11:13:14 -0500] "GET /product/nouvelle-mousse-strong-hold/?add-to-cart=1070&action=yith-woocompare-add-product&id=997&_wpnonce=da84b49310 HTTP/1.1" 200 544 "-" "Mozilla/5.0 (Windows NT 10.0; Win64; x64) AppleWebKit/537.36 (KHTML, like Gecko) Chrome/128.0.0.0 Safari/537.36 OPR/114.0.0."
92.204.54.123 - - [14/Nov/2025:11:13:17 -0500] "GET /product/nouvelle-mousse-strong-hold/?add-to-cart=1070&action=yith-woocompare-add-product&id=1075&_wpnonce=da84b49310 HTTP/1.1" 200 544 "-" "Mozilla/5.0 (Windows NT 10.0; Win64; x64) AppleWebKit/537.36 (KHTML, like Gecko) Chrome/128.0.0.0 Safari/537.36 OPR/114.0.0."
45.8.25.52 - - [14/Nov/2025:11:13:19 -0500] "GET /docs HTTP/1.1" 200 544 "https://duckduckgo.com/" "Mozilla/5.0 (Macintosh; Intel Mac OS X 10_15_7) AppleWebKit/605.1.15 (KHTML, like Gecko) Version/18.1 Safari/605.1.15"
92.204.54.123 - - [14/Nov/2025:11:13:19 -0500] "GET /product/nouvelle-mousse-strong-hold/?add-to-cart=1070&action=yith-woocompare-add-product&id=1004&_wpnonce=da84b49310 HTTP/1.1" 200 544 "-" "Mozilla/5.0 (Windows NT 10.0; Win64; x64) AppleWebKit/537.36 (KHTML, like Gecko) Chrome/128.0.0.0 Safari/537.36 OPR/114.0.0."
92.204.54.123 - - [14/Nov/2025:11:13:21 -0500] "GET /product/nouvelle-mousse-strong-hold/?add-to-cart=1070&action=yith-woocompare-add-product&id=1091&_wpnonce=da84b49310 HTTP/1.1" 200 544 "-" "Mozilla/5.0 (Windows NT 10.0; Win64; x64) AppleWebKit/537.36 (KHTML, like Gecko) Chrome/128.0.0.0 Safari/537.36 OPR/114.0.0."
92.204.54.123 - - [14/Nov/2025:11:13:23 -0500] "GET /product/nouvelle-mousse-strong-hold/?add-to-cart=1002&action=yith-woocompare-add-product&id=1068&_wpnonce=da84b49310 HTTP/1.1" 200 544 "-" "Mozilla/5.0 (Windows NT 10.0; Win64; x64) AppleWebKit/537.36 (KHTML, like Gecko) Chrome/128.0.0.0 Safari/537.36 OPR/114.0.0."
92.204.54.123 - - [14/Nov/2025:11:13:25 -0500] "GET /product/nouvelle-mousse-strong-hold/?add-to-cart=1002&action=yith-woocompare-add-product&id=1099&_wpnonce=da84b49310 HTTP/1.1" 200 544 "-" "Mozilla/5.0 (Windows NT 10.0; Win64; x64) AppleWebKit/537.36 (KHTML, like Gecko) Chrome/128.0.0.0 Safari/537.36 OPR/114.0.0."
92.204.54.123 - - [14/Nov/2025:11:13:27 -0500] "GET /product/nouvelle-mousse-strong-hold/?add-to-cart=1002&action=yith-woocompare-add-product&id=1125&_wpnonce=da84b49310 HTTP/1.1" 200 544 "-" "Mozilla/5.0 (Windows NT 10.0; Win64; x64) AppleWebKit/537.36 (KHTML, like Gecko) Chrome/128.0.0.0 Safari/537.36 OPR/114.0.0."
92.204.54.123 - - [14/Nov/2025:11:13:29 -0500] "GET /product/nouvelle-mousse-strong-hold/?add-to-cart=1002&action=yith-woocompare-add-product&id=1004&_wpnonce=da84b49310 HTTP/1.1" 200 544 "-" "Mozilla/5.0 (Windows NT 10.0; Win64; x64) AppleWebKit/537.36 (KHTML, like Gecko) Chrome/128.0.0.0 Safari/537.36 OPR/114.0.0."
92.204.54.123 - - [14/Nov/2025:11:13:31 -0500] "GET /product/nouvelle-mousse-strong-hold/?add-to-cart=1002&action=yith-woocompare-add-product&id=1002&_wpnonce=da84b49310 HTTP/1.1" 200 544 "-" "Mozilla/5.0 (Windows NT 10.0; Win64; x64) AppleWebKit/537.36 (KHTML, like Gecko) Chrome/128.0.0.0 Safari/537.36 OPR/114.0.0."
43.130.26.3 - - [14/Nov/2025:11:13:32 -0500] "GET / HTTP/1.1" 200 544 "http://hc-cosmetics.com" "Mozilla/5.0 (iPhone; CPU iPhone OS 13_2_3 like Mac OS X) AppleWebKit/605.1.15 (KHTML, like Gecko) Version/13.0.3 Mobile/15E148 Safari/604.1"
92.204.54.123 - - [14/Nov/2025:11:13:33 -0500] "GET /product/nouvelle-mousse-strong-hold/?add-to-cart=1002&action=yith-woocompare-add-product&id=1127&_wpnonce=da84b49310 HTTP/1.1" 200 544 "-" "Mozilla/5.0 (Windows NT 10.0; Win64; x64) AppleWebKit/537.36 (KHTML, like Gecko) Chrome/128.0.0.0 Safari/537.36 OPR/114.0.0."
92.204.54.123 - - [14/Nov/2025:11:13:35 -0500] "GET /product/nouvelle-mousse-strong-hold/?add-to-cart=1091&action=yith-woocompare-add-product&id=1091&_wpnonce=da84b49310 HTTP/1.1" 200 544 "-" "Mozilla/5.0 (Windows NT 10.0; Win64; x64) AppleWebKit/537.36 (KHTML, like Gecko) Chrome/128.0.0.0 Safari/537.36 OPR/114.0.0."
45.8.25.23 - - [14/Nov/2025:11:13:35 -0500] "GET /dbscripts HTTP/1.1" 200 544 "https://search.yahoo.com/" "Mozilla/5.0 (Windows NT 10.0; Win64; x64) AppleWebKit/537.36 (KHTML, like Gecko) Chrome/130.0.0.0 Safari/537.36"
92.204.54.123 - - [14/Nov/2025:11:13:37 -0500] "GET /product/nouvelle-mousse-strong-hold/?add-to-cart=1091&action=yith-woocompare-add-product&id=1125&_wpnonce=da84b49310 HTTP/1.1" 200 544 "-" "Mozilla/5.0 (Windows NT 10.0; Win64; x64) AppleWebKit/537.36 (KHTML, like Gecko) Chrome/128.0.0.0 Safari/537.36 OPR/114.0.0."
92.204.54.123 - - [14/Nov/2025:11:13:39 -0500] "GET /product/nouvelle-mousse-strong-hold/?add-to-cart=1091&action=yith-woocompare-add-product&id=1099&_wpnonce=da84b49310 HTTP/1.1" 200 544 "-" "Mozilla/5.0 (Windows NT 10.0; Win64; x64) AppleWebKit/537.36 (KHTML, like Gecko) Chrome/128.0.0.0 Safari/537.36 OPR/114.0.0."
92.204.54.123 - - [14/Nov/2025:11:13:41 -0500] "GET /product/nouvelle-mousse-strong-hold/?add-to-cart=1091&action=yith-woocompare-add-product&id=1077&_wpnonce=da84b49310 HTTP/1.1" 200 544 "-" "Mozilla/5.0 (Windows NT 10.0; Win64; x64) AppleWebKit/537.36 (KHTML, like Gecko) Chrome/128.0.0.0 Safari/537.36 OPR/114.0.0."
92.204.54.123 - - [14/Nov/2025:11:13:43 -0500] "GET /product/nouvelle-mousse-strong-hold/?add-to-cart=1091&action=yith-woocompare-add-product&id=1004&_wpnonce=da84b49310 HTTP/1.1" 200 544 "-" "Mozilla/5.0 (Windows NT 10.0; Win64; x64) AppleWebKit/537.36 (KHTML, like Gecko) Chrome/128.0.0.0 Safari/537.36 OPR/114.0.0."
92.204.54.123 - - [14/Nov/2025:11:13:45 -0500] "GET /product/nouvelle-mousse-strong-hold/?add-to-cart=1091&action=yith-woocompare-add-product&id=989&_wpnonce=da84b49310 HTTP/1.1" 200 544 "-" "Mozilla/5.0 (Windows NT 10.0; Win64; x64) AppleWebKit/537.36 (KHTML, like Gecko) Chrome/128.0.0.0 Safari/537.36 OPR/114.0.0."
92.204.54.123 - - [14/Nov/2025:11:13:47 -0500] "GET /product/nouvelle-mousse-strong-hold/?add-to-cart=1077&action=yith-woocompare-add-product&id=1125&_wpnonce=da84b49310 HTTP/1.1" 200 544 "-" "Mozilla/5.0 (Windows NT 10.0; Win64; x64) AppleWebKit/537.36 (KHTML, like Gecko) Chrome/128.0.0.0 Safari/537.36 OPR/114.0.0."
45.8.25.23 - - [14/Nov/2025:11:13:47 -0500] "GET /styles HTTP/1.1" 200 544 "https://yandex.com/" "Mozilla/5.0 (Macintosh; Intel Mac OS X 10_15_7) AppleWebKit/537.36 (KHTML, like Gecko) Chrome/130.0.0.0 Safari/537.36"
92.204.54.123 - - [14/Nov/2025:11:13:49 -0500] "GET /product/nouvelle-mousse-strong-hold/?add-to-cart=1077&action=yith-woocompare-add-product&id=1073&_wpnonce=da84b49310 HTTP/1.1" 200 544 "-" "Mozilla/5.0 (Windows NT 10.0; Win64; x64) AppleWebKit/537.36 (KHTML, like Gecko) Chrome/128.0.0.0 Safari/537.36 OPR/114.0.0."
92.204.54.123 - - [14/Nov/2025:11:13:51 -0500] "GET /product/nouvelle-mousse-strong-hold/?add-to-cart=1077&action=yith-woocompare-add-product&id=1002&_wpnonce=da84b49310 HTTP/1.1" 200 544 "-" "Mozilla/5.0 (Windows NT 10.0; Win64; x64) AppleWebKit/537.36 (KHTML, like Gecko) Chrome/128.0.0.0 Safari/537.36 OPR/114.0.0."
92.204.54.123 - - [14/Nov/2025:11:13:53 -0500] "GET /product/nouvelle-mousse-strong-hold/?add-to-cart=1077&action=yith-woocompare-add-product&id=1004&_wpnonce=da84b49310 HTTP/1.1" 200 544 "-" "Mozilla/5.0 (Windows NT 10.0; Win64; x64) AppleWebKit/537.36 (KHTML, like Gecko) Chrome/128.0.0.0 Safari/537.36 OPR/114.0.0."
92.204.54.123 - - [14/Nov/2025:11:13:55 -0500] "GET /product/nouvelle-mousse-strong-hold/?add-to-cart=1077&action=yith-woocompare-add-product&id=1127&_wpnonce=da84b49310 HTTP/1.1" 200 544 "-" "Mozilla/5.0 (Windows NT 10.0; Win64; x64) AppleWebKit/537.36 (KHTML, like Gecko) Chrome/128.0.0.0 Safari/537.36 OPR/114.0.0."
92.204.54.123 - - [14/Nov/2025:11:13:57 -0500] "GET /product/nouvelle-mousse-strong-hold/?add-to-cart=1077&action=yith-woocompare-add-product&id=1068&_wpnonce=da84b49310 HTTP/1.1" 200 544 "-" "Mozilla/5.0 (Windows NT 10.0; Win64; x64) AppleWebKit/537.36 (KHTML, like Gecko) Chrome/128.0.0.0 Safari/537.36 OPR/114.0.0."
92.204.54.123 - - [14/Nov/2025:11:13:59 -0500] "GET /product/nouvelle-mousse-strong-hold/?add-to-cart=1099& HTTP/1.1" 200 544 "-" "Mozilla/5.0 (Windows NT 10.0; Win64; x64) AppleWebKit/537.36 (KHTML, like Gecko) Chrome/128.0.0.0 Safari/537.36 OPR/114.0.0."
45.8.25.23 - - [14/Nov/2025:11:13:59 -0500] "GET /js HTTP/1.1" 200 544 "https://duckduckgo.com/" "Mozilla/5.0 (Windows NT 10.0; Win64; x64; rv:131.0) Gecko/20100101 Firefox/131.0"
92.204.54.123 - - [14/Nov/2025:11:14:01 -0500] "GET /product/nouvelle-mousse-strong-hold/?add-to-cart=1004&action=yith-woocompare-add-product&id=1075&_wpnonce=da84b49310 HTTP/1.1" 200 544 "-" "Mozilla/5.0 (Windows NT 10.0; Win64; x64) AppleWebKit/537.36 (KHTML, like Gecko) Chrome/128.0.0.0 Safari/537.36 OPR/114.0.0."
92.204.54.123 - - [14/Nov/2025:11:14:03 -0500] "GET /product/nouvelle-mousse-strong-hold/?add-to-cart=1004&action=yith-woocompare-add-product&id=1099&_wpnonce=da84b49310 HTTP/1.1" 200 544 "-" "Mozilla/5.0 (Windows NT 10.0; Win64; x64) AppleWebKit/537.36 (KHTML, like Gecko) Chrome/128.0.0.0 Safari/537.36 OPR/114.0.0."
92.204.54.123 - - [14/Nov/2025:11:14:05 -0500] "GET /product/nouvelle-mousse-strong-hold/?add-to-cart=1004&action=yith-woocompare-add-product&id=1070&_wpnonce=da84b49310 HTTP/1.1" 200 544 "-" "Mozilla/5.0 (Windows NT 10.0; Win64; x64) AppleWebKit/537.36 (KHTML, like Gecko) Chrome/128.0.0.0 Safari/537.36 OPR/114.0.0."
92.204.54.123 - - [14/Nov/2025:11:14:07 -0500] "GET /product/nouvelle-mousse-strong-hold/?add-to-cart=1004&action=yith-woocompare-add-product&id=1127&_wpnonce=da84b49310 HTTP/1.1" 200 544 "-" "Mozilla/5.0 (Windows NT 10.0; Win64; x64) AppleWebKit/537.36 (KHTML, like Gecko) Chrome/128.0.0.0 Safari/537.36 OPR/114.0.0."
