62.60.131.151 - - [16/Nov/2025:10:52:47 -0500] "GET /.env.project HTTP/1.1" 403 1242 "http://madeinbranded.com/.env.project" "Go-http-client/2.0"
62.60.131.151 - - [16/Nov/2025:10:52:47 -0500] "GET /.env.bak HTTP/1.1" 403 1242 "http://madeinbranded.com/.env.bak" "Go-http-client/2.0"
62.60.131.151 - - [16/Nov/2025:10:52:47 -0500] "GET /backend/.env HTTP/1.1" 403 1242 "http://madeinbranded.com/backend/.env" "Go-http-client/2.0"
62.60.131.151 - - [16/Nov/2025:10:52:47 -0500] "GET /.env.stage HTTP/1.1" 403 1242 "http://madeinbranded.com/.env.stage" "Go-http-client/2.0"
62.60.131.151 - - [16/Nov/2025:10:52:47 -0500] "GET /.env.local HTTP/1.1" 403 1242 "http://madeinbranded.com/.env.local" "Go-http-client/2.0"
62.60.131.151 - - [16/Nov/2025:10:52:47 -0500] "GET /.env.backup HTTP/1.1" 403 1242 "http://madeinbranded.com/.env.backup" "Go-http-client/2.0"
62.60.131.151 - - [16/Nov/2025:10:52:47 -0500] "GET /app/.env HTTP/1.1" 403 1242 "http://madeinbranded.com/app/.env" "Go-http-client/2.0"
62.60.131.151 - - [16/Nov/2025:10:52:47 -0500] "GET /.env-sample HTTP/1.1" 403 1242 "http://madeinbranded.com/.env-sample" "Go-http-client/2.0"
62.60.131.151 - - [16/Nov/2025:10:52:47 -0500] "GET /config/staging.json HTTP/1.1" 404 16283 "http://madeinbranded.com/config/staging.json" "Go-http-client/2.0"
62.60.131.151 - - [16/Nov/2025:10:52:47 -0500] "GET /linusadmin-phpinfo.php HTTP/1.1" 404 16283 "http://madeinbranded.com/linusadmin-phpinfo.php" "Go-http-client/2.0"
62.60.131.151 - - [16/Nov/2025:10:52:47 -0500] "GET /config/dev.json HTTP/1.1" 404 16283 "http://madeinbranded.com/config/dev.json" "Go-http-client/2.0"
62.60.131.151 - - [16/Nov/2025:10:52:47 -0500] "GET /php.php HTTP/1.1" 404 16283 "http://madeinbranded.com/php.php" "Go-http-client/2.0"
62.60.131.151 - - [16/Nov/2025:10:52:47 -0500] "GET /phpinfo HTTP/1.1" 404 16283 "http://madeinbranded.com/phpinfo" "Go-http-client/2.0"
62.60.131.151 - - [16/Nov/2025:10:52:47 -0500] "GET /config/broadcasting.php HTTP/1.1" 404 16283 "http://madeinbranded.com/config/broadcasting.php" "Go-http-client/2.0"
62.60.131.151 - - [16/Nov/2025:10:52:47 -0500] "GET /appsettings.Production.json HTTP/1.1" 404 16283 "http://madeinbranded.com/appsettings.Production.json" "Go-http-client/2.0"
62.60.131.151 - - [16/Nov/2025:10:52:47 -0500] "GET /php_info.php HTTP/1.1" 404 16283 "http://madeinbranded.com/php_info.php" "Go-http-client/2.0"
62.60.131.151 - - [16/Nov/2025:10:52:47 -0500] "GET /test2.php HTTP/1.1" 404 16283 "http://madeinbranded.com/test2.php" "Go-http-client/2.0"
62.60.131.151 - - [16/Nov/2025:10:52:47 -0500] "GET /phpinfo.php HTTP/1.1" 404 16283 "http://madeinbranded.com/phpinfo.php" "Go-http-client/2.0"
62.60.131.151 - - [16/Nov/2025:10:52:47 -0500] "GET /config/app_local.php HTTP/1.1" 404 16283 "http://madeinbranded.com/config/app_local.php" "Go-http-client/2.0"
62.60.131.151 - - [16/Nov/2025:10:52:47 -0500] "GET /phpversion.php HTTP/1.1" 404 16285 "http://madeinbranded.com/phpversion.php" "Go-http-client/2.0"
62.60.131.151 - - [16/Nov/2025:10:52:47 -0500] "GET /config/config.json HTTP/1.1" 404 16283 "http://madeinbranded.com/config/config.json" "Go-http-client/2.0"
62.60.131.151 - - [16/Nov/2025:10:52:47 -0500] "GET /time.php HTTP/1.1" 404 16283 "http://madeinbranded.com/time.php" "Go-http-client/2.0"
62.60.131.151 - - [16/Nov/2025:10:52:47 -0500] "GET /config/local.json HTTP/1.1" 404 16283 "http://madeinbranded.com/config/local.json" "Go-http-client/2.0"
62.60.131.151 - - [16/Nov/2025:10:52:47 -0500] "GET /config/cli_bootstrap.php HTTP/1.1" 404 16283 "http://madeinbranded.com/config/cli_bootstrap.php" "Go-http-client/2.0"
62.60.131.151 - - [16/Nov/2025:10:52:47 -0500] "GET /dashboard/phpinfo.php HTTP/1.1" 404 16283 "http://madeinbranded.com/dashboard/phpinfo.php" "Go-http-client/2.0"
62.60.131.151 - - [16/Nov/2025:10:52:47 -0500] "GET /config/autoload/local.php HTTP/1.1" 404 16283 "http://madeinbranded.com/config/autoload/local.php" "Go-http-client/2.0"
62.60.131.151 - - [16/Nov/2025:10:52:47 -0500] "GET /public/client/planinfo HTTP/1.1" 404 16284 "http://madeinbranded.com/public/client/planinfo" "Go-http-client/2.0"
62.60.131.151 - - [16/Nov/2025:10:52:47 -0500] "GET /appsettings.json HTTP/1.1" 404 16283 "http://madeinbranded.com/appsettings.json" "Go-http-client/2.0"
62.60.131.151 - - [16/Nov/2025:10:52:47 -0500] "GET /application/config/email.php HTTP/1.1" 404 16283 "http://madeinbranded.com/application/config/email.php" "Go-http-client/2.0"
62.60.131.151 - - [16/Nov/2025:10:52:47 -0500] "GET /infos.php HTTP/1.1" 404 16283 "http://madeinbranded.com/infos.php" "Go-http-client/2.0"
62.60.131.151 - - [16/Nov/2025:10:52:47 -0500] "GET /config/aws.yml HTTP/1.1" 404 16283 "http://madeinbranded.com/config/aws.yml" "Go-http-client/2.0"
62.60.131.151 - - [16/Nov/2025:10:52:47 -0500] "GET /api/config/tsconfig.json HTTP/1.1" 404 16283 "http://madeinbranded.com/api/config/tsconfig.json" "Go-http-client/2.0"
62.60.131.151 - - [16/Nov/2025:10:52:47 -0500] "GET /tsconfig.json HTTP/1.1" 404 16283 "http://madeinbranded.com/tsconfig.json" "Go-http-client/2.0"
62.60.131.151 - - [16/Nov/2025:10:52:47 -0500] "GET /src/config/environment.json HTTP/1.1" 404 16283 "http://madeinbranded.com/src/config/environment.json" "Go-http-client/2.0"
62.60.131.151 - - [16/Nov/2025:10:52:47 -0500] "GET /.docker/config.json HTTP/1.1" 404 16283 "http://madeinbranded.com/.docker/config.json" "Go-http-client/2.0"
62.60.131.151 - - [16/Nov/2025:10:52:47 -0500] "GET /old_phpinfo.php HTTP/1.1" 404 16283 "http://madeinbranded.com/old_phpinfo.php" "Go-http-client/2.0"
62.60.131.151 - - [16/Nov/2025:10:52:47 -0500] "GET /config/session.php HTTP/1.1" 404 16283 "http://madeinbranded.com/config/session.php" "Go-http-client/2.0"
62.60.131.151 - - [16/Nov/2025:10:52:47 -0500] "GET /config.json HTTP/1.1" 404 16283 "http://madeinbranded.com/config.json" "Go-http-client/2.0"
62.60.131.151 - - [16/Nov/2025:10:52:47 -0500] "GET /index.php/phpinfo HTTP/1.1" 301 0 "http://madeinbranded.com/index.php/phpinfo" "Go-http-client/2.0"
62.60.131.151 - - [16/Nov/2025:10:52:47 -0500] "GET /php-info.php HTTP/1.1" 404 16283 "http://madeinbranded.com/php-info.php" "Go-http-client/2.0"
62.60.131.151 - - [16/Nov/2025:10:52:50 -0500] "GET /phpinfo HTTP/1.1" 404 16283 "https://madeinbranded.com/index.php/phpinfo" "Go-http-client/2.0"
62.60.131.151 - - [16/Nov/2025:10:52:47 -0500] "GET /config/bootstrap.php HTTP/1.1" 404 16283 "http://madeinbranded.com/config/bootstrap.php" "Go-http-client/2.0"
62.60.131.151 - - [16/Nov/2025:10:52:47 -0500] "GET /phpinfos.php HTTP/1.1" 404 16283 "http://madeinbranded.com/phpinfos.php" "Go-http-client/2.0"
62.60.131.151 - - [16/Nov/2025:10:52:47 -0500] "GET /launchSettings.json HTTP/1.1" 404 16283 "http://madeinbranded.com/launchSettings.json" "Go-http-client/2.0"
62.60.131.151 - - [16/Nov/2025:10:52:47 -0500] "GET /config/production.config.php HTTP/1.1" 404 16283 "http://madeinbranded.com/config/production.config.php" "Go-http-client/2.0"
62.60.131.151 - - [16/Nov/2025:10:52:47 -0500] "GET /config/security.config.php HTTP/1.1" 404 16283 "http://madeinbranded.com/config/security.config.php" "Go-http-client/2.0"
62.60.131.151 - - [16/Nov/2025:10:52:47 -0500] "GET /src/config/config.json HTTP/1.1" 404 16283 "http://madeinbranded.com/src/config/config.json" "Go-http-client/2.0"
62.60.131.151 - - [16/Nov/2025:10:52:47 -0500] "GET /application/config/constants.php/ HTTP/1.1" 404 16283 "http://madeinbranded.com/application/config/constants.php/" "Go-http-client/2.0"
62.60.131.151 - - [16/Nov/2025:10:52:47 -0500] "GET /config/cache.php HTTP/1.1" 404 16283 "http://madeinbranded.com/config/cache.php" "Go-http-client/2.0"
62.60.131.151 - - [16/Nov/2025:10:52:47 -0500] "GET /config/queue.php HTTP/1.1" 404 16283 "http://madeinbranded.com/config/queue.php" "Go-http-client/2.0"
62.60.131.151 - - [16/Nov/2025:10:52:47 -0500] "GET /config/default.json HTTP/1.1" 404 16283 "http://madeinbranded.com/config/default.json" "Go-http-client/2.0"
62.60.131.151 - - [16/Nov/2025:10:52:47 -0500] "GET /.vscode/sftp.json HTTP/1.1" 404 16283 "http://madeinbranded.com/.vscode/sftp.json" "Go-http-client/2.0"
62.60.131.151 - - [16/Nov/2025:10:52:47 -0500] "GET /appsettings.QA.json HTTP/1.1" 404 16283 "http://madeinbranded.com/appsettings.QA.json" "Go-http-client/2.0"
62.60.131.151 - - [16/Nov/2025:10:52:47 -0500] "GET /sftp.json HTTP/1.1" 404 16283 "http://madeinbranded.com/sftp.json" "Go-http-client/2.0"
62.60.131.151 - - [16/Nov/2025:10:52:47 -0500] "GET /login?pp=enable&pp=env HTTP/1.1" 404 16283 "http://madeinbranded.com/login?pp=enable&pp=env" "Go-http-client/2.0"
62.60.131.151 - - [16/Nov/2025:10:52:47 -0500] "GET /config/paths.php HTTP/1.1" 404 16283 "http://madeinbranded.com/config/paths.php" "Go-http-client/2.0"
62.60.131.151 - - [16/Nov/2025:10:52:47 -0500] "GET /config/view.php HTTP/1.1" 404 16283 "http://madeinbranded.com/config/view.php" "Go-http-client/2.0"
62.60.131.151 - - [16/Nov/2025:10:52:47 -0500] "GET /appsettings.Development.json HTTP/1.1" 404 16283 "http://madeinbranded.com/appsettings.Development.json" "Go-http-client/2.0"
62.60.131.151 - - [16/Nov/2025:10:52:47 -0500] "GET /config/application.config.php HTTP/1.1" 404 16283 "http://madeinbranded.com/config/application.config.php" "Go-http-client/2.0"
62.60.131.151 - - [16/Nov/2025:10:52:47 -0500] "GET /phpinfo.php5 HTTP/1.1" 404 16283 "http://madeinbranded.com/phpinfo.php5" "Go-http-client/2.0"
62.60.131.151 - - [16/Nov/2025:10:52:47 -0500] "GET /config/filesystems.php HTTP/1.1" 404 16284 "http://madeinbranded.com/config/filesystems.php" "Go-http-client/2.0"
62.60.131.151 - - [16/Nov/2025:10:52:47 -0500] "GET /application/config/doctypes.php HTTP/1.1" 404 16284 "http://madeinbranded.com/application/config/doctypes.php" "Go-http-client/2.0"
62.60.131.151 - - [16/Nov/2025:10:52:47 -0500] "GET /phpinfo.php4 HTTP/1.1" 404 16284 "http://madeinbranded.com/phpinfo.php4" "Go-http-client/2.0"
62.60.131.151 - - [16/Nov/2025:10:52:47 -0500] "GET /test1.php HTTP/1.1" 404 16284 "http://madeinbranded.com/test1.php" "Go-http-client/2.0"
62.60.131.151 - - [16/Nov/2025:10:52:47 -0500] "GET /config/config.php HTTP/1.1" 404 16284 "http://madeinbranded.com/config/config.php" "Go-http-client/2.0"
62.60.131.151 - - [16/Nov/2025:10:52:47 -0500] "GET /angular.json HTTP/1.1" 404 16284 "http://madeinbranded.com/angular.json" "Go-http-client/2.0"
62.60.131.151 - - [16/Nov/2025:10:52:47 -0500] "GET /application/config/config.php HTTP/1.1" 404 16284 "http://madeinbranded.com/application/config/config.php" "Go-http-client/2.0"
62.60.131.151 - - [16/Nov/2025:10:52:47 -0500] "GET /?phpinfo=1 HTTP/1.1" 200 22246 "http://madeinbranded.com/?phpinfo=1" "Go-http-client/2.0"
62.60.131.151 - - [16/Nov/2025:10:52:47 -0500] "GET /test.php HTTP/1.1" 404 16284 "http://madeinbranded.com/test.php" "Go-http-client/2.0"
62.60.131.151 - - [16/Nov/2025:10:52:47 -0500] "GET /Properties/launchSettings.json HTTP/1.1" 404 16284 "http://madeinbranded.com/Properties/launchSettings.json" "Go-http-client/2.0"
62.60.131.151 - - [16/Nov/2025:10:52:47 -0500] "GET /config/database.config.php HTTP/1.1" 404 16285 "http://madeinbranded.com/config/database.config.php" "Go-http-client/2.0"
62.60.131.151 - - [16/Nov/2025:10:52:47 -0500] "GET /bundleconfig.json HTTP/1.1" 404 16284 "http://madeinbranded.com/bundleconfig.json" "Go-http-client/2.0"
62.60.131.151 - - [16/Nov/2025:10:52:47 -0500] "GET /.vscode/settings.json HTTP/1.1" 404 16284 "http://madeinbranded.com/.vscode/settings.json" "Go-http-client/2.0"
62.60.131.151 - - [16/Nov/2025:10:52:47 -0500] "GET /config/daemon.json HTTP/1.1" 404 16284 "http://madeinbranded.com/config/daemon.json" "Go-http-client/2.0"
62.60.131.151 - - [16/Nov/2025:10:52:47 -0500] "GET /manifest.json HTTP/1.1" 404 16284 "http://madeinbranded.com/manifest.json" "Go-http-client/2.0"
62.60.131.151 - - [16/Nov/2025:10:52:47 -0500] "GET /config/mail.php HTTP/1.1" 404 16283 "http://madeinbranded.com/config/mail.php" "Go-http-client/2.0"
62.60.131.151 - - [16/Nov/2025:10:52:47 -0500] "GET /tsconfig.spec.json HTTP/1.1" 404 16284 "http://madeinbranded.com/tsconfig.spec.json" "Go-http-client/2.0"
62.60.131.151 - - [16/Nov/2025:10:52:47 -0500] "GET /_profiler/phpinfo.php HTTP/1.1" 404 16283 "http://madeinbranded.com/_profiler/phpinfo.php" "Go-http-client/2.0"
62.60.131.151 - - [16/Nov/2025:10:52:47 -0500] "GET /config/services.php HTTP/1.1" 404 16283 "http://madeinbranded.com/config/services.php" "Go-http-client/2.0"
62.60.131.151 - - [16/Nov/2025:10:52:47 -0500] "GET /config/requirements.php HTTP/1.1" 404 16283 "http://madeinbranded.com/config/requirements.php" "Go-http-client/2.0"
62.60.131.151 - - [16/Nov/2025:10:52:47 -0500] "GET /application/config/routes.php HTTP/1.1" 404 16283 "http://madeinbranded.com/application/config/routes.php" "Go-http-client/2.0"
62.60.131.151 - - [16/Nov/2025:10:52:47 -0500] "GET /application/config/mimes.php HTTP/1.1" 404 16283 "http://madeinbranded.com/application/config/mimes.php" "Go-http-client/2.0"
62.60.131.151 - - [16/Nov/2025:10:52:47 -0500] "GET /application/config/database.php HTTP/1.1" 404 16283 "http://madeinbranded.com/application/config/database.php" "Go-http-client/2.0"
62.60.131.151 - - [16/Nov/2025:10:52:47 -0500] "GET /?pp=env&pp=env HTTP/1.1" 301 0 "http://madeinbranded.com/?pp=env&pp=env" "Go-http-client/2.0"
62.60.131.151 - - [16/Nov/2025:10:52:47 -0500] "GET /config/auth.php HTTP/1.1" 404 16283 "http://madeinbranded.com/config/auth.php" "Go-http-client/2.0"
62.60.131.151 - - [16/Nov/2025:10:52:47 -0500] "GET /aws.yml HTTP/1.1" 404 16283 "http://madeinbranded.com/aws.yml" "Go-http-client/2.0"
62.60.131.151 - - [16/Nov/2025:10:52:47 -0500] "GET /helpers/utility.js HTTP/1.1" 404 16283 "http://madeinbranded.com/helpers/utility.js" "Go-http-client/2.0"
62.60.131.151 - - [16/Nov/2025:10:52:47 -0500] "GET /config/test.json HTTP/1.1" 404 16283 "http://madeinbranded.com/config/test.json" "Go-http-client/2.0"
62.60.131.151 - - [16/Nov/2025:10:52:47 -0500] "GET /config/routes.php HTTP/1.1" 404 16283 "http://madeinbranded.com/config/routes.php" "Go-http-client/2.0"
62.60.131.151 - - [16/Nov/2025:10:52:47 -0500] "GET /tsconfig.app.json HTTP/1.1" 404 16283 "http://madeinbranded.com/tsconfig.app.json" "Go-http-client/2.0"
62.60.131.151 - - [16/Nov/2025:10:52:47 -0500] "GET /.local HTTP/1.1" 404 16283 "http://madeinbranded.com/.local" "Go-http-client/2.0"
62.60.131.151 - - [16/Nov/2025:10:52:47 -0500] "GET /appsettings.Local.json HTTP/1.1" 404 16283 "http://madeinbranded.com/appsettings.Local.json" "Go-http-client/2.0"
62.60.131.151 - - [16/Nov/2025:10:52:47 -0500] "GET /phpinfo.php3 HTTP/1.1" 404 16283 "http://madeinbranded.com/phpinfo.php3" "Go-http-client/2.0"
62.60.131.151 - - [16/Nov/2025:10:52:47 -0500] "GET /application/config/constants.php HTTP/1.1" 404 16283 "http://madeinbranded.com/application/config/constants.php" "Go-http-client/2.0"
62.60.131.151 - - [16/Nov/2025:10:52:47 -0500] "GET /appsettings.Test.json HTTP/1.1" 404 16283 "http://madeinbranded.com/appsettings.Test.json" "Go-http-client/2.0"
62.60.131.151 - - [16/Nov/2025:10:52:47 -0500] "GET /infophp.php HTTP/1.1" 404 16283 "http://madeinbranded.com/infophp.php" "Go-http-client/2.0"
62.60.131.151 - - [16/Nov/2025:10:52:47 -0500] "GET /application/config/hooks.php HTTP/1.1" 404 16283 "http://madeinbranded.com/application/config/hooks.php" "Go-http-client/2.0"
62.60.131.151 - - [16/Nov/2025:10:52:47 -0500] "GET /app/etc/config.local.php HTTP/1.1" 404 16283 "http://madeinbranded.com/app/etc/config.local.php" "Go-http-client/2.0"
62.60.131.151 - - [16/Nov/2025:10:52:47 -0500] "GET /dev/phpinfo.php HTTP/1.1" 404 16283 "http://madeinbranded.com/dev/phpinfo.php" "Go-http-client/2.0"
62.60.131.151 - - [16/Nov/2025:10:52:47 -0500] "GET /config/test.config.php HTTP/1.1" 404 16285 "http://madeinbranded.com/config/test.config.php" "Go-http-client/2.0"
62.60.131.151 - - [16/Nov/2025:10:52:47 -0500] "GET /config/development.config.php HTTP/1.1" 404 16283 "http://madeinbranded.com/config/development.config.php" "Go-http-client/2.0"
62.60.131.151 - - [16/Nov/2025:10:52:47 -0500] "GET /app/etc/config.php HTTP/1.1" 404 16283 "http://madeinbranded.com/app/etc/config.php" "Go-http-client/2.0"
62.60.131.151 - - [16/Nov/2025:10:52:52 -0500] "GET /?pp=env HTTP/1.1" 200 22247 "https://madeinbranded.com/?pp=env&pp=env" "Go-http-client/2.0"
162.0.217.77 - - [16/Nov/2025:11:03:15 -0500] "POST /wp-cron.php?doing_wp_cron=1763308995.8778369426727294921875 HTTP/1.1" 200 0 "-" "WordPress/6.8.3; https://madeinbranded.com"
162.0.217.77 - - [16/Nov/2025:11:03:15 -0500] "POST /wp-cron.php?doing_wp_cron=1763308995.8787760734558105468750 HTTP/1.1" 200 0 "-" "WordPress/6.8.3; https://madeinbranded.com"
162.243.166.67 - - [16/Nov/2025:11:03:13 -0500] "POST /wp-login.php HTTP/1.1" 200 2345 "-" "Mozilla/5.0"
162.243.166.67 - - [16/Nov/2025:11:03:13 -0500] "POST /wp-login.php HTTP/1.1" 200 2345 "-" "Mozilla/5.0"
162.0.217.77 - - [16/Nov/2025:11:03:18 -0500] "POST /wp-cron.php?doing_wp_cron=1763308998.8749229907989501953125 HTTP/1.1" 200 0 "-" "WordPress/6.8.3; https://madeinbranded.com"
170.106.167.214 - - [16/Nov/2025:11:03:18 -0500] "GET / HTTP/1.1" 301 0 "http://www.madeinbranded.com" "Mozilla/5.0 (iPhone; CPU iPhone OS 13_2_3 like Mac OS X) AppleWebKit/605.1.15 (KHTML, like Gecko) Version/13.0.3 Mobile/15E148 Safari/604.1"
170.106.167.214 - - [16/Nov/2025:11:03:20 -0500] "GET / HTTP/1.1" 200 22250 "https://www.madeinbranded.com/" "Mozilla/5.0 (iPhone; CPU iPhone OS 13_2_3 like Mac OS X) AppleWebKit/605.1.15 (KHTML, like Gecko) Version/13.0.3 Mobile/15E148 Safari/604.1"
45.61.187.69 - - [16/Nov/2025:11:06:07 -0500] "GET /wp-login.php HTTP/1.1" 200 2277 "https://www.bing.com/" "Mozilla/5.0 (Windows NT 10.0; Win64; x64) AppleWebKit/537.36 (KHTML, like Gecko) Chrome/118.0.5993.90 Safari/537.36 Edg/118.0.2088.76"
35.230.16.153 - - [16/Nov/2025:11:06:09 -0500] "GET / HTTP/1.1" 200 22250 "http://madeinbranded.com" "Mozilla/5.0 (compatible; CMS-Checker/1.0; +https://example.com)"
162.0.217.77 - - [16/Nov/2025:11:10:25 -0500] "POST /wp-cron.php?doing_wp_cron=1763309425.7987709045410156250000 HTTP/1.1" 200 0 "-" "WordPress/6.8.3; https://madeinbranded.com"
104.192.1.29 - - [16/Nov/2025:11:10:23 -0500] "POST /wp-login.php HTTP/1.1" 200 2353 "-" "Mozilla/5.0"
8.210.47.14 - - [16/Nov/2025:11:11:07 -0500] "GET /xmlrpc.php HTTP/1.1" 403 1242 "http://madeinbranded.com/xmlrpc.php" "Mozilla/5.0 (X11; Ubuntu; Linux x86_64; rv:85.0) Gecko/20100101 Firefox/91.0"
162.0.217.77 - - [16/Nov/2025:11:14:15 -0500] "POST /wp-cron.php?doing_wp_cron=1763309655.8608889579772949218750 HTTP/1.1" 200 0 "-" "WordPress/6.8.3; https://madeinbranded.com"
162.0.217.77 - - [16/Nov/2025:11:14:15 -0500] "POST /wp-cron.php?doing_wp_cron=1763309655.8609030246734619140625 HTTP/1.1" 200 0 "-" "WordPress/6.8.3; https://madeinbranded.com"
162.243.166.67 - - [16/Nov/2025:11:14:14 -0500] "POST /wp-login.php HTTP/1.1" 200 2345 "-" "Mozilla/5.0"
162.243.166.67 - - [16/Nov/2025:11:14:14 -0500] "POST /wp-login.php HTTP/1.1" 200 2345 "-" "Mozilla/5.0"
45.82.78.114 - - [16/Nov/2025:11:22:09 -0500] "GET /favicon.ico HTTP/1.1" 404 1251 "https://madeinbranded.com/" "Mozilla/5.0 (Windows NT 10.0; Win64; x64) AppleWebKit/537.36 (KHTML, like Gecko) Chrome/107.0.0.0 Safari/537.36"
43.157.172.39 - - [16/Nov/2025:11:26:16 -0500] "GET /wp-json/ HTTP/1.1" 200 231906 "-" "Mozilla/5.0 (iPhone; CPU iPhone OS 13_2_3 like Mac OS X) AppleWebKit/605.1.15 (KHTML, like Gecko) Version/13.0.3 Mobile/15E148 Safari/604.1"
162.0.217.77 - - [16/Nov/2025:11:26:17 -0500] "POST /wp-cron.php?doing_wp_cron=1763310377.5333180427551269531250 HTTP/1.1" 200 0 "-" "WordPress/6.8.3; https://madeinbranded.com"
162.0.217.77 - - [16/Nov/2025:11:26:17 -0500] "POST /wp-cron.php?doing_wp_cron=1763310377.5329279899597167968750 HTTP/1.1" 200 0 "-" "WordPress/6.8.3; https://madeinbranded.com"
162.243.166.67 - - [16/Nov/2025:11:26:15 -0500] "POST /wp-login.php HTTP/1.1" 200 2345 "-" "Mozilla/5.0"
162.243.166.67 - - [16/Nov/2025:11:26:15 -0500] "POST /wp-login.php HTTP/1.1" 200 2345 "-" "Mozilla/5.0"
209.38.84.7 - - [16/Nov/2025:11:27:03 -0500] "GET /.git/config HTTP/1.1" 403 1242 "-" "Mozilla/5.0 (X11; Linux x86_64) AppleWebKit/537.36 (KHTML, like Gecko) Chrome/81.0.4044.129 Safari/537.36"
47.128.110.65 - - [16/Nov/2025:11:29:17 -0500] "GET /robots.txt HTTP/1.1" 200 199 "-" "Mozilla/5.0 (Linux; Android 5.0) AppleWebKit/537.36 (KHTML, like Gecko) Mobile Safari/537.36 (compatible; Bytespider; [email protected])"
162.0.217.77 - - [16/Nov/2025:11:37:55 -0500] "POST /wp-cron.php?doing_wp_cron=1763311075.8347239494323730468750 HTTP/1.1" 200 0 "-" "WordPress/6.8.3; https://madeinbranded.com"
129.226.213.145 - - [16/Nov/2025:11:37:52 -0500] "GET /12-best-movies-to-watch-on-mothers-day-2023/ HTTP/1.1" 200 29213 "-" "Mozilla/5.0 (iPhone; CPU iPhone OS 13_2_3 like Mac OS X) AppleWebKit/605.1.15 (KHTML, like Gecko) Version/13.0.3 Mobile/15E148 Safari/604.1"
27.74.251.194 - - [16/Nov/2025:11:38:02 -0500] "GET /xmlrpc.php HTTP/1.1" 403 1242 "http://madeinbranded.com/xmlrpc.php" "Mozilla/5.0 (X11; Ubuntu; Linux x86_64; rv:85.0) Gecko/20100101 Firefox/91.0"
162.243.166.67 - - [16/Nov/2025:11:38:14 -0500] "POST /wp-login.php HTTP/1.1" 200 2345 "-" "Mozilla/5.0"
162.243.166.67 - - [16/Nov/2025:11:38:14 -0500] "POST /wp-login.php HTTP/1.1" 200 2345 "-" "Mozilla/5.0"
162.0.217.77 - - [16/Nov/2025:11:39:09 -0500] "POST /wp-cron.php?doing_wp_cron=1763311149.2701139450073242187500 HTTP/1.1" 200 0 "-" "WordPress/6.8.3; https://madeinbranded.com"
104.192.1.29 - - [16/Nov/2025:11:39:09 -0500] "POST /wp-login.php HTTP/1.1" 200 2352 "-" "Mozilla/5.0"
35.233.98.19 - - [16/Nov/2025:11:42:54 -0500] "GET /wp-login.php HTTP/1.1" 200 2277 "http://madeinbranded.com/wp-login.php" "Mozilla/5.0 (Windows NT 10.0; Win64; x64; rv:144.0) Gecko/20100101 Firefox/144.0"
162.0.217.77 - - [16/Nov/2025:11:42:57 -0500] "POST /wp-cron.php?doing_wp_cron=1763311377.8192350864410400390625 HTTP/1.1" 200 0 "-" "WordPress/6.8.3; https://madeinbranded.com"
35.233.98.19 - - [16/Nov/2025:11:42:54 -0500] "GET /wp-json/wp/v2/users HTTP/1.1" 200 1507 "http://madeinbranded.com/wp-login.php" "Mozilla/5.0 (Windows NT 10.0; Win64; x64; rv:144.0) Gecko/20100101 Firefox/144.0"
35.233.98.19 - - [16/Nov/2025:11:42:58 -0500] "POST /wp-login.php HTTP/1.1" 200 2360 "https://madeinbranded.com/wp-login.php?redirect_to=https%3A%2F%2Fmadeinbranded.com%2Fwp-admin%2F" "Mozilla/5.0 (Windows NT 10.0; Win64; x64; rv:144.0) Gecko/20100101 Firefox/144.0"
35.233.98.19 - - [16/Nov/2025:11:42:58 -0500] "POST /wp-login.php HTTP/1.1" 200 2359 "https://madeinbranded.com/wp-login.php?redirect_to=https%3A%2F%2Fmadeinbranded.com%2Fwp-admin%2F" "Mozilla/5.0 (Windows NT 10.0; Win64; x64; rv:144.0) Gecko/20100101 Firefox/144.0"
35.233.98.19 - - [16/Nov/2025:11:42:59 -0500] "POST /wp-login.php HTTP/1.1" 200 2360 "https://madeinbranded.com/wp-login.php?redirect_to=https%3A%2F%2Fmadeinbranded.com%2Fwp-admin%2F" "Mozilla/5.0 (Windows NT 10.0; Win64; x64; rv:144.0) Gecko/20100101 Firefox/144.0"
35.230.16.153 - - [16/Nov/2025:11:43:59 -0500] "GET / HTTP/1.1" 200 22250 "-" "Mozilla/5.0 (Windows NT 10.0; Win64; x64) AppleWebKit/537.36 (KHTML, like Gecko) Chrome/78.0.3904.108 Safari/537.36"
162.0.217.77 - - [16/Nov/2025:11:44:00 -0500] "POST /wp-cron.php?doing_wp_cron=1763311440.1211509704589843750000 HTTP/1.1" 200 0 "-" "WordPress/6.8.3; https://madeinbranded.com"
35.230.16.153 - - [16/Nov/2025:11:44:00 -0500] "GET //wp-includes/wlwmanifest.xml HTTP/1.1" 301 0 "-" "Mozilla/5.0 (Windows NT 10.0; Win64; x64) AppleWebKit/537.36 (KHTML, like Gecko) Chrome/78.0.3904.108 Safari/537.36"
35.230.16.153 - - [16/Nov/2025:11:44:00 -0500] "GET / HTTP/1.1" 200 22250 "-" "Mozilla/5.0 (Windows NT 10.0; Win64; x64) AppleWebKit/537.36 (KHTML, like Gecko) Chrome/78.0.3904.108 Safari/537.36"
35.230.16.153 - - [16/Nov/2025:11:44:01 -0500] "GET //?author=1 HTTP/1.1" 403 1242 "-" "Mozilla/5.0 (Windows NT 10.0; Win64; x64) AppleWebKit/537.36 (KHTML, like Gecko) Chrome/78.0.3904.108 Safari/537.36"
35.230.16.153 - - [16/Nov/2025:11:44:01 -0500] "GET //?author=2 HTTP/1.1" 403 1242 "-" "Mozilla/5.0 (Windows NT 10.0; Win64; x64) AppleWebKit/537.36 (KHTML, like Gecko) Chrome/78.0.3904.108 Safari/537.36"
35.230.16.153 - - [16/Nov/2025:11:44:02 -0500] "GET //wp-json/wp/v2/users/ HTTP/1.1" 200 1507 "-" "Mozilla/5.0 (Windows NT 10.0; Win64; x64) AppleWebKit/537.36 (KHTML, like Gecko) Chrome/78.0.3904.108 Safari/537.36"
162.0.217.77 - - [16/Nov/2025:11:49:48 -0500] "POST /wp-cron.php?doing_wp_cron=1763311788.4646260738372802734375 HTTP/1.1" 200 0 "-" "WordPress/6.8.3; https://madeinbranded.com"
15.235.59.82 - - [16/Nov/2025:11:49:46 -0500] "GET /?check_plugin HTTP/1.1" 200 22220 "-" "Mozilla/5.0 (Windows NT 10.0; Win64; x64) AppleWebKit/537.36 (KHTML, like Gecko) Chrome/127.0.0.0 Safari/537.36"
162.243.166.67 - - [16/Nov/2025:11:50:17 -0500] "POST /wp-login.php HTTP/1.1" 200 2345 "-" "Mozilla/5.0"
162.243.166.67 - - [16/Nov/2025:11:50:17 -0500] "POST /wp-login.php HTTP/1.1" 200 2345 "-" "Mozilla/5.0"
43.135.185.59 - - [16/Nov/2025:11:58:45 -0500] "GET /fathers-day-2023-gifts-for-your-sporty-dad/ HTTP/1.1" 200 26726 "-" "Mozilla/5.0 (iPhone; CPU iPhone OS 13_2_3 like Mac OS X) AppleWebKit/605.1.15 (KHTML, like Gecko) Version/13.0.3 Mobile/15E148 Safari/604.1"
162.0.217.77 - - [16/Nov/2025:12:02:24 -0500] "POST /wp-cron.php?doing_wp_cron=1763312544.1423480510711669921875 HTTP/1.1" 200 0 "-" "WordPress/6.8.3; https://madeinbranded.com"
162.0.217.77 - - [16/Nov/2025:12:02:24 -0500] "POST /wp-cron.php?doing_wp_cron=1763312544.1426069736480712890625 HTTP/1.1" 200 0 "-" "WordPress/6.8.3; https://madeinbranded.com"
162.243.166.67 - - [16/Nov/2025:12:02:21 -0500] "POST /wp-login.php HTTP/1.1" 200 2345 "-" "Mozilla/5.0"
162.243.166.67 - - [16/Nov/2025:12:02:21 -0500] "POST /wp-login.php HTTP/1.1" 200 2345 "-" "Mozilla/5.0"
162.0.217.77 - - [16/Nov/2025:12:07:44 -0500] "POST /wp-cron.php?doing_wp_cron=1763312864.4125380516052246093750 HTTP/1.1" 200 0 "-" "WordPress/6.8.3; https://madeinbranded.com"
104.192.1.29 - - [16/Nov/2025:12:07:42 -0500] "POST /wp-login.php HTTP/1.1" 200 2360 "-" "Mozilla/5.0"
162.0.217.77 - - [16/Nov/2025:12:08:37 -0500] "POST /wp-cron.php?doing_wp_cron=1763312917.7670369148254394531250 HTTP/1.1" 200 0 "-" "WordPress/6.8.3; https://madeinbranded.com"
43.153.76.247 - - [16/Nov/2025:12:08:37 -0500] "GET /top-11-fitness-accessories-for-2023/ HTTP/1.1" 200 30990 "-" "Mozilla/5.0 (iPhone; CPU iPhone OS 13_2_3 like Mac OS X) AppleWebKit/605.1.15 (KHTML, like Gecko) Version/13.0.3 Mobile/15E148 Safari/604.1"
162.0.217.77 - - [16/Nov/2025:12:14:24 -0500] "POST /wp-cron.php?doing_wp_cron=1763313264.0442481040954589843750 HTTP/1.1" 200 0 "-" "WordPress/6.8.3; https://madeinbranded.com"
162.0.217.77 - - [16/Nov/2025:12:14:24 -0500] "POST /wp-cron.php?doing_wp_cron=1763313264.0443210601806640625000 HTTP/1.1" 200 0 "-" "WordPress/6.8.3; https://madeinbranded.com"
162.243.166.67 - - [16/Nov/2025:12:14:22 -0500] "POST /wp-login.php HTTP/1.1" 200 2345 "-" "Mozilla/5.0"
162.243.166.67 - - [16/Nov/2025:12:14:22 -0500] "POST /wp-login.php HTTP/1.1" 200 2345 "-" "Mozilla/5.0"
162.0.217.77 - - [16/Nov/2025:12:22:06 -0500] "POST /wp-cron.php?doing_wp_cron=1763313726.3232491016387939453125 HTTP/1.1" 200 0 "-" "WordPress/6.8.3; https://madeinbranded.com"
43.130.3.122 - - [16/Nov/2025:12:22:04 -0500] "GET /category/amazon/ HTTP/1.1" 200 21400 "-" "Mozilla/5.0 (iPhone; CPU iPhone OS 13_2_3 like Mac OS X) AppleWebKit/605.1.15 (KHTML, like Gecko) Version/13.0.3 Mobile/15E148 Safari/604.1"
52.167.144.18 - - [16/Nov/2025:12:23:25 -0500] "GET /wp-content/uploads/2023/04/Full-Face-Sunglasses-300x300.jpg HTTP/1.1" 403 1242 "-" "Mozilla/5.0 AppleWebKit/537.36 (KHTML, like Gecko; compatible; bingbot/2.0; +http://www.bing.com/bingbot.htm) Chrome/116.0.1938.76 Safari/537.36"
157.245.6.207 - - [16/Nov/2025:12:26:11 -0500] "GET /xmlrpc.php HTTP/1.1" 403 1242 "http://madeinbranded.com/xmlrpc.php" "Mozilla/5.0 (X11; Ubuntu; Linux x86_64; rv:85.0) Gecko/20100101 Firefox/91.0"
162.0.217.77 - - [16/Nov/2025:12:26:26 -0500] "POST /wp-cron.php?doing_wp_cron=1763313986.6838409900665283203125 HTTP/1.1" 200 0 "-" "WordPress/6.8.3; https://madeinbranded.com"
162.0.217.77 - - [16/Nov/2025:12:26:26 -0500] "POST /wp-cron.php?doing_wp_cron=1763313986.6841919422149658203125 HTTP/1.1" 200 0 "-" "WordPress/6.8.3; https://madeinbranded.com"
162.243.166.67 - - [16/Nov/2025:12:26:24 -0500] "POST /wp-login.php HTTP/1.1" 200 2345 "-" "Mozilla/5.0"
162.243.166.67 - - [16/Nov/2025:12:26:24 -0500] "POST /wp-login.php HTTP/1.1" 200 2345 "-" "Mozilla/5.0"
45.83.31.59 - - [16/Nov/2025:12:27:02 -0500] "HEAD / HTTP/1.1" 302 0 "-" "python-requests/2.32.4"
45.83.31.59 - - [16/Nov/2025:12:27:03 -0500] "HEAD / HTTP/1.1" 302 0 "-" "python-requests/2.32.4"
43.153.27.244 - - [16/Nov/2025:12:32:52 -0500] "GET /12-best-movies-to-watch-on-mothers-day-2023/ HTTP/1.1" 200 29213 "-" "Mozilla/5.0 (iPhone; CPU iPhone OS 13_2_3 like Mac OS X) AppleWebKit/605.1.15 (KHTML, like Gecko) Version/13.0.3 Mobile/15E148 Safari/604.1"
162.0.217.77 - - [16/Nov/2025:12:36:23 -0500] "POST /wp-cron.php?doing_wp_cron=1763314583.4968209266662597656250 HTTP/1.1" 200 0 "-" "WordPress/6.8.3; https://madeinbranded.com"
104.192.1.29 - - [16/Nov/2025:12:36:21 -0500] "POST /wp-login.php HTTP/1.1" 200 2359 "-" "Mozilla/5.0"
52.167.144.228 - - [16/Nov/2025:12:36:42 -0500] "GET /wp-content/uploads/thumbs_dir/23-Mothers-Day-Special-Video-Ideas-for-Youtube-2023-q51nu826886q1uusnf9lictp2bn7z8mpu1l7djtsja.jpg HTTP/1.1" 403 1242 "-" "Mozilla/5.0 AppleWebKit/537.36 (KHTML, like Gecko; compatible; bingbot/2.0; +http://www.bing.com/bingbot.htm) Chrome/116.0.1938.76 Safari/537.36"
162.243.166.67 - - [16/Nov/2025:12:38:25 -0500] "POST /wp-login.php HTTP/1.1" 200 2345 "-" "Mozilla/5.0"
162.0.217.77 - - [16/Nov/2025:12:38:27 -0500] "POST /wp-cron.php?doing_wp_cron=1763314707.0312941074371337890625 HTTP/1.1" 200 0 "-" "WordPress/6.8.3; https://madeinbranded.com"
162.243.166.67 - - [16/Nov/2025:12:38:25 -0500] "POST /wp-login.php HTTP/1.1" 200 2345 "-" "Mozilla/5.0"
162.0.217.77 - - [16/Nov/2025:12:43:41 -0500] "POST /wp-cron.php?doing_wp_cron=1763315021.1297929286956787109375 HTTP/1.1" 200 0 "-" "WordPress/6.8.3; https://madeinbranded.com"
43.153.12.58 - - [16/Nov/2025:12:43:39 -0500] "GET /author/teambranded/ HTTP/1.1" 200 20289 "-" "Mozilla/5.0 (iPhone; CPU iPhone OS 13_2_3 like Mac OS X) AppleWebKit/605.1.15 (KHTML, like Gecko) Version/13.0.3 Mobile/15E148 Safari/604.1"
209.141.61.31 - - [16/Nov/2025:12:47:13 -0500] "GET /wp-login.php HTTP/1.1" 200 2277 "-" "Mozilla/5.0 (Windows NT 6.1; WOW64; rv:31.0) Gecko/20100101 Firefox/31.0"
162.241.224.236 - - [16/Nov/2025:12:48:43 -0500] "GET /xmlrpc.php HTTP/1.1" 403 1242 "http://madeinbranded.com/xmlrpc.php" "Mozilla/5.0 (X11; Ubuntu; Linux x86_64; rv:85.0) Gecko/20100101 Firefox/91.0"
43.166.245.120 - - [16/Nov/2025:12:49:19 -0500] "GET /disclaimer/ HTTP/1.1" 200 18004 "-" "Mozilla/5.0 (iPhone; CPU iPhone OS 13_2_3 like Mac OS X) AppleWebKit/605.1.15 (KHTML, like Gecko) Version/13.0.3 Mobile/15E148 Safari/604.1"
162.0.217.77 - - [16/Nov/2025:12:50:30 -0500] "POST /wp-cron.php?doing_wp_cron=1763315430.5562210083007812500000 HTTP/1.1" 200 0 "-" "WordPress/6.8.3; https://madeinbranded.com"
162.0.217.77 - - [16/Nov/2025:12:50:30 -0500] "POST /wp-cron.php?doing_wp_cron=1763315430.5559179782867431640625 HTTP/1.1" 200 0 "-" "WordPress/6.8.3; https://madeinbranded.com"
162.243.166.67 - - [16/Nov/2025:12:50:27 -0500] "POST /wp-login.php HTTP/1.1" 200 2345 "-" "Mozilla/5.0"
162.243.166.67 - - [16/Nov/2025:12:50:27 -0500] "POST /wp-login.php HTTP/1.1" 200 2345 "-" "Mozilla/5.0"
198.98.53.242 - - [16/Nov/2025:12:56:12 -0500] "GET /wp-login.php HTTP/1.1" 200 2277 "-" "Mozilla/5.0 (Macintosh; Intel Mac OS X 10_9_4) AppleWebKit/537.36 (KHTML, like Gecko) Chrome/36.0.1985.143 Safari/537.36"
43.166.7.113 - - [16/Nov/2025:13:02:13 -0500] "GET /wishlist/ HTTP/1.1" 200 16896 "-" "Mozilla/5.0 (iPhone; CPU iPhone OS 13_2_3 like Mac OS X) AppleWebKit/605.1.15 (KHTML, like Gecko) Version/13.0.3 Mobile/15E148 Safari/604.1"
162.0.217.77 - - [16/Nov/2025:13:02:33 -0500] "POST /wp-cron.php?doing_wp_cron=1763316152.9838750362396240234375 HTTP/1.1" 200 0 "-" "WordPress/6.8.3; https://madeinbranded.com"
162.0.217.77 - - [16/Nov/2025:13:02:33 -0500] "POST /wp-cron.php?doing_wp_cron=1763316152.9840168952941894531250 HTTP/1.1" 200 0 "-" "WordPress/6.8.3; https://madeinbranded.com"
162.243.166.67 - - [16/Nov/2025:13:02:31 -0500] "POST /wp-login.php HTTP/1.1" 200 2345 "-" "Mozilla/5.0"
162.243.166.67 - - [16/Nov/2025:13:02:31 -0500] "POST /wp-login.php HTTP/1.1" 200 2345 "-" "Mozilla/5.0"
162.0.217.77 - - [16/Nov/2025:13:04:46 -0500] "POST /wp-cron.php?doing_wp_cron=1763316286.3653709888458251953125 HTTP/1.1" 200 0 "-" "WordPress/6.8.3; https://madeinbranded.com"
104.192.1.29 - - [16/Nov/2025:13:04:45 -0500] "POST /wp-login.php HTTP/1.1" 200 2360 "-" "Mozilla/5.0"
198.98.53.242 - - [16/Nov/2025:13:07:30 -0500] "GET /wp-login.php HTTP/1.1" 200 2277 "-" "Mozilla/5.0 (iPad; CPU OS 7_1_2 like Mac OS X) AppleWebKit/537.51.2 (KHTML, like Gecko) Version/7.0 Mobile/11D257 Safari/9537.53"
2a06:5b82:2070:8300::12 - - [16/Nov/2025:13:11:21 -0500] "GET /xmlrpc.php HTTP/1.1" 403 1242 "http://madeinbranded.com/xmlrpc.php" "Mozilla/5.0 (X11; Ubuntu; Linux x86_64; rv:85.0) Gecko/20100101 Firefox/91.0"
162.243.166.67 - - [16/Nov/2025:13:14:32 -0500] "POST /wp-login.php HTTP/1.1" 200 2345 "-" "Mozilla/5.0"
162.0.217.77 - - [16/Nov/2025:13:14:34 -0500] "POST /wp-cron.php?doing_wp_cron=1763316874.7861320972442626953125 HTTP/1.1" 200 0 "-" "WordPress/6.8.3; https://madeinbranded.com"
162.243.166.67 - - [16/Nov/2025:13:14:32 -0500] "POST /wp-login.php HTTP/1.1" 200 2345 "-" "Mozilla/5.0"
43.165.70.220 - - [16/Nov/2025:13:15:03 -0500] "GET /contact-us/ HTTP/1.1" 200 17578 "-" "Mozilla/5.0 (iPhone; CPU iPhone OS 13_2_3 like Mac OS X) AppleWebKit/605.1.15 (KHTML, like Gecko) Version/13.0.3 Mobile/15E148 Safari/604.1"
45.141.215.117 - - [16/Nov/2025:13:19:22 -0500] "GET / HTTP/1.1" 200 22250 "-" "Mozlila/5.0 (Linux; Android 7.0; SM-G892A Bulid/NRD90M; wv) AppleWebKit/537.36 (KHTML, like Gecko) Version/4.0 Chrome/60.0.3112.107 Moblie Safari/537.36"
162.0.217.77 - - [16/Nov/2025:13:19:24 -0500] "POST /wp-cron.php?doing_wp_cron=1763317164.7236320972442626953125 HTTP/1.1" 200 0 "-" "WordPress/6.8.3; https://madeinbranded.com"
162.0.217.77 - - [16/Nov/2025:13:19:24 -0500] "POST /wp-cron.php?doing_wp_cron=1763317164.7235810756683349609375 HTTP/1.1" 200 0 "-" "WordPress/6.8.3; https://madeinbranded.com"
162.0.217.77 - - [16/Nov/2025:13:19:24 -0500] "POST /wp-cron.php?doing_wp_cron=1763317164.7244639396667480468750 HTTP/1.1" 200 0 "-" "WordPress/6.8.3; https://madeinbranded.com"
162.0.217.77 - - [16/Nov/2025:13:19:24 -0500] "POST /wp-cron.php?doing_wp_cron=1763317164.7236170768737792968750 HTTP/1.1" 200 0 "-" "WordPress/6.8.3; https://madeinbranded.com"
162.0.217.77 - - [16/Nov/2025:13:19:24 -0500] "POST /wp-cron.php?doing_wp_cron=1763317164.7239360809326171875000 HTTP/1.1" 200 0 "-" "WordPress/6.8.3; https://madeinbranded.com"
45.141.215.117 - - [16/Nov/2025:13:19:22 -0500] "GET /wp-content/plugins/fix/up.php HTTP/1.1" 404 16284 "-" "Mozilla/5.0 (Windows NT 10.0; Win64; x64) AppleWebKit/537.36 (KHTML, like Gecko) Chrome/85.0.4183.102 Safari/537.36"
45.141.215.117 - - [16/Nov/2025:13:19:23 -0500] "GET /wp-content/plugins/apikey/apikey.php?test=hello HTTP/1.1" 404 16284 "-" "Mozlila/5.0 (Linux; Android 7.0; SM-G892A Bulid/NRD90M; wv) AppleWebKit/537.36 (KHTML, like Gecko) Version/4.0 Chrome/60.0.3112.107 Moblie Safari/537.36"
45.141.215.117 - - [16/Nov/2025:13:19:22 -0500] "POST /ALFA_DATA/alfacgiapi/perl.alfa HTTP/1.1" 404 16234 "www.google.com" "Mozlila/5.0 (Linux; Android 7.0; SM-G892A Bulid/NRD90M; wv) AppleWebKit/537.36 (KHTML, like Gecko) Version/4.0 Chrome/60.0.3112.107 Moblie Safari/537.36"
45.141.215.117 - - [16/Nov/2025:13:19:22 -0500] "POST /wp-plain.php HTTP/1.1" 404 16234 "www.google.com" "Mozilla/5.0 (Linux; Android 7.0; SM-G892A Bulid/NRD90M; wv) AppleWebKit/537.36 (KHTML, like Gecko) Version/4.0 Chrome/60.0.3112.107 Moblie Safari/537.36"
45.141.215.117 - - [16/Nov/2025:13:19:22 -0500] "GET /wp-content/themes/seotheme/db.php?u HTTP/1.1" 404 16284 "www.google.com" "Mozlila/5.0 (Linux; Android 7.0; SM-G892A Bulid/NRD90M; wv) AppleWebKit/537.36 (KHTML, like Gecko) Version/4.0 Chrome/60.0.3112.107 Moblie Safari/537.36"
45.141.215.117 - - [16/Nov/2025:13:19:25 -0500] "GET /wp-content/themes/seotheme/db.php?u HTTP/1.1" 404 16284 "www.google.com" "Mozlila/5.0 (Linux; Android 7.0; SM-G892A Bulid/NRD90M; wv) AppleWebKit/537.36 (KHTML, like Gecko) Version/4.0 Chrome/60.0.3112.107 Moblie Safari/537.36"
45.141.215.117 - - [16/Nov/2025:13:19:25 -0500] "POST /alfacgiapi/perl.alfa HTTP/1.1" 404 16234 "www.google.com" "Mozlila/5.0 (Linux; Android 7.0; SM-G892A Bulid/NRD90M; wv) AppleWebKit/537.36 (KHTML, like Gecko) Version/4.0 Chrome/60.0.3112.107 Moblie Safari/537.36"
45.141.215.117 - - [16/Nov/2025:13:19:25 -0500] "GET /dzvyqlhw.php?Fox=d3wL7 HTTP/1.1" 404 16284 "www.google.com" "Mozilla/5.0 (Linux; Android 7.0; SM-G892A Bulid/NRD90M; wv) AppleWebKit/537.36 (KHTML, like Gecko) Version/4.0 Chrome/60.0.3112.107 Moblie Safari/537.36"
45.141.215.117 - - [16/Nov/2025:13:19:25 -0500] "GET /plugins/content/apismtp/apismtp.php?test=hello HTTP/1.1" 404 16284 "-" "Mozlila/5.0 (Linux; Android 7.0; SM-G892A Bulid/NRD90M; wv) AppleWebKit/537.36 (KHTML, like Gecko) Version/4.0 Chrome/60.0.3112.107 Moblie Safari/537.36"
45.141.215.117 - - [16/Nov/2025:13:19:26 -0500] "GET /wp-content/plugins/apikey/apikey.php.suspected?test=hello HTTP/1.1" 404 16284 "-" "Mozlila/5.0 (Linux; Android 7.0; SM-G892A Bulid/NRD90M; wv) AppleWebKit/537.36 (KHTML, like Gecko) Version/4.0 Chrome/60.0.3112.107 Moblie Safari/537.36"
45.141.215.117 - - [16/Nov/2025:13:19:26 -0500] "GET /plugins/content/apismtp/apismtp.php.suspected?test=hello HTTP/1.1" 404 16284 "-" "Mozlila/5.0 (Linux; Android 7.0; SM-G892A Bulid/NRD90M; wv) AppleWebKit/537.36 (KHTML, like Gecko) Version/4.0 Chrome/60.0.3112.107 Moblie Safari/537.36"
43.159.145.149 - - [16/Nov/2025:13:22:36 -0500] "GET /xmlrpc.php HTTP/1.1" 403 1242 "-" "Mozilla/5.0 (iPhone; CPU iPhone OS 13_2_3 like Mac OS X) AppleWebKit/605.1.15 (KHTML, like Gecko) Version/13.0.3 Mobile/15E148 Safari/604.1"
162.243.166.67 - - [16/Nov/2025:13:26:38 -0500] "POST /wp-login.php HTTP/1.1" 200 2345 "-" "Mozilla/5.0"
162.0.217.77 - - [16/Nov/2025:13:26:41 -0500] "POST /wp-cron.php?doing_wp_cron=1763317601.0628550052642822265625 HTTP/1.1" 200 0 "-" "WordPress/6.8.3; https://madeinbranded.com"
162.243.166.67 - - [16/Nov/2025:13:26:38 -0500] "POST /wp-login.php HTTP/1.1" 200 2345 "-" "Mozilla/5.0"
162.0.217.77 - - [16/Nov/2025:13:32:33 -0500] "POST /wp-cron.php?doing_wp_cron=1763317953.2468121051788330078125 HTTP/1.1" 200 0 "-" "WordPress/6.8.3; https://madeinbranded.com"
43.159.128.237 - - [16/Nov/2025:13:32:31 -0500] "GET /category/best-movies/ HTTP/1.1" 200 17880 "-" "Mozilla/5.0 (iPhone; CPU iPhone OS 13_2_3 like Mac OS X) AppleWebKit/605.1.15 (KHTML, like Gecko) Version/13.0.3 Mobile/15E148 Safari/604.1"
162.0.217.77 - - [16/Nov/2025:13:33:34 -0500] "POST /wp-cron.php?doing_wp_cron=1763318014.9039540290832519531250 HTTP/1.1" 200 0 "-" "WordPress/6.8.3; https://madeinbranded.com"
104.192.1.29 - - [16/Nov/2025:13:33:34 -0500] "POST /wp-login.php HTTP/1.1" 200 2345 "-" "Mozilla/5.0"
158.220.121.230 - - [16/Nov/2025:13:35:45 -0500] "GET /xmlrpc.php HTTP/1.1" 403 1242 "http://madeinbranded.com/xmlrpc.php" "Mozilla/5.0 (X11; Ubuntu; Linux x86_64; rv:85.0) Gecko/20100101 Firefox/91.0"
162.0.217.77 - - [16/Nov/2025:13:38:42 -0500] "POST /wp-cron.php?doing_wp_cron=1763318322.1443479061126708984375 HTTP/1.1" 200 0 "-" "WordPress/6.8.3; https://madeinbranded.com"
162.0.217.77 - - [16/Nov/2025:13:38:42 -0500] "POST /wp-cron.php?doing_wp_cron=1763318322.1441540718078613281250 HTTP/1.1" 200 0 "-" "WordPress/6.8.3; https://madeinbranded.com"
162.243.166.67 - - [16/Nov/2025:13:38:40 -0500] "POST /wp-login.php HTTP/1.1" 200 2345 "-" "Mozilla/5.0"
162.243.166.67 - - [16/Nov/2025:13:38:40 -0500] "POST /wp-login.php HTTP/1.1" 200 2345 "-" "Mozilla/5.0"
162.0.217.77 - - [16/Nov/2025:13:41:32 -0500] "POST /wp-cron.php?doing_wp_cron=1763318492.0191709995269775390625 HTTP/1.1" 200 0 "-" "WordPress/6.8.3; https://madeinbranded.com"
170.106.197.109 - - [16/Nov/2025:13:41:30 -0500] "GET /best-7-cute-office-supplies-for-women-desk/ HTTP/1.1" 200 26061 "-" "Mozilla/5.0 (iPhone; CPU iPhone OS 13_2_3 like Mac OS X) AppleWebKit/605.1.15 (KHTML, like Gecko) Version/13.0.3 Mobile/15E148 Safari/604.1"
107.189.5.102 - - [16/Nov/2025:13:48:22 -0500] "GET /wp-login.php HTTP/1.1" 200 2277 "https://www.yahoo.com/" "Mozilla/5.0 (Macintosh; Intel Mac OS X 10_15_7) AppleWebKit/605.1.15 (KHTML, like Gecko) Version/16.6 Safari/605.1.15"
162.0.217.77 - - [16/Nov/2025:13:48:29 -0500] "POST /wp-cron.php?doing_wp_cron=1763318909.3326900005340576171875 HTTP/1.1" 200 0 "-" "WordPress/6.8.3; https://madeinbranded.com"
107.189.5.102 - - [16/Nov/2025:13:48:25 -0500] "POST /wp-login.php HTTP/1.1" 200 2374 "https://www.yahoo.com/" "Mozilla/5.0 (Macintosh; Intel Mac OS X 10_15_7) AppleWebKit/605.1.15 (KHTML, like Gecko) Version/16.6 Safari/605.1.15"
43.157.172.39 - - [16/Nov/2025:13:48:55 -0500] "GET /top-7-mothers-day-gifts-2023/ HTTP/1.1" 200 29343 "-" "Mozilla/5.0 (iPhone; CPU iPhone OS 13_2_3 like Mac OS X) AppleWebKit/605.1.15 (KHTML, like Gecko) Version/13.0.3 Mobile/15E148 Safari/604.1"
128.192.12.101 - - [16/Nov/2025:13:49:16 -0500] "GET / HTTP/1.1" 200 22250 "-" "Mozilla/5.0 (compatible; UGAResearchAgent/1.0; Please visit: NISLabUGA.github.io)"
162.243.166.67 - - [16/Nov/2025:13:50:40 -0500] "POST /wp-login.php HTTP/1.1" 200 2345 "-" "Mozilla/5.0"
162.0.217.77 - - [16/Nov/2025:13:50:42 -0500] "POST /wp-cron.php?doing_wp_cron=1763319042.0871911048889160156250 HTTP/1.1" 200 0 "-" "WordPress/6.8.3; https://madeinbranded.com"
162.243.166.67 - - [16/Nov/2025:13:50:40 -0500] "POST /wp-login.php HTTP/1.1" 200 2345 "-" "Mozilla/5.0"
45.138.16.67 - - [16/Nov/2025:13:55:34 -0500] "GET / HTTP/1.1" 200 22250 "-" "Mozlila/5.0 (Linux; Android 7.0; SM-G892A Bulid/NRD90M; wv) AppleWebKit/537.36 (KHTML, like Gecko) Version/4.0 Chrome/60.0.3112.107 Moblie Safari/537.36"
45.138.16.67 - - [16/Nov/2025:13:55:34 -0500] "GET /wp-content/plugins/fix/up.php HTTP/1.1" 404 16284 "-" "Mozilla/5.0 (Windows NT 10.0; Win64; x64) AppleWebKit/537.36 (KHTML, like Gecko) Chrome/85.0.4183.102 Safari/537.36"
45.138.16.67 - - [16/Nov/2025:13:55:34 -0500] "GET /wp-content/themes/seotheme/db.php?u HTTP/1.1" 404 16284 "www.google.com" "Mozlila/5.0 (Linux; Android 7.0; SM-G892A Bulid/NRD90M; wv) AppleWebKit/537.36 (KHTML, like Gecko) Version/4.0 Chrome/60.0.3112.107 Moblie Safari/537.36"
45.138.16.67 - - [16/Nov/2025:13:55:35 -0500] "GET /wp-content/plugins/apikey/apikey.php?test=hello HTTP/1.1" 404 16284 "-" "Mozlila/5.0 (Linux; Android 7.0; SM-G892A Bulid/NRD90M; wv) AppleWebKit/537.36 (KHTML, like Gecko) Version/4.0 Chrome/60.0.3112.107 Moblie Safari/537.36"
45.138.16.67 - - [16/Nov/2025:13:55:35 -0500] "GET /wp-content/themes/seotheme/db.php?u HTTP/1.1" 404 16284 "www.google.com" "Mozlila/5.0 (Linux; Android 7.0; SM-G892A Bulid/NRD90M; wv) AppleWebKit/537.36 (KHTML, like Gecko) Version/4.0 Chrome/60.0.3112.107 Moblie Safari/537.36"
45.138.16.67 - - [16/Nov/2025:13:55:35 -0500] "GET /plugins/content/apismtp/apismtp.php?test=hello HTTP/1.1" 404 16284 "-" "Mozlila/5.0 (Linux; Android 7.0; SM-G892A Bulid/NRD90M; wv) AppleWebKit/537.36 (KHTML, like Gecko) Version/4.0 Chrome/60.0.3112.107 Moblie Safari/537.36"
45.138.16.67 - - [16/Nov/2025:13:55:35 -0500] "GET /wp-content/plugins/apikey/apikey.php.suspected?test=hello HTTP/1.1" 404 16284 "-" "Mozlila/5.0 (Linux; Android 7.0; SM-G892A Bulid/NRD90M; wv) AppleWebKit/537.36 (KHTML, like Gecko) Version/4.0 Chrome/60.0.3112.107 Moblie Safari/537.36"
45.138.16.67 - - [16/Nov/2025:13:55:35 -0500] "GET /plugins/content/apismtp/apismtp.php.suspected?test=hello HTTP/1.1" 404 16284 "-" "Mozlila/5.0 (Linux; Android 7.0; SM-G892A Bulid/NRD90M; wv) AppleWebKit/537.36 (KHTML, like Gecko) Version/4.0 Chrome/60.0.3112.107 Moblie Safari/537.36"
52.167.144.172 - - [16/Nov/2025:13:56:34 -0500] "GET /wp-content/uploads/thumbs_dir/CloudValley-Webcam-Cover-q4pmkgc586eirmqxk06239sgj0hg5li5gj98ytlkjg.jpg HTTP/1.1" 403 1242 "-" "Mozilla/5.0 AppleWebKit/537.36 (KHTML, like Gecko; compatible; bingbot/2.0; +http://www.bing.com/bingbot.htm) Chrome/116.0.1938.76 Safari/537.36"
14.180.217.139 - - [16/Nov/2025:13:57:26 -0500] "GET /wp-content/uploads/2023/04/CloudValley-Webcam-Cover.jpg HTTP/1.1" 403 1242 "-" "Mozilla/5.0 (Macintosh; Intel Mac OS X 10_15_7) AppleWebKit/537.36 (KHTML, like Gecko) Chrome/131.0.0.0 Safari/537.36"
162.0.217.77 - - [16/Nov/2025:13:55:36 -0500] "POST /wp-cron.php?doing_wp_cron=1763319336.2499721050262451171875 HTTP/1.1" 200 0 "-" "WordPress/6.8.3; https://madeinbranded.com"
45.138.16.67 - - [16/Nov/2025:13:55:34 -0500] "POST /ALFA_DATA/alfacgiapi/perl.alfa HTTP/1.1" 404 16234 "www.google.com" "Mozlila/5.0 (Linux; Android 7.0; SM-G892A Bulid/NRD90M; wv) AppleWebKit/537.36 (KHTML, like Gecko) Version/4.0 Chrome/60.0.3112.107 Moblie Safari/537.36"
45.138.16.67 - - [16/Nov/2025:13:55:34 -0500] "POST /wp-plain.php HTTP/1.1" 404 16234 "www.google.com" "Mozilla/5.0 (Linux; Android 7.0; SM-G892A Bulid/NRD90M; wv) AppleWebKit/537.36 (KHTML, like Gecko) Version/4.0 Chrome/60.0.3112.107 Moblie Safari/537.36"
45.138.16.67 - - [16/Nov/2025:13:55:36 -0500] "POST /alfacgiapi/perl.alfa HTTP/1.1" 404 16234 "www.google.com" "Mozlila/5.0 (Linux; Android 7.0; SM-G892A Bulid/NRD90M; wv) AppleWebKit/537.36 (KHTML, like Gecko) Version/4.0 Chrome/60.0.3112.107 Moblie Safari/537.36"
45.138.16.67 - - [16/Nov/2025:13:55:36 -0500] "GET /iogourzg.php?Fox=d3wL7 HTTP/1.1" 404 16283 "www.google.com" "Mozilla/5.0 (Linux; Android 7.0; SM-G892A Bulid/NRD90M; wv) AppleWebKit/537.36 (KHTML, like Gecko) Version/4.0 Chrome/60.0.3112.107 Moblie Safari/537.36"
209.42.16.160 - - [16/Nov/2025:13:58:28 -0500] "GET /xmlrpc.php HTTP/1.1" 403 1242 "http://madeinbranded.com/xmlrpc.php" "Mozilla/5.0 (X11; Ubuntu; Linux x86_64; rv:85.0) Gecko/20100101 Firefox/91.0"
43.156.109.53 - - [16/Nov/2025:13:58:42 -0500] "GET /language-translator-earbuds-timekettle-m2-supports-40-languages-93-accent/ HTTP/1.1" 200 22776 "-" "Mozilla/5.0 (iPhone; CPU iPhone OS 13_2_3 like Mac OS X) AppleWebKit/605.1.15 (KHTML, like Gecko) Version/13.0.3 Mobile/15E148 Safari/604.1"
162.0.217.77 - - [16/Nov/2025:14:02:10 -0500] "POST /wp-cron.php?doing_wp_cron=1763319730.6084890365600585937500 HTTP/1.1" 200 0 "-" "WordPress/6.8.3; https://madeinbranded.com"
104.192.1.29 - - [16/Nov/2025:14:02:08 -0500] "POST /wp-login.php HTTP/1.1" 200 2345 "-" "Mozilla/5.0"
34.221.197.72 - - [16/Nov/2025:14:02:35 -0500] "GET / HTTP/1.1" 200 22250 "-" "Mozilla/5.0 (Windows NT 10.0; Win64; x64) AppleWebKit/537.36 (KHTML, like Gecko) Chrome/73.0.3683.103 Safari/537.36 OPR/60.0.3255.70"
162.243.166.67 - - [16/Nov/2025:14:02:42 -0500] "POST /wp-login.php HTTP/1.1" 200 2345 "-" "Mozilla/5.0"
162.0.217.77 - - [16/Nov/2025:14:02:42 -0500] "POST /wp-cron.php?doing_wp_cron=1763319762.1482009887695312500000 HTTP/1.1" 200 0 "-" "WordPress/6.8.3; https://madeinbranded.com"
162.243.166.67 - - [16/Nov/2025:14:02:42 -0500] "POST /wp-login.php HTTP/1.1" 200 2345 "-" "Mozilla/5.0"
34.221.197.72 - - [16/Nov/2025:14:03:03 -0500] "GET //madeinbranded.com/wp-content/themes/rehub-theme/js/filterpanel.js HTTP/1.1" 301 0 "-" "Mozilla/5.0 (Macintosh; Intel Mac OS X 10_14_6) AppleWebKit/605.1.15 (KHTML, like Gecko) Version/12.1.2 Safari/605.1.15"
34.221.197.72 - - [16/Nov/2025:14:03:03 -0500] "GET //madeinbranded.com/wp-content/themes/rehub-theme/js/ajaxsearch.js HTTP/1.1" 301 0 "-" "Mozilla/5.0 (Macintosh; Intel Mac OS X 10_14_6) AppleWebKit/537.36 (KHTML, like Gecko) Chrome/76.0.3809.110 Safari/537.36 Vivaldi/2.7.1628.30"
34.221.197.72 - - [16/Nov/2025:14:03:03 -0500] "GET //madeinbranded.com/wp-content/themes/rehub-theme/js/hotcount.js HTTP/1.1" 301 0 "-" "Mozilla/5.0 (iPhone; CPU iPhone OS 10_3_3 like Mac OS X) AppleWebKit/603.3.8 (KHTML, like Gecko) Version/9.0 Mobile/13B143 Safari/601.1"
34.221.197.72 - - [16/Nov/2025:14:03:03 -0500] "GET //madeinbranded.com/wp-content/themes/rehub-theme/js/ajaxpagination.js HTTP/1.1" 301 0 "-" "Mozilla/5.0 (X11; U; Linux x86_64) AppleWebKit/535.1 (KHTML, like Gecko) Chrome/14.0.835.94 Safari/535.1"
34.221.197.72 - - [16/Nov/2025:14:03:03 -0500] "GET //madeinbranded.com/wp-content/themes/rehub-theme/js/custom.js HTTP/1.1" 301 0 "-" "Mozilla/5.0 (Linux; Android 9; CPH1859) AppleWebKit/537.36 (KHTML, like Gecko) Chrome/75.0.3770.143 Mobile Safari/537.36"
34.221.197.72 - - [16/Nov/2025:14:03:03 -0500] "GET //madeinbranded.com/wp-content/themes/rehub-theme/js/pgwmodal.js HTTP/1.1" 301 0 "-" "Mozilla/5.0 (compatible; Konqueror/4.2; Linux) KHTML/4.2.4 (like Gecko) Slackware/13.0"
34.221.197.72 - - [16/Nov/2025:14:03:03 -0500] "GET //madeinbranded.com/wp-content/themes/rehub-theme/js/wishcount.js HTTP/1.1" 301 0 "-" "Mozilla/5.0 (Linux; Android 9; SM-N950F) AppleWebKit/537.36 (KHTML, like Gecko) Chrome/76.0.3809.111 Mobile Safari/537.36"
34.221.197.72 - - [16/Nov/2025:14:03:03 -0500] "GET //madeinbranded.com/wp-content/themes/rehub-theme/js/inview.js HTTP/1.1" 301 0 "-" "Mozilla/5.0 (Windows NT 10.0) AppleWebKit/537.36 (KHTML, like Gecko) Chrome/74.0.3729.157 Safari/537.36"
34.221.197.72 - - [16/Nov/2025:14:03:03 -0500] "GET //madeinbranded.com/wp-content/themes/rehub-theme/js/hoverintent.js HTTP/1.1" 301 0 "-" "Mozilla/5.0 (X11; U; Linux; i686; en-US; rv:1.6) Gecko Galeon/1.3.14"
34.221.197.72 - - [16/Nov/2025:14:03:03 -0500] "GET //static.cloudflareinsights.com/beacon.min.js HTTP/1.1" 301 0 "-" "Mozilla/5.0 (iPhone; CPU iPhone OS 11_3 like Mac OS X) AppleWebKit/605.1.15 (KHTML, like Gecko) Version/11.0 Mobile/15E148 Safari/604.1"
