113.206.146.96 - - [14/Nov/2025:17:56:21 -0500] "GET /wp-content/uploads/2020/10/official-logo-512x512.png HTTP/1.1" 404 16282 "-" "Mozilla/5.0 (Windows NT 10.0; Win64; x64) Chrome/120.0.0.0"
113.206.146.96 - - [14/Nov/2025:17:56:24 -0500] "GET / HTTP/1.1" 200 22250 "-" "Mozilla/5.0 (Windows NT 10.0; Win64; x64) Chrome/120.0.0.0"
107.189.1.5 - - [14/Nov/2025:18:11:00 -0500] "GET /wp-login.php HTTP/1.1" 200 2277 "-" "Mozilla/5.0 (Windows NT 10.0; Win64; x64) AppleWebKit/537.36 (KHTML, like Gecko) Chrome/118.0.5993.90 Safari/537.36 Edg/118.0.2088.76"
64.38.145.230 - - [14/Nov/2025:18:11:04 -0500] "POST /xmlrpc.php HTTP/1.1" 403 1242 "-" "Mozilla/4.0 (compatible; MSIE 7.0; Windows NT 6.1; WOW64; Trident/7.0; SLCC2; .NET CLR 2.0.50727; .NET CLR 3.5.30729; .NET CLR 3.0.30729; Media Center PC 6.0; .NET4.0C; .NET4.0E; GWX:RESERVED)"
64.38.145.230 - - [14/Nov/2025:18:11:15 -0500] "POST /xmlrpc.php HTTP/1.1" 403 1242 "-" "Mozilla/4.0 (compatible; MSIE 7.0; Windows NT 6.1; WOW64; Trident/7.0; SLCC2; .NET CLR 2.0.50727; .NET CLR 3.5.30729; .NET CLR 3.0.30729; Media Center PC 6.0; .NET4.0C; .NET4.0E; GWX:RESERVED)"
162.0.217.77 - - [14/Nov/2025:18:11:19 -0500] "POST /wp-cron.php?doing_wp_cron=1763161879.8617699146270751953125 HTTP/1.1" 200 0 "-" "WordPress/6.8.3; https://madeinbranded.com"
107.189.1.5 - - [14/Nov/2025:18:11:17 -0500] "POST /wp-login.php HTTP/1.1" 200 2374 "-" "Mozilla/5.0 (Windows NT 10.0; Win64; x64) AppleWebKit/537.36 (KHTML, like Gecko) Chrome/118.0.5993.90 Safari/537.36 Edg/118.0.2088.76"
64.38.145.230 - - [14/Nov/2025:18:11:26 -0500] "POST /xmlrpc.php HTTP/1.1" 403 1242 "-" "Mozilla/4.0 (compatible; MSIE 7.0; Windows NT 6.1; WOW64; Trident/7.0; SLCC2; .NET CLR 2.0.50727; .NET CLR 3.5.30729; .NET CLR 3.0.30729; Media Center PC 6.0; .NET4.0C; .NET4.0E; GWX:RESERVED)"
64.38.145.230 - - [14/Nov/2025:18:11:39 -0500] "POST /xmlrpc.php HTTP/1.1" 403 1242 "-" "Mozilla/4.0 (compatible; MSIE 7.0; Windows NT 6.1; WOW64; Trident/7.0; SLCC2; .NET CLR 2.0.50727; .NET CLR 3.5.30729; .NET CLR 3.0.30729; Media Center PC 6.0; .NET4.0C; .NET4.0E; GWX:RESERVED)"
103.74.116.73 - - [14/Nov/2025:18:23:12 -0500] "GET /wp-login.php HTTP/1.1" 200 2277 "-" "Mozilla/5.0 (compatible; MSIE 9.0; Windows NT 6.1; Trident/7.0)"
162.0.217.77 - - [14/Nov/2025:18:23:17 -0500] "POST /wp-cron.php?doing_wp_cron=1763162597.2382879257202148437500 HTTP/1.1" 200 0 "-" "WordPress/6.8.3; https://madeinbranded.com"
103.74.116.73 - - [14/Nov/2025:18:23:15 -0500] "POST /wp-login.php HTTP/1.1" 200 2374 "https://madeinbranded.com/wp-login.php" "Mozilla/5.0 (compatible; MSIE 9.0; Windows NT 6.1; Trident/7.0)"
27.254.134.67 - - [14/Nov/2025:18:26:29 -0500] "POST /xmlrpc.php HTTP/1.1" 403 1242 "-" "Mozilla/5.0 (Windows NT 6.1; WOW64; Trident/7.0; rv:11.0) like Gecko,gzip(gfe)"
47.82.15.245 - - [14/Nov/2025:18:37:30 -0500] "GET /wishlist/ HTTP/1.1" 200 16898 "-" "Mozilla/5.0 (Macintosh; Intel Mac OS X 10_15_7) AppleWebKit/537.36 (KHTML, like Gecko) Chrome/136.0.0.0 Safari/537.36"
92.205.186.4 - - [14/Nov/2025:18:39:58 -0500] "POST /xmlrpc.php HTTP/1.1" 403 1242 "-" "Mozilla/4.0 (compatible; MSIE 7.0; Windows NT 6.2; WOW64; Trident/7.0; .NET4.0C; .NET4.0E; .NET CLR 2.0.50727; .NET CLR 3.0.30729; .NET CLR 3.5.30729; Zoom 3.6.0)"
92.205.186.4 - - [14/Nov/2025:18:40:10 -0500] "POST /xmlrpc.php HTTP/1.1" 403 1242 "-" "Mozilla/4.0 (compatible; MSIE 7.0; Windows NT 6.2; WOW64; Trident/7.0; .NET4.0C; .NET4.0E; .NET CLR 2.0.50727; .NET CLR 3.0.30729; .NET CLR 3.5.30729; Zoom 3.6.0)"
92.205.186.4 - - [14/Nov/2025:18:40:23 -0500] "POST /xmlrpc.php HTTP/1.1" 403 1242 "-" "Mozilla/4.0 (compatible; MSIE 7.0; Windows NT 6.2; WOW64; Trident/7.0; .NET4.0C; .NET4.0E; .NET CLR 2.0.50727; .NET CLR 3.0.30729; .NET CLR 3.5.30729; Zoom 3.6.0)"
165.22.14.124 - - [14/Nov/2025:18:40:41 -0500] "POST /xmlrpc.php HTTP/1.1" 403 1242 "-" "Mozilla/5.0 (Macintosh; Intel Mac OS X 10_12_4) AppleWebKit/603.1.20 (KHTML, like Gecko) Version/10.1 Safari/603.1.20"
165.22.14.124 - - [14/Nov/2025:18:40:54 -0500] "POST /xmlrpc.php HTTP/1.1" 403 1242 "-" "Mozilla/5.0 (Macintosh; Intel Mac OS X 10_12_4) AppleWebKit/603.1.20 (KHTML, like Gecko) Version/10.1 Safari/603.1.20"
162.0.217.77 - - [14/Nov/2025:18:42:56 -0500] "POST /wp-cron.php?doing_wp_cron=1763163776.5636041164398193359375 HTTP/1.1" 200 0 "-" "WordPress/6.8.3; https://madeinbranded.com"
91.92.242.7 - - [14/Nov/2025:18:42:53 -0500] "GET //images/images/cache.php?pass=3a0e007c895888c9c4bf234e2772a0dd HTTP/1.1" 301 0 "-" "Mozilla/5.0 (Windows NT 10.0; Win64; x64) AppleWebKit/537.36 (KHTML, like Gecko) Chrome/91.0.4472.124 Safari/537.36"
91.92.242.7 - - [14/Nov/2025:18:42:57 -0500] "GET /images/images/cache.php?pass=3a0e007c895888c9c4bf234e2772a0dd HTTP/1.1" 404 16282 "-" "Mozilla/5.0 (Windows NT 10.0; Win64; x64) AppleWebKit/537.36 (KHTML, like Gecko) Chrome/91.0.4472.124 Safari/537.36"
91.92.242.7 - - [14/Nov/2025:18:42:57 -0500] "GET //images/images/images/cache.php?pass=331b3e1aefcffd452db92a2c1c61c525 HTTP/1.1" 301 0 "-" "Mozilla/5.0 (Windows NT 10.0; Win64; x64) AppleWebKit/537.36 (KHTML, like Gecko) Chrome/91.0.4472.124 Safari/537.36"
91.92.242.7 - - [14/Nov/2025:18:42:58 -0500] "GET /images/images/images/cache.php?pass=331b3e1aefcffd452db92a2c1c61c525 HTTP/1.1" 404 16282 "-" "Mozilla/5.0 (Windows NT 10.0; Win64; x64) AppleWebKit/537.36 (KHTML, like Gecko) Chrome/91.0.4472.124 Safari/537.36"
91.92.242.7 - - [14/Nov/2025:18:42:58 -0500] "GET //images/images/images/images/cache.php?pass=26aadf8d261066584120034c6303716f HTTP/1.1" 301 0 "-" "Mozilla/5.0 (Windows NT 10.0; Win64; x64) AppleWebKit/537.36 (KHTML, like Gecko) Chrome/91.0.4472.124 Safari/537.36"
91.92.242.7 - - [14/Nov/2025:18:42:59 -0500] "GET /images/images/images/images/cache.php?pass=26aadf8d261066584120034c6303716f HTTP/1.1" 404 16282 "-" "Mozilla/5.0 (Windows NT 10.0; Win64; x64) AppleWebKit/537.36 (KHTML, like Gecko) Chrome/91.0.4472.124 Safari/537.36"
91.92.242.7 - - [14/Nov/2025:18:43:00 -0500] "GET //images/images/images/images/images/cache.php?pass=c93ef613c69e7f82b5446413c46b0aea HTTP/1.1" 301 0 "-" "Mozilla/5.0 (Windows NT 10.0; Win64; x64) AppleWebKit/537.36 (KHTML, like Gecko) Chrome/91.0.4472.124 Safari/537.36"
91.92.242.7 - - [14/Nov/2025:18:43:00 -0500] "GET /images/images/images/images/images/cache.php?pass=c93ef613c69e7f82b5446413c46b0aea HTTP/1.1" 404 16282 "-" "Mozilla/5.0 (Windows NT 10.0; Win64; x64) AppleWebKit/537.36 (KHTML, like Gecko) Chrome/91.0.4472.124 Safari/537.36"
91.92.242.7 - - [14/Nov/2025:18:43:01 -0500] "GET //images/images/images/images/images/images/cache.php?pass=6765bcbc711528e2760d2133cdf17685 HTTP/1.1" 301 0 "-" "Mozilla/5.0 (Windows NT 10.0; Win64; x64) AppleWebKit/537.36 (KHTML, like Gecko) Chrome/91.0.4472.124 Safari/537.36"
91.92.242.7 - - [14/Nov/2025:18:43:01 -0500] "GET /images/images/images/images/images/images/cache.php?pass=6765bcbc711528e2760d2133cdf17685 HTTP/1.1" 404 16282 "-" "Mozilla/5.0 (Windows NT 10.0; Win64; x64) AppleWebKit/537.36 (KHTML, like Gecko) Chrome/91.0.4472.124 Safari/537.36"
91.92.242.7 - - [14/Nov/2025:18:43:02 -0500] "GET //images/images/images/images/images/images/images/cache.php?pass=e2f2d10231c076274cbc76336b530c67 HTTP/1.1" 301 0 "-" "Mozilla/5.0 (Windows NT 10.0; Win64; x64) AppleWebKit/537.36 (KHTML, like Gecko) Chrome/91.0.4472.124 Safari/537.36"
91.92.242.7 - - [14/Nov/2025:18:43:02 -0500] "GET /images/images/images/images/images/images/images/cache.php?pass=e2f2d10231c076274cbc76336b530c67 HTTP/1.1" 404 16282 "-" "Mozilla/5.0 (Windows NT 10.0; Win64; x64) AppleWebKit/537.36 (KHTML, like Gecko) Chrome/91.0.4472.124 Safari/537.36"
91.92.242.7 - - [14/Nov/2025:18:43:03 -0500] "GET //images/images/images/images/images/images/images/images/cache.php?pass=cfe52c34e32b72e0844fd3ac8c834e96 HTTP/1.1" 301 0 "-" "Mozilla/5.0 (Windows NT 10.0; Win64; x64) AppleWebKit/537.36 (KHTML, like Gecko) Chrome/91.0.4472.124 Safari/537.36"
91.92.242.7 - - [14/Nov/2025:18:43:04 -0500] "GET /images/images/images/images/images/images/images/images/cache.php?pass=cfe52c34e32b72e0844fd3ac8c834e96 HTTP/1.1" 404 16282 "-" "Mozilla/5.0 (Windows NT 10.0; Win64; x64) AppleWebKit/537.36 (KHTML, like Gecko) Chrome/91.0.4472.124 Safari/537.36"
91.92.242.7 - - [14/Nov/2025:18:43:05 -0500] "GET //images/images/images/images/images/images/images/images/images/cache.php?pass=b4a0ce1105e127632d397c11b662c026 HTTP/1.1" 301 0 "-" "Mozilla/5.0 (Windows NT 10.0; Win64; x64) AppleWebKit/537.36 (KHTML, like Gecko) Chrome/91.0.4472.124 Safari/537.36"
91.92.242.7 - - [14/Nov/2025:18:43:05 -0500] "GET /images/images/images/images/images/images/images/images/images/cache.php?pass=b4a0ce1105e127632d397c11b662c026 HTTP/1.1" 404 16282 "-" "Mozilla/5.0 (Windows NT 10.0; Win64; x64) AppleWebKit/537.36 (KHTML, like Gecko) Chrome/91.0.4472.124 Safari/537.36"
91.92.242.7 - - [14/Nov/2025:18:43:07 -0500] "GET //images/images/images/images/images/images/images/images/images/images/cache.php?pass=1105a5a43bd65cd41776c4740f232849 HTTP/1.1" 301 0 "-" "Mozilla/5.0 (Windows NT 10.0; Win64; x64) AppleWebKit/537.36 (KHTML, like Gecko) Chrome/91.0.4472.124 Safari/537.36"
91.92.242.7 - - [14/Nov/2025:18:43:07 -0500] "GET /images/images/images/images/images/images/images/images/images/images/cache.php?pass=1105a5a43bd65cd41776c4740f232849 HTTP/1.1" 404 16282 "-" "Mozilla/5.0 (Windows NT 10.0; Win64; x64) AppleWebKit/537.36 (KHTML, like Gecko) Chrome/91.0.4472.124 Safari/537.36"
91.92.242.7 - - [14/Nov/2025:18:43:07 -0500] "GET //images/images/images/images/images/images/images/images/images/images/images/cache.php?pass=341a599afb55832de18a18d89cff3c4e HTTP/1.1" 301 0 "-" "Mozilla/5.0 (Windows NT 10.0; Win64; x64) AppleWebKit/537.36 (KHTML, like Gecko) Chrome/91.0.4472.124 Safari/537.36"
91.92.242.7 - - [14/Nov/2025:18:43:07 -0500] "GET /images/images/images/images/images/images/images/images/images/images/images/cache.php?pass=341a599afb55832de18a18d89cff3c4e HTTP/1.1" 404 16282 "-" "Mozilla/5.0 (Windows NT 10.0; Win64; x64) AppleWebKit/537.36 (KHTML, like Gecko) Chrome/91.0.4472.124 Safari/537.36"
91.92.242.7 - - [14/Nov/2025:18:43:08 -0500] "GET //wp-admin/network/network/cache.php?pass=38ef0afddaa8ead7a21aef35fab6d209 HTTP/1.1" 301 0 "-" "Mozilla/5.0 (Windows NT 10.0; Win64; x64) AppleWebKit/537.36 (KHTML, like Gecko) Chrome/91.0.4472.124 Safari/537.36"
91.92.242.7 - - [14/Nov/2025:18:43:08 -0500] "GET /wp-admin/network/network/cache.php?pass=38ef0afddaa8ead7a21aef35fab6d209 HTTP/1.1" 404 16282 "-" "Mozilla/5.0 (Windows NT 10.0; Win64; x64) AppleWebKit/537.36 (KHTML, like Gecko) Chrome/91.0.4472.124 Safari/537.36"
43.157.191.20 - - [14/Nov/2025:18:45:11 -0500] "GET / HTTP/1.1" 200 22250 "http://madeinbranded.com" "Mozilla/5.0 (iPhone; CPU iPhone OS 13_2_3 like Mac OS X) AppleWebKit/605.1.15 (KHTML, like Gecko) Version/13.0.3 Mobile/15E148 Safari/604.1"
45.92.10.33 - - [14/Nov/2025:18:45:44 -0500] "POST /xmlrpc.php HTTP/1.1" 403 1242 "-" "Mozilla/5.0 (Windows NT 6.1; WOW64; Trident/7.0; managedpc; rv:11.0) like Gecko"
45.92.10.33 - - [14/Nov/2025:18:45:55 -0500] "POST /xmlrpc.php HTTP/1.1" 403 1242 "-" "Mozilla/5.0 (Windows NT 6.1; WOW64; Trident/7.0; managedpc; rv:11.0) like Gecko"
45.92.10.33 - - [14/Nov/2025:18:46:06 -0500] "POST /xmlrpc.php HTTP/1.1" 403 1242 "-" "Mozilla/5.0 (Windows NT 6.1; WOW64; Trident/7.0; managedpc; rv:11.0) like Gecko"
162.0.217.77 - - [14/Nov/2025:18:57:44 -0500] "POST /wp-cron.php?doing_wp_cron=1763164664.3998379707336425781250 HTTP/1.1" 200 0 "-" "WordPress/6.8.3; https://madeinbranded.com"
165.22.247.49 - - [14/Nov/2025:18:57:41 -0500] "POST /wp-login.php HTTP/1.1" 200 2364 "-" "Mozilla/5.0 (Windows NT 10.0; Win64; x64; rv:91.0) Gecko/20100101 Firefox/91.0"
31.220.151.86 - - [14/Nov/2025:18:57:47 -0500] "POST /xmlrpc.php HTTP/1.1" 403 1242 "-" "Mozilla/5.0 (Macintosh; Intel Mac OS X 10_12_6) AppleWebKit/537.36 (KHTML, like Gecko) Chrome/65.0.3325.181 Safari/537.36"
31.220.151.86 - - [14/Nov/2025:18:58:02 -0500] "POST /xmlrpc.php HTTP/1.1" 403 1242 "-" "Mozilla/5.0 (Macintosh; Intel Mac OS X 10_12_6) AppleWebKit/537.36 (KHTML, like Gecko) Chrome/65.0.3325.181 Safari/537.36"
31.220.151.86 - - [14/Nov/2025:18:58:17 -0500] "POST /xmlrpc.php HTTP/1.1" 403 1242 "-" "Mozilla/5.0 (Macintosh; Intel Mac OS X 10_12_6) AppleWebKit/537.36 (KHTML, like Gecko) Chrome/65.0.3325.181 Safari/537.36"
31.220.151.86 - - [14/Nov/2025:18:58:24 -0500] "POST /xmlrpc.php HTTP/1.1" 403 1242 "-" "Mozilla/5.0 (Macintosh; Intel Mac OS X 10_12_6) AppleWebKit/537.36 (KHTML, like Gecko) Chrome/65.0.3325.181 Safari/537.36"
31.220.151.86 - - [14/Nov/2025:18:58:30 -0500] "POST /xmlrpc.php HTTP/1.1" 403 1242 "-" "Mozilla/5.0 (Macintosh; Intel Mac OS X 10_12_6) AppleWebKit/537.36 (KHTML, like Gecko) Chrome/65.0.3325.181 Safari/537.36"
31.220.151.86 - - [14/Nov/2025:18:58:34 -0500] "POST /xmlrpc.php HTTP/1.1" 403 1242 "-" "Mozilla/5.0 (Macintosh; Intel Mac OS X 10_12_6) AppleWebKit/537.36 (KHTML, like Gecko) Chrome/65.0.3325.181 Safari/537.36"
163.61.112.5 - - [14/Nov/2025:19:03:18 -0500] "GET /wp-login.php HTTP/1.1" 200 2277 "-" "Mozilla/5.0 (Windows NT 10.0) AppleWebKit/537.36 (KHTML, like Gecko) Chrome/65.0.3325.146 Safari/537.36"
162.0.217.77 - - [14/Nov/2025:19:03:24 -0500] "POST /wp-cron.php?doing_wp_cron=1763165004.2576589584350585937500 HTTP/1.1" 200 0 "-" "WordPress/6.8.3; https://madeinbranded.com"
163.61.112.5 - - [14/Nov/2025:19:03:22 -0500] "POST /wp-login.php HTTP/1.1" 200 2374 "https://madeinbranded.com/wp-login.php" "Mozilla/5.0 (Windows NT 10.0) AppleWebKit/537.36 (KHTML, like Gecko) Chrome/65.0.3325.146 Safari/537.36"
107.189.13.175 - - [14/Nov/2025:19:06:39 -0500] "GET /wp-login.php HTTP/1.1" 200 2277 "-" "Mozilla/5.0 (Windows NT 10.0; Win64; x64) AppleWebKit/537.36 (KHTML, like Gecko) Chrome/118.0.5993.117 Safari/537.36"
162.0.217.77 - - [14/Nov/2025:19:06:43 -0500] "POST /wp-cron.php?doing_wp_cron=1763165203.2398428916931152343750 HTTP/1.1" 200 0 "-" "WordPress/6.8.3; https://madeinbranded.com"
107.189.13.175 - - [14/Nov/2025:19:06:41 -0500] "POST /wp-login.php HTTP/1.1" 200 2374 "-" "Mozilla/5.0 (Windows NT 10.0; Win64; x64) AppleWebKit/537.36 (KHTML, like Gecko) Chrome/118.0.5993.117 Safari/537.36"
122.117.102.125 - - [14/Nov/2025:19:09:31 -0500] "GET /wp-login.php HTTP/1.1" 200 2277 "-" "Mozilla/5.0 (Windows NT 6.1; WOW64; Trident/7.0; MAFSJS; rv:11.0) like Gecko"
44.193.254.10 - - [14/Nov/2025:19:11:08 -0500] "GET / HTTP/1.1" 200 22250 "-" "Mozilla/5.0 (Windows NT 10.0; Win64; x64) AppleWebKit/537.36 (KHTML, like Gecko) Chrome/131.0.0.0 Safari/537.36"
162.0.217.77 - - [14/Nov/2025:19:11:11 -0500] "POST /wp-cron.php?doing_wp_cron=1763165471.1382489204406738281250 HTTP/1.1" 200 0 "-" "WordPress/6.8.3; https://madeinbranded.com"
44.193.254.10 - - [14/Nov/2025:19:11:08 -0500] "GET / HTTP/1.1" 301 0 "-" "Mozilla/5.0 (Windows NT 10.0; Win64; x64) AppleWebKit/537.36 (KHTML, like Gecko) HeadlessChrome/134.0.0.0 Safari/537.36 Edg/134.0.0.0"
213.136.75.53 - - [14/Nov/2025:19:13:35 -0500] "POST /xmlrpc.php HTTP/1.1" 403 1242 "-" "Mozilla/5.0 (Windows NT 6.1; WOW64; Trident/7.0; yie9; rv:11.0) like Gecko"
45.82.78.114 - - [14/Nov/2025:19:15:13 -0500] "GET /favicon.ico HTTP/1.1" 404 1251 "https://madeinbranded.com/" "Mozilla/5.0 (Macintosh; Intel Mac OS X 10_15_7) AppleWebKit/537.36 (KHTML, like Gecko) Chrome/114.0.0.0 Safari/537.36"
92.205.186.4 - - [14/Nov/2025:19:24:23 -0500] "POST /xmlrpc.php HTTP/1.1" 403 1242 "-" "Mozilla/5.0 (Windows NT 6.2; Win64; x64; Trident/7.0; rv:11.0) like Gecko"
92.205.186.4 - - [14/Nov/2025:19:24:33 -0500] "POST /xmlrpc.php HTTP/1.1" 403 1242 "-" "Mozilla/5.0 (Windows NT 6.2; Win64; x64; Trident/7.0; rv:11.0) like Gecko"
92.205.186.4 - - [14/Nov/2025:19:24:44 -0500] "POST /xmlrpc.php HTTP/1.1" 403 1242 "-" "Mozilla/5.0 (Windows NT 6.2; Win64; x64; Trident/7.0; rv:11.0) like Gecko"
92.205.186.4 - - [14/Nov/2025:19:24:54 -0500] "POST /xmlrpc.php HTTP/1.1" 403 1242 "-" "Mozilla/5.0 (Windows NT 6.2; Win64; x64; Trident/7.0; rv:11.0) like Gecko"
92.205.186.4 - - [14/Nov/2025:19:25:04 -0500] "POST /xmlrpc.php HTTP/1.1" 403 1242 "-" "Mozilla/5.0 (Windows NT 6.2; Win64; x64; Trident/7.0; rv:11.0) like Gecko"
92.205.186.4 - - [14/Nov/2025:19:25:14 -0500] "POST /xmlrpc.php HTTP/1.1" 403 1242 "-" "Mozilla/5.0 (Windows NT 6.2; Win64; x64; Trident/7.0; rv:11.0) like Gecko"
92.205.186.4 - - [14/Nov/2025:19:25:27 -0500] "POST /xmlrpc.php HTTP/1.1" 403 1242 "-" "Mozilla/5.0 (Windows NT 6.2; Win64; x64; Trident/7.0; rv:11.0) like Gecko"
92.205.186.4 - - [14/Nov/2025:19:25:40 -0500] "POST /xmlrpc.php HTTP/1.1" 403 1242 "-" "Mozilla/5.0 (Windows NT 6.2; Win64; x64; Trident/7.0; rv:11.0) like Gecko"
66.179.80.51 - - [14/Nov/2025:19:28:14 -0500] "POST /xmlrpc.php HTTP/1.1" 403 1242 "-" "Mozilla/5.0 (Macintosh; Intel Mac OS X 10_12_4) AppleWebKit/603.1.30 (KHTML, like Gecko) Version/10.1 Safari/603.1.30"
66.179.80.51 - - [14/Nov/2025:19:28:19 -0500] "POST /xmlrpc.php HTTP/1.1" 403 1242 "-" "Mozilla/5.0 (Macintosh; Intel Mac OS X 10_12_4) AppleWebKit/603.1.30 (KHTML, like Gecko) Version/10.1 Safari/603.1.30"
195.16.73.171 - - [14/Nov/2025:19:41:09 -0500] "GET /wp-login.php HTTP/1.1" 200 2277 "-" "Mozilla/5.0 (Windows NT 6.1; Win64; x64) AppleWebKit/537.36 (KHTML, like Gecko) Chrome/66.0.3359.170 Safari/537.36 OPR/53.0.2907.68"
162.0.217.77 - - [14/Nov/2025:19:41:16 -0500] "POST /wp-cron.php?doing_wp_cron=1763167276.3554360866546630859375 HTTP/1.1" 200 0 "-" "WordPress/6.8.3; https://madeinbranded.com"
195.16.73.171 - - [14/Nov/2025:19:41:14 -0500] "POST /wp-login.php HTTP/1.1" 200 2374 "https://madeinbranded.com/wp-login.php" "Mozilla/5.0 (Windows NT 6.1; Win64; x64) AppleWebKit/537.36 (KHTML, like Gecko) Chrome/66.0.3359.170 Safari/537.36 OPR/53.0.2907.68"
205.185.127.199 - - [14/Nov/2025:19:41:56 -0500] "GET /wp-login.php HTTP/1.1" 200 2277 "https://www.bing.com/" "Mozilla/5.0 (Windows NT 10.0; Win64; x64; rv:120.0) Gecko/20100101 Firefox/120.0"
162.0.217.77 - - [14/Nov/2025:19:41:58 -0500] "POST /wp-cron.php?doing_wp_cron=1763167318.8766338825225830078125 HTTP/1.1" 200 0 "-" "WordPress/6.8.3; https://madeinbranded.com"
205.185.127.199 - - [14/Nov/2025:19:41:58 -0500] "POST /wp-login.php HTTP/1.1" 200 2374 "https://www.bing.com/" "Mozilla/5.0 (Windows NT 10.0; Win64; x64; rv:120.0) Gecko/20100101 Firefox/120.0"
161.248.188.190 - - [14/Nov/2025:19:48:56 -0500] "GET /wp-login.php HTTP/1.1" 200 2277 "-" "Mozilla/4.0 (compatible; MSIE 7.0; Windows NT 6.2; WOW64; Trident/7.0; .NET4.0E; .NET4.0C; Tablet PC 2.0; .NET CLR 3.5.30729; .NET CLR 2.0.50727; .NET CLR 3.0.30729; WebMoney Advisor)"
162.0.217.77 - - [14/Nov/2025:19:49:03 -0500] "POST /wp-cron.php?doing_wp_cron=1763167743.3126130104064941406250 HTTP/1.1" 200 0 "-" "WordPress/6.8.3; https://madeinbranded.com"
161.248.188.190 - - [14/Nov/2025:19:49:01 -0500] "POST /wp-login.php HTTP/1.1" 200 2374 "https://madeinbranded.com/wp-login.php" "Mozilla/4.0 (compatible; MSIE 7.0; Windows NT 6.2; WOW64; Trident/7.0; .NET4.0E; .NET4.0C; Tablet PC 2.0; .NET CLR 3.5.30729; .NET CLR 2.0.50727; .NET CLR 3.0.30729; WebMoney Advisor)"
2.58.56.67 - - [14/Nov/2025:19:53:47 -0500] "GET / HTTP/1.1" 200 22250 "-" "-"
162.0.217.77 - - [14/Nov/2025:19:53:48 -0500] "POST /wp-cron.php?doing_wp_cron=1763168028.7605350017547607421875 HTTP/1.1" 200 0 "-" "WordPress/6.8.3; https://madeinbranded.com"
2.58.56.67 - - [14/Nov/2025:19:53:47 -0500] "GET /wp-admin/install.php HTTP/1.1" 200 440 "-" "-"
2.58.56.67 - - [14/Nov/2025:19:53:48 -0500] "GET /wp-admin/setup-config.php HTTP/1.1" 403 1242 "-" "-"