68.183.9.16 - - [14/Nov/2025:13:58:49 -0500] "GET /swagger.json HTTP/1.1" 404 16282 "-" "Mozilla/5.0 (l9scan/2.0.934323e25393e21323e2430313; +https://leakix.net)"
68.183.9.16 - - [14/Nov/2025:13:58:49 -0500] "GET /swagger/v1/swagger.json HTTP/1.1" 404 16282 "-" "Mozilla/5.0 (l9scan/2.0.934323e25393e21323e2430313; +https://leakix.net)"
68.183.9.16 - - [14/Nov/2025:13:58:49 -0500] "GET /v2/api-docs HTTP/1.1" 404 16282 "-" "Mozilla/5.0 (l9scan/2.0.934323e25393e21323e2430313; +https://leakix.net)"
68.183.9.16 - - [14/Nov/2025:13:58:50 -0500] "GET /v3/api-docs HTTP/1.1" 404 16282 "-" "Mozilla/5.0 (l9scan/2.0.934323e25393e21323e2430313; +https://leakix.net)"
68.183.9.16 - - [14/Nov/2025:13:58:50 -0500] "GET /api-docs/swagger.json HTTP/1.1" 404 16282 "-" "Mozilla/5.0 (l9scan/2.0.934323e25393e21323e2430313; +https://leakix.net)"
68.183.9.16 - - [14/Nov/2025:13:58:50 -0500] "GET /api/swagger.json HTTP/1.1" 404 16282 "-" "Mozilla/5.0 (l9scan/2.0.934323e25393e21323e2430313; +https://leakix.net)"
68.183.9.16 - - [14/Nov/2025:13:58:50 -0500] "GET /@vite/env HTTP/1.1" 404 16282 "-" "Mozilla/5.0 (l9scan/2.0.934323e25393e21323e2430313; +https://leakix.net)"
68.183.9.16 - - [14/Nov/2025:13:58:51 -0500] "GET /actuator/env HTTP/1.1" 404 16282 "-" "Mozilla/5.0 (l9scan/2.0.934323e25393e21323e2430313; +https://leakix.net)"
68.183.9.16 - - [14/Nov/2025:13:58:51 -0500] "GET /server HTTP/1.1" 404 16282 "-" "Mozilla/5.0 (l9scan/2.0.934323e25393e21323e2430313; +https://leakix.net)"
68.183.9.16 - - [14/Nov/2025:13:58:51 -0500] "GET /.vscode/sftp.json HTTP/1.1" 404 16282 "-" "Mozilla/5.0 (l9scan/2.0.934323e25393e21323e2430313; +https://leakix.net)"
68.183.9.16 - - [14/Nov/2025:13:58:51 -0500] "GET /about HTTP/1.1" 404 16282 "-" "Mozilla/5.0 (l9scan/2.0.934323e25393e21323e2430313; +https://leakix.net)"
68.183.9.16 - - [14/Nov/2025:13:58:52 -0500] "GET /debug/default/view?panel=config HTTP/1.1" 404 16282 "-" "Mozilla/5.0 (l9scan/2.0.934323e25393e21323e2430313; +https://leakix.net)"
68.183.9.16 - - [14/Nov/2025:13:58:52 -0500] "GET /v2/_catalog HTTP/1.1" 404 16282 "-" "Mozilla/5.0 (l9scan/2.0.934323e25393e21323e2430313; +https://leakix.net)"
68.183.9.16 - - [14/Nov/2025:13:58:52 -0500] "GET /ecp/Current/exporttool/microsoft.exchange.ediscovery.exporttool.application HTTP/1.1" 404 16282 "-" "Mozilla/5.0 (l9scan/2.0.934323e25393e21323e2430313; +https://leakix.net)"
68.183.9.16 - - [14/Nov/2025:13:58:53 -0500] "GET /login.action HTTP/1.1" 404 16282 "-" "Mozilla/5.0 (l9scan/2.0.934323e25393e21323e2430313; +https://leakix.net)"
68.183.9.16 - - [14/Nov/2025:13:58:53 -0500] "GET /_all_dbs HTTP/1.1" 404 16282 "-" "Mozilla/5.0 (l9scan/2.0.934323e25393e21323e2430313; +https://leakix.net)"
68.183.9.16 - - [14/Nov/2025:13:58:53 -0500] "GET /.DS_Store HTTP/1.1" 404 16282 "-" "Mozilla/5.0 (l9scan/2.0.934323e25393e21323e2430313; +https://leakix.net)"
68.183.9.16 - - [14/Nov/2025:13:58:53 -0500] "GET /.env HTTP/1.1" 403 1242 "-" "Mozilla/5.0 (l9scan/2.0.934323e25393e21323e2430313; +https://leakix.net)"
68.183.9.16 - - [14/Nov/2025:13:58:53 -0500] "GET /.git/config HTTP/1.1" 403 1242 "-" "Mozilla/5.0 (l9scan/2.0.934323e25393e21323e2430313; +https://leakix.net)"
68.183.9.16 - - [14/Nov/2025:13:58:54 -0500] "GET /s/934323e25393e21323e2430313/_/;/META-INF/maven/com.atlassian.jira/jira-webapp-dist/pom.properties HTTP/1.1" 404 16282 "-" "Mozilla/5.0 (l9scan/2.0.934323e25393e21323e2430313; +https://leakix.net)"
68.183.9.16 - - [14/Nov/2025:13:58:54 -0500] "GET /config.json HTTP/1.1" 404 16282 "-" "Mozilla/5.0 (l9scan/2.0.934323e25393e21323e2430313; +https://leakix.net)"
68.183.9.16 - - [14/Nov/2025:13:58:54 -0500] "GET /telescope/requests HTTP/1.1" 404 16282 "-" "Mozilla/5.0 (l9scan/2.0.934323e25393e21323e2430313; +https://leakix.net)"
68.183.9.16 - - [14/Nov/2025:13:58:54 -0500] "GET /info.php HTTP/1.1" 404 16282 "-" "Mozilla/5.0 (l9scan/2.0.934323e25393e21323e2430313; +https://leakix.net)"
68.183.9.16 - - [14/Nov/2025:13:58:54 -0500] "GET /?rest_route=/wp/v2/users/ HTTP/1.1" 200 1507 "-" "Mozilla/5.0 (l9scan/2.0.934323e25393e21323e2430313; +https://leakix.net)"
129.232.136.170 - - [14/Nov/2025:14:06:49 -0500] "POST /wp-login.php HTTP/1.1" 200 0 "-" "Mozilla/5.0 (Windows NT 10.0; Win64; x64; rv:66.0) Gecko/20100101 Firefox/66.0"
162.0.217.77 - - [14/Nov/2025:14:06:51 -0500] "POST /wp-cron.php?doing_wp_cron=1763147211.8314449787139892578125 HTTP/1.1" 200 0 "-" "WordPress/6.8.3; https://madeinbranded.com"
5.189.169.82 - - [14/Nov/2025:14:07:07 -0500] "GET /wp-login.php HTTP/1.1" 200 2277 "-" "Mozilla/5.0 (Windows NT 6.1; WOW64; Trident/7.0; rv:11.0) like Gecko,gzip(gfe)"
5.189.169.82 - - [14/Nov/2025:14:07:12 -0500] "POST /wp-login.php HTTP/1.1" 200 2374 "https://madeinbranded.com/wp-login.php" "Mozilla/5.0 (Windows NT 6.1; WOW64; Trident/7.0; rv:11.0) like Gecko,gzip(gfe)"
162.0.217.77 - - [14/Nov/2025:14:08:40 -0500] "POST /wp-cron.php?doing_wp_cron=1763147319.9755749702453613281250 HTTP/1.1" 200 0 "-" "WordPress/6.8.3; https://madeinbranded.com"
2a01:488:67:1000:523:f9b0:0:1 - - [14/Nov/2025:14:08:38 -0500] "POST /wp-login.php HTTP/1.1" 200 2364 "-" "Mozilla/5.0 (Windows NT 10.0; Win64; x64; rv:56.0) Gecko/20100101 Firefox/56.0"
66.249.66.192 - - [14/Nov/2025:14:14:06 -0500] "GET /robots.txt HTTP/1.1" 304 0 "-" "Mozilla/5.0 (compatible; Googlebot/2.1; +http://www.google.com/bot.html)"
66.249.66.202 - - [14/Nov/2025:14:14:07 -0500] "GET /wp-content/themes/rehub-theme/fonts/rhicons.woff2?3oibrk HTTP/1.1" 200 24556 "https://madeinbranded.com/language-translator-earbuds-timekettle-m2-supports-40-languages-93-accent/" "Mozilla/5.0 AppleWebKit/537.36 (KHTML, like Gecko; compatible; GoogleOther) Chrome/141.0.7390.122 Safari/537.36"
66.249.66.203 - - [14/Nov/2025:14:14:07 -0500] "GET /wp-content/plugins/rehub-framework/assets/js/postviews.js?ver=6.8.2 HTTP/1.1" 200 190 "https://madeinbranded.com/language-translator-earbuds-timekettle-m2-supports-40-languages-93-accent/" "Mozilla/5.0 AppleWebKit/537.36 (KHTML, like Gecko; compatible; GoogleOther) Chrome/141.0.7390.122 Safari/537.36"
66.249.66.192 - - [14/Nov/2025:14:14:08 -0500] "GET /wp-content/themes/rehub-theme/iconstyle.css?ver=18.9.7 HTTP/1.1" 200 2205 "https://madeinbranded.com/language-translator-earbuds-timekettle-m2-supports-40-languages-93-accent/" "Mozilla/5.0 AppleWebKit/537.36 (KHTML, like Gecko; compatible; GoogleOther) Chrome/141.0.7390.122 Safari/537.36"
66.249.66.39 - - [14/Nov/2025:14:14:08 -0500] "GET /wp-includes/js/jquery/jquery.min.js?ver=3.7.1 HTTP/1.1" 304 0 "https://madeinbranded.com/language-translator-earbuds-timekettle-m2-supports-40-languages-93-accent/" "Mozilla/5.0 AppleWebKit/537.36 (KHTML, like Gecko; compatible; GoogleOther) Chrome/141.0.7390.122 Safari/537.36"
66.249.66.9 - - [14/Nov/2025:14:14:08 -0500] "GET /wp-includes/js/jquery/jquery-migrate.min.js?ver=3.4.1 HTTP/1.1" 304 0 "https://madeinbranded.com/language-translator-earbuds-timekettle-m2-supports-40-languages-93-accent/" "Mozilla/5.0 AppleWebKit/537.36 (KHTML, like Gecko; compatible; GoogleOther) Chrome/141.0.7390.122 Safari/537.36"
66.249.66.202 - - [14/Nov/2025:14:14:08 -0500] "GET /wp-content/themes/rehub-theme/css/ajaxsearch.css?ver=18.9.7 HTTP/1.1" 200 1065 "https://madeinbranded.com/language-translator-earbuds-timekettle-m2-supports-40-languages-93-accent/" "Mozilla/5.0 AppleWebKit/537.36 (KHTML, like Gecko; compatible; GoogleOther) Chrome/141.0.7390.122 Safari/537.36"
66.249.66.192 - - [14/Nov/2025:14:14:08 -0500] "GET /wp-content/themes/rehub-theme/js/pgwmodal.js?ver=2.0 HTTP/1.1" 200 1442 "https://madeinbranded.com/language-translator-earbuds-timekettle-m2-supports-40-languages-93-accent/" "Mozilla/5.0 AppleWebKit/537.36 (KHTML, like Gecko; compatible; GoogleOther) Chrome/141.0.7390.122 Safari/537.36"
66.249.66.202 - - [14/Nov/2025:14:14:09 -0500] "GET /wp-content/themes/rehub-theme/js/countdown.js?ver=1.1 HTTP/1.1" 304 0 "https://madeinbranded.com/language-translator-earbuds-timekettle-m2-supports-40-languages-93-accent/" "Mozilla/5.0 AppleWebKit/537.36 (KHTML, like Gecko; compatible; GoogleOther) Chrome/141.0.7390.122 Safari/537.36"
66.249.66.163 - - [14/Nov/2025:14:14:09 -0500] "GET /wp-content/themes/rehub-theme/js/hotcount.js?ver=1.1 HTTP/1.1" 304 0 "https://madeinbranded.com/language-translator-earbuds-timekettle-m2-supports-40-languages-93-accent/" "Mozilla/5.0 AppleWebKit/537.36 (KHTML, like Gecko; compatible; GoogleOther) Chrome/141.0.7390.122 Safari/537.36"
66.249.66.38 - - [14/Nov/2025:14:14:09 -0500] "GET /wp-includes/js/wp-emoji-release.min.js?ver=6.8.2 HTTP/1.1" 304 0 "https://madeinbranded.com/language-translator-earbuds-timekettle-m2-supports-40-languages-93-accent/" "Mozilla/5.0 AppleWebKit/537.36 (KHTML, like Gecko; compatible; GoogleOther) Chrome/141.0.7390.122 Safari/537.36"
66.249.66.162 - - [14/Nov/2025:14:14:09 -0500] "GET /wp-content/uploads/2023/04/12-Best-Movies-To-Watch-on-Mothers-Day-2023-336x220.jpg HTTP/1.1" 200 26437 "https://madeinbranded.com/language-translator-earbuds-timekettle-m2-supports-40-languages-93-accent/" "Mozilla/5.0 AppleWebKit/537.36 (KHTML, like Gecko; compatible; GoogleOther) Chrome/141.0.7390.122 Safari/537.36"
66.249.66.39 - - [14/Nov/2025:14:14:09 -0500] "GET /wp-content/plugins/rehub-framework/includes/rehub_ajax.php?postviews_id=11&action=rehubpostviews&_=1763147646415 HTTP/1.1" 200 0 "https://madeinbranded.com/language-translator-earbuds-timekettle-m2-supports-40-languages-93-accent/" "Mozilla/5.0 AppleWebKit/537.36 (KHTML, like Gecko; compatible; GoogleOther) Chrome/141.0.7390.122 Safari/537.36"
66.249.66.40 - - [14/Nov/2025:14:14:10 -0500] "GET /wp-content/themes/rehub-theme/js/modulobox.min.js?ver=1.0.6 HTTP/1.1" 200 18487 "https://madeinbranded.com/language-translator-earbuds-timekettle-m2-supports-40-languages-93-accent/" "Mozilla/5.0 AppleWebKit/537.36 (KHTML, like Gecko; compatible; GoogleOther) Chrome/141.0.7390.122 Safari/537.36"
66.249.66.162 - - [14/Nov/2025:14:14:10 -0500] "GET /wp-content/themes/rehub-theme/js/hoverintent.js?ver=1.9 HTTP/1.1" 200 782 "https://madeinbranded.com/language-translator-earbuds-timekettle-m2-supports-40-languages-93-accent/" "Mozilla/5.0 AppleWebKit/537.36 (KHTML, like Gecko; compatible; GoogleOther) Chrome/141.0.7390.122 Safari/537.36"
66.249.66.9 - - [14/Nov/2025:14:14:10 -0500] "GET /wp-includes/js/comment-reply.min.js?ver=6.8.2 HTTP/1.1" 200 1247 "https://madeinbranded.com/language-translator-earbuds-timekettle-m2-supports-40-languages-93-accent/" "Mozilla/5.0 AppleWebKit/537.36 (KHTML, like Gecko; compatible; GoogleOther) Chrome/141.0.7390.122 Safari/537.36"
66.249.66.164 - - [14/Nov/2025:14:14:10 -0500] "GET /wp-content/themes/rehub-theme/js/ajaxsearch.js?ver=18.9.7 HTTP/1.1" 304 0 "https://madeinbranded.com/language-translator-earbuds-timekettle-m2-supports-40-languages-93-accent/" "Mozilla/5.0 AppleWebKit/537.36 (KHTML, like Gecko; compatible; GoogleOther) Chrome/141.0.7390.122 Safari/537.36"
66.249.66.202 - - [14/Nov/2025:14:14:10 -0500] "GET /wp-content/themes/rehub-theme/js/custom.js?ver=18.9.7 HTTP/1.1" 200 5698 "https://madeinbranded.com/language-translator-earbuds-timekettle-m2-supports-40-languages-93-accent/" "Mozilla/5.0 AppleWebKit/537.36 (KHTML, like Gecko; compatible; GoogleOther) Chrome/141.0.7390.122 Safari/537.36"
66.249.66.71 - - [14/Nov/2025:14:14:11 -0500] "GET /wp-content/uploads/2023/04/Top-7-Mothers-Day-Gifts-2023-for-Mom-Under-10-336x220.jpg HTTP/1.1" 200 27280 "https://madeinbranded.com/language-translator-earbuds-timekettle-m2-supports-40-languages-93-accent/" "Mozilla/5.0 AppleWebKit/537.36 (KHTML, like Gecko; compatible; GoogleOther) Chrome/141.0.7390.122 Safari/537.36"
66.249.66.8 - - [14/Nov/2025:14:14:11 -0500] "GET /wp-content/themes/rehub-theme/js/unveil.js?ver=5.2.1 HTTP/1.1" 200 3243 "https://madeinbranded.com/language-translator-earbuds-timekettle-m2-supports-40-languages-93-accent/" "Mozilla/5.0 AppleWebKit/537.36 (KHTML, like Gecko; compatible; GoogleOther) Chrome/141.0.7390.122 Safari/537.36"
135.125.232.215 - - [14/Nov/2025:14:22:59 -0500] "POST /xmlrpc.php HTTP/1.1" 403 1242 "-" "Mozilla/4.0 (compatible; MSIE 7.0; Windows NT 6.1; Trident/7.0; SLCC2; .NET CLR 2.0.50727; .NET CLR 3.5.30729; .NET CLR 3.0.30729; .NET4.0C; .NET4.0E; Media Center PC 6.0; InfoPath.3; BRI/2)"
135.125.232.215 - - [14/Nov/2025:14:23:11 -0500] "POST /xmlrpc.php HTTP/1.1" 403 1242 "-" "Mozilla/4.0 (compatible; MSIE 7.0; Windows NT 6.1; Trident/7.0; SLCC2; .NET CLR 2.0.50727; .NET CLR 3.5.30729; .NET CLR 3.0.30729; .NET4.0C; .NET4.0E; Media Center PC 6.0; InfoPath.3; BRI/2)"
135.125.232.215 - - [14/Nov/2025:14:23:23 -0500] "POST /xmlrpc.php HTTP/1.1" 403 1242 "-" "Mozilla/4.0 (compatible; MSIE 7.0; Windows NT 6.1; Trident/7.0; SLCC2; .NET CLR 2.0.50727; .NET CLR 3.5.30729; .NET CLR 3.0.30729; .NET4.0C; .NET4.0E; Media Center PC 6.0; InfoPath.3; BRI/2)"
135.125.232.215 - - [14/Nov/2025:14:23:34 -0500] "POST /xmlrpc.php HTTP/1.1" 403 1242 "-" "Mozilla/4.0 (compatible; MSIE 7.0; Windows NT 6.1; Trident/7.0; SLCC2; .NET CLR 2.0.50727; .NET CLR 3.5.30729; .NET CLR 3.0.30729; .NET4.0C; .NET4.0E; Media Center PC 6.0; InfoPath.3; BRI/2)"
135.125.232.215 - - [14/Nov/2025:14:23:45 -0500] "POST /xmlrpc.php HTTP/1.1" 403 1242 "-" "Mozilla/4.0 (compatible; MSIE 7.0; Windows NT 6.1; Trident/7.0; SLCC2; .NET CLR 2.0.50727; .NET CLR 3.5.30729; .NET CLR 3.0.30729; .NET4.0C; .NET4.0E; Media Center PC 6.0; InfoPath.3; BRI/2)"
135.125.232.215 - - [14/Nov/2025:14:23:58 -0500] "POST /xmlrpc.php HTTP/1.1" 403 1242 "-" "Mozilla/4.0 (compatible; MSIE 7.0; Windows NT 6.1; Trident/7.0; SLCC2; .NET CLR 2.0.50727; .NET CLR 3.5.30729; .NET CLR 3.0.30729; .NET4.0C; .NET4.0E; Media Center PC 6.0; InfoPath.3; BRI/2)"
135.125.232.215 - - [14/Nov/2025:14:24:08 -0500] "POST /xmlrpc.php HTTP/1.1" 403 1242 "-" "Mozilla/4.0 (compatible; MSIE 7.0; Windows NT 6.1; Trident/7.0; SLCC2; .NET CLR 2.0.50727; .NET CLR 3.5.30729; .NET CLR 3.0.30729; .NET4.0C; .NET4.0E; Media Center PC 6.0; InfoPath.3; BRI/2)"
135.125.232.215 - - [14/Nov/2025:14:24:18 -0500] "POST /xmlrpc.php HTTP/1.1" 403 1242 "-" "Mozilla/4.0 (compatible; MSIE 7.0; Windows NT 6.1; Trident/7.0; SLCC2; .NET CLR 2.0.50727; .NET CLR 3.5.30729; .NET CLR 3.0.30729; .NET4.0C; .NET4.0E; Media Center PC 6.0; InfoPath.3; BRI/2)"
146.190.84.211 - - [14/Nov/2025:14:27:17 -0500] "HEAD / HTTP/1.1" 200 0 "-" "Mozilla/5.0 (Windows NT 10.0; Win64; x64) AppleWebKit/537.36 (KHTML, like Gecko) Chrome/99.0.4859.172 Safari/537.36"
146.190.84.211 - - [14/Nov/2025:14:27:17 -0500] "GET / HTTP/1.1" 200 22250 "-" "Mozilla/5.0 (Windows NT 10.0; Win64; x64) AppleWebKit/537.36 (KHTML, like Gecko) Chrome/99.0.4859.172 Safari/537.36"
146.190.84.211 - - [14/Nov/2025:14:27:18 -0500] "GET /.env HTTP/1.1" 403 1242 "-" "Mozilla/5.0 (Windows NT 10.0; Win64; x64) AppleWebKit/537.36 (KHTML, like Gecko) Chrome/99.0.4859.172 Safari/537.36"
146.190.84.211 - - [14/Nov/2025:14:27:18 -0500] "GET / HTTP/1.1" 200 22250 "-" "Mozilla/5.0 (Windows NT 10.0; Win64; x64) AppleWebKit/537.36 (KHTML, like Gecko) Chrome/99.0.4859.172 Safari/537.36"
162.0.217.77 - - [14/Nov/2025:14:27:20 -0500] "POST /wp-cron.php?doing_wp_cron=1763148440.7991850376129150390625 HTTP/1.1" 200 0 "-" "WordPress/6.8.3; https://madeinbranded.com"
146.190.84.211 - - [14/Nov/2025:14:27:18 -0500] "POST /vendor/phpunit/phpunit/src/Util/PHP/eval-stdin.php HTTP/1.1" 404 16235 "-" "Mozilla/5.0 (Windows NT 10.0; Win64; x64) AppleWebKit/537.36 (KHTML, like Gecko) Chrome/99.0.4859.172 Safari/537.36"
146.190.84.211 - - [14/Nov/2025:14:27:22 -0500] "GET /vendor/laravel-filemanager/js/script.js HTTP/1.1" 404 16282 "-" "Mozilla/5.0 (Windows NT 10.0; Win64; x64) AppleWebKit/537.36 (KHTML, like Gecko) Chrome/99.0.4859.172 Safari/537.36"
146.190.84.211 - - [14/Nov/2025:14:27:23 -0500] "GET /public/vendor/laravel-filemanager/js/script.js HTTP/1.1" 404 16282 "-" "Mozilla/5.0 (Windows NT 10.0; Win64; x64) AppleWebKit/537.36 (KHTML, like Gecko) Chrome/99.0.4859.172 Safari/537.36"
162.0.217.77 - - [14/Nov/2025:14:27:24 -0500] "POST /wp-cron.php?doing_wp_cron=1763148444.0698640346527099609375 HTTP/1.1" 200 0 "-" "WordPress/6.8.3; https://madeinbranded.com"
146.190.84.211 - - [14/Nov/2025:14:27:23 -0500] "POST / HTTP/1.1" 200 22171 "-" "Mozilla/5.0 (Windows NT 10.0; Win64; x64) AppleWebKit/537.36 (KHTML, like Gecko) Chrome/99.0.4859.172 Safari/537.36"
146.190.84.211 - - [14/Nov/2025:14:27:25 -0500] "GET /_ignition/execute-solution HTTP/1.1" 404 16282 "-" "Mozilla/5.0 (Windows NT 10.0; Win64; x64) AppleWebKit/537.36 (KHTML, like Gecko) Chrome/99.0.4859.172 Safari/537.36"
146.190.84.211 - - [14/Nov/2025:14:27:25 -0500] "GET /public/_ignition/execute-solution HTTP/1.1" 404 16282 "-" "Mozilla/5.0 (Windows NT 10.0; Win64; x64) AppleWebKit/537.36 (KHTML, like Gecko) Chrome/99.0.4859.172 Safari/537.36"
146.190.84.211 - - [14/Nov/2025:14:27:26 -0500] "GET /.git/config HTTP/1.1" 403 1242 "-" "Mozilla/5.0 (Windows NT 10.0; Win64; x64) AppleWebKit/537.36 (KHTML, like Gecko) Chrome/99.0.4859.172 Safari/537.36"
158.69.222.155 - - [14/Nov/2025:14:29:40 -0500] "GET /wp-login.php HTTP/1.1" 200 2277 "-" "Mozilla/5.0 (Windows NT 6.3; WOW64) AppleWebKit/537.36 (KHTML, like Gecko) Chrome/66.0.3359.139 Safari/537.36"
162.0.217.77 - - [14/Nov/2025:14:29:47 -0500] "POST /wp-cron.php?doing_wp_cron=1763148587.8441929817199707031250 HTTP/1.1" 200 0 "-" "WordPress/6.8.3; https://madeinbranded.com"
158.69.222.155 - - [14/Nov/2025:14:29:46 -0500] "POST /wp-login.php HTTP/1.1" 200 2374 "https://madeinbranded.com/wp-login.php" "Mozilla/5.0 (Windows NT 6.3; WOW64) AppleWebKit/537.36 (KHTML, like Gecko) Chrome/66.0.3359.139 Safari/537.36"
207.46.13.116 - - [14/Nov/2025:14:31:59 -0500] "GET / HTTP/1.1" 200 22250 "-" "Mozilla/5.0 AppleWebKit/537.36 (KHTML, like Gecko; compatible; bingbot/2.0; +http://www.bing.com/bingbot.htm) Chrome/116.0.1938.76 Safari/537.36"
40.77.167.151 - - [14/Nov/2025:14:32:18 -0500] "GET /wp-content/themes/rehub-theme/js/inview.js?ver=1.1 HTTP/1.1" 200 681 "-" "Mozilla/5.0 AppleWebKit/537.36 (KHTML, like Gecko; compatible; bingbot/2.0; +http://www.bing.com/bingbot.htm) Chrome/116.0.1938.76 Safari/537.36"
52.167.144.191 - - [14/Nov/2025:14:32:23 -0500] "GET /wp-content/themes/rehub-theme/css/shortcodes/filterpanel.css?ver=1.3 HTTP/1.1" 200 1138 "-" "Mozilla/5.0 AppleWebKit/537.36 (KHTML, like Gecko; compatible; bingbot/2.0; +http://www.bing.com/bingbot.htm) Chrome/116.0.1938.76 Safari/537.36"
52.167.144.191 - - [14/Nov/2025:14:32:24 -0500] "GET /wp-includes/css/dist/block-library/style.min.css?ver=6.8.3 HTTP/1.1" 200 14360 "-" "Mozilla/5.0 AppleWebKit/537.36 (KHTML, like Gecko; compatible; bingbot/2.0; +http://www.bing.com/bingbot.htm) Chrome/116.0.1938.76 Safari/537.36"
52.167.144.191 - - [14/Nov/2025:14:32:25 -0500] "GET /wp-content/themes/rehub-theme/js/filterpanel.js?ver=1.1 HTTP/1.1" 200 1480 "-" "Mozilla/5.0 AppleWebKit/537.36 (KHTML, like Gecko; compatible; bingbot/2.0; +http://www.bing.com/bingbot.htm) Chrome/116.0.1938.76 Safari/537.36"
52.167.144.191 - - [14/Nov/2025:14:32:25 -0500] "GET /wp-content/themes/rehub-theme/js/ajaxpagination.js?ver=1.1 HTTP/1.1" 200 1329 "-" "Mozilla/5.0 AppleWebKit/537.36 (KHTML, like Gecko; compatible; bingbot/2.0; +http://www.bing.com/bingbot.htm) Chrome/116.0.1938.76 Safari/537.36"
201.46.112.136 - - [14/Nov/2025:14:32:27 -0500] "GET /wp-login.php HTTP/1.1" 200 2277 "-" "Mozilla/5.0 (Windows NT 6.3; Win64; x64; Trident/7.0; MDDCJS; rv:11.0) like Gecko"
162.0.217.77 - - [14/Nov/2025:14:32:33 -0500] "POST /wp-cron.php?doing_wp_cron=1763148753.7372529506683349609375 HTTP/1.1" 200 0 "-" "WordPress/6.8.3; https://madeinbranded.com"
201.46.112.136 - - [14/Nov/2025:14:32:32 -0500] "POST /wp-login.php HTTP/1.1" 200 2374 "https://madeinbranded.com/wp-login.php" "Mozilla/5.0 (Windows NT 6.3; Win64; x64; Trident/7.0; MDDCJS; rv:11.0) like Gecko"
129.150.46.7 - - [14/Nov/2025:14:35:33 -0500] "GET /wp-login.php HTTP/1.1" 200 2277 "-" "Mozilla/5.0 (MSIE 8.0; Windows NT 6.0; Trident/7.0; rv:11.0) like Gecko"
209.141.34.83 - - [14/Nov/2025:14:35:37 -0500] "GET /wp-login.php HTTP/1.1" 200 2277 "-" "Mozilla/5.0 (Macintosh; Intel Mac OS X 10_10) AppleWebKit/600.1.3 (KHTML, like Gecko) Version/8.0 Safari/600.1.3"
162.0.217.77 - - [14/Nov/2025:14:35:39 -0500] "POST /wp-cron.php?doing_wp_cron=1763148939.2398140430450439453125 HTTP/1.1" 200 0 "-" "WordPress/6.8.3; https://madeinbranded.com"
129.150.46.7 - - [14/Nov/2025:14:35:37 -0500] "POST /wp-login.php HTTP/1.1" 200 2374 "https://madeinbranded.com/wp-login.php" "Mozilla/5.0 (MSIE 8.0; Windows NT 6.0; Trident/7.0; rv:11.0) like Gecko"
179.61.137.20 - - [14/Nov/2025:14:40:55 -0500] "GET /wp-login.php HTTP/1.1" 200 2277 "-" "Mozilla/5.0 (Macintosh; Intel Mac OS X 10_11_6) AppleWebKit/537.36 (KHTML, like Gecko) Chrome/66.0.3359.139 Safari/537.36"
162.0.217.77 - - [14/Nov/2025:14:40:57 -0500] "POST /wp-cron.php?doing_wp_cron=1763149257.9288330078125000000000 HTTP/1.1" 200 0 "-" "WordPress/6.8.3; https://madeinbranded.com"
179.61.137.20 - - [14/Nov/2025:14:40:55 -0500] "POST /wp-login.php HTTP/1.1" 200 2374 "https://madeinbranded.com/wp-login.php" "Mozilla/5.0 (Macintosh; Intel Mac OS X 10_11_6) AppleWebKit/537.36 (KHTML, like Gecko) Chrome/66.0.3359.139 Safari/537.36"
45.92.8.36 - - [14/Nov/2025:14:45:28 -0500] "GET /wp-login.php HTTP/1.1" 200 2277 "-" "Mozilla/5.0 (Windows NT 10.0; Win64; x64) AppleWebKit/537.36 (KHTML, like Gecko) Chrome/64.0.3282.168 Safari/537.36 OPR/51.0.2830.40"
162.0.217.77 - - [14/Nov/2025:14:45:30 -0500] "POST /wp-cron.php?doing_wp_cron=1763149530.7647919654846191406250 HTTP/1.1" 200 0 "-" "WordPress/6.8.3; https://madeinbranded.com"
45.92.8.36 - - [14/Nov/2025:14:45:28 -0500] "POST /wp-login.php HTTP/1.1" 200 2374 "https://madeinbranded.com/wp-login.php" "Mozilla/5.0 (Windows NT 10.0; Win64; x64) AppleWebKit/537.36 (KHTML, like Gecko) Chrome/64.0.3282.168 Safari/537.36 OPR/51.0.2830.40"
45.82.121.130 - - [14/Nov/2025:14:46:21 -0500] "POST /xmlrpc.php HTTP/1.1" 403 1242 "-" "Mozilla/5.0 (Windows NT 10.0; Win64; x64; rv:62.0) Gecko/20100101 Firefox/62.0"
45.82.121.130 - - [14/Nov/2025:14:46:21 -0500] "POST /xmlrpc.php HTTP/1.1" 403 1242 "-" "Mozilla/5.0 (Windows NT 10.0; Win64; x64; rv:62.0) Gecko/20100101 Firefox/62.0"
45.82.121.130 - - [14/Nov/2025:14:46:22 -0500] "POST /xmlrpc.php HTTP/1.1" 403 1242 "-" "Mozilla/5.0 (Windows NT 10.0; Win64; x64; rv:62.0) Gecko/20100101 Firefox/62.0"
45.82.121.130 - - [14/Nov/2025:14:46:22 -0500] "POST /xmlrpc.php HTTP/1.1" 403 1242 "-" "Mozilla/5.0 (Windows NT 10.0; Win64; x64; rv:62.0) Gecko/20100101 Firefox/62.0"
162.0.217.77 - - [14/Nov/2025:14:48:22 -0500] "POST /wp-cron.php?doing_wp_cron=1763149702.8530499935150146484375 HTTP/1.1" 200 0 "-" "WordPress/6.8.3; https://madeinbranded.com"
34.86.56.43 - - [14/Nov/2025:14:48:20 -0500] "HEAD /new/ HTTP/1.1" 404 0 "http://madeinbranded.com/new/" "Mozilla/5.0 (Windows NT 10.0; Win64; x64) AppleWebKit/537.36 (KHTML, like Gecko) Chrome/122.0.0.0 Safari/537.36 Edg/122.0.2365.66"
34.86.56.43 - - [14/Nov/2025:14:48:23 -0500] "HEAD /wp/ HTTP/1.1" 404 0 "http://madeinbranded.com/wp/" "Mozilla/5.0 (Macintosh; Intel Mac OS X 14_2) AppleWebKit/537.36 (KHTML, like Gecko) Chrome/121.0.6167.86 Safari/537.36 Brave/1.62.162"
34.86.56.43 - - [14/Nov/2025:14:48:23 -0500] "HEAD /old/ HTTP/1.1" 404 0 "http://madeinbranded.com/old/" "Mozilla/5.0 (Windows NT 10.0; Win64; x64) AppleWebKit/537.36 (KHTML, like Gecko) Chrome/120.0.6099.224 Safari/537.36 OPR/106.0.0.0"
34.86.56.43 - - [14/Nov/2025:14:48:23 -0500] "HEAD /backup/ HTTP/1.1" 404 0 "http://madeinbranded.com/backup/" "Mozilla/5.0 (Linux; Android 14; Pixel 8 Pro) AppleWebKit/537.36 (KHTML, like Gecko) Chrome/124.0.6367.56 Mobile Safari/537.36"
162.0.217.77 - - [14/Nov/2025:14:48:24 -0500] "POST /wp-cron.php?doing_wp_cron=1763149704.1408410072326660156250 HTTP/1.1" 200 0 "-" "WordPress/6.8.3; https://madeinbranded.com"
34.86.56.43 - - [14/Nov/2025:14:48:24 -0500] "HEAD /blog/ HTTP/1.1" 404 0 "http://madeinbranded.com/blog/" "Mozilla/5.0 (Windows NT 11.0; Win64; x64; rv:126.0) Gecko/20100101 Firefox/126.0"
34.86.56.43 - - [14/Nov/2025:14:48:24 -0500] "HEAD / HTTP/1.1" 200 0 "http://madeinbranded.com/" "Mozilla/5.0 (Windows NT 11.0; Win64; x64; rv:126.0) Gecko/20100101 Firefox/126.0"
34.86.56.43 - - [14/Nov/2025:14:48:24 -0500] "HEAD /wordpress/ HTTP/1.1" 404 0 "http://madeinbranded.com/wordpress/" "Mozilla/5.0 (Windows NT 10.0; Win64; x64) AppleWebKit/537.36 (KHTML, like Gecko) Chrome/120.0.6099.200 YaBrowser/24.1.0.0 Safari/537.36"
103.74.116.147 - - [14/Nov/2025:15:04:36 -0500] "GET /wp-login.php HTTP/1.1" 200 2277 "-" "Mozilla/5.0 (Windows NT 6.1; WOW64; Trident/7.0; NISSC; rv:11.0) like Gecko"
162.0.217.77 - - [14/Nov/2025:15:04:43 -0500] "POST /wp-cron.php?doing_wp_cron=1763150683.5675299167633056640625 HTTP/1.1" 200 0 "-" "WordPress/6.8.3; https://madeinbranded.com"
103.74.116.147 - - [14/Nov/2025:15:04:41 -0500] "POST /wp-login.php HTTP/1.1" 200 2374 "https://madeinbranded.com/wp-login.php" "Mozilla/5.0 (Windows NT 6.1; WOW64; Trident/7.0; NISSC; rv:11.0) like Gecko"
162.0.217.77 - - [14/Nov/2025:15:06:09 -0500] "POST /wp-cron.php?doing_wp_cron=1763150769.7160060405731201171875 HTTP/1.1" 200 0 "-" "WordPress/6.8.3; https://madeinbranded.com"
82.223.128.142 - - [14/Nov/2025:15:06:08 -0500] "POST /wp-login.php HTTP/1.1" 200 2364 "-" "Mozilla/5.0 (Windows NT 10.0; Win64; x64; rv:100.0) Gecko/20100101 Firefox/100.0"
162.0.217.77 - - [14/Nov/2025:15:09:00 -0500] "POST /wp-cron.php?doing_wp_cron=1763150940.9241890907287597656250 HTTP/1.1" 200 0 "-" "WordPress/6.8.3; https://madeinbranded.com"
4.217.221.207 - - [14/Nov/2025:15:08:59 -0500] "GET /inputs.php HTTP/1.1" 404 16282 "-" "-"
4.217.221.207 - - [14/Nov/2025:15:09:02 -0500] "GET /classsmtps.php HTTP/1.1" 404 16282 "-" "-"
4.217.221.207 - - [14/Nov/2025:15:09:02 -0500] "GET /wp-blog-header.php HTTP/1.1" 404 0 "-" "-"
4.217.221.207 - - [14/Nov/2025:15:09:03 -0500] "GET /wp-trackback.php HTTP/1.1" 404 91 "-" "-"
4.217.221.207 - - [14/Nov/2025:15:09:04 -0500] "GET /wp-signup.php HTTP/1.1" 302 0 "-" "-"
4.217.221.207 - - [14/Nov/2025:15:09:04 -0500] "GET /wp-login.php?action=register HTTP/1.1" 302 0 "-" "-"
4.217.221.207 - - [14/Nov/2025:15:09:04 -0500] "GET /wp-login.php?registration=disabled HTTP/1.1" 200 2340 "-" "-"
4.217.221.207 - - [14/Nov/2025:15:09:05 -0500] "GET /wp-comments-post.php HTTP/1.1" 405 0 "-" "-"
4.217.221.207 - - [14/Nov/2025:15:09:05 -0500] "GET /wp-cron.php HTTP/1.1" 200 0 "-" "-"
4.217.221.207 - - [14/Nov/2025:15:09:05 -0500] "GET /wp-load.php HTTP/1.1" 200 0 "-" "-"
4.217.221.207 - - [14/Nov/2025:15:09:06 -0500] "GET /wp-mail.php HTTP/1.1" 403 958 "-" "-"
4.217.221.207 - - [14/Nov/2025:15:09:06 -0500] "GET /edit.php HTTP/1.1" 404 16282 "-" "-"
4.217.221.207 - - [14/Nov/2025:15:09:07 -0500] "GET /wp-activate.php HTTP/1.1" 302 0 "-" "-"
4.217.221.207 - - [14/Nov/2025:15:09:07 -0500] "GET /wp-login.php?action=register HTTP/1.1" 302 0 "-" "-"
4.217.221.207 - - [14/Nov/2025:15:09:08 -0500] "GET /wp-login.php?registration=disabled HTTP/1.1" 200 2340 "-" "-"
4.217.221.207 - - [14/Nov/2025:15:09:08 -0500] "GET /plugins.php HTTP/1.1" 404 16282 "-" "-"
4.217.221.207 - - [14/Nov/2025:15:09:09 -0500] "GET /post.php HTTP/1.1" 404 16282 "-" "-"
4.217.221.207 - - [14/Nov/2025:15:09:09 -0500] "GET /admin.php HTTP/1.1" 404 16282 "-" "-"
4.217.221.207 - - [14/Nov/2025:15:09:10 -0500] "GET /about.php HTTP/1.1" 404 16282 "-" "-"
4.217.221.207 - - [14/Nov/2025:15:09:10 -0500] "GET /wp-2019.php HTTP/1.1" 404 16282 "-" "-"
4.217.221.207 - - [14/Nov/2025:15:09:11 -0500] "GET /atomlib.php HTTP/1.1" 404 16282 "-" "-"
4.217.221.207 - - [14/Nov/2025:15:09:11 -0500] "GET /css.php HTTP/1.1" 404 16282 "-" "-"
4.217.221.207 - - [14/Nov/2025:15:09:12 -0500] "GET /simple.php HTTP/1.1" 404 16282 "-" "-"
4.217.221.207 - - [14/Nov/2025:15:09:13 -0500] "GET /log.php HTTP/1.1" 404 16282 "-" "-"
4.217.221.207 - - [14/Nov/2025:15:09:13 -0500] "GET /index.php HTTP/1.1" 301 0 "-" "-"
4.217.221.207 - - [14/Nov/2025:15:09:14 -0500] "GET / HTTP/1.1" 200 22250 "-" "-"
4.217.221.207 - - [14/Nov/2025:15:09:14 -0500] "GET /mail.php HTTP/1.1" 404 16282 "-" "-"
4.217.221.207 - - [14/Nov/2025:15:09:14 -0500] "GET /lufix.php HTTP/1.1" 404 16282 "-" "-"
4.217.221.207 - - [14/Nov/2025:15:09:15 -0500] "GET /doc.php HTTP/1.1" 404 16282 "-" "-"
4.217.221.207 - - [14/Nov/2025:15:09:16 -0500] "GET /bak.php HTTP/1.1" 404 16282 "-" "-"
162.0.217.77 - - [14/Nov/2025:15:09:18 -0500] "POST /wp-cron.php?doing_wp_cron=1763150958.0112380981445312500000 HTTP/1.1" 200 0 "-" "WordPress/6.8.3; https://madeinbranded.com"
4.217.221.207 - - [14/Nov/2025:15:09:17 -0500] "GET /content.php HTTP/1.1" 404 16282 "-" "-"
4.217.221.207 - - [14/Nov/2025:15:09:18 -0500] "GET /upfile.php HTTP/1.1" 404 16282 "-" "-"
4.217.221.207 - - [14/Nov/2025:15:09:19 -0500] "GET /wp.php HTTP/1.1" 404 16282 "-" "-"
4.217.221.207 - - [14/Nov/2025:15:09:20 -0500] "GET /wp-conflg.php HTTP/1.1" 404 16282 "-" "-"
4.217.221.207 - - [14/Nov/2025:15:09:21 -0500] "GET /bypass.php HTTP/1.1" 404 16282 "-" "-"
4.217.221.207 - - [14/Nov/2025:15:09:22 -0500] "GET /404.php HTTP/1.1" 404 16282 "-" "-"
4.217.221.207 - - [14/Nov/2025:15:09:22 -0500] "GET /updates.php HTTP/1.1" 404 16282 "-" "-"
4.217.221.207 - - [14/Nov/2025:15:09:23 -0500] "GET /radio.php HTTP/1.1" 404 16282 "-" "-"
162.0.217.77 - - [14/Nov/2025:15:09:24 -0500] "POST /wp-cron.php?doing_wp_cron=1763150964.7092609405517578125000 HTTP/1.1" 200 0 "-" "WordPress/6.8.3; https://madeinbranded.com"
4.217.221.207 - - [14/Nov/2025:15:09:24 -0500] "GET /xmrlpc.php HTTP/1.1" 404 16282 "-" "-"
4.217.221.207 - - [14/Nov/2025:15:09:25 -0500] "GET /ae.php HTTP/1.1" 404 16282 "-" "-"
4.217.221.207 - - [14/Nov/2025:15:09:26 -0500] "GET /moon.php HTTP/1.1" 404 16282 "-" "-"
4.217.221.207 - - [14/Nov/2025:15:09:27 -0500] "GET /blog.php HTTP/1.1" 404 16282 "-" "-"
4.217.221.207 - - [14/Nov/2025:15:09:27 -0500] "GET /themes.php HTTP/1.1" 404 16282 "-" "-"
4.217.221.207 - - [14/Nov/2025:15:09:28 -0500] "GET /ini.php HTTP/1.1" 404 16282 "-" "-"
4.217.221.207 - - [14/Nov/2025:15:09:29 -0500] "GET /as.php HTTP/1.1" 404 16282 "-" "-"
4.217.221.207 - - [14/Nov/2025:15:09:30 -0500] "GET /shell.php HTTP/1.1" 404 16282 "-" "-"
4.217.221.207 - - [14/Nov/2025:15:09:31 -0500] "GET /ws.php HTTP/1.1" 404 16282 "-" "-"
4.217.221.207 - - [14/Nov/2025:15:09:31 -0500] "GET /dropdown.php HTTP/1.1" 404 16282 "-" "-"
4.217.221.207 - - [14/Nov/2025:15:09:33 -0500] "GET /makeasmtp.php HTTP/1.1" 404 16282 "-" "-"
4.217.221.207 - - [14/Nov/2025:15:09:34 -0500] "GET /wp-sigunq.php HTTP/1.1" 404 16282 "-" "-"
4.217.221.207 - - [14/Nov/2025:15:09:34 -0500] "GET /wso112233.php HTTP/1.1" 404 16282 "-" "-"
4.217.221.207 - - [14/Nov/2025:15:09:35 -0500] "GET /alfanew.php HTTP/1.1" 404 16282 "-" "-"
4.217.221.207 - - [14/Nov/2025:15:09:35 -0500] "GET /fw.php HTTP/1.1" 404 16282 "-" "-"
4.217.221.207 - - [14/Nov/2025:15:09:36 -0500] "GET /install.php HTTP/1.1" 404 16282 "-" "-"
4.217.221.207 - - [14/Nov/2025:15:09:37 -0500] "GET /wp-login.php HTTP/1.1" 200 2277 "-" "-"
4.217.221.207 - - [14/Nov/2025:15:09:37 -0500] "GET /wp-content/plugins/google-seo-rank/module.php HTTP/1.1" 404 16282 "-" "-"
4.217.221.207 - - [14/Nov/2025:15:09:38 -0500] "GET /chosen.php HTTP/1.1" 404 16282 "-" "-"
4.217.221.207 - - [14/Nov/2025:15:09:39 -0500] "GET /simple.php HTTP/1.1" 404 16282 "-" "-"
217.154.101.210 - - [14/Nov/2025:15:22:36 -0500] "GET /wp-login.php HTTP/1.1" 200 2277 "-" "Mozilla/5.0 (Windows NT 6.1; WOW64; Trident/7.0; rv:11.0)"
162.0.217.77 - - [14/Nov/2025:15:22:42 -0500] "POST /wp-cron.php?doing_wp_cron=1763151762.8625628948211669921875 HTTP/1.1" 200 0 "-" "WordPress/6.8.3; https://madeinbranded.com"
217.154.101.210 - - [14/Nov/2025:15:22:40 -0500] "POST /wp-login.php HTTP/1.1" 200 2375 "https://madeinbranded.com/wp-login.php" "Mozilla/5.0 (Windows NT 6.1; WOW64; Trident/7.0; rv:11.0)"
162.0.217.77 - - [14/Nov/2025:15:42:39 -0500] "POST /wp-cron.php?doing_wp_cron=1763152959.8392848968505859375000 HTTP/1.1" 200 0 "-" "WordPress/6.8.3; https://madeinbranded.com"
4.205.91.17 - - [14/Nov/2025:15:42:36 -0500] "GET /wp-content/plugins/hellopress/wp_filemanager.php HTTP/1.1" 200 0 "-" "-"
34.134.144.77 - - [14/Nov/2025:15:43:36 -0500] "POST /xmlrpc.php HTTP/1.1" 403 1242 "-" "Mozilla/5.0 (Windows NT 6.3; WOW64; Trident/7.0; Touch; MAARJS; rv:11.0) like Gecko"
23.16.180.114 - - [14/Nov/2025:15:46:14 -0500] "GET /wp-login.php HTTP/1.1" 200 2277 "-" "Mozilla/5.0 (Windows NT 6.1; WOW64; Trident/7.0; MAARJS; rv:11.0) like Gecko"
162.0.217.77 - - [14/Nov/2025:15:46:20 -0500] "POST /wp-cron.php?doing_wp_cron=1763153180.2277770042419433593750 HTTP/1.1" 200 0 "-" "WordPress/6.8.3; https://madeinbranded.com"
23.16.180.114 - - [14/Nov/2025:15:46:18 -0500] "POST /wp-login.php HTTP/1.1" 200 2374 "https://madeinbranded.com/wp-login.php" "Mozilla/5.0 (Windows NT 6.1; WOW64; Trident/7.0; MAARJS; rv:11.0) like Gecko"
162.0.217.77 - - [14/Nov/2025:15:50:35 -0500] "POST /wp-cron.php?doing_wp_cron=1763153435.7179870605468750000000 HTTP/1.1" 200 0 "-" "WordPress/6.8.3; https://madeinbranded.com"
43.152.72.247 - - [14/Nov/2025:15:50:33 -0500] "GET / HTTP/1.1" 301 0 "http://www.madeinbranded.com" "Mozilla/5.0 (iPhone; CPU iPhone OS 13_2_3 like Mac OS X) AppleWebKit/605.1.15 (KHTML, like Gecko) Version/13.0.3 Mobile/15E148 Safari/604.1"
43.152.72.247 - - [14/Nov/2025:15:50:37 -0500] "GET / HTTP/1.1" 200 22250 "https://www.madeinbranded.com/" "Mozilla/5.0 (iPhone; CPU iPhone OS 13_2_3 like Mac OS X) AppleWebKit/605.1.15 (KHTML, like Gecko) Version/13.0.3 Mobile/15E148 Safari/604.1"
54.95.210.88 - - [14/Nov/2025:15:51:58 -0500] "POST /xmlrpc.php HTTP/1.1" 403 1242 "-" "Mozilla/5.0 (Windows NT 6.1; WOW64; Trident/7.0; studenthousing.com; rv:11.0) like Gecko"
52.178.159.233 - - [14/Nov/2025:15:54:26 -0500] "GET /wp-login.php HTTP/1.1" 200 2277 "http://madeinbranded.com/wp-login.php" "Mozilla/5.0 (Windows NT 10.0; Win64; x64; rv:144.0) Gecko/20100101 Firefox/144.0"
162.0.217.77 - - [14/Nov/2025:15:54:30 -0500] "POST /wp-cron.php?doing_wp_cron=1763153670.5074329376220703125000 HTTP/1.1" 200 0 "-" "WordPress/6.8.3; https://madeinbranded.com"
52.178.159.233 - - [14/Nov/2025:15:54:28 -0500] "GET /wp-json/wp/v2/users HTTP/1.1" 200 1507 "http://madeinbranded.com/wp-login.php" "Mozilla/5.0 (Windows NT 10.0; Win64; x64; rv:144.0) Gecko/20100101 Firefox/144.0"
52.178.159.233 - - [14/Nov/2025:15:54:32 -0500] "POST /wp-login.php HTTP/1.1" 200 2360 "https://madeinbranded.com/wp-login.php?redirect_to=https%3A%2F%2Fmadeinbranded.com%2Fwp-admin%2F" "Mozilla/5.0 (Windows NT 10.0; Win64; x64; rv:144.0) Gecko/20100101 Firefox/144.0"
52.178.159.233 - - [14/Nov/2025:15:54:32 -0500] "POST /wp-login.php HTTP/1.1" 200 2360 "https://madeinbranded.com/wp-login.php?redirect_to=https%3A%2F%2Fmadeinbranded.com%2Fwp-admin%2F" "Mozilla/5.0 (Windows NT 10.0; Win64; x64; rv:144.0) Gecko/20100101 Firefox/144.0"
52.178.159.233 - - [14/Nov/2025:15:54:37 -0500] "POST /wp-login.php HTTP/1.1" 200 2360 "https://madeinbranded.com/wp-login.php?redirect_to=https%3A%2F%2Fmadeinbranded.com%2Fwp-admin%2F" "Mozilla/5.0 (Windows NT 10.0; Win64; x64; rv:144.0) Gecko/20100101 Firefox/144.0"
85.234.130.130 - - [14/Nov/2025:15:57:38 -0500] "POST /xmlrpc.php HTTP/1.1" 403 1242 "-" "Mozilla/5.0 (X11; Linux x86_64) AppleWebKit/537.36 (KHTML, like Gecko) Chrome/65.0.3325.146 Safari/537.36"
107.189.7.132 - - [14/Nov/2025:16:14:15 -0500] "GET / HTTP/1.1" 200 22250 "-" "Mozilla/5.0 (Linux; Android 12; Pixel 6) AppleWebKit/537.36 (KHTML, like Gecko) Chrome/127.0.0.0 Mobile Safari/537.36"
107.189.7.132 - - [14/Nov/2025:16:14:28 -0500] "GET /wp-login.php HTTP/1.1" 200 2277 "-" "Mozilla/5.0 (Linux; Android 12; Pixel 6) AppleWebKit/537.36 (KHTML, like Gecko) Chrome/127.0.0.0 Mobile Safari/537.36"
64.38.145.230 - - [14/Nov/2025:16:21:50 -0500] "POST /xmlrpc.php HTTP/1.1" 403 1242 "-" "Mozilla/5.0 (Windows NT 6.1; WOW64; Trident/7.0; MALCJS; rv:11.0) like Gecko"
64.38.145.230 - - [14/Nov/2025:16:21:56 -0500] "POST /xmlrpc.php HTTP/1.1" 403 1242 "-" "Mozilla/5.0 (Windows NT 6.1; WOW64; Trident/7.0; MALCJS; rv:11.0) like Gecko"
64.38.145.230 - - [14/Nov/2025:16:22:02 -0500] "POST /xmlrpc.php HTTP/1.1" 403 1242 "-" "Mozilla/5.0 (Windows NT 6.1; WOW64; Trident/7.0; MALCJS; rv:11.0) like Gecko"
64.38.145.230 - - [14/Nov/2025:16:22:07 -0500] "POST /xmlrpc.php HTTP/1.1" 403 1242 "-" "Mozilla/5.0 (Windows NT 6.1; WOW64; Trident/7.0; MALCJS; rv:11.0) like Gecko"
64.38.145.230 - - [14/Nov/2025:16:22:12 -0500] "POST /xmlrpc.php HTTP/1.1" 403 1242 "-" "Mozilla/5.0 (Windows NT 6.1; WOW64; Trident/7.0; MALCJS; rv:11.0) like Gecko"
64.38.145.230 - - [14/Nov/2025:16:22:15 -0500] "POST /xmlrpc.php HTTP/1.1" 403 1242 "-" "Mozilla/5.0 (Windows NT 6.1; WOW64; Trident/7.0; MALCJS; rv:11.0) like Gecko"
173.236.199.102 - - [14/Nov/2025:16:23:42 -0500] "GET /wp-login.php HTTP/1.1" 200 2277 "-" "Mozilla/5.0 (Windows NT 6.1; WOW64; Trident/7.0; EIE11;ENUSMSN; rv:11.0) like Gecko"
162.0.217.77 - - [14/Nov/2025:16:23:50 -0500] "POST /wp-cron.php?doing_wp_cron=1763155430.3676850795745849609375 HTTP/1.1" 200 0 "-" "WordPress/6.8.3; https://madeinbranded.com"
173.236.199.102 - - [14/Nov/2025:16:23:48 -0500] "POST /wp-login.php HTTP/1.1" 200 2374 "https://madeinbranded.com/wp-login.php" "Mozilla/5.0 (Windows NT 6.1; WOW64; Trident/7.0; EIE11;ENUSMSN; rv:11.0) like Gecko"
162.0.217.77 - - [14/Nov/2025:16:24:48 -0500] "POST /wp-cron.php?doing_wp_cron=1763155488.4132630825042724609375 HTTP/1.1" 200 0 "-" "WordPress/6.8.3; https://madeinbranded.com"
185.199.223.39 - - [14/Nov/2025:16:24:48 -0500] "POST /wp-login.php HTTP/1.1" 200 2364 "-" "Mozilla/5.0 (Windows NT 10.0; Win64; x64; rv:64.0) Gecko/20100101 Firefox/64.0"
162.0.217.77 - - [14/Nov/2025:16:37:35 -0500] "POST /wp-cron.php?doing_wp_cron=1763156255.8086340427398681640625 HTTP/1.1" 200 0 "-" "WordPress/6.8.3; https://madeinbranded.com"
2a01:4f8:192:10c4::2 - - [14/Nov/2025:16:37:33 -0500] "POST /wp-login.php HTTP/1.1" 200 2364 "-" "Mozilla/5.0 (Windows NT 10.0; Win64; x64; rv:45.0) Gecko/20100101 Firefox/45.0"
74.208.183.129 - - [14/Nov/2025:16:41:28 -0500] "POST /xmlrpc.php HTTP/1.1" 403 1242 "-" "Mozilla/5.0 (Windows NT 6.3; WOW64; Trident/7.0; MAMIJS; rv:11.0) like Gecko"
201.23.75.63 - - [14/Nov/2025:16:49:37 -0500] "POST /xmlrpc.php HTTP/1.1" 403 1242 "-" "Mozilla/5.0 (Windows NT 6.1; WOW64; Trident/7.0; yie11; rv:11.0) like Gecko"
66.240.236.13 - - [14/Nov/2025:17:09:13 -0500] "GET /wp-login.php HTTP/1.1" 200 2277 "-" "Mozilla/4.0 (compatible; MSIE 7.0; Windows NT 6.2; WOW64; Trident/7.0; .NET4.0C; .NET4.0E; wbx 1.0.0)"
162.0.217.77 - - [14/Nov/2025:17:09:20 -0500] "POST /wp-cron.php?doing_wp_cron=1763158160.5134129524230957031250 HTTP/1.1" 200 0 "-" "WordPress/6.8.3; https://madeinbranded.com"
66.240.236.13 - - [14/Nov/2025:17:09:17 -0500] "POST /wp-login.php HTTP/1.1" 200 2374 "https://madeinbranded.com/wp-login.php" "Mozilla/4.0 (compatible; MSIE 7.0; Windows NT 6.2; WOW64; Trident/7.0; .NET4.0C; .NET4.0E; wbx 1.0.0)"
94.141.5.251 - - [14/Nov/2025:17:11:28 -0500] "POST /xmlrpc.php HTTP/1.1" 403 1242 "-" "Mozilla/5.0 (Windows NT 10.0; WOW64) AppleWebKit/537.36 (KHTML, like Gecko) Chrome/67.0.3396.79 Safari/537.36"
94.141.5.251 - - [14/Nov/2025:17:11:49 -0500] "POST /xmlrpc.php HTTP/1.1" 403 1242 "-" "Mozilla/5.0 (Windows NT 10.0; WOW64) AppleWebKit/537.36 (KHTML, like Gecko) Chrome/67.0.3396.79 Safari/537.36"
162.0.217.77 - - [14/Nov/2025:17:17:46 -0500] "POST /wp-cron.php?doing_wp_cron=1763158666.7376608848571777343750 HTTP/1.1" 200 0 "-" "WordPress/6.8.3; https://madeinbranded.com"
35.187.222.91 - - [14/Nov/2025:17:17:44 -0500] "GET /wp-login.php HTTP/1.1" 200 2275 "http://www.madeinbranded.com/wp-login.php" "Mozilla/5.0 (Windows NT 10.0; Win64; x64; rv:144.0) Gecko/20100101 Firefox/144.0"
35.187.222.91 - - [14/Nov/2025:17:17:47 -0500] "GET /wp-json/wp/v2/users HTTP/1.1" 200 1507 "http://www.madeinbranded.com/wp-login.php" "Mozilla/5.0 (Windows NT 10.0; Win64; x64; rv:144.0) Gecko/20100101 Firefox/144.0"
35.187.222.91 - - [14/Nov/2025:17:17:48 -0500] "POST /wp-login.php HTTP/1.1" 200 2373 "https://www.madeinbranded.com/wp-login.php?redirect_to=https%3A%2F%2Fwww.madeinbranded.com%2Fwp-admin%2F" "Mozilla/5.0 (Windows NT 10.0; Win64; x64; rv:144.0) Gecko/20100101 Firefox/144.0"
35.187.222.91 - - [14/Nov/2025:17:17:50 -0500] "POST /wp-login.php HTTP/1.1" 200 2372 "https://www.madeinbranded.com/wp-login.php?redirect_to=https%3A%2F%2Fwww.madeinbranded.com%2Fwp-admin%2F" "Mozilla/5.0 (Windows NT 10.0; Win64; x64; rv:144.0) Gecko/20100101 Firefox/144.0"
35.187.222.91 - - [14/Nov/2025:17:17:51 -0500] "POST /wp-login.php HTTP/1.1" 200 2372 "https://www.madeinbranded.com/wp-login.php?redirect_to=https%3A%2F%2Fwww.madeinbranded.com%2Fwp-admin%2F" "Mozilla/5.0 (Windows NT 10.0; Win64; x64; rv:144.0) Gecko/20100101 Firefox/144.0"
52.242.231.163 - - [14/Nov/2025:17:18:23 -0500] "POST /xmlrpc.php HTTP/1.1" 403 1242 "-" "Mozilla/5.0 (Windows NT 6.3; WOW64; Trident/7.0; rv:11.0; i-Macros-Web-Automation) like Gecko"
52.242.231.163 - - [14/Nov/2025:17:18:33 -0500] "POST /xmlrpc.php HTTP/1.1" 403 1242 "-" "Mozilla/5.0 (Windows NT 6.3; WOW64; Trident/7.0; rv:11.0; i-Macros-Web-Automation) like Gecko"
47.128.122.110 - - [14/Nov/2025:17:33:42 -0500] "GET / HTTP/1.1" 200 22250 "-" "Mozilla/5.0 (Linux; Android 5.0) AppleWebKit/537.36 (KHTML, like Gecko) Mobile Safari/537.36 (compatible; TikTokSpider; [email protected])"
47.128.122.110 - - [14/Nov/2025:17:33:44 -0500] "GET /wp-content/themes/rehub-theme/iconstyle.css?ver=18.9.7 HTTP/1.1" 200 2205 "https://madeinbranded.com/" "Mozilla/5.0 (Linux; Android 5.0) AppleWebKit/537.36 (KHTML, like Gecko) Mobile Safari/537.36 (compatible; TikTokSpider; [email protected])"
47.128.122.110 - - [14/Nov/2025:17:33:45 -0500] "GET /wp-includes/css/dist/block-library/style.min.css?ver=6.8.3 HTTP/1.1" 200 14360 "https://madeinbranded.com/" "Mozilla/5.0 (Linux; Android 5.0) AppleWebKit/537.36 (KHTML, like Gecko) Mobile Safari/537.36 (compatible; TikTokSpider; [email protected])"
47.128.122.110 - - [14/Nov/2025:17:33:45 -0500] "GET /wp-content/themes/rehub-theme/style.css?ver=18.9.7 HTTP/1.1" 200 30377 "https://madeinbranded.com/" "Mozilla/5.0 (Linux; Android 5.0) AppleWebKit/537.36 (KHTML, like Gecko) Mobile Safari/537.36 (compatible; TikTokSpider; [email protected])"
47.128.122.110 - - [14/Nov/2025:17:33:45 -0500] "GET /wp-content/themes/rehub-theme/css/ajaxsearch.css?ver=18.9.7 HTTP/1.1" 200 1065 "https://madeinbranded.com/" "Mozilla/5.0 (Linux; Android 5.0) AppleWebKit/537.36 (KHTML, like Gecko) Mobile Safari/537.36 (compatible; TikTokSpider; [email protected])"
47.128.122.110 - - [14/Nov/2025:17:33:46 -0500] "GET /wp-content/uploads/2023/04/MIB-Logo-png-180px.png HTTP/1.1" 200 11895 "https://madeinbranded.com/" "Mozilla/5.0 (Linux; Android 5.0) AppleWebKit/537.36 (KHTML, like Gecko) Mobile Safari/537.36 (compatible; TikTokSpider; [email protected])"
47.128.122.110 - - [14/Nov/2025:17:33:46 -0500] "GET /wp-content/themes/rehub-theme/images/default/blank.gif HTTP/1.1" 200 43 "https://madeinbranded.com/" "Mozilla/5.0 (Linux; Android 5.0) AppleWebKit/537.36 (KHTML, like Gecko) Mobile Safari/537.36 (compatible; TikTokSpider; [email protected])"
47.128.122.110 - - [14/Nov/2025:17:33:47 -0500] "GET /wp-content/themes/rehub-theme/css/shortcodes/filterpanel.css?ver=1.3 HTTP/1.1" 200 1138 "https://madeinbranded.com/" "Mozilla/5.0 (Linux; Android 5.0) AppleWebKit/537.36 (KHTML, like Gecko) Mobile Safari/537.36 (compatible; TikTokSpider; [email protected])"
162.0.217.77 - - [14/Nov/2025:17:46:04 -0500] "POST /wp-cron.php?doing_wp_cron=1763160363.9164121150970458984375 HTTP/1.1" 200 0 "-" "WordPress/6.8.3; https://madeinbranded.com"
75.119.145.42 - - [14/Nov/2025:17:46:01 -0500] "POST /wp-login.php HTTP/1.1" 200 2364 "-" "Mozilla/5.0 (Windows NT 10.0; Win64; x64; rv:77.0) Gecko/20100101 Firefox/77.0"
162.0.217.77 - - [14/Nov/2025:17:46:44 -0500] "GET / HTTP/1.1" 200 22250 "-" "Mozilla/5.0 (Windows NT 10.0; Win64; x64; rv:122.0) Gecko/20100101 Firefox/122.0"
54.95.210.88 - - [14/Nov/2025:17:47:37 -0500] "GET /wp-login.php HTTP/1.1" 200 2277 "-" "Mozilla/5.0 (Windows NT 6.1; WOW64) AppleWebKit/537.36 (KHTML, like Gecko) Chrome/65.0.3325.181 Safari/537.36"
162.0.217.77 - - [14/Nov/2025:17:47:40 -0500] "POST /wp-cron.php?doing_wp_cron=1763160460.3409330844879150390625 HTTP/1.1" 200 0 "-" "WordPress/6.8.3; https://madeinbranded.com"
54.95.210.88 - - [14/Nov/2025:17:47:38 -0500] "POST /wp-login.php HTTP/1.1" 200 2375 "https://madeinbranded.com/wp-login.php" "Mozilla/5.0 (Windows NT 6.1; WOW64) AppleWebKit/537.36 (KHTML, like Gecko) Chrome/65.0.3325.181 Safari/537.36"
213.136.75.53 - - [14/Nov/2025:17:48:47 -0500] "POST /xmlrpc.php HTTP/1.1" 403 1242 "-" "Mozilla/5.0 (compatible; MSIE 10.0; Windows NT 6.1; Trident/7.0)"
213.136.75.53 - - [14/Nov/2025:17:49:32 -0500] "POST /xmlrpc.php HTTP/1.1" 403 1242 "-" "Mozilla/5.0 (compatible; MSIE 10.0; Windows NT 6.1; Trident/7.0)"
34.247.172.200 - - [14/Nov/2025:17:51:02 -0500] "GET /wp-login.php HTTP/1.1" 200 2277 "-" "Mozilla/4.0 (compatible; MSIE 7.0; Windows NT 6.1; Win64; x64; Trident/7.0; .NET CLR 2.0.50727; SLCC2; .NET CLR 3.5.30729; .NET CLR 3.0.30729; Media Center PC 6.0; .NET4.0C)"
162.0.217.77 - - [14/Nov/2025:17:51:04 -0500] "POST /wp-cron.php?doing_wp_cron=1763160664.9202809333801269531250 HTTP/1.1" 200 0 "-" "WordPress/6.8.3; https://madeinbranded.com"
34.247.172.200 - - [14/Nov/2025:17:51:03 -0500] "POST /wp-login.php HTTP/1.1" 200 2374 "https://madeinbranded.com/wp-login.php" "Mozilla/4.0 (compatible; MSIE 7.0; Windows NT 6.1; Win64; x64; Trident/7.0; .NET CLR 2.0.50727; SLCC2; .NET CLR 3.5.30729; .NET CLR 3.0.30729; Media Center PC 6.0; .NET4.0C)"
180.110.203.108 - - [14/Nov/2025:17:52:37 -0500] "GET / HTTP/1.1" 200 22250 "http://madeinbranded.com" "Mozilla/5.0 (iPhone; CPU iPhone OS 13_2_3 like Mac OS X) AppleWebKit/605.1.15 (KHTML, like Gecko) Version/13.0.3 Mobile/15E148 Safari/604.1"
180.95.231.50 - - [14/Nov/2025:17:54:07 -0500] "GET / HTTP/1.1" 200 22250 "-" "Mozilla/5.0 (Windows NT 10.0; Win64; x64) Chrome/120.0.0.0"
180.95.231.50 - - [14/Nov/2025:17:54:07 -0500] "GET /favicon.ico HTTP/1.1" 404 1251 "-" "Mozilla/5.0 (Windows NT 10.0; Win64; x64) Chrome/120.0.0.0"
180.95.231.50 - - [14/Nov/2025:17:54:09 -0500] "GET / HTTP/1.1" 200 22250 "-" "Mozilla/5.0 (Windows NT 10.0; Win64; x64) Chrome/120.0.0.0"
180.95.231.50 - - [14/Nov/2025:17:54:11 -0500] "GET / HTTP/1.1" 200 22250 "-" "Mozilla/5.0 (Windows NT 10.0; Win64; x64) Chrome/120.0.0.0"
162.0.217.77 - - [14/Nov/2025:17:54:15 -0500] "POST /wp-cron.php?doing_wp_cron=1763160855.4455130100250244140625 HTTP/1.1" 200 0 "-" "WordPress/6.8.3; https://madeinbranded.com"
180.95.231.50 - - [14/Nov/2025:17:54:13 -0500] "GET /aaabbbccc HTTP/1.1" 404 16282 "-" "Mozilla/5.0 (Windows NT 10.0; Win64; x64) Chrome/120.0.0.0"
180.95.231.50 - - [14/Nov/2025:17:54:17 -0500] "GET /1 HTTP/1.1" 301 0 "-" "Mozilla/5.0 (Windows NT 10.0; Win64; x64) Chrome/120.0.0.0"
180.95.231.50 - - [14/Nov/2025:17:54:18 -0500] "GET /12-best-movies-to-watch-on-mothers-day-2023/ HTTP/1.1" 200 29212 "-" "Mozilla/5.0 (Windows NT 10.0; Win64; x64) Chrome/120.0.0.0"
162.0.217.77 - - [14/Nov/2025:17:54:19 -0500] "POST /wp-cron.php?doing_wp_cron=1763160859.9072179794311523437500 HTTP/1.1" 200 0 "-" "WordPress/6.8.3; https://madeinbranded.com"
180.95.231.50 - - [14/Nov/2025:17:54:19 -0500] "GET /fb HTTP/1.1" 404 16282 "-" "Mozilla/5.0 (Windows NT 10.0; Win64; x64) Chrome/120.0.0.0"
180.95.231.50 - - [14/Nov/2025:17:54:21 -0500] "GET /fwc HTTP/1.1" 404 16282 "-" "Mozilla/5.0 (Windows NT 10.0; Win64; x64) Chrome/120.0.0.0"
180.95.231.50 - - [14/Nov/2025:17:54:23 -0500] "GET /fzh HTTP/1.1" 404 16282 "-" "Mozilla/5.0 (Windows NT 10.0; Win64; x64) Chrome/120.0.0.0"
162.0.217.77 - - [14/Nov/2025:17:54:25 -0500] "POST /wp-cron.php?doing_wp_cron=1763160865.6354548931121826171875 HTTP/1.1" 200 0 "-" "WordPress/6.8.3; https://madeinbranded.com"
180.95.231.50 - - [14/Nov/2025:17:54:25 -0500] "GET /res/favicon.ico HTTP/1.1" 404 16282 "-" "Mozilla/5.0 (Windows NT 10.0; Win64; x64) Chrome/120.0.0.0"
162.0.217.77 - - [14/Nov/2025:17:56:00 -0500] "POST /wp-cron.php?doing_wp_cron=1763160960.1917920112609863281250 HTTP/1.1" 200 0 "-" "WordPress/6.8.3; https://madeinbranded.com"
153.0.85.3 - - [14/Nov/2025:17:55:59 -0500] "GET /assets/favicon-aOK6_042.ico HTTP/1.1" 404 16282 "-" "Mozilla/5.0 (Windows NT 10.0; Win64; x64) Chrome/120.0.0.0"
116.52.141.151 - - [14/Nov/2025:17:56:01 -0500] "GET /images/01.jpg HTTP/1.1" 404 16282 "-" "Mozilla/5.0 (Windows NT 10.0; Win64; x64) Chrome/120.0.0.0"
116.52.141.151 - - [14/Nov/2025:17:56:01 -0500] "GET /wp-content/uploads/2023/02/1677572030-814390417fe413b.png HTTP/1.1" 404 16282 "-" "Mozilla/5.0 (Windows NT 10.0; Win64; x64) Chrome/120.0.0.0"
116.52.141.151 - - [14/Nov/2025:17:56:03 -0500] "GET /favicon.ico HTTP/1.1" 404 1251 "-" "Mozilla/5.0 (Windows NT 10.0; Win64; x64) Chrome/120.0.0.0"
116.52.141.151 - - [14/Nov/2025:17:56:04 -0500] "GET /icons/favicon.ico HTTP/1.1" 404 16282 "-" "Mozilla/5.0 (Windows NT 10.0; Win64; x64) Chrome/120.0.0.0"
116.52.141.151 - - [14/Nov/2025:17:56:06 -0500] "GET /wp-content/uploads/2023/08/logo-gold.png HTTP/1.1" 404 16282 "-" "Mozilla/5.0 (Windows NT 10.0; Win64; x64) Chrome/120.0.0.0"
116.52.141.151 - - [14/Nov/2025:17:56:06 -0500] "GET /favicon-32x32.png?v=e0e3ed8f59d769b053c145391db63c0d HTTP/1.1" 404 16282 "-" "Mozilla/5.0 (Windows NT 10.0; Win64; x64) Chrome/120.0.0.0"
209.126.105.207 - - [14/Nov/2025:17:56:13 -0500] "GET /wp-login.php HTTP/1.1" 200 2277 "-" "Mozilla/5.0 (Windows NT 10.0; WOW64) AppleWebKit/537.36 (KHTML, like Gecko) Chrome/65.0.3325.162 Safari/537.36"
162.0.217.77 - - [14/Nov/2025:17:56:19 -0500] "POST /wp-cron.php?doing_wp_cron=1763160979.2407100200653076171875 HTTP/1.1" 200 0 "-" "WordPress/6.8.3; https://madeinbranded.com"
209.126.105.207 - - [14/Nov/2025:17:56:19 -0500] "POST /wp-login.php HTTP/1.1" 200 2374 "https://madeinbranded.com/wp-login.php" "Mozilla/5.0 (Windows NT 10.0; WOW64) AppleWebKit/537.36 (KHTML, like Gecko) Chrome/65.0.3325.162 Safari/537.36"
